000
CDUS45 KLKN 270929
CLIP68


CLIMATE REPORT
NATIONAL WEATHER SERVICE ELKO NV
229 AM PDT THU AUG 27 2015


...................................

...THE EUREKA AIRPORT NV CLIMATE SUMMARY FOR AUGUST 26 2015...

CLIMATE NORMAL PERIOD 1981 TO 2010
CLIMATE RECORD PERIOD 1963 TO 2015


WEATHER ITEM   OBSERVED TIME   RECORD YEAR NORMAL DEPARTURE LAST
                VALUE   (LST)  VALUE       VALUE  FROM      YEAR
                                                  NORMAL
..................................................................
TEMPERATURE (F)
 YESTERDAY
  MAXIMUM         86   1121 AM  96    2011  85      1       76
                                      2010
  MINIMUM         56    401 AM  27    1992  45     11       45
  AVERAGE         71                        65      6       61

PRECIPITATION (IN)
  YESTERDAY        0.00          0.46 1970   0.02  -0.02     0.00
  MONTH TO DATE    0.72                      0.48   0.24     1.84
  SINCE OCT 1      6.74                      8.32  -1.58     9.21
  SINCE JAN 1      5.62                      6.19  -0.57     6.81

DEGREE DAYS
 HEATING
  YESTERDAY        0                         2     -2        4
  MONTH TO DATE    7                        22    -15       20
  SINCE JUN 1     67                       195   -128      123
  SINCE JUL 1     28                        35     -7       20

 COOLING
  YESTERDAY        6                         2      4        0
  MONTH TO DATE  161                        93     68       81
  SINCE JUN 1    439                       265    174      382
  SINCE JAN 1    447                       268    179      384
..................................................................


WIND (MPH)
  HIGHEST WIND SPEED    29   HIGHEST WIND DIRECTION     S (190)
  HIGHEST GUST SPEED    36   HIGHEST GUST DIRECTION     S (190)
  AVERAGE WIND SPEED     8.7




RELATIVE HUMIDITY (PERCENT)
 HIGHEST    48           900 PM
 LOWEST     17          1200 PM
 AVERAGE    33

..........................................................


THE EUREKA AIRPORT NV CLIMATE NORMALS FOR TODAY
                         NORMAL    RECORD    YEAR
 MAXIMUM TEMPERATURE (F)   85        95      2001
 MINIMUM TEMPERATURE (F)   45        28      1992


SUNRISE AND SUNSET
AUGUST 27 2015........SUNRISE   607 AM PDT   SUNSET   723 PM PDT
AUGUST 28 2015........SUNRISE   608 AM PDT   SUNSET   721 PM PDT


-  INDICATES NEGATIVE NUMBERS.
R  INDICATES RECORD WAS SET OR TIED.
MM INDICATES DATA IS MISSING.
T  INDICATES TRACE AMOUNT.




$$
