000
CDUS45 KLKN 220933
CLIP68


CLIMATE REPORT
NATIONAL WEATHER SERVICE ELKO NV
230 AM PDT TUE AUG 22 2017


...................................

...THE EUREKA AIRPORT NV CLIMATE SUMMARY FOR AUGUST 21 2017...

CLIMATE NORMAL PERIOD 1981 TO 2010
CLIMATE RECORD PERIOD 1963 TO 2017


WEATHER ITEM   OBSERVED TIME   RECORD YEAR NORMAL DEPARTURE LAST
                VALUE   (LST)  VALUE       VALUE  FROM      YEAR
                                                  NORMAL
..................................................................
TEMPERATURE (F)
 YESTERDAY
  MAXIMUM         89    250 PM  98    2009  86      3       92
  MINIMUM         47    456 AM  34    1980  47      0       49
                                      1968
  AVERAGE         68                        66      2       71

PRECIPITATION (IN)
  YESTERDAY        0.00          0.64 2003   0.01  -0.01     0.00
  MONTH TO DATE    0.48                      0.38   0.10     0.00
  SINCE OCT 1     10.00                      8.22   1.78    12.11
  SINCE JAN 1      7.91                      6.09   1.82     7.84

DEGREE DAYS
 HEATING
  YESTERDAY        0                         1     -1        0
  MONTH TO DATE    4                        14    -10        1
  SINCE JUN 1     78                       187   -109       68
  SINCE JUL 1      4                        27    -23       14

 COOLING
  YESTERDAY        3                         2      1        6
  MONTH TO DATE  120                        83     37      101
  SINCE JUN 1    452                       255    197      391
  SINCE JAN 1    452                       258    194      391
..................................................................


WIND (MPH)
  HIGHEST WIND SPEED    20   HIGHEST WIND DIRECTION    NE (40)
  HIGHEST GUST SPEED    23   HIGHEST GUST DIRECTION    NE (40)
  AVERAGE WIND SPEED     5.4




RELATIVE HUMIDITY (PERCENT)
 HIGHEST    53           500 AM
 LOWEST     14           200 PM
 AVERAGE    34

..........................................................


THE EUREKA AIRPORT NV CLIMATE NORMALS FOR TODAY
                         NORMAL    RECORD    YEAR
 MAXIMUM TEMPERATURE (F)   86        93      2011
                                             2009
                                             2007
 MINIMUM TEMPERATURE (F)   46        34      1968
                                             1963


SUNRISE AND SUNSET
AUGUST 22 2017........SUNRISE   603 AM PDT   SUNSET   729 PM PDT
AUGUST 23 2017........SUNRISE   604 AM PDT   SUNSET   728 PM PDT


-  INDICATES NEGATIVE NUMBERS.
R  INDICATES RECORD WAS SET OR TIED.
MM INDICATES DATA IS MISSING.
T  INDICATES TRACE AMOUNT.




$$
