493
CDUS45 KLKN 270033
CLIP68


CLIMATE REPORT
NATIONAL WEATHER SERVICE ELKO NV
529 PM PDT MON SEP 26 2016


...................................

...THE EUREKA AIRPORT NV CLIMATE SUMMARY FOR SEPTEMBER 26 2016...
VALID TODAY AS OF 500 PM LOCAL TIME.

CLIMATE NORMAL PERIOD 1981 TO 2010
CLIMATE RECORD PERIOD 1963 TO 2016


WEATHER ITEM   OBSERVED TIME   RECORD YEAR NORMAL DEPARTURE LAST
                VALUE   (LST)  VALUE       VALUE  FROM      YEAR
                                                  NORMAL
..................................................................
TEMPERATURE (F)
 TODAY
  MAXIMUM         79    340 PM  88    2010  73      6       86
  MINIMUM         36    515 AM  17    1970  35      1       54
  AVERAGE         58                        54      4       70

PRECIPITATION (IN)
  TODAY            0.00          1.45 1982   0.02  -0.02     0.00
  MONTH TO DATE    1.07                      0.50   0.57     1.46
  SINCE OCT 1     13.18                      8.92   4.26     8.20
  SINCE JAN 1      8.91                      6.79   2.12     7.08

DEGREE DAYS
 HEATING
  TODAY            7                        11     -4        0
  MONTH TO DATE  179                       169     10       81
  SINCE SEP 1    179                       169     10       81
  SINCE JUL 1    203                       216    -13      109

 COOLING
  TODAY            0                         0      0        5
  MONTH TO DATE    9                         9      0       38
  SINCE SEP 1      9                         9      0       38
  SINCE JAN 1    424                       286    138      511
..................................................................


WIND (MPH)
  HIGHEST WIND SPEED    10   HIGHEST WIND DIRECTION    SW (210)
  HIGHEST GUST SPEED    12   HIGHEST GUST DIRECTION    NE (50)




RELATIVE HUMIDITY (PERCENT)
 HIGHEST    82           600 AM
 LOWEST     16           200 PM
 AVERAGE    49

..........................................................


THE EUREKA AIRPORT NV CLIMATE NORMALS FOR TOMORROW
                         NORMAL    RECORD    YEAR
 MAXIMUM TEMPERATURE (F)   73        90      2010
 MINIMUM TEMPERATURE (F)   34        18      1999


SUNRISE AND SUNSET
SEPTEMBER 26 2016.....SUNRISE   636 AM PDT   SUNSET   633 PM PDT
SEPTEMBER 27 2016.....SUNRISE   637 AM PDT   SUNSET   632 PM PDT


-  INDICATES NEGATIVE NUMBERS.
R  INDICATES RECORD WAS SET OR TIED.
MM INDICATES DATA IS MISSING.
T  INDICATES TRACE AMOUNT.




$$
