000
CDUS45 KLKN 080116
CLIP68


CLIMATE REPORT
NATIONAL WEATHER SERVICE ELKO NV
514 PM PST WED DEC 7 2016


...................................

...THE EUREKA AIRPORT NV CLIMATE SUMMARY FOR DECEMBER 7 2016...
VALID TODAY AS OF 0500 PM LOCAL TIME.

CLIMATE NORMAL PERIOD 1981 TO 2010
CLIMATE RECORD PERIOD 1963 TO 2016


WEATHER ITEM   OBSERVED TIME   RECORD YEAR NORMAL DEPARTURE LAST
                VALUE   (LST)  VALUE       VALUE  FROM      YEAR
                                                  NORMAL
..................................................................
TEMPERATURE (F)
 TODAY
  MAXIMUM         28    235 PM  60    1981  40    -12       52
  MINIMUM          6    556 AM  -6    2013  13     -7       26
  AVERAGE         17                        26     -9       39

PRECIPITATION (IN)
  TODAY            0.00          0.77 2007   0.02  -0.02     0.00
  MONTH TO DATE    0.01                      0.12  -0.11     0.00
  SINCE OCT 1      1.12                      1.64  -0.52     2.58
  SINCE JAN 1     10.03                      8.51   1.52     9.66

DEGREE DAYS
 HEATING
  TODAY           48                        39      9       26
  MONTH TO DATE  296                       264     32      234
  SINCE DEC 1    296                       264     32      234
  SINCE JUL 1   1709                      2023   -314     1720

 COOLING
  TODAY            0                         0      0        0
  MONTH TO DATE    0                         0      0        0
  SINCE DEC 1      0                         0      0        0
  SINCE JAN 1    424                       288    136      516
..................................................................


WIND (MPH)
  HIGHEST WIND SPEED     9   HIGHEST WIND DIRECTION     E (70)
  HIGHEST GUST SPEED    11   HIGHEST GUST DIRECTION     E (70)




RELATIVE HUMIDITY (PERCENT)
 HIGHEST    84           700 AM
 LOWEST     37           200 PM
 AVERAGE    61

..........................................................


THE EUREKA AIRPORT NV CLIMATE NORMALS FOR TOMORROW
                         NORMAL    RECORD    YEAR
 MAXIMUM TEMPERATURE (F)   40        58      1981
 MINIMUM TEMPERATURE (F)   13       -12      2009


SUNRISE AND SUNSET
DECEMBER  7 2016......SUNRISE   651 AM PST   SUNSET   420 PM PST
DECEMBER  8 2016......SUNRISE   652 AM PST   SUNSET   420 PM PST


-  INDICATES NEGATIVE NUMBERS.
R  INDICATES RECORD WAS SET OR TIED.
MM INDICATES DATA IS MISSING.
T  INDICATES TRACE AMOUNT.




$$
