000
CDUS45 KLKN 210034
CLIP68


CLIMATE REPORT
NATIONAL WEATHER SERVICE ELKO NV
434 PM PST FRI JAN 20 2017


...................................

...THE EUREKA AIRPORT NV CLIMATE SUMMARY FOR JANUARY 20 2017...
VALID TODAY AS OF 0400 PM LOCAL TIME.

CLIMATE NORMAL PERIOD 1981 TO 2010
CLIMATE RECORD PERIOD 1963 TO 2017


WEATHER ITEM   OBSERVED TIME   RECORD YEAR NORMAL DEPARTURE LAST
                VALUE   (LST)  VALUE       VALUE  FROM      YEAR
                                                  NORMAL
..................................................................
TEMPERATURE (F)
 TODAY
  MAXIMUM         34    329 PM  60    1994  38     -4       43
  MINIMUM         16    408 AM -19    1988  10      6        9
  AVERAGE         25                        24      1       26

PRECIPITATION (IN)
  TODAY            0.00          0.60 1983   0.02  -0.02     0.00
  MONTH TO DATE    1.91                      0.47   1.44     0.68
  SINCE OCT 1      4.00                      2.60   1.40     4.95
  SINCE JAN 1      1.91                      0.47   1.44     0.68

DEGREE DAYS
 HEATING
  TODAY           40                        41     -1       39
  MONTH TO DATE  845                       835     10      859
  SINCE DEC 1   2070                      2082    -12     2085
  SINCE JUL 1   3483                      3841   -358     3571

 COOLING
  TODAY            0                         0      0        0
  MONTH TO DATE    0                         0      0        0
  SINCE DEC 1      0                         0      0        0
  SINCE JAN 1      0                         0      0        0
..................................................................


WIND (MPH)
  HIGHEST WIND SPEED    25   HIGHEST WIND DIRECTION     S (160)
  HIGHEST GUST SPEED    31   HIGHEST GUST DIRECTION     S (170)




RELATIVE HUMIDITY (PERCENT)
 HIGHEST    88           500 AM
 LOWEST     63          1000 AM
 AVERAGE    76

..........................................................


THE EUREKA AIRPORT NV CLIMATE NORMALS FOR TOMORROW
                         NORMAL    RECORD    YEAR
 MAXIMUM TEMPERATURE (F)   38        60      1994
 MINIMUM TEMPERATURE (F)   11       -12      1966


SUNRISE AND SUNSET
JANUARY 20 2017.......SUNRISE   700 AM PST   SUNSET   450 PM PST
JANUARY 21 2017.......SUNRISE   659 AM PST   SUNSET   452 PM PST


-  INDICATES NEGATIVE NUMBERS.
R  INDICATES RECORD WAS SET OR TIED.
MM INDICATES DATA IS MISSING.
T  INDICATES TRACE AMOUNT.




$$
