000
CDUS45 KLKN 180036
CLIP68


CLIMATE REPORT
NATIONAL WEATHER SERVICE ELKO NV
436 PM PST WED JAN 17 2018


...................................

...THE EUREKA AIRPORT NV CLIMATE SUMMARY FOR JANUARY 17 2018...
VALID TODAY AS OF 0400 PM LOCAL TIME.

CLIMATE NORMAL PERIOD 1981 TO 2010
CLIMATE RECORD PERIOD 1963 TO 2018


WEATHER ITEM   OBSERVED TIME   RECORD YEAR NORMAL DEPARTURE LAST
                VALUE   (LST)  VALUE       VALUE  FROM      YEAR
                                                  NORMAL
..................................................................
TEMPERATURE (F)
 TODAY
  MAXIMUM         50    308 PM  58    2011  37     13       28
  MINIMUM         19    640 AM -19    1987  10      9        5
  AVERAGE         35                        24     11       17

PRECIPITATION (IN)
  TODAY            0.00          0.26 1983   0.02  -0.02     0.00
  MONTH TO DATE    0.12                      0.40  -0.28     1.90
  SINCE OCT 1      1.31                      2.53  -1.22     3.99
  SINCE JAN 1      0.12                      0.40  -0.28     1.90

DEGREE DAYS
 HEATING
  TODAY           30                        41    -11       48
  MONTH TO DATE  482                       712   -230      726
  SINCE DEC 1   1574                      1959   -385     1951
  SINCE JUL 1   3158                      3718   -560     3364

 COOLING
  TODAY            0                         0      0        0
  MONTH TO DATE    0                         0      0        0
  SINCE DEC 1      0                         0      0        0
  SINCE JAN 1      0                         0      0        0
..................................................................


WIND (MPH)
  HIGHEST WIND SPEED     9   HIGHEST WIND DIRECTION     S (200)
  HIGHEST GUST SPEED    11   HIGHEST GUST DIRECTION     S (200)




RELATIVE HUMIDITY (PERCENT)
 HIGHEST    91           700 AM
 LOWEST     50           200 PM
 AVERAGE    71

..........................................................


THE EUREKA AIRPORT NV CLIMATE NORMALS FOR TOMORROW
                         NORMAL    RECORD    YEAR
 MAXIMUM TEMPERATURE (F)   37        57      2000
                                             1994
 MINIMUM TEMPERATURE (F)   10       -17      1984


SUNRISE AND SUNSET
JANUARY 17 2018.......SUNRISE   702 AM PST   SUNSET   447 PM PST
JANUARY 18 2018.......SUNRISE   701 AM PST   SUNSET   448 PM PST


-  INDICATES NEGATIVE NUMBERS.
R  INDICATES RECORD WAS SET OR TIED.
MM INDICATES DATA IS MISSING.
T  INDICATES TRACE AMOUNT.




$$
