000
CDUS45 KLKN 010028
CLIP68


CLIMATE REPORT
NATIONAL WEATHER SERVICE ELKO NV
527 PM PDT SUN APR 30 2017


...................................

...THE EUREKA AIRPORT NV CLIMATE SUMMARY FOR APRIL 30 2017...
VALID TODAY AS OF 0500 PM LOCAL TIME.

CLIMATE NORMAL PERIOD 1981 TO 2010
CLIMATE RECORD PERIOD 1963 TO 2017


WEATHER ITEM   OBSERVED TIME   RECORD YEAR NORMAL DEPARTURE LAST
                VALUE   (LST)  VALUE       VALUE  FROM      YEAR
                                                  NORMAL
..................................................................
TEMPERATURE (F)
 TODAY
  MAXIMUM         68    242 PM  82    1981  64      4       53
  MINIMUM         26    305 AM  12    1991  31     -5       37
  AVERAGE         47                        47      0       45

PRECIPITATION (IN)
  TODAY            0.00          0.44 1964   0.03  -0.03     0.00
  MONTH TO DATE    2.10                      0.97   1.13     2.13
  SINCE OCT 1      8.56                      5.63   2.93     9.70
  SINCE JAN 1      6.47                      3.50   2.97     5.43

DEGREE DAYS
 HEATING
  TODAY           18                        18      0       20
  MONTH TO DATE  647                       649     -2      555
  SINCE MAR 1   1332                      1519   -187     1304
  SINCE JUL 1   6192                      6804   -612     6407

 COOLING
  TODAY            0                         0      0        0
  MONTH TO DATE    0                         0      0        0
  SINCE MAR 1      0                         0      0        0
  SINCE JAN 1      0                         0      0        0
..................................................................


WIND (MPH)
  HIGHEST WIND SPEED    26   HIGHEST WIND DIRECTION    NW (310)
  HIGHEST GUST SPEED    33   HIGHEST GUST DIRECTION    NW (310)




RELATIVE HUMIDITY (PERCENT)
 HIGHEST    69           100 AM
 LOWEST     20          1200 PM
 AVERAGE    45

..........................................................


THE EUREKA AIRPORT NV CLIMATE NORMALS FOR TOMORROW
                         NORMAL    RECORD    YEAR
 MAXIMUM TEMPERATURE (F)   64        83      1985
 MINIMUM TEMPERATURE (F)   31        11      2008


SUNRISE AND SUNSET
APRIL 30 2017.........SUNRISE   546 AM PDT   SUNSET   737 PM PDT
MAY  1 2017...........SUNRISE   544 AM PDT   SUNSET   738 PM PDT


-  INDICATES NEGATIVE NUMBERS.
R  INDICATES RECORD WAS SET OR TIED.
MM INDICATES DATA IS MISSING.
T  INDICATES TRACE AMOUNT.




$$
