000
CDUS45 KLKN 300927
CLIP68


CLIMATE REPORT
NATIONAL WEATHER SERVICE ELKO NV
226 AM PDT MON MAY 30 2016


...................................

...THE EUREKA AIRPORT NV CLIMATE SUMMARY FOR MAY 29 2016...

CLIMATE NORMAL PERIOD 1981 TO 2010
CLIMATE RECORD PERIOD 1963 TO 2016


WEATHER ITEM   OBSERVED TIME   RECORD YEAR NORMAL DEPARTURE LAST
                VALUE   (LST)  VALUE       VALUE  FROM      YEAR
                                                  NORMAL
..................................................................
TEMPERATURE (F)
 YESTERDAY
  MAXIMUM         74    410 PM  92    2003  74      0       80
  MINIMUM         41    501 AM  24    1989  37      4       42
  AVERAGE         58                        55      3       61

PRECIPITATION (IN)
  YESTERDAY        0.00          0.92 1988   0.02  -0.02     0.00
  MONTH TO DATE    1.96                      0.68   1.28     1.96
  SINCE OCT 1     11.66                      6.31   5.35     4.33
  SINCE JAN 1      7.39                      4.18   3.21     3.21

DEGREE DAYS
 HEATING
  YESTERDAY        7                        10     -3        4
  MONTH TO DATE  400                       392      8      382
  SINCE MAR 1   1704                      1911   -207     1662
  SINCE JUL 1   6807                      7196   -389     5705

 COOLING
  YESTERDAY        0                         0      0        0
  MONTH TO DATE    0                         0      0        0
  SINCE MAR 1      0                         0      0        0
  SINCE JAN 1      0                         0      0        0
..................................................................


WIND (MPH)
  HIGHEST WIND SPEED    23   HIGHEST WIND DIRECTION     W (260)
  HIGHEST GUST SPEED    29   HIGHEST GUST DIRECTION     W (260)
  AVERAGE WIND SPEED     6.5




RELATIVE HUMIDITY (PERCENT)
 HIGHEST    82          1200 AM
 LOWEST     22           200 PM
 AVERAGE    52

..........................................................


THE EUREKA AIRPORT NV CLIMATE NORMALS FOR TODAY
                         NORMAL    RECORD    YEAR
 MAXIMUM TEMPERATURE (F)   74        93      2002
 MINIMUM TEMPERATURE (F)   37        16      1985


SUNRISE AND SUNSET
MAY 30 2016...........SUNRISE   519 AM PDT   SUNSET   804 PM PDT
MAY 31 2016...........SUNRISE   519 AM PDT   SUNSET   805 PM PDT


-  INDICATES NEGATIVE NUMBERS.
R  INDICATES RECORD WAS SET OR TIED.
MM INDICATES DATA IS MISSING.
T  INDICATES TRACE AMOUNT.




$$
