000
CDUS45 KLKN 191431 RRB
CLIP68

CLIMATE REPORT
NATIONAL WEATHER SERVICE ELKO NV
226 AM PDT THU OCT 19  2017


...................................

...THE EUREKA AIRPORT NV CLIMATE SUMMARY FOR OCTOBER 18 2017...

CLIMATE NORMAL PERIOD 1981 TO 2010
CLIMATE RECORD PERIOD 1963 TO 2017


WEATHER ITEM   OBSERVED TIME   RECORD YEAR NORMAL DEPARTURE LAST
                VALUE   (LST)  VALUE       VALUE  FROM      YEAR
                                                  NORMAL
..................................................................
TEMPERATURE (F)
 YESTERDAY
  MAXIMUM         74    250 PM  80    2003  63     11       56
  MINIMUM         24    447 AM   3    1984  28     -4       25
  AVERAGE         49                        45      4       41

PRECIPITATION (IN)
  YESTERDAY        0.00          0.72 2015   0.02  -0.02     0.00
  MONTH TO DATE    0.28                      0.38  -0.10     0.09
  SINCE OCT 1      0.28                      0.38  -0.10     0.09
  SINCE JAN 1      9.32                      7.25   2.07     9.00

DEGREE DAYS
 HEATING
  YESTERDAY       16                        20     -4       24
  MONTH TO DATE  379                       295     84      262
  SINCE SEP 1    641                       512    129      451
  SINCE JUL 1    645                       559     86      475

 COOLING
  YESTERDAY        0                         0      0        0
  MONTH TO DATE    0                         0      0        0
  SINCE SEP 1     61                        11     50        9
  SINCE JAN 1    570                       288    282      424
..................................................................


WIND (MPH)
  HIGHEST WIND SPEED    12   HIGHEST WIND DIRECTION     S (200)
  HIGHEST GUST SPEED    13   HIGHEST GUST DIRECTION     S (200)
  AVERAGE WIND SPEED     4.7




RELATIVE HUMIDITY (PERCENT)
 HIGHEST    43           300 AM
 LOWEST      6           300 PM
 AVERAGE    25

..........................................................


THE EUREKA AIRPORT NV CLIMATE NORMALS FOR TODAY
                         NORMAL    RECORD    YEAR
 MAXIMUM TEMPERATURE (F)   63        78      2003
 MINIMUM TEMPERATURE (F)   28         9      1982


SUNRISE AND SUNSET
OCTOBER 19 2017.......SUNRISE   658 AM PDT   SUNSET   559 PM PDT
OCTOBER 20 2017.......SUNRISE   659 AM PDT   SUNSET   557 PM PDT


-  INDICATES NEGATIVE NUMBERS.
R  INDICATES RECORD WAS SET OR TIED.
MM INDICATES DATA IS MISSING.
T  INDICATES TRACE AMOUNT.




$$
