000
CDUS43 KPAH 260634
CLIPAH


CLIMATE REPORT
NATIONAL WEATHER SERVICE PADUCAH KY
1229 AM CST SUN FEB 26 2017


...................................

...THE PADUCAH KY CLIMATE SUMMARY FOR FEBRUARY 25 2017...

CLIMATE NORMAL PERIOD 1981 TO 2010
CLIMATE RECORD PERIOD 1937 TO 2017


WEATHER ITEM   OBSERVED TIME   RECORD YEAR NORMAL DEPARTURE LAST
                VALUE   (LST)  VALUE       VALUE  FROM      YEAR
                                                  NORMAL
..................................................................
TEMPERATURE (F)
 YESTERDAY
  MAXIMUM         47   1209 AM  75    1981  52     -5       40
                                      1944
  MINIMUM         26   1157 PM   4    1967  32     -6       34
  AVERAGE         37                        42     -5       37

PRECIPITATION (IN)
  YESTERDAY        0.00          1.15 1957   0.14  -0.14      T
  MONTH TO DATE    1.20                      3.51  -2.31     2.91
  SINCE DEC 1      9.71                     11.78  -2.07    12.88
  SINCE JAN 1      3.70                      7.19  -3.49     5.46

SNOWFALL (IN)
  YESTERDAY        0.0           7.3  1993   0.1   -0.1       T
  MONTH TO DATE    T                         3.0   -3.0      3.7
  SINCE DEC 1      0.2                       8.2   -8.0     12.1
  SINCE JUL 1      0.2                       8.3   -8.1     12.1
  SNOW DEPTH       0

DEGREE DAYS
 HEATING
  YESTERDAY       28                        23      5       28
  MONTH TO DATE  421                       656   -235      616
  SINCE DEC 1   1941                      2452   -511     2045
  SINCE JUL 1   2442                      3229   -787     2589

 COOLING
  YESTERDAY        0                         0      0        0
  MONTH TO DATE    0                         0      0        0
  SINCE DEC 1      0                         0      0        6
  SINCE JAN 1      0                         0      0        0
..................................................................


WIND (MPH)
  HIGHEST WIND SPEED    22   HIGHEST WIND DIRECTION    NW (310)
  HIGHEST GUST SPEED    30   HIGHEST GUST DIRECTION    NW (310)
  AVERAGE WIND SPEED     8.8


SKY COVER
  POSSIBLE SUNSHINE  MM
  AVERAGE SKY COVER 0.2


WEATHER CONDITIONS
 THE FOLLOWING WEATHER WAS RECORDED YESTERDAY.
  NO SIGNIFICANT WEATHER WAS OBSERVED.


RELATIVE HUMIDITY (PERCENT)
 HIGHEST    75           900 PM
 LOWEST     30           500 PM
 AVERAGE    53

..........................................................


THE PADUCAH KY CLIMATE NORMALS FOR TODAY
                         NORMAL    RECORD    YEAR
 MAXIMUM TEMPERATURE (F)   53        73      1996
 MINIMUM TEMPERATURE (F)   33        10      1967


SUNRISE AND SUNSET
FEBRUARY 26 2017......SUNRISE   630 AM CST   SUNSET   547 PM CST
FEBRUARY 27 2017......SUNRISE   628 AM CST   SUNSET   548 PM CST


-  INDICATES NEGATIVE NUMBERS.
R  INDICATES RECORD WAS SET OR TIED.
MM INDICATES DATA IS MISSING.
T  INDICATES TRACE AMOUNT.

&&
....................................................

***** AGRICULTURAL DATA *****

SOIL TEMPERATURES AT A DEPTH OF FOUR INCHES

UNDER GRASS...  MAX: 53    MIN: 51


$$
