000
CDUS43 KPAH 180628
CLIPAH


CLIMATE REPORT
NATIONAL WEATHER SERVICE PADUCAH KY
126 AM CDT WED OCT 18 2017


...................................

...THE PADUCAH KY CLIMATE SUMMARY FOR OCTOBER 17 2017...

CLIMATE NORMAL PERIOD 1981 TO 2010
CLIMATE RECORD PERIOD 1937 TO 2017


WEATHER ITEM   OBSERVED TIME   RECORD YEAR NORMAL DEPARTURE LAST
                VALUE   (LST)  VALUE       VALUE  FROM      YEAR
                                                  NORMAL
..................................................................
TEMPERATURE (F)
 YESTERDAY
  MAXIMUM         70    250 PM  87    2016  71     -1       87
                                      1938
  MINIMUM         36    518 AM  30    1943  46    -10       67
  AVERAGE         53                        58     -5       77

PRECIPITATION (IN)
  YESTERDAY        0.00          2.28 2007   0.13  -0.13     0.00
  MONTH TO DATE    2.38                      2.21   0.17     0.10
  SINCE SEP 1      4.93                      5.96  -1.03     0.93
  SINCE JAN 1     38.06                     38.44  -0.38    43.60

SNOWFALL (IN)
  YESTERDAY        0.0           0.0  2002   0.0    0.0      0.0
                                      2001
  MONTH TO DATE    0.0                       0.0    0.0      0.0
  SINCE SEP 1      0.0                       0.0    0.0      0.0
  SINCE JUL 1      0.0                       0.0    0.0      0.0
  SNOW DEPTH       0

DEGREE DAYS
 HEATING
  YESTERDAY       12                         7      5        0
  MONTH TO DATE   38                        97    -59       34
  SINCE SEP 1     49                       135    -86       48
  SINCE JUL 1     49                       136    -87       48

 COOLING
  YESTERDAY        0                         1     -1       12
  MONTH TO DATE   90                        28     62       73
  SINCE SEP 1    306                       215     91      357
  SINCE JAN 1   1680                      1528    152     1887
..................................................................


WIND (MPH)
  HIGHEST WIND SPEED     9   HIGHEST WIND DIRECTION    SE (150)
  HIGHEST GUST SPEED    13   HIGHEST GUST DIRECTION    SE (140)
  AVERAGE WIND SPEED     2.0


SKY COVER
  POSSIBLE SUNSHINE  MM
  AVERAGE SKY COVER 0.1


WEATHER CONDITIONS
 THE FOLLOWING WEATHER WAS RECORDED YESTERDAY.
  FOG
  FOG W/VISIBILITY <= 1/4 MILE


RELATIVE HUMIDITY (PERCENT)
 HIGHEST    92          1200 AM
 LOWEST     33           300 PM
 AVERAGE    63

..........................................................


THE PADUCAH KY CLIMATE NORMALS FOR TODAY
                         NORMAL    RECORD    YEAR
 MAXIMUM TEMPERATURE (F)   70        88      1938
 MINIMUM TEMPERATURE (F)   46        27      1976


SUNRISE AND SUNSET
OCTOBER 18 2017.......SUNRISE   706 AM CDT   SUNSET   614 PM CDT
OCTOBER 19 2017.......SUNRISE   707 AM CDT   SUNSET   613 PM CDT


-  INDICATES NEGATIVE NUMBERS.
R  INDICATES RECORD WAS SET OR TIED.
MM INDICATES DATA IS MISSING.
T  INDICATES TRACE AMOUNT.

..............................................

     ***** AGRICULTURAL DATA *****

SOIL TEMPERATURES AT A DEPTH OF FOUR INCHES

UNDER GRASS... MAX: 69     MIN: 66



$$
