000
CDUS44 KLZK 012203
CLIPBF


CLIMATE REPORT
NATIONAL WEATHER SERVICE LITTLE ROCK AR
402 PM CST SUN FEB 1 2015


...................................

...THE PINE BLUFF CLIMATE SUMMARY FOR FEBRUARY 1 2015...
VALID TODAY AS OF 0400 PM LOCAL TIME.

CLIMATE NORMAL PERIOD 1981 TO 2010
CLIMATE RECORD PERIOD 1883 TO 2015


WEATHER ITEM   OBSERVED TIME   RECORD YEAR NORMAL DEPARTURE LAST
                VALUE   (LST)  VALUE       VALUE  FROM      YEAR
                                                  NORMAL
..................................................................
TEMPERATURE (F)
 TODAY
  MAXIMUM         59   1152 AM  81    1989  53      6       64
  MINIMUM         46   1257 AM   8    1949  34     12       50
  AVERAGE         53                        43     10       57

PRECIPITATION (IN)
  TODAY            0.47          2.27 1969   0.13   0.34     0.01
  MONTH TO DATE    0.47                      0.13   0.34     0.01
  SINCE DEC 1      5.28                      9.33  -4.05     9.43
  SINCE JAN 1      4.08                      3.89   0.19     1.70

SNOWFALL (IN)
  TODAY            0.0           3.5  1985   0.1   -0.1      0.0
  MONTH TO DATE    0.0                       0.1   -0.1      0.0
  SINCE DEC 1      T                         2.6   -2.6      0.5
  SINCE JUL 1      0.1                       2.6   -2.5      0.5
  SNOW DEPTH       0

DEGREE DAYS
 HEATING
  TODAY           12                        22    -10        8
  MONTH TO DATE   12                        22    -10        8
  SINCE DEC 1   1372                      1376     -4     1509
  SINCE JUL 1   1976                      1880     96     2109

 COOLING
  TODAY            0                         0      0        0
  MONTH TO DATE    0                         0      0        0
  SINCE DEC 1      0                         2     -2        3
  SINCE JAN 1      0                         1     -1        0
..................................................................


WIND (MPH)
  HIGHEST WIND SPEED    23   HIGHEST WIND DIRECTION     S (180)
  HIGHEST GUST SPEED    28   HIGHEST GUST DIRECTION     S (180)
  AVERAGE WIND SPEED    13.6


SKY COVER
  POSSIBLE SUNSHINE  MM
  AVERAGE SKY COVER 0.8


WEATHER CONDITIONS
 THE FOLLOWING WEATHER WAS RECORDED TODAY.
  HEAVY RAIN
  RAIN
  LIGHT RAIN
  FOG


RELATIVE HUMIDITY (PERCENT)
 HIGHEST    93           800 AM
 LOWEST     60          1200 AM
 AVERAGE    77

..........................................................


THE PINE BLUFF CLIMATE NORMALS FOR TOMORROW
                         NORMAL    RECORD    YEAR
 MAXIMUM TEMPERATURE (F)   53        82      1995
 MINIMUM TEMPERATURE (F)   34        -1      1951


SUNRISE AND SUNSET
FEBRUARY  1 2015......SUNRISE   705 AM CST   SUNSET   538 PM CST
FEBRUARY  2 2015......SUNRISE   704 AM CST   SUNSET   539 PM CST


-  INDICATES NEGATIVE NUMBERS.
R  INDICATES RECORD WAS SET OR TIED.
MM INDICATES DATA IS MISSING.
T  INDICATES TRACE AMOUNT.




$$
