000
CDUS44 KLZK 110636
CLIPBF


CLIMATE REPORT
NATIONAL WEATHER SERVICE LITTLE ROCK AR
1231 AM CST MON DEC 11 2017


...................................

...THE PINE BLUFF CLIMATE SUMMARY FOR DECEMBER 10 2017...

CLIMATE NORMAL PERIOD 1981 TO 2010
CLIMATE RECORD PERIOD 1883 TO 2017


WEATHER ITEM   OBSERVED TIME   RECORD YEAR NORMAL DEPARTURE LAST
                VALUE   (LST)  VALUE       VALUE  FROM      YEAR
                                                  NORMAL
..................................................................
TEMPERATURE (F)
 YESTERDAY
  MAXIMUM         61    403 PM  78    1918  54      7       46
  MINIMUM         25    738 AM  11    1917  36    -11       24
  AVERAGE         43                        45     -2       35

PRECIPITATION (IN)
  YESTERDAY        0.00          2.08 1963   0.20  -0.20     0.00
  MONTH TO DATE    1.06                      1.92  -0.86     1.30
  SINCE DEC 1      1.06                      1.92  -0.86     1.30
  SINCE JAN 1     43.58                     47.63  -4.05    51.10

SNOWFALL (IN)
  YESTERDAY        0.0           1.5  1932   0.0    0.0      0.0
  MONTH TO DATE    0.0                       0.0    0.0      0.0
  SINCE DEC 1      0.0                       0.0    0.0      0.0
  SINCE JUL 1      0.0                       0.0    0.0      0.0
  SNOW DEPTH       0

DEGREE DAYS
 HEATING
  YESTERDAY       22                        20      2       30
  MONTH TO DATE  176                       189    -13      229
  SINCE DEC 1    176                       189    -13      229
  SINCE JUL 1    639                       693    -54      526

 COOLING
  YESTERDAY        0                         0      0        0
  MONTH TO DATE    0                         0      0        0
  SINCE DEC 1      0                         0      0        0
  SINCE JAN 1   2094                      2131    -37     2328
..................................................................


WIND (MPH)
  HIGHEST WIND SPEED    20   HIGHEST WIND DIRECTION    SW (220)
  HIGHEST GUST SPEED    25   HIGHEST GUST DIRECTION    SW (240)
  AVERAGE WIND SPEED     6.4


SKY COVER
  POSSIBLE SUNSHINE  MM
  AVERAGE SKY COVER 0.0


WEATHER CONDITIONS
 THE FOLLOWING WEATHER WAS RECORDED YESTERDAY.
  NO SIGNIFICANT WEATHER WAS OBSERVED.


RELATIVE HUMIDITY (PERCENT)
 HIGHEST    92           200 AM
 LOWEST     33           500 PM
 AVERAGE    63

..........................................................


THE PINE BLUFF CLIMATE NORMALS FOR TODAY
                         NORMAL    RECORD    YEAR
 MAXIMUM TEMPERATURE (F)   54        78      2015
 MINIMUM TEMPERATURE (F)   36        11      1917


SUNRISE AND SUNSET
DECEMBER 11 2017......SUNRISE   704 AM CST   SUNSET   459 PM CST
DECEMBER 12 2017......SUNRISE   704 AM CST   SUNSET   459 PM CST


-  INDICATES NEGATIVE NUMBERS.
R  INDICATES RECORD WAS SET OR TIED.
MM INDICATES DATA IS MISSING.
T  INDICATES TRACE AMOUNT.




$$
