000
CDUS44 KLZK 210906
CLIPBF


CLIMATE REPORT
NATIONAL WEATHER SERVICE LITTLE ROCK AR
406 AM CDT SUN SEP 21 2014


...................................

...THE PINE BLUFF CLIMATE SUMMARY FOR SEPTEMBER 20 2014...

CLIMATE NORMAL PERIOD 1981 TO 2010
CLIMATE RECORD PERIOD 1883 TO 2014


WEATHER ITEM   OBSERVED TIME   RECORD YEAR NORMAL DEPARTURE LAST
                VALUE   (LST)  VALUE       VALUE  FROM      YEAR
                                                  NORMAL
..................................................................
TEMPERATURE (F)
 YESTERDAY
  MAXIMUM         92    331 PM 102    1925  84      8       80
  MINIMUM         64    527 AM  43    1901  61      3       69
  AVERAGE         78                        73      5       75

PRECIPITATION (IN)
  YESTERDAY        0.00          4.26 2013   0.09  -0.09     4.26
  MONTH TO DATE    0.79                      1.60  -0.81     4.44
  SINCE SEP 1      0.79                      1.60  -0.81     4.44
  SINCE JAN 1     30.70                     34.79  -4.09    38.07

SNOWFALL (IN)
  YESTERDAY        0.0           0.0  2002   0.0    0.0      0.0
                                      2001
  MONTH TO DATE    0.0                       0.0    0.0      0.0
  SINCE SEP 1      0.0                       0.0    0.0      0.0
  SINCE JUL 1      0.0                       0.0    0.0      0.0
  SNOW DEPTH       0

DEGREE DAYS
 HEATING
  YESTERDAY        0                         0      0        0
  MONTH TO DATE    3                         0      3        0
  SINCE SEP 1      3                         0      3        0
  SINCE JUL 1      4                         0      4        0

 COOLING
  YESTERDAY       13                         8      5       10
  MONTH TO DATE  234                       222     12      304
  SINCE SEP 1    234                       222     12      304
  SINCE JAN 1   1735                      1980   -245     1968
..................................................................


WIND (MPH)
  HIGHEST WIND SPEED    12   HIGHEST WIND DIRECTION    NW (310)
  HIGHEST GUST SPEED    16   HIGHEST GUST DIRECTION    NW (310)
  AVERAGE WIND SPEED     0.8


SKY COVER
  POSSIBLE SUNSHINE  MM
  AVERAGE SKY COVER 0.1


WEATHER CONDITIONS
 THE FOLLOWING WEATHER WAS RECORDED YESTERDAY.
  FOG


RELATIVE HUMIDITY (PERCENT)
 HIGHEST   100           200 AM
 LOWEST     38          1200 PM
 AVERAGE    69

..........................................................


THE PINE BLUFF CLIMATE NORMALS FOR TODAY
                         NORMAL    RECORD    YEAR
 MAXIMUM TEMPERATURE (F)   84       103      1925
 MINIMUM TEMPERATURE (F)   61        43      1983
                                             1918


SUNRISE AND SUNSET
SEPTEMBER 21 2014.....SUNRISE   655 AM CDT   SUNSET   706 PM CDT
SEPTEMBER 22 2014.....SUNRISE   656 AM CDT   SUNSET   704 PM CDT


-  INDICATES NEGATIVE NUMBERS.
R  INDICATES RECORD WAS SET OR TIED.
MM INDICATES DATA IS MISSING.
T  INDICATES TRACE AMOUNT.




$$
