000
CDUS44 KLZK 220640
CLIPBF


CLIMATE REPORT
NATIONAL WEATHER SERVICE LITTLE ROCK AR
1240 AM CST WED FEB 22 2017


...................................

...THE PINE BLUFF CLIMATE SUMMARY FOR FEBRUARY 21 2017...

CLIMATE NORMAL PERIOD 1981 TO 2010
CLIMATE RECORD PERIOD 1883 TO 2017


WEATHER ITEM   OBSERVED TIME   RECORD YEAR NORMAL DEPARTURE LAST
                VALUE   (LST)  VALUE       VALUE  FROM      YEAR
                                                  NORMAL
..................................................................
TEMPERATURE (F)
 YESTERDAY
  MAXIMUM         66    206 PM  81    2005  57      9       72
                                      1917
  MINIMUM         57   1159 PM  17    1968  38     19       61
  AVERAGE         62                        48     14       67

PRECIPITATION (IN)
  YESTERDAY        0.24          1.49 2003   0.16   0.08      T
  MONTH TO DATE    2.38                      2.90  -0.52     2.95
  SINCE DEC 1      9.83                     12.10  -2.27    10.22
  SINCE JAN 1      5.25                      6.66  -1.41     4.88

SNOWFALL (IN)
  YESTERDAY        0.0           2.0  1929   0.0    0.0      0.0
  MONTH TO DATE    0.0                       0.6   -0.6      0.0
  SINCE DEC 1      1.5                       3.1   -1.6      3.6
  SINCE JUL 1      1.5                       3.1   -1.6      3.6
  SNOW DEPTH       0

DEGREE DAYS
 HEATING
  YESTERDAY        3                        17    -14        0
  MONTH TO DATE  240                       413   -173      343
  SINCE DEC 1   1352                      1767   -415     1447
  SINCE JUL 1   1649                      2271   -622     1786

 COOLING
  YESTERDAY        0                         0      0        2
  MONTH TO DATE   12                         0     12        2
  SINCE DEC 1     22                         2     20       14
  SINCE JAN 1     17                         1     16        4
..................................................................


WIND (MPH)
  HIGHEST WIND SPEED    20   HIGHEST WIND DIRECTION    NE (50)
  HIGHEST GUST SPEED    23   HIGHEST GUST DIRECTION    NE (40)
  AVERAGE WIND SPEED     5.9


SKY COVER
  POSSIBLE SUNSHINE  MM
  AVERAGE SKY COVER 1.0


WEATHER CONDITIONS
 THE FOLLOWING WEATHER WAS RECORDED YESTERDAY.
  RAIN
  LIGHT RAIN
  FOG
  FOG W/VISIBILITY <= 1/4 MILE


RELATIVE HUMIDITY (PERCENT)
 HIGHEST   100          1000 PM
 LOWEST     84          1200 PM
 AVERAGE    92

..........................................................


THE PINE BLUFF CLIMATE NORMALS FOR TODAY
                         NORMAL    RECORD    YEAR
 MAXIMUM TEMPERATURE (F)   58        82      1980
 MINIMUM TEMPERATURE (F)   38        16      1963


SUNRISE AND SUNSET
FEBRUARY 22 2017......SUNRISE   645 AM CST   SUNSET   558 PM CST
FEBRUARY 23 2017......SUNRISE   643 AM CST   SUNSET   559 PM CST


-  INDICATES NEGATIVE NUMBERS.
R  INDICATES RECORD WAS SET OR TIED.
MM INDICATES DATA IS MISSING.
T  INDICATES TRACE AMOUNT.




$$
