851
CDUS44 KLZK 180633
CLIPBF


CLIMATE REPORT
NATIONAL WEATHER SERVICE LITTLE ROCK AR
132 AM CDT MON SEP 18 2017


...................................

...THE PINE BLUFF CLIMATE SUMMARY FOR SEPTEMBER 17 2017...

CLIMATE NORMAL PERIOD 1981 TO 2010
CLIMATE RECORD PERIOD 1883 TO 2017


WEATHER ITEM   OBSERVED TIME   RECORD YEAR NORMAL DEPARTURE LAST
                VALUE   (LST)  VALUE       VALUE  FROM      YEAR
                                                  NORMAL
..................................................................
TEMPERATURE (F)
 YESTERDAY
  MAXIMUM         93    255 PM 105    1927  85      8       90
  MINIMUM         66    553 AM  41    1902  62      4       74
  AVERAGE         80                        74      6       82

PRECIPITATION (IN)
  YESTERDAY        0.00          2.31 1964   0.08  -0.08     0.00
  MONTH TO DATE    0.80                      1.35  -0.55     0.24
  SINCE SEP 1      0.80                      1.35  -0.55     0.24
  SINCE JAN 1     41.31                     34.54   6.77    44.19

SNOWFALL (IN)
  YESTERDAY        0.0          MM      MM   0.0    0.0      0.0
  MONTH TO DATE    0.0                       0.0    0.0      0.0
  SINCE SEP 1      0.0                       0.0    0.0      0.0
  SINCE JUL 1      0.0                       0.0    0.0      0.0
  SNOW DEPTH       0

DEGREE DAYS
 HEATING
  YESTERDAY        0                         0      0        0
  MONTH TO DATE    2                         0      2        0
  SINCE SEP 1      2                         0      2        0
  SINCE JUL 1      2                         0      2        0

 COOLING
  YESTERDAY       15                         9      6       17
  MONTH TO DATE  119                       197    -78      250
  SINCE SEP 1    119                       197    -78      250
  SINCE JAN 1   1765                      1955   -190     2058
..................................................................


WIND (MPH)
  HIGHEST WIND SPEED     7   HIGHEST WIND DIRECTION     N (10)
  HIGHEST GUST SPEED     9   HIGHEST GUST DIRECTION     S (200)
  AVERAGE WIND SPEED     1.4


SKY COVER
  POSSIBLE SUNSHINE  MM
  AVERAGE SKY COVER 0.1


WEATHER CONDITIONS
 THE FOLLOWING WEATHER WAS RECORDED YESTERDAY.
  FOG
  FOG W/VISIBILITY <= 1/4 MILE


RELATIVE HUMIDITY (PERCENT)
 HIGHEST   100           200 AM
 LOWEST     44           300 PM
 AVERAGE    72

..........................................................


THE PINE BLUFF CLIMATE NORMALS FOR TODAY
                         NORMAL    RECORD    YEAR
 MAXIMUM TEMPERATURE (F)   85       104      1925
 MINIMUM TEMPERATURE (F)   62        45      1981
                                             1903


SUNRISE AND SUNSET
SEPTEMBER 18 2017.....SUNRISE   653 AM CDT   SUNSET   710 PM CDT
SEPTEMBER 19 2017.....SUNRISE   654 AM CDT   SUNSET   708 PM CDT


-  INDICATES NEGATIVE NUMBERS.
R  INDICATES RECORD WAS SET OR TIED.
MM INDICATES DATA IS MISSING.
T  INDICATES TRACE AMOUNT.




$$
