000
CDUS44 KLZK 030900
CLIPBF


CLIMATE REPORT
NATIONAL WEATHER SERVICE LITTLE ROCK AR
359 AM CDT WED JUN 3 2015


...................................

...THE PINE BLUFF CLIMATE SUMMARY FOR JUNE 2 2015...

CLIMATE NORMAL PERIOD 1981 TO 2010
CLIMATE RECORD PERIOD 1883 TO 2015


WEATHER ITEM   OBSERVED TIME   RECORD YEAR NORMAL DEPARTURE LAST
                VALUE   (LST)  VALUE       VALUE  FROM      YEAR
                                                  NORMAL
..................................................................
TEMPERATURE (F)
 YESTERDAY
  MAXIMUM         79    356 PM 102    2001  86     -7       86
  MINIMUM         62    534 AM  49    1984  66     -4       70
  AVERAGE         71                        76     -5       78

PRECIPITATION (IN)
  YESTERDAY        0.00          4.69 1927   0.14  -0.14     0.00
  MONTH TO DATE    0.00                      0.28  -0.28      T
  SINCE JUN 1      0.00                      0.28  -0.28      T
  SINCE JAN 1     27.65                     23.48   4.17    22.27

SNOWFALL (IN)
  YESTERDAY        0.0          MM      MM   0.0    0.0      0.0
  MONTH TO DATE    0.0                       0.0    0.0      0.0
  SINCE JUN 1      0.0                       0.0    0.0      0.0
  SINCE JUL 1      9.2                       3.1    6.1      3.7
  SNOW DEPTH       0

DEGREE DAYS
 HEATING
  YESTERDAY        0                         0      0        0
  MONTH TO DATE    0                         0      0        0
  SINCE JUN 1      0                         0      0        0
  SINCE JUL 1   3249                      2881    368     3453

 COOLING
  YESTERDAY        6                        11     -5       13
  MONTH TO DATE   12                        22    -10       26
  SINCE JUN 1     12                        22    -10       26
  SINCE JAN 1    341                       329     12      289
..................................................................


WIND (MPH)
  HIGHEST WIND SPEED    12   HIGHEST WIND DIRECTION    NE (40)
  HIGHEST GUST SPEED    14   HIGHEST GUST DIRECTION    NE (50)
  AVERAGE WIND SPEED     4.1


SKY COVER
  POSSIBLE SUNSHINE  MM
  AVERAGE SKY COVER 0.4


WEATHER CONDITIONS
 THE FOLLOWING WEATHER WAS RECORDED YESTERDAY.
  NO SIGNIFICANT WEATHER WAS OBSERVED.


RELATIVE HUMIDITY (PERCENT)
 HIGHEST    93          1200 AM
 LOWEST     58           200 PM
 AVERAGE    76

..........................................................


THE PINE BLUFF CLIMATE NORMALS FOR TODAY
                         NORMAL    RECORD    YEAR
 MAXIMUM TEMPERATURE (F)   87       100      1911
 MINIMUM TEMPERATURE (F)   66        49      1956


SUNRISE AND SUNSET
JUNE  3 2015..........SUNRISE   557 AM CDT   SUNSET   815 PM CDT
JUNE  4 2015..........SUNRISE   556 AM CDT   SUNSET   816 PM CDT


-  INDICATES NEGATIVE NUMBERS.
R  INDICATES RECORD WAS SET OR TIED.
MM INDICATES DATA IS MISSING.
T  INDICATES TRACE AMOUNT.




$$
