000
CDUS44 KLZK 020910
CLIPBF


CLIMATE REPORT
NATIONAL WEATHER SERVICE LITTLE ROCK AR
410 AM CDT SAT AUG 2 2014


...................................

...THE PINE BLUFF CLIMATE SUMMARY FOR AUGUST 1 2014...

CLIMATE NORMAL PERIOD 1981 TO 2010
CLIMATE RECORD PERIOD 1883 TO 2014


WEATHER ITEM   OBSERVED TIME   RECORD YEAR NORMAL DEPARTURE LAST
                VALUE   (LST)  VALUE       VALUE  FROM      YEAR
                                                  NORMAL
..................................................................
TEMPERATURE (F)
 YESTERDAY
  MAXIMUM         75    147 PM 108    1896  93    -18       92
  MINIMUM         68    550 AM  60    1971  72     -4       72
  AVERAGE         72                        82    -10       82

PRECIPITATION (IN)
  YESTERDAY        0.06          1.80 1909   0.11  -0.05     0.00
  MONTH TO DATE    0.06                      0.11  -0.05     0.00
  SINCE JUN 1      5.44                      7.62  -2.18     3.23
  SINCE JAN 1     27.71                     30.82  -3.11    30.67

SNOWFALL (IN)
  YESTERDAY        0.0          MM      MM   0.0    0.0      0.0
  MONTH TO DATE    0.0                       0.0    0.0      0.0
  SINCE JUN 1      0.0                       0.0    0.0      0.0
  SINCE JUL 1      0.0                       0.0    0.0      0.0
  SNOW DEPTH       0

DEGREE DAYS
 HEATING
  YESTERDAY        0                         0      0        0
  MONTH TO DATE    0                         0      0        0
  SINCE JUN 1      1                         0      1        0
  SINCE JUL 1      1                         0      1        0

 COOLING
  YESTERDAY        7                        17    -10       17
  MONTH TO DATE    7                        17    -10       17
  SINCE JUN 1    786                       967   -181      907
  SINCE JAN 1   1049                      1274   -225     1174
..................................................................


WIND (MPH)
  HIGHEST WIND SPEED     8   HIGHEST WIND DIRECTION    NW (310)
  HIGHEST GUST SPEED    11   HIGHEST GUST DIRECTION    SE (140)
  AVERAGE WIND SPEED     4.5


SKY COVER
  POSSIBLE SUNSHINE  MM
  AVERAGE SKY COVER 1.0


WEATHER CONDITIONS
 THE FOLLOWING WEATHER WAS RECORDED YESTERDAY.
  RAIN
  LIGHT RAIN
  FOG


RELATIVE HUMIDITY (PERCENT)
 HIGHEST    97          1100 PM
 LOWEST     79           800 AM
 AVERAGE    88

..........................................................


THE PINE BLUFF CLIMATE NORMALS FOR TODAY
                         NORMAL    RECORD    YEAR
 MAXIMUM TEMPERATURE (F)   93       107      1943
                                             1918
 MINIMUM TEMPERATURE (F)   72        61      1949
                                             1918


SUNRISE AND SUNSET
AUGUST  2 2014........SUNRISE   620 AM CDT   SUNSET   808 PM CDT
AUGUST  3 2014........SUNRISE   620 AM CDT   SUNSET   807 PM CDT


-  INDICATES NEGATIVE NUMBERS.
R  INDICATES RECORD WAS SET OR TIED.
MM INDICATES DATA IS MISSING.
T  INDICATES TRACE AMOUNT.




$$
