000
CDUS44 KLZK 191006
CLIPBF


CLIMATE REPORT
NATIONAL WEATHER SERVICE LITTLE ROCK AR
406 AM CST FRI DEC 19 2014


...................................

...THE PINE BLUFF CLIMATE SUMMARY FOR DECEMBER 18 2014...

CLIMATE NORMAL PERIOD 1981 TO 2010
CLIMATE RECORD PERIOD 1883 TO 2014


WEATHER ITEM   OBSERVED TIME   RECORD YEAR NORMAL DEPARTURE LAST
                VALUE   (LST)  VALUE       VALUE  FROM      YEAR
                                                  NORMAL
..................................................................
TEMPERATURE (F)
 YESTERDAY
  MAXIMUM         45    346 PM  78    1984  52     -7       65
  MINIMUM         38    242 AM   8    1932  34      4       32
                                      1901
  AVERAGE         42                        43     -1       49

PRECIPITATION (IN)
  YESTERDAY        0.12          3.17 2002   0.17  -0.05     0.00
  MONTH TO DATE    0.80                      3.33  -2.53     2.72
  SINCE DEC 1      0.80                      3.33  -2.53     2.72
  SINCE JAN 1     41.01                     49.04  -8.03    47.65

SNOWFALL (IN)
  YESTERDAY        0.0           3.0  1902   0.0    0.0      0.0
  MONTH TO DATE    0.0                       0.1   -0.1      0.2
  SINCE DEC 1      0.0                       0.1   -0.1      0.2
  SINCE JUL 1      0.1                       0.1    0.0      0.2
  SNOW DEPTH       0

DEGREE DAYS
 HEATING
  YESTERDAY       23                        22      1       16
  MONTH TO DATE  319                       357    -38      404
  SINCE DEC 1    319                       357    -38      404
  SINCE JUL 1    923                       861     62     1004

 COOLING
  YESTERDAY        0                         0      0        0
  MONTH TO DATE    0                         0      0        0
  SINCE DEC 1      0                         0      0        0
  SINCE JAN 1   1901                      2131   -230     2148
..................................................................


WIND (MPH)
  HIGHEST WIND SPEED    15   HIGHEST WIND DIRECTION     N (10)
  HIGHEST GUST SPEED    17   HIGHEST GUST DIRECTION     N (10)
  AVERAGE WIND SPEED     6.0


SKY COVER
  POSSIBLE SUNSHINE  MM
  AVERAGE SKY COVER 1.0


WEATHER CONDITIONS
 THE FOLLOWING WEATHER WAS RECORDED YESTERDAY.
  LIGHT RAIN
  FOG


RELATIVE HUMIDITY (PERCENT)
 HIGHEST    93          1000 AM
 LOWEST     79          1200 AM
 AVERAGE    86

..........................................................


THE PINE BLUFF CLIMATE NORMALS FOR TODAY
                         NORMAL    RECORD    YEAR
 MAXIMUM TEMPERATURE (F)   52        73      1980
 MINIMUM TEMPERATURE (F)   34        11      1983


SUNRISE AND SUNSET
DECEMBER 19 2014......SUNRISE   709 AM CST   SUNSET   501 PM CST
DECEMBER 20 2014......SUNRISE   709 AM CST   SUNSET   502 PM CST


-  INDICATES NEGATIVE NUMBERS.
R  INDICATES RECORD WAS SET OR TIED.
MM INDICATES DATA IS MISSING.
T  INDICATES TRACE AMOUNT.




$$
