000
CDUS42 KMFL 240923
CLIPBI


CLIMATE REPORT
NATIONAL WEATHER SERVICE MIAMI, FL
422 AM EST FRI FEB 24 2017


...................................

...THE WEST PALM BEACH CLIMATE SUMMARY FOR FEBRUARY 23 2017...

CLIMATE NORMAL PERIOD 1981 TO 2010
CLIMATE RECORD PERIOD 1888 TO 2017


WEATHER ITEM   OBSERVED TIME   RECORD YEAR NORMAL DEPARTURE LAST
                VALUE   (LST)  VALUE       VALUE  FROM      YEAR
                                                  NORMAL
..................................................................
TEMPERATURE (F)
 YESTERDAY
  MAXIMUM         79    409 PM  88    1991  77      2       81
                                      1990
  MINIMUM         57    712 AM  32    1978  60     -3       70
  AVERAGE         68                        69     -1       76

PRECIPITATION (IN)
  YESTERDAY        0.00          3.37 1903   0.11  -0.11     0.50
  MONTH TO DATE    1.73                      2.24  -0.51     1.99
  SINCE NOV 1      7.20                     13.50  -6.30    22.29
  SINCE JAN 1      2.73                      5.37  -2.64    11.89

SNOWFALL (IN)
  YESTERDAY        0.0
  MONTH TO DATE    0.0
  SINCE DEC 1      0.0
  SINCE JUL 1      0.0
  SNOW DEPTH       0

DEGREE DAYS
 HEATING
  YESTERDAY        0                         1     -1        0
  MONTH TO DATE    2                        43    -41       50
  SINCE DEC 1     51                       188   -137      116
  SINCE JUL 1     52                       200   -148      116

 COOLING
  YESTERDAY        3                         5     -2       11
  MONTH TO DATE  123                       103     20       97
  SINCE DEC 1    587                       366    221      544
  SINCE JAN 1    294                       211     83      188
..................................................................


WIND (MPH)
  HIGHEST WIND SPEED    12   HIGHEST WIND DIRECTION     W (280)
  HIGHEST GUST SPEED    22   HIGHEST GUST DIRECTION    SW (230)
  AVERAGE WIND SPEED     7.7


SKY COVER
  AVERAGE SKY COVER 0.5


WEATHER CONDITIONS
 THE FOLLOWING WEATHER WAS RECORDED YESTERDAY.
  FOG


RELATIVE HUMIDITY (PERCENT)
 HIGHEST   100
 LOWEST     43
 AVERAGE    72

..........................................................


THE WEST PALM BEACH CLIMATE NORMALS FOR TODAY
                         NORMAL    RECORD    YEAR
 MAXIMUM TEMPERATURE (F)   77        88      2013
                                             2012
                                             1975
 MINIMUM TEMPERATURE (F)   60        32      1989


SUNRISE AND SUNSET
FEBRUARY 24 2017......SUNRISE   649 AM EST   SUNSET   619 PM EST
FEBRUARY 25 2017......SUNRISE   648 AM EST   SUNSET   619 PM EST


-  INDICATES NEGATIVE NUMBERS.
R  INDICATES RECORD WAS SET OR TIED.
MM INDICATES DATA IS MISSING.
T  INDICATES TRACE AMOUNT.




$$
