000
CDUS42 KMFL 290843
CLIPBI


CLIMATE REPORT
NATIONAL WEATHER SERVICE MIAMI, FL
443 AM EDT SAT APR 29 2017


...................................

...THE WEST PALM BEACH CLIMATE SUMMARY FOR APRIL 28 2017...

CLIMATE NORMAL PERIOD 1981 TO 2010
CLIMATE RECORD PERIOD 1888 TO 2017


WEATHER ITEM   OBSERVED TIME   RECORD YEAR NORMAL DEPARTURE LAST
                VALUE   (LST)  VALUE       VALUE  FROM      YEAR
                                                  NORMAL
..................................................................
TEMPERATURE (F)
 YESTERDAY
  MAXIMUM         86   1245 PM  92    1965  83      3       86
                                      1939
                                      1920
  MINIMUM         77   1217 AM  51    1913  68      9       69
                                      1898
  AVERAGE         82                        76      6       78

PRECIPITATION (IN)
  YESTERDAY        0.00          1.48 1930   0.10  -0.10      T
  MONTH TO DATE    3.61                      3.48   0.13     1.46
  SINCE NOV 1     13.14                     22.15  -9.01    26.84
  SINCE JAN 1      8.67                     14.02  -5.35    16.44

SNOWFALL (IN)
  YESTERDAY        0.0
  MONTH TO DATE    0.0
  SINCE MAR 1      0.0
  SINCE JUL 1      0.0
  SNOW DEPTH       0

DEGREE DAYS
 HEATING
  YESTERDAY        0                         0      0        0
  MONTH TO DATE    0                         0      0        0
  SINCE MAR 1     16                        24     -8        2
  SINCE JUL 1     68                       229   -161      135

 COOLING
  YESTERDAY       17                        11      6       13
  MONTH TO DATE  309                       244     65      306
  SINCE MAR 1    503                       437     66      621
  SINCE JAN 1    843                       672    171      823
..................................................................


WIND (MPH)
  HIGHEST WIND SPEED    22   HIGHEST WIND DIRECTION    SE (120)
  HIGHEST GUST SPEED    26   HIGHEST GUST DIRECTION     E (110)
  AVERAGE WIND SPEED    15.1


SKY COVER
  AVERAGE SKY COVER 0.5


WEATHER CONDITIONS
 THE FOLLOWING WEATHER WAS RECORDED YESTERDAY.
  NO SIGNIFICANT WEATHER WAS OBSERVED.


RELATIVE HUMIDITY (PERCENT)
 HIGHEST    85
 LOWEST     61
 AVERAGE    73

..........................................................


THE WEST PALM BEACH CLIMATE NORMALS FOR TODAY
                         NORMAL    RECORD    YEAR
 MAXIMUM TEMPERATURE (F)   83        95      2011
 MINIMUM TEMPERATURE (F)   68        44      1928


SUNRISE AND SUNSET
APRIL 29 2017.........SUNRISE   644 AM EDT   SUNSET   752 PM EDT
APRIL 30 2017.........SUNRISE   643 AM EDT   SUNSET   753 PM EDT


-  INDICATES NEGATIVE NUMBERS.
R  INDICATES RECORD WAS SET OR TIED.
MM INDICATES DATA IS MISSING.
T  INDICATES TRACE AMOUNT.




$$
