000
CDUS42 KMFL 082117
CLIPBI


CLIMATE REPORT
NATIONAL WEATHER SERVICE MIAMI, FL
416 PM EST THU DEC 8 2016


...................................

...THE WEST PALM BEACH CLIMATE SUMMARY FOR DECEMBER 8 2016...
VALID TODAY AS OF 0400 PM LOCAL TIME.

CLIMATE NORMAL PERIOD 1981 TO 2010
CLIMATE RECORD PERIOD 1888 TO 2016


WEATHER ITEM   OBSERVED TIME   RECORD YEAR NORMAL DEPARTURE LAST
                VALUE   (LST)  VALUE       VALUE  FROM      YEAR
                                                  NORMAL
..................................................................
TEMPERATURE (F)
 TODAY
  MAXIMUM         80   1208 PM  87    1948  77      3       77
                                      1942
  MINIMUM         68    730 AM  37    2010  62      6       66
  AVERAGE         74                        69      5       72

PRECIPITATION (IN)
  TODAY            0.00          1.38 1979   0.10  -0.10      T
  MONTH TO DATE    0.44                      0.87  -0.43     5.08
  SINCE NOV 1      1.44                      5.62  -4.18     8.14
  SINCE JAN 1     48.05                     59.82 -11.77    48.36

SNOWFALL (IN)
  TODAY            0.0
  MONTH TO DATE    0.0
  SINCE DEC 1      0.0
  SINCE JUL 1      0.0
  SNOW DEPTH       0

DEGREE DAYS
 HEATING
  TODAY            0                         1     -1        0
  MONTH TO DATE    0                         8     -8        0
  SINCE DEC 1      0                         8     -8        0
  SINCE JUL 1      1                        20    -19        0

 COOLING
  TODAY            9                         6      3        7
  MONTH TO DATE   98                        48     50       77
  SINCE DEC 1     98                        48     50       77
  SINCE JAN 1   4504                      3914    590     4666
..................................................................


WIND (MPH)
  HIGHEST WIND SPEED    13   HIGHEST WIND DIRECTION    NE (40)
  HIGHEST GUST SPEED    16   HIGHEST GUST DIRECTION    NE (40)
  AVERAGE WIND SPEED     5.3


SKY COVER
  AVERAGE SKY COVER 0.5


WEATHER CONDITIONS
 THE FOLLOWING WEATHER WAS RECORDED TODAY.
  NO SIGNIFICANT WEATHER WAS OBSERVED.


RELATIVE HUMIDITY (PERCENT)
 HIGHEST    97
 LOWEST     71
 AVERAGE    84

..........................................................


THE WEST PALM BEACH CLIMATE NORMALS FOR TOMORROW
                         NORMAL    RECORD    YEAR
 MAXIMUM TEMPERATURE (F)   77        90      2009
 MINIMUM TEMPERATURE (F)   61        41      1934


SUNRISE AND SUNSET
DECEMBER  8 2016......SUNRISE   657 AM EST   SUNSET   528 PM EST
DECEMBER  9 2016......SUNRISE   658 AM EST   SUNSET   528 PM EST


-  INDICATES NEGATIVE NUMBERS.
R  INDICATES RECORD WAS SET OR TIED.
MM INDICATES DATA IS MISSING.
T  INDICATES TRACE AMOUNT.




$$
