000
CDUS42 KMFL 152118
CLIPBI


CLIMATE REPORT
NATIONAL WEATHER SERVICE MIAMI, FL
417 PM EST FRI DEC 15 2017


...................................

...THE WEST PALM BEACH CLIMATE SUMMARY FOR DECEMBER 15 2017...
VALID TODAY AS OF 0400 PM LOCAL TIME.

CLIMATE NORMAL PERIOD 1981 TO 2010
CLIMATE RECORD PERIOD 1888 TO 2017


WEATHER ITEM   OBSERVED TIME   RECORD YEAR NORMAL DEPARTURE LAST
                VALUE   (LST)  VALUE       VALUE  FROM      YEAR
                                                  NORMAL
..................................................................
TEMPERATURE (F)
 TODAY
  MAXIMUM         78    223 PM  87    1951  76      2       82
  MINIMUM         50    358 AM  35    2010  60    -10       64
  AVERAGE         64                        68     -4       73

PRECIPITATION (IN)
  TODAY            0.00          3.10 2009   0.10  -0.10     0.00
  MONTH TO DATE    0.63                      1.59  -0.96     2.31
  SINCE NOV 1      3.32                      6.34  -3.02     3.31
  SINCE JAN 1     59.01                     60.54  -1.53    49.92

SNOWFALL (IN)
  TODAY            0.0
  MONTH TO DATE    0.0
  SINCE DEC 1      0.0
  SINCE JUL 1      0.0
  SNOW DEPTH       0

DEGREE DAYS
 HEATING
  TODAY            1                         2     -1        0
  MONTH TO DATE   43                        20     23        0
  SINCE DEC 1     43                        20     23        0
  SINCE JUL 1     47                        32     15        1

 COOLING
  TODAY            0                         5     -5        8
  MONTH TO DATE   82                        84     -2      152
  SINCE DEC 1     82                        84     -2      152
  SINCE JAN 1   4457                      3950    507     4558
..................................................................


WIND (MPH)
  HIGHEST WIND SPEED    13   HIGHEST WIND DIRECTION     S (200)
  HIGHEST GUST SPEED    17   HIGHEST GUST DIRECTION     S (180)
  AVERAGE WIND SPEED     3.3


SKY COVER
  AVERAGE SKY COVER 0.4


WEATHER CONDITIONS
 THE FOLLOWING WEATHER WAS RECORDED TODAY.
  NO SIGNIFICANT WEATHER WAS OBSERVED.


RELATIVE HUMIDITY (PERCENT)
 HIGHEST    89
 LOWEST     43
 AVERAGE    66

..........................................................


THE WEST PALM BEACH CLIMATE NORMALS FOR TOMORROW
                         NORMAL    RECORD    YEAR
 MAXIMUM TEMPERATURE (F)   76        86      1927
 MINIMUM TEMPERATURE (F)   60        33      1968


SUNRISE AND SUNSET
DECEMBER 15 2017......SUNRISE   701 AM EST   SUNSET   530 PM EST
DECEMBER 16 2017......SUNRISE   702 AM EST   SUNSET   530 PM EST


-  INDICATES NEGATIVE NUMBERS.
R  INDICATES RECORD WAS SET OR TIED.
MM INDICATES DATA IS MISSING.
T  INDICATES TRACE AMOUNT.




$$
