000
CDUS42 KMFL 240823
CLIPBI


CLIMATE REPORT
NATIONAL WEATHER SERVICE MIAMI, FL
422 AM EDT THU JUL 24 2014


...................................

...THE WEST PALM BEACH CLIMATE SUMMARY FOR JULY 23 2014...

CLIMATE NORMAL PERIOD 1981 TO 2010
CLIMATE RECORD PERIOD 1894 TO 2014


WEATHER ITEM   OBSERVED TIME   RECORD YEAR NORMAL DEPARTURE LAST
                VALUE   (LST)  VALUE       VALUE  FROM      YEAR
                                                  NORMAL
..................................................................
TEMPERATURE (F)
 YESTERDAY
  MAXIMUM         90    326 PM  98    1942  90      0       93
  MINIMUM         76   1138 AM  68    1921  76      0       79
                                      1920
  AVERAGE         83                        83      0       86

PRECIPITATION (IN)
  YESTERDAY        0.58          3.50 1920   0.17   0.41     0.07
  MONTH TO DATE    6.69                      4.34   2.35     5.59
  SINCE JUN 1     14.67                     12.64   2.03    18.32
  SINCE JAN 1     32.39                     31.35   1.04    43.27

SNOWFALL (IN)
  YESTERDAY        0.0
  MONTH TO DATE    0.0
  SINCE JUN 1      0.0
  SINCE JUL 1      0.0
  SNOW DEPTH       0

DEGREE DAYS
 HEATING
  YESTERDAY        0                         0      0
  MONTH TO DATE    0                         0      0
  SINCE JUN 1      0                         0      0
  SINCE JUL 1      0                         0      0

 COOLING
  YESTERDAY       18                        18      0
  MONTH TO DATE  407                       403      4
  SINCE JUN 1    895                       893      2
  SINCE JAN 1   2247                      2002    245
..................................................................


WIND (MPH)
  HIGHEST WIND SPEED    22   HIGHEST WIND DIRECTION    SW (220)
  HIGHEST GUST SPEED    26   HIGHEST GUST DIRECTION    SW (220)
  AVERAGE WIND SPEED     6.0


SKY COVER
  AVERAGE SKY COVER 0.7


WEATHER CONDITIONS
 THE FOLLOWING WEATHER WAS RECORDED YESTERDAY.
  THUNDERSTORM
  HEAVY RAIN
  RAIN
  LIGHT RAIN
  FOG


RELATIVE HUMIDITY (PERCENT)
 HIGHEST    94
 LOWEST     63
 AVERAGE    79

..........................................................


THE WEST PALM BEACH CLIMATE NORMALS FOR TODAY
                         NORMAL    RECORD    YEAR
 MAXIMUM TEMPERATURE (F)   90        97      1912
 MINIMUM TEMPERATURE (F)   76        67      1940


SUNRISE AND SUNSET
JULY 24 2014..........SUNRISE   641 AM EDT   SUNSET   812 PM EDT
JULY 25 2014..........SUNRISE   642 AM EDT   SUNSET   812 PM EDT


-  INDICATES NEGATIVE NUMBERS.
R  INDICATES RECORD WAS SET OR TIED.
MM INDICATES DATA IS MISSING.
T  INDICATES TRACE AMOUNT.




$$
