000
CDUS46 KPDT 010033
CLIPDT

CLIMATE REPORT
NATIONAL WEATHER SERVICE PENDLETON OR
533 PM PDT THU JUL 31 2014


...................................

...THE PENDLETON OR CLIMATE SUMMARY FOR JULY 31 2014...
VALID TODAY AS OF 0500 PM LOCAL TIME.

CLIMATE NORMAL PERIOD 1981 TO 2010
CLIMATE RECORD PERIOD 1890 TO 2014


WEATHER ITEM   OBSERVED TIME   RECORD YEAR NORMAL DEPARTURE LAST
                VALUE   (LST)  VALUE       VALUE  FROM      YEAR
                                                  NORMAL
..................................................................
TEMPERATURE (F)
 TODAY
  MAXIMUM         92    359 PM 108    1971  90      2       88
  MINIMUM         66    459 AM  42    1933  59      7       56
  AVERAGE         79                        74      5       72

PRECIPITATION (IN)
  TODAY            T             0.34 1985   0.01  -0.01      T
  MONTH TO DATE    0.22                      0.32  -0.10     0.06
  SINCE OCT 1      9.50                     11.71  -2.21     9.41
  SINCE JAN 1      7.71                      7.71   0.00     4.97

SNOWFALL (IN)
  TODAY            0.0           0.0  2002   0.0    0.0      0.0
                                      2001
                                      2000
  MONTH TO DATE    0.0                       0.0    0.0      0.0
  SINCE JAN 1     15.2                       7.7    7.5      0.2
  SINCE JUL 1      0.0                       0.0    0.0      0.0
  SNOW DEPTH       0

DEGREE DAYS
 HEATING
  TODAY            0                         0      0        0
  MONTH TO DATE    2                         7     -5        0
  SINCE JUN 1     45                        94    -49       80
  SINCE JUL 1      2                        11     -9        0

 COOLING
  TODAY           14                         9      5        7
  MONTH TO DATE  400                       246    154      328
  SINCE JUN 1    460                       325    135      423
  SINCE JAN 1    482                       348    134      454
..................................................................


WIND (MPH)
  HIGHEST WIND SPEED    22   HIGHEST WIND DIRECTION     E (100)
  HIGHEST GUST SPEED    26   HIGHEST GUST DIRECTION     E (100)
  AVERAGE WIND SPEED     4.8


SKY COVER
  POSSIBLE SUNSHINE  MM
  AVERAGE SKY COVER 0.0


WEATHER CONDITIONS
 THE FOLLOWING WEATHER WAS RECORDED TODAY.
  LIGHT RAIN
  HAZE


RELATIVE HUMIDITY (PERCENT)
 HIGHEST    45           500 AM
 LOWEST     20           200 PM
 AVERAGE    33

..........................................................


THE PENDLETON OR CLIMATE NORMALS FOR TOMORROW
                         NORMAL    RECORD    YEAR
 MAXIMUM TEMPERATURE (F)   90       108      2009
 MINIMUM TEMPERATURE (F)   59        41      1897


SUNRISE AND SUNSET
JULY 31 2014..........SUNRISE   538 AM PDT   SUNSET   825 PM PDT
AUGUST  1 2014........SUNRISE   539 AM PDT   SUNSET   824 PM PDT


-  INDICATES NEGATIVE NUMBERS.
R  INDICATES RECORD WAS SET OR TIED.
MM INDICATES DATA IS MISSING.
T  INDICATES TRACE AMOUNT.




$$
