000
CDUS46 KPDT 170839
CLIPDT

CLIMATE REPORT
NATIONAL WEATHER SERVICE PENDLETON OR
1238 AM PST WED DEC 17 2014


...................................

...THE PENDLETON OR CLIMATE SUMMARY FOR DECEMBER 16 2014...

CLIMATE NORMAL PERIOD 1981 TO 2010
CLIMATE RECORD PERIOD 1890 TO 2014


WEATHER ITEM   OBSERVED TIME   RECORD YEAR NORMAL DEPARTURE LAST
                VALUE   (LST)  VALUE       VALUE  FROM      YEAR
                                                  NORMAL
..................................................................
TEMPERATURE (F)
 YESTERDAY
  MAXIMUM         38    254 PM  62    1942  39     -1       51
  MINIMUM         31    803 AM -12    1964  26      5       32
  AVERAGE         35                        33      2       42

PRECIPITATION (IN)
  YESTERDAY        0.02          0.53 1941   0.05  -0.03     0.00
  MONTH TO DATE    1.28                      0.77   0.51     0.45
  SINCE OCT 1      3.18                      3.30  -0.12     1.44
  SINCE JAN 1     11.72                     11.96  -0.24     8.93

SNOWFALL (IN)
  YESTERDAY       MM             3.7  1945   0.2   MM        0.0
  MONTH TO DATE    T                         2.8   -2.8      4.4
  SINCE JAN 1     19.8                      12.0    7.8      4.6
  SINCE JUL 1      4.6                       4.3    0.3      4.4
  SNOW DEPTH       0

DEGREE DAYS
 HEATING
  YESTERDAY       30                        32     -2       23
  MONTH TO DATE  464                       496    -32      631
  SINCE DEC 1    464                       496    -32      631
  SINCE JUL 1   1594                      1749   -155     2014

 COOLING
  YESTERDAY        0                         0      0        0
  MONTH TO DATE    0                         0      0        0
  SINCE DEC 1      0                         0      0        0
  SINCE JAN 1    839                       636    203      831
..................................................................


WIND (MPH)
  HIGHEST WIND SPEED    13   HIGHEST WIND DIRECTION    NE (30)
  HIGHEST GUST SPEED    13   HIGHEST GUST DIRECTION    NE (30)
  AVERAGE WIND SPEED     5.1


SKY COVER
  POSSIBLE SUNSHINE  MM
  AVERAGE SKY COVER 1.0


WEATHER CONDITIONS
 THE FOLLOWING WEATHER WAS RECORDED YESTERDAY.
  LIGHT RAIN
  FOG
  FOG W/VISIBILITY <= 1/4 MILE


RELATIVE HUMIDITY (PERCENT)
 HIGHEST   100          1200 AM
 LOWEST     92           600 AM
 AVERAGE    96

..........................................................


THE PENDLETON OR CLIMATE NORMALS FOR TODAY
                         NORMAL    RECORD    YEAR
 MAXIMUM TEMPERATURE (F)   39        62      1917
 MINIMUM TEMPERATURE (F)   26       -12      1964


SUNRISE AND SUNSET
DECEMBER 17 2014......SUNRISE   731 AM PST   SUNSET   412 PM PST
DECEMBER 18 2014......SUNRISE   731 AM PST   SUNSET   413 PM PST


-  INDICATES NEGATIVE NUMBERS.
R  INDICATES RECORD WAS SET OR TIED.
MM INDICATES DATA IS MISSING.
T  INDICATES TRACE AMOUNT.




$$
