000
CDUS46 KPDT 090849
CLIPDT

CLIMATE REPORT
NATIONAL WEATHER SERVICE PENDLETON OR
149 AM PDT WED JUL 9 2014


...................................

...THE PENDLETON OR CLIMATE SUMMARY FOR JULY 8 2014...

CLIMATE NORMAL PERIOD 1981 TO 2010
CLIMATE RECORD PERIOD 1890 TO 2014


WEATHER ITEM   OBSERVED TIME   RECORD YEAR NORMAL DEPARTURE LAST
                VALUE   (LST)  VALUE       VALUE  FROM      YEAR
                                                  NORMAL
..................................................................
TEMPERATURE (F)
 YESTERDAY
  MAXIMUM         99    419 PM 106    1968  86     13       90
                                      1931
  MINIMUM         64    349 AM  41    1911  56      8       61
  AVERAGE         82                        71     11       76

PRECIPITATION (IN)
  YESTERDAY        0.00          0.70 1980   0.02  -0.02     0.00
  MONTH TO DATE    0.00                      0.11  -0.11      T
  SINCE OCT 1      9.28                     11.50  -2.22     9.35
  SINCE JAN 1      7.49                      7.50  -0.01     4.91

SNOWFALL (IN)
  YESTERDAY        0.0           0.0  2002   0.0    0.0      0.0
                                      2001
                                      2000
  MONTH TO DATE    0.0                       0.0    0.0      0.0
  SINCE JAN 1     15.2                       7.7    7.5      0.2
  SINCE JUL 1      0.0                       0.0    0.0      0.0
  SNOW DEPTH       0

DEGREE DAYS
 HEATING
  YESTERDAY        0                         0      0        0
  MONTH TO DATE    0                         7     -7        0
  SINCE JUN 1     43                        90    -47       80
  SINCE JUL 1      0                         7     -7        0

 COOLING
  YESTERDAY       17                         7     10       11
  MONTH TO DATE   99                        46     53      102
  SINCE JUN 1    159                       125     34      197
  SINCE JAN 1    181                       148     33      228
..................................................................


WIND (MPH)
  HIGHEST WIND SPEED    18   HIGHEST WIND DIRECTION     W (270)
  HIGHEST GUST SPEED    25   HIGHEST GUST DIRECTION    NW (300)
  AVERAGE WIND SPEED     6.8


SKY COVER
  POSSIBLE SUNSHINE  MM
  AVERAGE SKY COVER 0.0


WEATHER CONDITIONS
THE FOLLOWING WEATHER WAS RECORDED YESTERDAY.
  NO SIGNIFICANT WEATHER WAS OBSERVED.


RELATIVE HUMIDITY (PERCENT)
 HIGHEST    63           300 AM
 LOWEST     13           600 PM
 AVERAGE    38

..........................................................


THE PENDLETON OR CLIMATE NORMALS FOR TODAY
                         NORMAL    RECORD    YEAR
 MAXIMUM TEMPERATURE (F)   87       110      1919
 MINIMUM TEMPERATURE (F)   56        42      2011
                                             1921


SUNRISE AND SUNSET
JULY  9 2014..........SUNRISE   515 AM PDT   SUNSET   845 PM PDT
JULY 10 2014..........SUNRISE   516 AM PDT   SUNSET   845 PM PDT


-  INDICATES NEGATIVE NUMBERS.
R  INDICATES RECORD WAS SET OR TIED.
MM INDICATES DATA IS MISSING.
T  INDICATES TRACE AMOUNT.

$$
