000
CDUS46 KPDT 010858
CLIPDT

CLIMATE REPORT
NATIONAL WEATHER SERVICE PENDLETON OR
156 AM PDT WED OCT 1 2014


...................................

...THE PENDLETON OR CLIMATE SUMMARY FOR SEPTEMBER 30 2014...

CLIMATE NORMAL PERIOD 1981 TO 2010
CLIMATE RECORD PERIOD 1890 TO 2014


WEATHER ITEM   OBSERVED TIME   RECORD YEAR NORMAL DEPARTURE LAST
                VALUE   (LST)  VALUE       VALUE  FROM      YEAR
                                                  NORMAL
..................................................................
TEMPERATURE (F)
 YESTERDAY
  MAXIMUM         69    301 PM  89    1992  72     -3       65
                                      1932
  MINIMUM         52   1058 PM  27    1911  45      7       46
  AVERAGE         61                        58      3       56

PRECIPITATION (IN)
  YESTERDAY        0.01          0.78 2000   0.02  -0.01     0.14
  MONTH TO DATE    0.22                      0.57  -0.35     2.20
  SINCE OCT 1     10.33                     12.66  -2.33    11.93
  SINCE JAN 1      8.54                      8.66  -0.12     7.49

SNOWFALL (IN)
  YESTERDAY        0.0           0.0  2002   0.0    0.0      0.0
                                      2001
                                      1999
  MONTH TO DATE    0.0                       0.0    0.0      0.0
  SINCE JAN 1     15.2                       7.7    7.5      0.2
  SINCE JUL 1      0.0                       0.0    0.0       T
  SNOW DEPTH       0

DEGREE DAYS
 HEATING
  YESTERDAY        4                         7     -3        9
  MONTH TO DATE   63                       112    -49      106
  SINCE SEP 1     63                       112    -49      106
  SINCE JUL 1     66                       134    -68      106

 COOLING
  YESTERDAY        0                         0      0        0
  MONTH TO DATE   66                        64      2      121
  SINCE SEP 1     66                        64      2      121
  SINCE JAN 1    827                       634    193      831
..................................................................


WIND (MPH)
  HIGHEST WIND SPEED    30   HIGHEST WIND DIRECTION     W (260)
  HIGHEST GUST SPEED    35   HIGHEST GUST DIRECTION     W (260)
  AVERAGE WIND SPEED    18.7


SKY COVER
  POSSIBLE SUNSHINE  MM
  AVERAGE SKY COVER 0.4


WEATHER CONDITIONS
THE FOLLOWING WEATHER WAS RECORDED YESTERDAY.
  LIGHT RAIN


RELATIVE HUMIDITY (PERCENT)
 HIGHEST    66          1100 PM
 LOWEST     28           300 PM
 AVERAGE    47

..........................................................


THE PENDLETON OR CLIMATE NORMALS FOR TODAY
                         NORMAL    RECORD    YEAR
 MAXIMUM TEMPERATURE (F)   71        93      1931
 MINIMUM TEMPERATURE (F)   44        29      1900


SUNRISE AND SUNSET
OCTOBER  1 2014.......SUNRISE   654 AM PDT   SUNSET   635 PM PDT
OCTOBER  2 2014.......SUNRISE   655 AM PDT   SUNSET   634 PM PDT


-  INDICATES NEGATIVE NUMBERS.
R  INDICATES RECORD WAS SET OR TIED.
MM INDICATES DATA IS MISSING.
T  INDICATES TRACE AMOUNT.




$$
