000
CDUS46 KPDT 160941
CLIPDT

CLIMATE REPORT
NATIONAL WEATHER SERVICE PENDLETON OR
125 AM PST SAT DEC 16 2017


...................................

...THE PENDLETON OR CLIMATE SUMMARY FOR DECEMBER 15 2017...

CLIMATE NORMAL PERIOD 1981 TO 2010
CLIMATE RECORD PERIOD 1890 TO 2017


WEATHER ITEM   OBSERVED TIME   RECORD YEAR NORMAL DEPARTURE LAST
                VALUE   (LST)  VALUE       VALUE  FROM      YEAR
                                                  NORMAL
..................................................................
TEMPERATURE (F)
 YESTERDAY
  MAXIMUM         34   1159 PM  67    1959  39     -5       21
  MINIMUM         27    910 AM -18    1919  27      0       16
  AVERAGE         31                        33     -2       19

PRECIPITATION (IN)
  YESTERDAY        0.09          0.52 1900   0.05   0.04     0.07
  MONTH TO DATE    0.17                      0.72  -0.55     1.29
  SINCE OCT 1      3.14                      3.25  -0.11     4.52
  SINCE JAN 1     15.43                     11.91   3.52    12.59

SNOWFALL (IN)
  YESTERDAY       MM             2.0  1955   0.2   MM        0.9
  MONTH TO DATE    T                         2.6   -2.6     13.4
  SINCE JAN 1     25.9                      11.8   14.1     13.4
  SINCE JUL 1      T                         4.1   -4.1     13.4
  SNOW DEPTH       0

DEGREE DAYS
 HEATING
  YESTERDAY       34                        32      2       46
  MONTH TO DATE  501                       464     37      566
  SINCE DEC 1    501                       464     37      566
  SINCE JUL 1   1709                      1717     -8     1590

 COOLING
  YESTERDAY        0                         0      0        0
  MONTH TO DATE    0                         0      0        0
  SINCE DEC 1      0                         0      0        0
  SINCE JAN 1    894                       636    258      605
..................................................................


WIND (MPH)
  HIGHEST WIND SPEED    12   HIGHEST WIND DIRECTION     S (160)
  HIGHEST GUST SPEED    12   HIGHEST GUST DIRECTION     S (160)
  AVERAGE WIND SPEED     4.2


SKY COVER
  POSSIBLE SUNSHINE  MM
  AVERAGE SKY COVER 1.0


WEATHER CONDITIONS
 THE FOLLOWING WEATHER WAS RECORDED YESTERDAY.
  LT FREEZING RAIN
  LIGHT SNOW
  FOG


RELATIVE HUMIDITY (PERCENT)
 HIGHEST   100           500 PM
 LOWEST     84           400 AM
 AVERAGE    92

..........................................................


THE PENDLETON OR CLIMATE NORMALS FOR TODAY
                         NORMAL    RECORD    YEAR
 MAXIMUM TEMPERATURE (F)   39        62      1942
 MINIMUM TEMPERATURE (F)   26       -12      1964


SUNRISE AND SUNSET
DECEMBER 16 2017......SUNRISE   730 AM PST   SUNSET   412 PM PST
DECEMBER 17 2017......SUNRISE   731 AM PST   SUNSET   412 PM PST


-  INDICATES NEGATIVE NUMBERS.
R  INDICATES RECORD WAS SET OR TIED.
MM INDICATES DATA IS MISSING.
T  INDICATES TRACE AMOUNT.




$$
