728
CDUS46 KPDT 210921
CLIPDT

CLIMATE REPORT
NATIONAL WEATHER SERVICE PENDLETON OR
121 AM PST SAT JAN 21 2017


...................................

...THE PENDLETON OR CLIMATE SUMMARY FOR JANUARY 20 2017...

CLIMATE NORMAL PERIOD 1981 TO 2010
CLIMATE RECORD PERIOD 1890 TO 2017


WEATHER ITEM   OBSERVED TIME   RECORD YEAR NORMAL DEPARTURE LAST
                VALUE   (LST)  VALUE       VALUE  FROM      YEAR
                                                  NORMAL
..................................................................
TEMPERATURE (F)
 YESTERDAY
  MAXIMUM         46    329 PM  67    1968  43      3       51
  MINIMUM         32   1148 PM -18    1930  30      2       37
  AVERAGE         39                        36      3       44

PRECIPITATION (IN)
  YESTERDAY        T             0.65 1919   0.05  -0.05     0.00
  MONTH TO DATE    1.33                      0.97   0.36     1.01
  SINCE OCT 1      6.85                      4.97   1.88     5.28
  SINCE JAN 1      1.33                      0.97   0.36     1.01

SNOWFALL (IN)
  YESTERDAY        0.0           3.7  1957   0.1   -0.1      0.0
  MONTH TO DATE   13.3                       2.6   10.7       T
  SINCE JAN 1     13.3                       2.6   10.7       T
  SINCE JUL 1     31.8                      10.1   21.7      4.1
  SNOW DEPTH       T

DEGREE DAYS
 HEATING
  YESTERDAY       26                        29     -3       21
  MONTH TO DATE  953                       608    345      650
  SINCE DEC 1   2090                      1592    498     1510
  SINCE JUL 1   3114                      2845    269     2710

 COOLING
  YESTERDAY        0                         0      0        0
  MONTH TO DATE    0                         0      0        0
  SINCE DEC 1      0                         0      0        0
  SINCE JAN 1      0                         0      0        0
..................................................................


WIND (MPH)
  HIGHEST WIND SPEED    23   HIGHEST WIND DIRECTION    SE (130)
  HIGHEST GUST SPEED    32   HIGHEST GUST DIRECTION    SE (130)
  AVERAGE WIND SPEED    10.1


SKY COVER
  POSSIBLE SUNSHINE  MM
  AVERAGE SKY COVER 0.8


WEATHER CONDITIONS
 THE FOLLOWING WEATHER WAS RECORDED YESTERDAY.
  LIGHT RAIN
  FOG


RELATIVE HUMIDITY (PERCENT)
 HIGHEST    92          1100 PM
 LOWEST     58           100 PM
 AVERAGE    75

..........................................................


THE PENDLETON OR CLIMATE NORMALS FOR TODAY
                         NORMAL    RECORD    YEAR
 MAXIMUM TEMPERATURE (F)   43        62      1909
 MINIMUM TEMPERATURE (F)   30       -26      1930


SUNRISE AND SUNSET
JANUARY 21 2017.......SUNRISE   728 AM PST   SUNSET   446 PM PST
JANUARY 22 2017.......SUNRISE   727 AM PST   SUNSET   448 PM PST


-  INDICATES NEGATIVE NUMBERS.
R  INDICATES RECORD WAS SET OR TIED.
MM INDICATES DATA IS MISSING.
T  INDICATES TRACE AMOUNT.

$$
