000
CDUS46 KPDT 230030
CLIPDT

CLIMATE REPORT
NATIONAL WEATHER SERVICE PENDLETON OR
529 PM PDT WED MAR 22 2017


...................................

...THE PENDLETON OR CLIMATE SUMMARY FOR MARCH 22 2017...
VALID TODAY AS OF 0500 PM LOCAL TIME.

CLIMATE NORMAL PERIOD 1981 TO 2010
CLIMATE RECORD PERIOD 1890 TO 2017


WEATHER ITEM   OBSERVED TIME   RECORD YEAR NORMAL DEPARTURE LAST
                VALUE   (LST)  VALUE       VALUE  FROM      YEAR
                                                  NORMAL
..................................................................
TEMPERATURE (F)
 TODAY
  MAXIMUM         50   1248 PM  83    1911  57     -7       56
  MINIMUM         36    623 AM  13    1898  36      0       41
  AVERAGE         43                        47     -4       49

PRECIPITATION (IN)
  TODAY            0.17          0.50 1910   0.04   0.13      T
  MONTH TO DATE    1.51                      0.97   0.54     1.52
  SINCE OCT 1     10.95                      7.51   3.44     8.16
  SINCE JAN 1      5.43                      3.51   1.92     3.89

SNOWFALL (IN)
  TODAY            0.0           2.0  2012   0.0    0.0      0.0
  MONTH TO DATE    0.3                       0.6   -0.3       T
  SINCE JAN 1     25.9                       7.6   18.3       T
  SINCE JUL 1     44.4                      15.1   29.3      4.1
  SNOW DEPTH       0

DEGREE DAYS
 HEATING
  TODAY           22                        18      4       16
  MONTH TO DATE  423                       460    -37      400
  SINCE MAR 1    423                       460    -37      400
  SINCE JUL 1   4725                      4359    366     3992

 COOLING
  TODAY            0                         0      0        0
  MONTH TO DATE    0                         0      0        0
  SINCE MAR 1      0                         0      0        0
  SINCE JAN 1      0                         0      0        0
..................................................................


WIND (MPH)
  HIGHEST WIND SPEED    22   HIGHEST WIND DIRECTION     W (290)
  HIGHEST GUST SPEED    25   HIGHEST GUST DIRECTION     W (290)
  AVERAGE WIND SPEED     5.4


SKY COVER
  POSSIBLE SUNSHINE  MM
  AVERAGE SKY COVER 1.0


WEATHER CONDITIONS
 THE FOLLOWING WEATHER WAS RECORDED TODAY.
  HEAVY RAIN
  RAIN
  LIGHT RAIN
  FOG
  FOG W/VISIBILITY <= 1/4 MILE


RELATIVE HUMIDITY (PERCENT)
 HIGHEST   100          1200 AM
 LOWEST     80           300 PM
 AVERAGE    90

..........................................................


THE PENDLETON OR CLIMATE NORMALS FOR TOMORROW
                         NORMAL    RECORD    YEAR
 MAXIMUM TEMPERATURE (F)   57        74      1960
                                             1939
 MINIMUM TEMPERATURE (F)   37        20      1904


SUNRISE AND SUNSET
MARCH 22 2017.........SUNRISE   654 AM PDT   SUNSET   711 PM PDT
MARCH 23 2017.........SUNRISE   652 AM PDT   SUNSET   712 PM PDT


-  INDICATES NEGATIVE NUMBERS.
R  INDICATES RECORD WAS SET OR TIED.
MM INDICATES DATA IS MISSING.
T  INDICATES TRACE AMOUNT.




$$
