000
CDUS46 KPQR 011141
CLIPDX


CLIMATE REPORT
NATIONAL WEATHER SERVICE PORTLAND OREGON
440 AM PDT WED OCT 1 2014


...................................

...THE PORTLAND OR CLIMATE SUMMARY FOR SEPTEMBER 30 2014...

CLIMATE NORMAL PERIOD 1981 TO 2010
CLIMATE RECORD PERIOD 1940 TO 2014


WEATHER ITEM   OBSERVED TIME   RECORD YEAR NORMAL DEPARTURE LAST
                VALUE   (LST)  VALUE       VALUE  FROM      YEAR
                                                  NORMAL
..................................................................
TEMPERATURE (F)
 YESTERDAY
  MAXIMUM         67    344 PM  88    1987  71     -4       60
  MINIMUM         51   1155 PM  35    1954  50      1       51
  AVERAGE         59                        60     -1       56

PRECIPITATION (IN)
  YESTERDAY        0.10          1.68 2005   0.06   0.04     0.56
  MONTH TO DATE    0.98                      1.47  -0.49     5.62
  SINCE OCT 1     30.95                     36.03  -5.08    42.83
  SINCE JAN 1     25.13                     21.91   3.22    20.90

DEGREE DAYS
 HEATING
  YESTERDAY        6                         5      1        9
  MONTH TO DATE   17                        76    -59       85
  SINCE SEP 1     17                        76    -59       85
  SINCE JUL 1     18                       103    -85       90

 COOLING
  YESTERDAY        0                         0      0        0
  MONTH TO DATE  101                        59     42       86
  SINCE SEP 1    101                        59     42       86
  SINCE JAN 1    636                       422    214      539
..................................................................


WIND (MPH)
  HIGHEST WIND SPEED    13   HIGHEST WIND DIRECTION     W (290)
  HIGHEST GUST SPEED    15   HIGHEST GUST DIRECTION    NW (310)
  AVERAGE WIND SPEED     3.2


SKY COVER
  POSSIBLE SUNSHINE  MM
  AVERAGE SKY COVER 0.6


WEATHER CONDITIONS
 THE FOLLOWING WEATHER WAS RECORDED YESTERDAY.
  HEAVY RAIN
  LIGHT RAIN
  FOG


RELATIVE HUMIDITY (PERCENT)
 HIGHEST   100           400 AM
 LOWEST     58           400 PM
 AVERAGE    79

..........................................................


THE PORTLAND OR CLIMATE NORMALS FOR TODAY
                         NORMAL    RECORD    YEAR
 MAXIMUM TEMPERATURE (F)   70        92      1987
 MINIMUM TEMPERATURE (F)   49        33      1950


SUNRISE AND SUNSET
OCTOBER  1 2014.......SUNRISE   709 AM PDT   SUNSET   650 PM PDT
OCTOBER  2 2014.......SUNRISE   710 AM PDT   SUNSET   648 PM PDT


-  INDICATES NEGATIVE NUMBERS.
R  INDICATES RECORD WAS SET OR TIED.
MM INDICATES DATA IS MISSING.
T  INDICATES TRACE AMOUNT.




$$
