000
CDUS46 KPQR 070023
CLIPDX


CLIMATE REPORT
NATIONAL WEATHER SERVICE PORTLAND OREGON
422 PM PST FRI MAR 6 2015


...................................

...THE PORTLAND OR CLIMATE SUMMARY FOR MARCH 6 2015...
VALID TODAY AS OF 0400 PM LOCAL TIME.

CLIMATE NORMAL PERIOD 1981 TO 2010
CLIMATE RECORD PERIOD 1940 TO 2015


WEATHER ITEM   OBSERVED TIME   RECORD YEAR NORMAL DEPARTURE LAST
                VALUE   (LST)  VALUE       VALUE  FROM      YEAR
                                                  NORMAL
..................................................................
TEMPERATURE (F)
 TODAY
  MAXIMUM         65    356 PM  70    1965  55     10       54
  MINIMUM         35    653 AM  28    1976  38     -3       47
  AVERAGE         50                        46      4       51

PRECIPITATION (IN)
  TODAY            0.00          0.89 1970   0.12  -0.12     0.10
  MONTH TO DATE    T                         0.80  -0.80     2.06
  SINCE OCT 1     22.02                     23.46  -1.44    15.70
  SINCE JAN 1      7.04                      9.34  -2.30     9.88

DEGREE DAYS
 HEATING
  TODAY           15                        18     -3       14
  MONTH TO DATE  111                       113     -2       97
  SINCE MAR 1    111                       113     -2       97
  SINCE JUL 1   2583                      3171   -588     3395

 COOLING
  TODAY            0                         0      0        0
  MONTH TO DATE    0                         0      0        0
  SINCE MAR 1      0                         0      0        0
  SINCE JAN 1      0                         0      0        0
..................................................................


WIND (MPH)
  HIGHEST WIND SPEED     7   HIGHEST WIND DIRECTION     W (280)
  HIGHEST GUST SPEED     8   HIGHEST GUST DIRECTION     W (270)
  AVERAGE WIND SPEED     1.5



WEATHER CONDITIONS
 THE FOLLOWING WEATHER WAS RECORDED TODAY.
  NO SIGNIFICANT WEATHER WAS OBSERVED.


RELATIVE HUMIDITY (PERCENT)
 HIGHEST    92           400 AM
 LOWEST     36           200 PM
 AVERAGE    64

..........................................................


THE PORTLAND OR CLIMATE NORMALS FOR TOMORROW
                         NORMAL    RECORD    YEAR
 MAXIMUM TEMPERATURE (F)   55        69      2005
                                             2001
                                             1941
 MINIMUM TEMPERATURE (F)   38        25      1974


SUNRISE AND SUNSET
MARCH  6 2015.........SUNRISE   640 AM PST   SUNSET   604 PM PST
MARCH  7 2015.........SUNRISE   638 AM PST   SUNSET   605 PM PST


-  INDICATES NEGATIVE NUMBERS.
R  INDICATES RECORD WAS SET OR TIED.
MM INDICATES DATA IS MISSING.
T  INDICATES TRACE AMOUNT.




$$
