000
CDUS46 KPQR 301145
CLIPDX


CLIMATE REPORT
NATIONAL WEATHER SERVICE PORTLAND OREGON
443 AM PDT MON MAY 30 2016


...................................

...THE PORTLAND OR CLIMATE SUMMARY FOR MAY 29 2016...

CLIMATE NORMAL PERIOD 1981 TO 2010
CLIMATE RECORD PERIOD 1940 TO 2016


WEATHER ITEM   OBSERVED TIME   RECORD YEAR NORMAL DEPARTURE LAST
                VALUE   (LST)  VALUE       VALUE  FROM      YEAR
                                                  NORMAL
..................................................................
TEMPERATURE (F)
 YESTERDAY
  MAXIMUM         71    133 PM  90    1973  70      1       83
  MINIMUM         54   1159 PM  41    1978  51      3       56
  AVERAGE         63                        61      2       70

PRECIPITATION (IN)
  YESTERDAY        0.00          0.57 1996   0.08  -0.08     0.00
  MONTH TO DATE    1.72                      2.30  -0.58     0.59
  SINCE OCT 1     43.16                     31.37  11.79    29.07
  SINCE JAN 1     19.74                     17.25   2.49    14.09

DEGREE DAYS
 HEATING
  YESTERDAY        2                         5     -3        0
  MONTH TO DATE  107                       213   -106      133
  SINCE MAR 1    783                      1118   -335      876
  SINCE JUL 1   3386                      4176   -790     3348

 COOLING
  YESTERDAY        0                         1     -1        5
  MONTH TO DATE   25                        10     15       15
  SINCE MAR 1     43                        11     32       17
  SINCE JAN 1     43                        11     32       17
..................................................................


WIND (MPH)
  HIGHEST WIND SPEED    15   HIGHEST WIND DIRECTION    NW (310)
  HIGHEST GUST SPEED    20   HIGHEST GUST DIRECTION    NW (330)
  AVERAGE WIND SPEED     6.9


SKY COVER
  POSSIBLE SUNSHINE  MM
  AVERAGE SKY COVER 0.7


WEATHER CONDITIONS
 THE FOLLOWING WEATHER WAS RECORDED YESTERDAY.
  NO SIGNIFICANT WEATHER WAS OBSERVED.


RELATIVE HUMIDITY (PERCENT)
 HIGHEST    80           400 AM
 LOWEST     35           100 PM
 AVERAGE    58

..........................................................


THE PORTLAND OR CLIMATE NORMALS FOR TODAY
                         NORMAL    RECORD    YEAR
 MAXIMUM TEMPERATURE (F)   71        91      1986
 MINIMUM TEMPERATURE (F)   51        40      1955


SUNRISE AND SUNSET
MAY 30 2016...........SUNRISE   526 AM PDT   SUNSET   851 PM PDT
MAY 31 2016...........SUNRISE   525 AM PDT   SUNSET   852 PM PDT


-  INDICATES NEGATIVE NUMBERS.
R  INDICATES RECORD WAS SET OR TIED.
MM INDICATES DATA IS MISSING.
T  INDICATES TRACE AMOUNT.




$$
