963
CDUS46 KPQR 031147
CLIPDX


CLIMATE REPORT
NATIONAL WEATHER SERVICE PORTLAND OREGON
446 AM PDT TUE MAY 3 2016


...................................

...THE PORTLAND OR CLIMATE SUMMARY FOR MAY 2 2016...

CLIMATE NORMAL PERIOD 1981 TO 2010
CLIMATE RECORD PERIOD 1940 TO 2016


WEATHER ITEM   OBSERVED TIME   RECORD YEAR NORMAL DEPARTURE LAST
                VALUE   (LST)  VALUE       VALUE  FROM      YEAR
                                                  NORMAL
..................................................................
TEMPERATURE (F)
 YESTERDAY
  MAXIMUM         88    317 PM  89    1945  65     23       70
  MINIMUM         53    417 AM  32    1964  46      7       48
  AVERAGE         71                        55     16       59

PRECIPITATION (IN)
  YESTERDAY        0.00          0.71 1975   0.08  -0.08     0.00
  MONTH TO DATE    0.00                      0.15  -0.15     0.00
  SINCE OCT 1     41.44                     29.22  12.22    28.48
  SINCE JAN 1     18.02                     15.10   2.92    13.50

DEGREE DAYS
 HEATING
  YESTERDAY        0                        10    -10        6
  MONTH TO DATE    1                        20    -19        9
  SINCE MAR 1    677                       925   -248      752
  SINCE JUL 1   3280                      3983   -703     3224

 COOLING
  YESTERDAY        6                         0      6        0
  MONTH TO DATE    6                         0      6        0
  SINCE MAR 1     24                         1     23        2
  SINCE JAN 1     24                         1     23        2
..................................................................


WIND (MPH)
  HIGHEST WIND SPEED    14   HIGHEST WIND DIRECTION    SE (130)
  HIGHEST GUST SPEED    17   HIGHEST GUST DIRECTION    NW (320)
  AVERAGE WIND SPEED     4.8


SKY COVER
  POSSIBLE SUNSHINE  MM
  AVERAGE SKY COVER 0.4


WEATHER CONDITIONS
 THE FOLLOWING WEATHER WAS RECORDED YESTERDAY.
  NO SIGNIFICANT WEATHER WAS OBSERVED.


RELATIVE HUMIDITY (PERCENT)
 HIGHEST    77           400 AM
 LOWEST     19           500 PM
 AVERAGE    48

..........................................................


THE PORTLAND OR CLIMATE NORMALS FOR TODAY
                         NORMAL    RECORD    YEAR
 MAXIMUM TEMPERATURE (F)   65        89      1992
 MINIMUM TEMPERATURE (F)   46        33      1964


SUNRISE AND SUNSET
MAY  3 2016...........SUNRISE   554 AM PDT   SUNSET   821 PM PDT
MAY  4 2016...........SUNRISE   553 AM PDT   SUNSET   822 PM PDT


-  INDICATES NEGATIVE NUMBERS.
R  INDICATES RECORD WAS SET OR TIED.
MM INDICATES DATA IS MISSING.
T  INDICATES TRACE AMOUNT.




$$
