000
CDUS46 KPQR 290223
CLIPDX


CLIMATE REPORT
NATIONAL WEATHER SERVICE PORTLAND OREGON
722 PM PDT WED JUN 28 2017


...................................

...THE PORTLAND OR CLIMATE SUMMARY FOR JUNE 28 2017...
VALID TODAY AS OF 0700 PM LOCAL TIME.

CLIMATE NORMAL PERIOD 1981 TO 2010
CLIMATE RECORD PERIOD 1940 TO 2017


WEATHER ITEM   OBSERVED TIME   RECORD YEAR NORMAL DEPARTURE LAST
                VALUE   (LST)  VALUE       VALUE  FROM      YEAR
                                                  NORMAL
..................................................................
TEMPERATURE (F)
 TODAY
  MAXIMUM         73    528 PM 100    2008  76     -3       80
  MINIMUM         56    420 AM  42    1964  55      1       56
                                      1954
  AVERAGE         65                        66     -1       68

PRECIPITATION (IN)
  TODAY            0.00          0.91 2002   0.03  -0.03     0.00
  MONTH TO DATE    1.08                      1.63  -0.55     1.42
  SINCE OCT 1     49.01                     33.17  15.84    44.58
  SINCE JAN 1     29.26                     19.05  10.21    21.16

SNOWFALL (IN)
  TODAY            0.0          MM      MM
  MONTH TO DATE    0.0
  SINCE JUN 1      0.0
  SINCE JUL 1     11.2

DEGREE DAYS
 HEATING
  TODAY            0                         2     -2        0
  MONTH TO DATE   69                        88    -19       67
  SINCE JUN 1     69                        88    -19       67
  SINCE JUL 1   4421                      4275    146     3455

 COOLING
  TODAY            0                         3     -3        3
  MONTH TO DATE   76                        41     35       99
  SINCE JUN 1     76                        41     35       99
  SINCE JAN 1    117                        58     59      148
..................................................................


WIND (MPH)
  HIGHEST WIND SPEED    12   HIGHEST WIND DIRECTION    NW (300)
  HIGHEST GUST SPEED    15   HIGHEST GUST DIRECTION    NW (310)
  AVERAGE WIND SPEED     4.5



WEATHER CONDITIONS
 THE FOLLOWING WEATHER WAS RECORDED TODAY.
  NO SIGNIFICANT WEATHER WAS OBSERVED.


RELATIVE HUMIDITY (PERCENT)
 HIGHEST    77          1200 AM
 LOWEST     44           200 PM
 AVERAGE    61

..........................................................


THE PORTLAND OR CLIMATE NORMALS FOR TOMORROW
                         NORMAL    RECORD    YEAR
 MAXIMUM TEMPERATURE (F)   77        97      1951
 MINIMUM TEMPERATURE (F)   56        45      1971


SUNRISE AND SUNSET
JUNE 28 2017..........SUNRISE   524 AM PDT   SUNSET   904 PM PDT
JUNE 29 2017..........SUNRISE   524 AM PDT   SUNSET   903 PM PDT


-  INDICATES NEGATIVE NUMBERS.
R  INDICATES RECORD WAS SET OR TIED.
MM INDICATES DATA IS MISSING.
T  INDICATES TRACE AMOUNT.




$$
