000
CDUS46 KPQR 301141
CLIPDX


CLIMATE REPORT
NATIONAL WEATHER SERVICE PORTLAND OREGON
340 AM PST FRI JAN 30 2015


...................................

...THE PORTLAND OR CLIMATE SUMMARY FOR JANUARY 29 2015...

CLIMATE NORMAL PERIOD 1981 TO 2010
CLIMATE RECORD PERIOD 1940 TO 2015


WEATHER ITEM   OBSERVED TIME   RECORD YEAR NORMAL DEPARTURE LAST
                VALUE   (LST)  VALUE       VALUE  FROM      YEAR
                                                  NORMAL
..................................................................
TEMPERATURE (F)
 YESTERDAY
  MAXIMUM         52    157 PM  62    1984  49      3       55
  MINIMUM         40   1159 PM   8    1950  36      4       39
  AVERAGE         46                        42      4       47

PRECIPITATION (IN)
  YESTERDAY        0.00          0.91 2006   0.14  -0.14     0.30
  MONTH TO DATE    3.33                      4.60  -1.27     2.57
  SINCE OCT 1     18.31                     18.72  -0.41     8.39
  SINCE JAN 1      3.33                      4.60  -1.27     2.57

DEGREE DAYS
 HEATING
  YESTERDAY       19                        23     -4       18
  MONTH TO DATE  615                       689    -74      685
  SINCE DEC 1   1255                      1452   -197     1565
  SINCE JUL 1   1988                      2421   -433     2576

 COOLING
  YESTERDAY        0                         0      0        0
  MONTH TO DATE    0                         0      0        0
  SINCE DEC 1      0                         0      0        0
  SINCE JAN 1      0                         0      0        0
..................................................................


WIND (MPH)
  HIGHEST WIND SPEED    14   HIGHEST WIND DIRECTION    SE (120)
  HIGHEST GUST SPEED    17   HIGHEST GUST DIRECTION    SE (120)
  AVERAGE WIND SPEED     3.4


SKY COVER
  POSSIBLE SUNSHINE  MM
  AVERAGE SKY COVER 0.5


WEATHER CONDITIONS
 THE FOLLOWING WEATHER WAS RECORDED YESTERDAY.
  FOG
  FOG W/VISIBILITY <= 1/4 MILE


RELATIVE HUMIDITY (PERCENT)
 HIGHEST   100           800 AM
 LOWEST     66           400 PM
 AVERAGE    83

..........................................................


THE PORTLAND OR CLIMATE NORMALS FOR TODAY
                         NORMAL    RECORD    YEAR
 MAXIMUM TEMPERATURE (F)   49        62      1995
 MINIMUM TEMPERATURE (F)   36        10      1950


SUNRISE AND SUNSET
JANUARY 30 2015.......SUNRISE   734 AM PST   SUNSET   514 PM PST
JANUARY 31 2015.......SUNRISE   733 AM PST   SUNSET   515 PM PST


-  INDICATES NEGATIVE NUMBERS.
R  INDICATES RECORD WAS SET OR TIED.
MM INDICATES DATA IS MISSING.
T  INDICATES TRACE AMOUNT.




$$
