000
CDUS46 KPQR 241153
CLIPDX


CLIMATE REPORT
NATIONAL WEATHER SERVICE PORTLAND OREGON
353 AM PST TUE JAN 24 2017


...................................

...THE PORTLAND OR CLIMATE SUMMARY FOR JANUARY 23 2017...

CLIMATE NORMAL PERIOD 1981 TO 2010
CLIMATE RECORD PERIOD 1940 TO 2017


WEATHER ITEM   OBSERVED TIME   RECORD YEAR NORMAL DEPARTURE LAST
                VALUE   (LST)  VALUE       VALUE  FROM      YEAR
                                                  NORMAL
..................................................................
TEMPERATURE (F)
 YESTERDAY
  MAXIMUM         50    344 PM  60    1953  48      2       52
  MINIMUM         32   1116 PM  10    1943  36     -4       44
  AVERAGE         41                        42     -1       48

PRECIPITATION (IN)
  YESTERDAY        T             1.48 1965   0.14  -0.14     0.21
  MONTH TO DATE    4.10                      3.73   0.37     6.00
  SINCE OCT 1     23.85                     17.85   6.00    29.42
  SINCE JAN 1      4.10                      3.73   0.37     6.00

SNOWFALL (IN)
  YESTERDAY        0.0           2.5  1993
  MONTH TO DATE    8.4
  SINCE DEC 1     11.2
  SINCE JUL 1     11.2

DEGREE DAYS
 HEATING
  YESTERDAY       24                        23      1       17
  MONTH TO DATE  759                       551    208      543
  SINCE DEC 1   1613                      1314    299     1202
  SINCE JUL 1   2323                      2283     40     2010

 COOLING
  YESTERDAY        0                         0      0        0
  MONTH TO DATE    0                         0      0        0
  SINCE DEC 1      0                         0      0        0
  SINCE JAN 1      0                         0      0        0
..................................................................


WIND (MPH)
  HIGHEST WIND SPEED    15   HIGHEST WIND DIRECTION     E (80)
  HIGHEST GUST SPEED    18   HIGHEST GUST DIRECTION     E (90)
  AVERAGE WIND SPEED     5.8


SKY COVER
  POSSIBLE SUNSHINE  MM
  AVERAGE SKY COVER 0.7


WEATHER CONDITIONS
 THE FOLLOWING WEATHER WAS RECORDED YESTERDAY.
  NO SIGNIFICANT WEATHER WAS OBSERVED.


RELATIVE HUMIDITY (PERCENT)
 HIGHEST    96           800 AM
 LOWEST     61           300 PM
 AVERAGE    79

..........................................................


THE PORTLAND OR CLIMATE NORMALS FOR TODAY
                         NORMAL    RECORD    YEAR
 MAXIMUM TEMPERATURE (F)   48        61      1984
 MINIMUM TEMPERATURE (F)   36         3      1943


SUNRISE AND SUNSET
JANUARY 24 2017.......SUNRISE   740 AM PST   SUNSET   506 PM PST
JANUARY 25 2017.......SUNRISE   739 AM PST   SUNSET   507 PM PST


-  INDICATES NEGATIVE NUMBERS.
R  INDICATES RECORD WAS SET OR TIED.
MM INDICATES DATA IS MISSING.
T  INDICATES TRACE AMOUNT.




$$
