000
CDUS46 KPQR 201142
CLIPDX


CLIMATE REPORT
NATIONAL WEATHER SERVICE PORTLAND OREGON
442 AM PDT SAT SEP 20 2014


...................................

...THE PORTLAND OR CLIMATE SUMMARY FOR SEPTEMBER 19 2014...

CLIMATE NORMAL PERIOD 1981 TO 2010
CLIMATE RECORD PERIOD 1940 TO 2014


WEATHER ITEM   OBSERVED TIME   RECORD YEAR NORMAL DEPARTURE LAST
                VALUE   (LST)  VALUE       VALUE  FROM      YEAR
                                                  NORMAL
..................................................................
TEMPERATURE (F)
 YESTERDAY
  MAXIMUM         82    341 PM  93    1974  75      7       81
  MINIMUM         62    624 AM  39    1957  52     10       47
  AVERAGE         72                        64      8       64

PRECIPITATION (IN)
  YESTERDAY        0.00          0.97 1988   0.05  -0.05     0.00
                                      1982
  MONTH TO DATE    0.05                      0.81  -0.76     1.45
  SINCE OCT 1     30.02                     35.37  -5.35    38.66
  SINCE JAN 1     24.20                     21.25   2.95    16.73

DEGREE DAYS
 HEATING
  YESTERDAY        0                         3     -3        1
  MONTH TO DATE    1                        32    -31        5
  SINCE SEP 1      1                        32    -31        5
  SINCE JUL 1      2                        59    -57       10

 COOLING
  YESTERDAY        7                         2      5        0
  MONTH TO DATE   77                        48     29       86
  SINCE SEP 1     77                        48     29       86
  SINCE JAN 1    612                       411    201      539
..................................................................


WIND (MPH)
  HIGHEST WIND SPEED    12   HIGHEST WIND DIRECTION    NW (320)
  HIGHEST GUST SPEED    17   HIGHEST GUST DIRECTION    NW (320)
  AVERAGE WIND SPEED     5.2


SKY COVER
  POSSIBLE SUNSHINE  MM
  AVERAGE SKY COVER 0.4


WEATHER CONDITIONS
 THE FOLLOWING WEATHER WAS RECORDED YESTERDAY.
  NO SIGNIFICANT WEATHER WAS OBSERVED.


RELATIVE HUMIDITY (PERCENT)
 HIGHEST    90           100 AM
 LOWEST     36           200 PM
 AVERAGE    63

..........................................................


THE PORTLAND OR CLIMATE NORMALS FOR TODAY
                         NORMAL    RECORD    YEAR
 MAXIMUM TEMPERATURE (F)   75        96      1952
 MINIMUM TEMPERATURE (F)   52        39      1957


SUNRISE AND SUNSET
SEPTEMBER 20 2014.....SUNRISE   655 AM PDT   SUNSET   712 PM PDT
SEPTEMBER 21 2014.....SUNRISE   656 AM PDT   SUNSET   710 PM PDT


-  INDICATES NEGATIVE NUMBERS.
R  INDICATES RECORD WAS SET OR TIED.
MM INDICATES DATA IS MISSING.
T  INDICATES TRACE AMOUNT.




$$
