000
CDUS41 KPBZ 280701
CLIPHD


CLIMATE REPORT
NATIONAL WEATHER SERVICE PITTSBURGH PA
300 AM EDT THU AUG 28 2014


...................................

...THE NEW PHILADELPHIA OH CLIMATE SUMMARY FOR AUGUST 27 2014...

CLIMATE NORMAL PERIOD 1981 TO 2010
CLIMATE RECORD PERIOD 1946 TO 2014


WEATHER ITEM   OBSERVED TIME   RECORD YEAR NORMAL DEPARTURE LAST
                VALUE   (LST)  VALUE       VALUE  FROM      YEAR
                                                  NORMAL
..................................................................
TEMPERATURE (F)
 YESTERDAY
  MAXIMUM         85    304 PM  95    1993  82      3       80
  MINIMUM         64            43    1968  58      6       68
  AVERAGE         75                        70      5       74

PRECIPITATION (IN)
  YESTERDAY        0.00         MM      MM   0.14  -0.14     0.10
  MONTH TO DATE    6.52                      3.07   3.45     1.52
  SINCE JUN 1     16.27                     10.83   5.44    13.64
  SINCE JAN 1     31.45                     26.43   5.02    23.68

DEGREE DAYS
 HEATING
  YESTERDAY        0                         0      0        0
  MONTH TO DATE   13                         0     13       10
  SINCE JUN 1     42                        38      4       36
  SINCE JUL 1     32                         3     29       14

 COOLING
  YESTERDAY       10                         5      5        9
  MONTH TO DATE  138                       180    -42      124
  SINCE JUN 1    467                       557    -90      506
  SINCE JAN 1    533                       600    -67      604
..................................................................


WIND (MPH)
  HIGHEST WIND SPEED    14   HIGHEST WIND DIRECTION     N (350)
  HIGHEST GUST SPEED    18   HIGHEST GUST DIRECTION     N (340)
  AVERAGE WIND SPEED     2.9


SKY COVER
  POSSIBLE SUNSHINE  MM
  AVERAGE SKY COVER 0.4


WEATHER CONDITIONS
 THE FOLLOWING WEATHER WAS RECORDED YESTERDAY.
  THUNDERSTORM
  FOG


RELATIVE HUMIDITY (PERCENT)
 HIGHEST    97           100 AM
 LOWEST     65          1200 PM
 AVERAGE    81

..........................................................


THE NEW PHILADELPHIA OH CLIMATE NORMALS FOR TODAY
                         NORMAL    RECORD    YEAR
 MAXIMUM TEMPERATURE (F)   82        95      1993
 MINIMUM TEMPERATURE (F)   58        39      1968


SUNRISE AND SUNSET
AUGUST 28 2014........SUNRISE   649 AM EDT   SUNSET   804 PM EDT
AUGUST 29 2014........SUNRISE   650 AM EDT   SUNSET   802 PM EDT


-  INDICATES NEGATIVE NUMBERS.
R  INDICATES RECORD WAS SET OR TIED.
MM INDICATES DATA IS MISSING.
T  INDICATES TRACE AMOUNT.




$$
