000
CDUS41 KPBZ 212212
CLIPHD


CLIMATE REPORT
NATIONAL WEATHER SERVICE PITTSBURGH PA
511 PM EST SUN DEC 21 2014


...................................

...THE NEW PHILADELPHIA OH CLIMATE SUMMARY FOR DECEMBER 21 2014...
VALID TODAY AS OF 0500 PM LOCAL TIME.

CLIMATE NORMAL PERIOD 1981 TO 2010
CLIMATE RECORD PERIOD 1946 TO 2014


WEATHER ITEM   OBSERVED TIME   RECORD YEAR NORMAL DEPARTURE LAST
                VALUE   (LST)  VALUE       VALUE  FROM      YEAR
                                                  NORMAL
..................................................................
TEMPERATURE (F)
 TODAY
  MAXIMUM         33    359 PM  66    2013  39     -6       66
  MINIMUM         30    903 AM  -6    2004  23      7       55
  AVERAGE         32                        31      1       61

PRECIPITATION (IN)
  TODAY            0.00         MM      MM   0.09  -0.09     1.28
  MONTH TO DATE    1.97                      1.83   0.14     2.68
  SINCE JUN 1     23.88                     22.46   1.42    23.88
  SINCE JAN 1     39.06                     38.06   1.00    33.92

DEGREE DAYS
 HEATING
  TODAY           33                        34     -1        4
  MONTH TO DATE  609                       654    -45      667
  SINCE DEC 1    609                       654    -45      667
  SINCE JUL 1   1843                      1812     31     1903

 COOLING
  TODAY            0                         0      0        0
  MONTH TO DATE    0                         0      0        0
  SINCE DEC 1      0                         0      0        0
  SINCE JAN 1    630                       697    -67      755
..................................................................


WIND (MPH)
  HIGHEST WIND SPEED     7   HIGHEST WIND DIRECTION     S (180)
  HIGHEST GUST SPEED     9   HIGHEST GUST DIRECTION    SW (210)
  AVERAGE WIND SPEED     0.4


SKY COVER
  POSSIBLE SUNSHINE  MM
  AVERAGE SKY COVER 1.0


WEATHER CONDITIONS
 THE FOLLOWING WEATHER WAS RECORDED TODAY.
  HAZE


RELATIVE HUMIDITY (PERCENT)
 HIGHEST    78           600 AM
 LOWEST     61           300 PM
 AVERAGE    70

..........................................................


THE NEW PHILADELPHIA OH CLIMATE NORMALS FOR TOMORROW
                         NORMAL    RECORD    YEAR
 MAXIMUM TEMPERATURE (F)   39        70      2013
 MINIMUM TEMPERATURE (F)   23       -16      1989


SUNRISE AND SUNSET
DECEMBER 21 2014......SUNRISE   745 AM EST   SUNSET   502 PM EST
DECEMBER 22 2014......SUNRISE   746 AM EST   SUNSET   503 PM EST


-  INDICATES NEGATIVE NUMBERS.
R  INDICATES RECORD WAS SET OR TIED.
MM INDICATES DATA IS MISSING.
T  INDICATES TRACE AMOUNT.




$$
