000
CDUS41 KPHI 290630
CLIPHL


CLIMATE REPORT
NATIONAL WEATHER SERVICE MOUNT HOLLY NJ
129 AM EST MON DEC 29 2014


...................................

...THE PHILADELPHIA PA CLIMATE SUMMARY FOR DECEMBER 28 2014...

CLIMATE NORMAL PERIOD 1981 TO 2010
CLIMATE RECORD PERIOD 1872 TO 2014


WEATHER ITEM   OBSERVED TIME   RECORD YEAR NORMAL DEPARTURE LAST
                VALUE   (LST)  VALUE       VALUE  FROM      YEAR
                                                  NORMAL
..................................................................
TEMPERATURE (F)
 YESTERDAY
  MAXIMUM         56    449 PM  66    2008  42     14       56
  MINIMUM         39    121 AM   9    1950  27     12       28
  AVERAGE         48                        34     14       42

PRECIPITATION (IN)
  YESTERDAY        0.02          1.45 1942   0.10  -0.08     0.00
  MONTH TO DATE    3.27                      3.28  -0.01     4.01
  SINCE DEC 1      3.27                      3.28  -0.01     4.01
  SINCE JAN 1     47.37                     41.25   6.12    54.69

SNOWFALL (IN)
  YESTERDAY        0.0           3.0  1990   0.2   -0.2      0.0
  MONTH TO DATE    0.1                       2.9   -2.8     11.2
  SINCE DEC 1      0.1                       2.9   -2.8     11.2
  SINCE JUL 1      0.1                       3.2   -3.1     11.2
  SNOW DEPTH       0

DEGREE DAYS
 HEATING
  YESTERDAY       17                        31    -14       23
  MONTH TO DATE  644                       761   -117      725
  SINCE DEC 1    644                       761   -117      725
  SINCE JUL 1   1422                      1577   -155     1531

 COOLING
  YESTERDAY        0                         0      0        0
  MONTH TO DATE    0                         0      0        0
  SINCE DEC 1      0                         0      0        0
  SINCE JAN 1   1311                      1301     10     1411
..................................................................


WIND (MPH)
  HIGHEST WIND SPEED    12   HIGHEST WIND DIRECTION    NW (320)
  HIGHEST GUST SPEED    18   HIGHEST GUST DIRECTION    NW (310)
  AVERAGE WIND SPEED     5.8


SKY COVER
  POSSIBLE SUNSHINE  MM
  AVERAGE SKY COVER 0.9


WEATHER CONDITIONS
 THE FOLLOWING WEATHER WAS RECORDED YESTERDAY.
  LIGHT RAIN


RELATIVE HUMIDITY (PERCENT)
 HIGHEST    83           800 AM
 LOWEST     55           300 PM
 AVERAGE    69

..........................................................


THE PHILADELPHIA PA CLIMATE NORMALS FOR TODAY
                         NORMAL    RECORD    YEAR
 MAXIMUM TEMPERATURE (F)   41        72      1984
 MINIMUM TEMPERATURE (F)   27        -1      1917


SUNRISE AND SUNSET
DECEMBER 29 2014......SUNRISE   722 AM EST   SUNSET   444 PM EST
DECEMBER 30 2014......SUNRISE   722 AM EST   SUNSET   445 PM EST


-  INDICATES NEGATIVE NUMBERS.
R  INDICATES RECORD WAS SET OR TIED.
MM INDICATES DATA IS MISSING.
T  INDICATES TRACE AMOUNT.




$$
