000
CDUS41 KPHI 020637
CLIPHL


CLIMATE REPORT
NATIONAL WEATHER SERVICE MOUNT HOLLY NJ
235 AM EDT SUN AUG 2 2015


...................................

...THE PHILADELPHIA PA CLIMATE SUMMARY FOR AUGUST 1 2015...

CLIMATE NORMAL PERIOD 1981 TO 2010
CLIMATE RECORD PERIOD 1872 TO 2015


WEATHER ITEM   OBSERVED TIME   RECORD YEAR NORMAL DEPARTURE LAST
                VALUE   (LST)  VALUE       VALUE  FROM      YEAR
                                                  NORMAL
..................................................................
TEMPERATURE (F)
 YESTERDAY
  MAXIMUM         90    413 PM  99    2002  87      3       83
  MINIMUM         75    552 AM  56    1964  69      6       70
                                      1895
  AVERAGE         83                        78      5       77

PRECIPITATION (IN)
  YESTERDAY        0.00          2.01 1971   0.13  -0.13     0.19
  MONTH TO DATE    0.00                      0.13  -0.13     0.19
  SINCE JUN 1     12.04                      7.91   4.13     9.95
  SINCE JAN 1     29.21                     24.65   4.56    32.45

SNOWFALL (IN)
  YESTERDAY        0.0           0.0  1870   0.0    0.0      0.0
  MONTH TO DATE    0.0                       0.0    0.0      0.0
  SINCE JUN 1      0.0                       0.0    0.0      0.0
  SINCE JUL 1      0.0                       0.0    0.0      0.0
  SNOW DEPTH       0

DEGREE DAYS
 HEATING
  YESTERDAY        0                         0      0        0
  MONTH TO DATE    0                         0      0        0
  SINCE JUN 1     12                        11      1        0
  SINCE JUL 1      0                         0      0        0

 COOLING
  YESTERDAY       18                        13      5       12
  MONTH TO DATE   18                        13      5       12
  SINCE JUN 1    781                       679    102      716
  SINCE JAN 1    980                       770    210      799
..................................................................


WIND (MPH)
  HIGHEST WIND SPEED    22   HIGHEST WIND DIRECTION    SW (240)
  HIGHEST GUST SPEED    25   HIGHEST GUST DIRECTION    SW (240)
  AVERAGE WIND SPEED    10.5


SKY COVER
  POSSIBLE SUNSHINE  MM
  AVERAGE SKY COVER 0.4


WEATHER CONDITIONS
 THE FOLLOWING WEATHER WAS RECORDED YESTERDAY.
  NO SIGNIFICANT WEATHER WAS OBSERVED.


RELATIVE HUMIDITY (PERCENT)
 HIGHEST    74           300 AM
 LOWEST     31          1200 PM
 AVERAGE    53

..........................................................


THE PHILADELPHIA PA CLIMATE NORMALS FOR TODAY
                         NORMAL    RECORD    YEAR
 MAXIMUM TEMPERATURE (F)   87        99      1975
                                             1955
 MINIMUM TEMPERATURE (F)   69        58      1947
                                             1876
                                             1875


SUNRISE AND SUNSET
AUGUST  2 2015........SUNRISE   600 AM EDT   SUNSET   814 PM EDT
AUGUST  3 2015........SUNRISE   601 AM EDT   SUNSET   813 PM EDT


-  INDICATES NEGATIVE NUMBERS.
R  INDICATES RECORD WAS SET OR TIED.
MM INDICATES DATA IS MISSING.
T  INDICATES TRACE AMOUNT.




$$
