000
CDUS41 KPHI 200629
CLIPHL


CLIMATE REPORT
NATIONAL WEATHER SERVICE MOUNT HOLLY NJ
127 AM EST MON FEB 20 2017


...................................

...THE PHILADELPHIA PA CLIMATE SUMMARY FOR FEBRUARY 19 2017...

CLIMATE NORMAL PERIOD 1981 TO 2010
CLIMATE RECORD PERIOD 1872 TO 2017


WEATHER ITEM   OBSERVED TIME   RECORD YEAR NORMAL DEPARTURE LAST
                VALUE   (LST)  VALUE       VALUE  FROM      YEAR
                                                  NORMAL
..................................................................
TEMPERATURE (F)
 YESTERDAY
  MAXIMUM         70R   405 PM  68    1948  45     25       40
  MINIMUM         49    430 AM   3    1903  28     21       22
  AVERAGE         60                        36     24       31

PRECIPITATION (IN)
  YESTERDAY        0.00          1.65 1927   0.09  -0.09     0.00
  MONTH TO DATE    0.79                      1.79  -1.00     2.04
  SINCE DEC 1      6.42                      8.38  -1.96     9.81
  SINCE JAN 1      3.70                      4.82  -1.12     4.67

SNOWFALL (IN)
  YESTERDAY        0.0          13.9  1979   0.3   -0.3      0.0
  MONTH TO DATE    2.0                       6.5   -4.5      3.3
  SINCE DEC 1      8.0                      16.4   -8.4     26.2
  SINCE JUL 1      8.0                      16.7   -8.7     26.2
  SNOW DEPTH       0

DEGREE DAYS
 HEATING
  YESTERDAY        5                        28    -23       34
  MONTH TO DATE  453                       573   -120      575
  SINCE DEC 1   2072                      2420   -348     1943
  SINCE JUL 1   2703                      3236   -533     2503

 COOLING
  YESTERDAY        0                         0      0        0
  MONTH TO DATE    0                         0      0        0
  SINCE DEC 1      0                         0      0        2
  SINCE JAN 1      0                         0      0        0
..................................................................


WIND (MPH)
  HIGHEST WIND SPEED    18   HIGHEST WIND DIRECTION     W (280)
  HIGHEST GUST SPEED    25   HIGHEST GUST DIRECTION     W (270)
  AVERAGE WIND SPEED     9.0


SKY COVER
  POSSIBLE SUNSHINE  MM
  AVERAGE SKY COVER 0.5


WEATHER CONDITIONS
 THE FOLLOWING WEATHER WAS RECORDED YESTERDAY.
  NO SIGNIFICANT WEATHER WAS OBSERVED.


RELATIVE HUMIDITY (PERCENT)
 HIGHEST    61           100 AM
 LOWEST     26           400 PM
 AVERAGE    44

..........................................................


THE PHILADELPHIA PA CLIMATE NORMALS FOR TODAY
                         NORMAL    RECORD    YEAR
 MAXIMUM TEMPERATURE (F)   45        70      1939
                                             1930
 MINIMUM TEMPERATURE (F)   29         1      1979


SUNRISE AND SUNSET
FEBRUARY 20 2017......SUNRISE   647 AM EST   SUNSET   543 PM EST
FEBRUARY 21 2017......SUNRISE   645 AM EST   SUNSET   544 PM EST


-  INDICATES NEGATIVE NUMBERS.
R  INDICATES RECORD WAS SET OR TIED.
MM INDICATES DATA IS MISSING.
T  INDICATES TRACE AMOUNT.




$$
