919
CDUS41 KPHI 182131
CLIPHL


CLIMATE REPORT
NATIONAL WEATHER SERVICE MOUNT HOLLY NJ
530 PM EDT WED OCT 18 2017


...................................

...THE PHILADELPHIA PA CLIMATE SUMMARY FOR OCTOBER 18 2017...
VALID TODAY AS OF 0500 PM LOCAL TIME.

CLIMATE NORMAL PERIOD 1981 TO 2010
CLIMATE RECORD PERIOD 1872 TO 2017


WEATHER ITEM   OBSERVED TIME   RECORD YEAR NORMAL DEPARTURE LAST
                VALUE   (LST)  VALUE       VALUE  FROM      YEAR
                                                  NORMAL
..................................................................
TEMPERATURE (F)
 TODAY
  MAXIMUM         72    316 PM  85    1908  66      6       84
  MINIMUM         48    554 AM  32    1982  48      0       62
  AVERAGE         60                        57      3       73

PRECIPITATION (IN)
  TODAY            0.00          1.11 1927   0.10  -0.10     0.00
  MONTH TO DATE    0.96                      1.92  -0.96     1.17
  SINCE SEP 1      4.82                      5.70  -0.88     4.69
  SINCE JAN 1     36.03                     33.72   2.31    29.54

SNOWFALL (IN)
  TODAY            0.0           0.0    MM   0.0    0.0      0.0
  MONTH TO DATE    0.0                       0.0    0.0      0.0
  SINCE SEP 1      0.0                       0.0    0.0      0.0
  SINCE JUL 1      0.0                       0.0    0.0      0.0
  SNOW DEPTH       0

DEGREE DAYS
 HEATING
  TODAY            5                         9     -4        0
  MONTH TO DATE   38                       114    -76       66
  SINCE SEP 1     52                       151    -99       76
  SINCE JUL 1     52                       152   -100       76

 COOLING
  TODAY            0                         0      0        8
  MONTH TO DATE   79                        19     60       19
  SINCE SEP 1    293                       180    113      291
  SINCE JAN 1   1483                      1297    186     1703
..................................................................


WIND (MPH)
  HIGHEST WIND SPEED    12   HIGHEST WIND DIRECTION    SW (240)
  HIGHEST GUST SPEED    15   HIGHEST GUST DIRECTION    SW (240)
  AVERAGE WIND SPEED     5.9


SKY COVER
  POSSIBLE SUNSHINE  MM
  AVERAGE SKY COVER 0.0


WEATHER CONDITIONS
 THE FOLLOWING WEATHER WAS RECORDED TODAY.
  NO SIGNIFICANT WEATHER WAS OBSERVED.


RELATIVE HUMIDITY (PERCENT)
 HIGHEST    80           500 AM
 LOWEST     38           300 PM
 AVERAGE    59

..........................................................


THE PHILADELPHIA PA CLIMATE NORMALS FOR TOMORROW
                         NORMAL    RECORD    YEAR
 MAXIMUM TEMPERATURE (F)   66        86      2016
 MINIMUM TEMPERATURE (F)   47        29      1976


SUNRISE AND SUNSET
OCTOBER 18 2017.......SUNRISE   715 AM EDT   SUNSET   617 PM EDT
OCTOBER 19 2017.......SUNRISE   716 AM EDT   SUNSET   615 PM EDT


-  INDICATES NEGATIVE NUMBERS.
R  INDICATES RECORD WAS SET OR TIED.
MM INDICATES DATA IS MISSING.
T  INDICATES TRACE AMOUNT.




$$
