000
CDUS41 KPHI 250632
CLIPHL


CLIMATE REPORT
NATIONAL WEATHER SERVICE MOUNT HOLLY NJ
231 AM EDT SAT MAR 25 2017


...................................

...THE PHILADELPHIA PA CLIMATE SUMMARY FOR MARCH 24 2017...

CLIMATE NORMAL PERIOD 1981 TO 2010
CLIMATE RECORD PERIOD 1872 TO 2017


WEATHER ITEM   OBSERVED TIME   RECORD YEAR NORMAL DEPARTURE LAST
                VALUE   (LST)  VALUE       VALUE  FROM      YEAR
                                                  NORMAL
..................................................................
TEMPERATURE (F)
 YESTERDAY
  MAXIMUM         58    414 PM  76    1988  56      2       69
  MINIMUM         32    456 AM  15    1896  37     -5       47
  AVERAGE         45                        46     -1       58

PRECIPITATION (IN)
  YESTERDAY        0.00          1.24 1989   0.14  -0.14     0.00
  MONTH TO DATE    2.06                      2.87  -0.81     1.55
  SINCE MAR 1      2.06                      2.87  -0.81     1.55
  SINCE JAN 1      6.27                      8.55  -2.28     8.54

SNOWFALL (IN)
  YESTERDAY        0.0           2.2  1990   0.1   -0.1      0.0
  MONTH TO DATE    7.0                       2.6    4.4      1.0
  SINCE MAR 1      7.0                       2.6    4.4      1.0
  SINCE JUL 1     15.0                      21.6   -6.6     27.2
  SNOW DEPTH       0

DEGREE DAYS
 HEATING
  YESTERDAY       20                        19      1        7
  MONTH TO DATE  599                       543     56      362
  SINCE MAR 1    599                       543     56      362
  SINCE JUL 1   3425                      4025   -600     3048

 COOLING
  YESTERDAY        0                         0      0        0
  MONTH TO DATE    0                         0      0        5
  SINCE MAR 1      0                         0      0        5
  SINCE JAN 1      0                         0      0        5
..................................................................


WIND (MPH)
  HIGHEST WIND SPEED    25   HIGHEST WIND DIRECTION    SW (230)
  HIGHEST GUST SPEED    33   HIGHEST GUST DIRECTION     S (200)
  AVERAGE WIND SPEED    11.0


SKY COVER
  POSSIBLE SUNSHINE  MM
  AVERAGE SKY COVER 0.7


WEATHER CONDITIONS
 THE FOLLOWING WEATHER WAS RECORDED YESTERDAY.
  NO SIGNIFICANT WEATHER WAS OBSERVED.


RELATIVE HUMIDITY (PERCENT)
 HIGHEST    75           200 AM
 LOWEST     35           100 PM
 AVERAGE    55

..........................................................


THE PHILADELPHIA PA CLIMATE NORMALS FOR TODAY
                         NORMAL    RECORD    YEAR
 MAXIMUM TEMPERATURE (F)   56        82      1910
 MINIMUM TEMPERATURE (F)   37        16      1878


SUNRISE AND SUNSET
MARCH 25 2017.........SUNRISE   656 AM EDT   SUNSET   718 PM EDT
MARCH 26 2017.........SUNRISE   654 AM EDT   SUNSET   719 PM EDT


-  INDICATES NEGATIVE NUMBERS.
R  INDICATES RECORD WAS SET OR TIED.
MM INDICATES DATA IS MISSING.
T  INDICATES TRACE AMOUNT.




$$
