000
CDUS41 KPHI 240633
CLIPHL


CLIMATE REPORT
NATIONAL WEATHER SERVICE MOUNT HOLLY NJ
231 AM EDT SUN MAY 24 2015


...................................

...THE PHILADELPHIA PA CLIMATE SUMMARY FOR MAY 23 2015...

CLIMATE NORMAL PERIOD 1981 TO 2010
CLIMATE RECORD PERIOD 1872 TO 2015


WEATHER ITEM   OBSERVED TIME   RECORD YEAR NORMAL DEPARTURE LAST
                VALUE   (LST)  VALUE       VALUE  FROM      YEAR
                                                  NORMAL
..................................................................
TEMPERATURE (F)
 YESTERDAY
  MAXIMUM         71    606 PM  96    1925  76     -5       76
  MINIMUM         51    551 AM  41    1961  56     -5       59
  AVERAGE         61                        66     -5       68

PRECIPITATION (IN)
  YESTERDAY        0.00          1.77 1951   0.13  -0.13      T
  MONTH TO DATE    0.59                      2.72  -2.13     1.95
  SINCE MAR 1      9.69                     10.07  -0.38    12.87
  SINCE JAN 1     16.57                     15.75   0.82    21.54

SNOWFALL (IN)
  YESTERDAY        0.0           0.0  1870   0.0    0.0      0.0
  MONTH TO DATE    0.0                       0.0    0.0      0.0
  SINCE MAR 1     12.0                       3.4    8.6      8.5
  SINCE JUL 1     27.0                      22.4    4.6     68.0
  SNOW DEPTH       0

DEGREE DAYS
 HEATING
  YESTERDAY        4                         2      2        0
  MONTH TO DATE   32                        97    -65       46
  SINCE MAR 1   1111                      1105      6     1186
  SINCE JUL 1   4764                      4587    177     4842

 COOLING
  YESTERDAY        0                         3     -3        3
  MONTH TO DATE  101                        43     58       44
  SINCE MAR 1    104                        56     48       53
  SINCE JAN 1    104                        56     48       53
..................................................................


WIND (MPH)
  HIGHEST WIND SPEED    18   HIGHEST WIND DIRECTION    NW (330)
  HIGHEST GUST SPEED    25   HIGHEST GUST DIRECTION     N (360)
  AVERAGE WIND SPEED     9.4


SKY COVER
  POSSIBLE SUNSHINE  MM
  AVERAGE SKY COVER 0.2


WEATHER CONDITIONS
 THE FOLLOWING WEATHER WAS RECORDED YESTERDAY.
  NO SIGNIFICANT WEATHER WAS OBSERVED.


RELATIVE HUMIDITY (PERCENT)
 HIGHEST    67          1100 PM
 LOWEST     20           200 PM
 AVERAGE    44

..........................................................


THE PHILADELPHIA PA CLIMATE NORMALS FOR TODAY
                         NORMAL    RECORD    YEAR
 MAXIMUM TEMPERATURE (F)   76        90      2004
                                             1964
 MINIMUM TEMPERATURE (F)   57        40      1963


SUNRISE AND SUNSET
MAY 24 2015...........SUNRISE   539 AM EDT   SUNSET   817 PM EDT
MAY 25 2015...........SUNRISE   538 AM EDT   SUNSET   818 PM EDT


-  INDICATES NEGATIVE NUMBERS.
R  INDICATES RECORD WAS SET OR TIED.
MM INDICATES DATA IS MISSING.
T  INDICATES TRACE AMOUNT.




$$
