000
CDUS41 KPHI 250642
CLIPHL


CLIMATE REPORT
NATIONAL WEATHER SERVICE MOUNT HOLLY NJ
237 AM EDT SAT OCT 25 2014


...................................

...THE PHILADELPHIA PA CLIMATE SUMMARY FOR OCTOBER 24 2014...

CLIMATE NORMAL PERIOD 1981 TO 2010
CLIMATE RECORD PERIOD 1872 TO 2014


WEATHER ITEM   OBSERVED TIME   RECORD YEAR NORMAL DEPARTURE LAST
                VALUE   (LST)  VALUE       VALUE  FROM      YEAR
                                                  NORMAL
..................................................................
TEMPERATURE (F)
 YESTERDAY
  MAXIMUM         70    240 PM  83    2001  64      6       53
  MINIMUM         53   1138 PM  25    1969  46      7       40
  AVERAGE         62                        55      7       47

PRECIPITATION (IN)
  YESTERDAY        0.00          2.26 1917   0.09  -0.09     0.00
  MONTH TO DATE    2.50                      2.50   0.00     2.41
  SINCE SEP 1      4.19                      6.28  -2.09     5.67
  SINCE JAN 1     40.00                     34.30   5.70    47.91

SNOWFALL (IN)
  YESTERDAY        0.0           0.0  1870   0.0    0.0      0.0
  MONTH TO DATE    0.0                       0.0    0.0      0.0
  SINCE SEP 1      0.0                       0.0    0.0      0.0
  SINCE JUL 1      0.0                       0.0    0.0      0.0
  SNOW DEPTH       0

DEGREE DAYS
 HEATING
  YESTERDAY        3                        10     -7       18
  MONTH TO DATE  118                       172    -54      100
  SINCE SEP 1    132                       209    -77      136
  SINCE JUL 1    132                       210    -78      136

 COOLING
  YESTERDAY        0                         0      0        0
  MONTH TO DATE   25                        19      6       65
  SINCE SEP 1    213                       180     33      195
  SINCE JAN 1   1311                      1297     14     1411
..................................................................


WIND (MPH)
  HIGHEST WIND SPEED    24   HIGHEST WIND DIRECTION     N (340)
  HIGHEST GUST SPEED    34   HIGHEST GUST DIRECTION     N (340)
  AVERAGE WIND SPEED    11.5


SKY COVER
  POSSIBLE SUNSHINE  MM
  AVERAGE SKY COVER 0.7


WEATHER CONDITIONS
 THE FOLLOWING WEATHER WAS RECORDED YESTERDAY.
  NO SIGNIFICANT WEATHER WAS OBSERVED.


RELATIVE HUMIDITY (PERCENT)
 HIGHEST    66          1200 AM
 LOWEST     39           100 PM
 AVERAGE    53

..........................................................


THE PHILADELPHIA PA CLIMATE NORMALS FOR TODAY
                         NORMAL    RECORD    YEAR
 MAXIMUM TEMPERATURE (F)   64        76      2010
                                             2001
                                             1993
 MINIMUM TEMPERATURE (F)   45        25      1962


SUNRISE AND SUNSET
OCTOBER 25 2014.......SUNRISE   722 AM EDT   SUNSET   608 PM EDT
OCTOBER 26 2014.......SUNRISE   723 AM EDT   SUNSET   606 PM EDT


-  INDICATES NEGATIVE NUMBERS.
R  INDICATES RECORD WAS SET OR TIED.
MM INDICATES DATA IS MISSING.
T  INDICATES TRACE AMOUNT.




$$
