000
CDUS41 KPHI 222129
CLIPHL


CLIMATE REPORT
NATIONAL WEATHER SERVICE MOUNT HOLLY NJ
427 PM EST SUN JAN 22 2017


...................................

...THE PHILADELPHIA PA CLIMATE SUMMARY FOR JANUARY 22 2017...
VALID TODAY AS OF 0400 PM LOCAL TIME.

CLIMATE NORMAL PERIOD 1981 TO 2010
CLIMATE RECORD PERIOD 1872 TO 2017


WEATHER ITEM   OBSERVED TIME   RECORD YEAR NORMAL DEPARTURE LAST
                VALUE   (LST)  VALUE       VALUE  FROM      YEAR
                                                  NORMAL
..................................................................
TEMPERATURE (F)
 TODAY
  MAXIMUM         50    159 PM  70    1906  40     10       28
  MINIMUM         45    627 AM  -7    1984  25     20       21
  AVERAGE         48                        33     15       25

PRECIPITATION (IN)
  TODAY            0.06          1.03 1987   0.09  -0.03     0.20
  MONTH TO DATE    1.97                      2.14  -0.17     1.23
  SINCE DEC 1      4.69                      5.70  -1.01     6.37
  SINCE JAN 1      1.97                      2.14  -0.17     1.23

SNOWFALL (IN)
  TODAY            0.0          10.8  2005   0.2   -0.2      3.0
  MONTH TO DATE    4.9                       4.2    0.7      3.5
  SINCE DEC 1      5.2                       7.6   -2.4      3.5
  SINCE JUL 1      5.2                       7.9   -2.7      3.5
  SNOW DEPTH       0

DEGREE DAYS
 HEATING
  TODAY           17                        32    -15       40
  MONTH TO DATE  593                       702   -109      668
  SINCE DEC 1   1397                      1556   -159     1089
  SINCE JUL 1   2028                      2372   -344     1649

 COOLING
  TODAY            0                         0      0        0
  MONTH TO DATE    0                         0      0        0
  SINCE DEC 1      0                         0      0        2
  SINCE JAN 1      0                         0      0        0
..................................................................


WIND (MPH)
  HIGHEST WIND SPEED    12   HIGHEST WIND DIRECTION    NE (50)
  HIGHEST GUST SPEED    20   HIGHEST GUST DIRECTION     N (10)
  AVERAGE WIND SPEED     5.6


SKY COVER
  POSSIBLE SUNSHINE  MM
  AVERAGE SKY COVER 0.9


WEATHER CONDITIONS
 THE FOLLOWING WEATHER WAS RECORDED TODAY.
  RAIN
  LIGHT RAIN
  FOG
  FOG W/VISIBILITY <= 1/4 MILE


RELATIVE HUMIDITY (PERCENT)
 HIGHEST   100           200 AM
 LOWEST     86           100 PM
 AVERAGE    93

..........................................................


THE PHILADELPHIA PA CLIMATE NORMALS FOR TOMORROW
                         NORMAL    RECORD    YEAR
 MAXIMUM TEMPERATURE (F)   40        71      1906
 MINIMUM TEMPERATURE (F)   25        -2      1936


SUNRISE AND SUNSET
JANUARY 22 2017.......SUNRISE   717 AM EST   SUNSET   509 PM EST
JANUARY 23 2017.......SUNRISE   716 AM EST   SUNSET   510 PM EST


-  INDICATES NEGATIVE NUMBERS.
R  INDICATES RECORD WAS SET OR TIED.
MM INDICATES DATA IS MISSING.
T  INDICATES TRACE AMOUNT.




$$
