000
CDUS41 KPHI 130634
CLIPHL


CLIMATE REPORT
NATIONAL WEATHER SERVICE MOUNT HOLLY NJ
128 AM EST SAT FEB 13 2016


...................................

...THE PHILADELPHIA PA CLIMATE SUMMARY FOR FEBRUARY 12 2016...

CLIMATE NORMAL PERIOD 1981 TO 2010
CLIMATE RECORD PERIOD 1872 TO 2016


WEATHER ITEM   OBSERVED TIME   RECORD YEAR NORMAL DEPARTURE LAST
                VALUE   (LST)  VALUE       VALUE  FROM      YEAR
                                                  NORMAL
..................................................................
TEMPERATURE (F)
 YESTERDAY
  MAXIMUM         26    453 PM  70    1999  43    -17       41
  MINIMUM         16    718 AM   2    1979  27    -11       20
  AVERAGE         21                        35    -14       31

PRECIPITATION (IN)
  YESTERDAY        0.01          1.35 1988   0.09  -0.08     0.00
  MONTH TO DATE    1.08                      1.14  -0.06     1.02
  SINCE DEC 1      8.85                      7.73   1.12     8.81
  SINCE JAN 1      3.71                      4.17  -0.46     5.54

SNOWFALL (IN)
  YESTERDAY        0.2          10.6  2006   0.3   -0.1      0.0
  MONTH TO DATE    2.3                       4.1   -1.8      0.8
  SINCE DEC 1     25.2                      14.0   11.2      5.2
  SINCE JUL 1     25.2                      14.3   10.9      5.2
  SNOW DEPTH       0

DEGREE DAYS
 HEATING
  YESTERDAY       44                        30     14       34
  MONTH TO DATE  327                       369    -42      399
  SINCE DEC 1   1695                      2216   -521     2181
  SINCE JUL 1   2255                      3032   -777     2959

 COOLING
  YESTERDAY        0                         0      0        0
  MONTH TO DATE    0                         0      0        0
  SINCE DEC 1      2                         0      2        0
  SINCE JAN 1      0                         0      0        0
..................................................................


WIND (MPH)
  HIGHEST WIND SPEED    17   HIGHEST WIND DIRECTION     W (290)
  HIGHEST GUST SPEED    21   HIGHEST GUST DIRECTION     W (290)
  AVERAGE WIND SPEED     7.6


SKY COVER
  POSSIBLE SUNSHINE  MM
  AVERAGE SKY COVER 0.6


WEATHER CONDITIONS
 THE FOLLOWING WEATHER WAS RECORDED YESTERDAY.
  LIGHT SNOW

RELATIVE HUMIDITY (PERCENT)
 HIGHEST    74          1000 PM
 LOWEST     33           100 AM
 AVERAGE    54

..........................................................


THE PHILADELPHIA PA CLIMATE NORMALS FOR TODAY
                         NORMAL    RECORD    YEAR
 MAXIMUM TEMPERATURE (F)   43        66      1951
 MINIMUM TEMPERATURE (F)   27         3      1983
                                             1917
                                             1914


SUNRISE AND SUNSET
FEBRUARY 13 2016......SUNRISE   657 AM EST   SUNSET   534 PM EST
FEBRUARY 14 2016......SUNRISE   656 AM EST   SUNSET   535 PM EST


-  INDICATES NEGATIVE NUMBERS.
R  INDICATES RECORD WAS SET OR TIED.
MM INDICATES DATA IS MISSING.
T  INDICATES TRACE AMOUNT.




$$
