000
CDUS43 KUNR 220845
CLIPHP


CLIMATE REPORT
NATIONAL WEATHER SERVICE RAPID CITY SD
243 AM MDT TUE JUL 22 2014


...................................

...THE PHILIP SD CLIMATE SUMMARY FOR JULY 21 2014...

CLIMATE NORMAL PERIOD 1981 TO 2010
CLIMATE RECORD PERIOD 9999 TO 9999


WEATHER ITEM   OBSERVED TIME   NORMAL DEPARTURE LAST
                VALUE   (LST)  VALUE  FROM      YEAR
                                      NORMAL
......................................................
TEMPERATURE (F)
 YESTERDAY
  MAXIMUM        103    229 PM  91     12       95
  MINIMUM         64    451 AM  61      3       57
  AVERAGE         84            76      8       76

PRECIPITATION (IN)
  YESTERDAY        0.02          0.05  -0.03     0.00
  MONTH TO DATE    0.10          1.51  -1.41     0.88
  SINCE JUN 1      4.10          4.44  -0.34     2.78
  SINCE JAN 1      8.92         11.36  -2.44     8.34

DEGREE DAYS
 HEATING
  YESTERDAY        0             0      0        0
  MONTH TO DATE   16             3     13        0
  SINCE JUN 1     94            66     28       64
  SINCE JUL 1     16             3     13        0

 COOLING
  YESTERDAY       19            11      8       11
  MONTH TO DATE  161           194    -33      264
  SINCE JUN 1    217           317   -100      391
  SINCE JAN 1    257           344    -87      412
......................................................


WIND (MPH)
  HIGHEST WIND SPEED    28   HIGHEST WIND DIRECTION     W (290)
  HIGHEST GUST SPEED    33   HIGHEST GUST DIRECTION    NW (310)
  AVERAGE WIND SPEED    10.7


SKY COVER
  AVERAGE SKY COVER 0.0


WEATHER CONDITIONS
 THE FOLLOWING WEATHER WAS RECORDED YESTERDAY.
  THUNDERSTORM
  LIGHT RAIN
  FOG


RELATIVE HUMIDITY (PERCENT)
 HIGHEST    93           300 AM
 LOWEST     18           200 PM
 AVERAGE    56

..........................................................




SUNRISE AND SUNSET
JULY 22 2014..........SUNRISE   524 AM MDT   SUNSET   821 PM MDT
JULY 23 2014..........SUNRISE   525 AM MDT   SUNSET   820 PM MDT


-  INDICATES NEGATIVE NUMBERS.
R  INDICATES RECORD WAS SET OR TIED.
MM INDICATES DATA IS MISSING.
T  INDICATES TRACE AMOUNT.




$$
