000
CDUS43 KUNR 240833
CLIPHP


CLIMATE REPORT
NATIONAL WEATHER SERVICE RAPID CITY SD
232 AM MDT THU APR 24 2014


...................................

...THE PHILIP SD CLIMATE SUMMARY FOR APRIL 23 2014...

CLIMATE NORMAL PERIOD 1981 TO 2010
CLIMATE RECORD PERIOD 9999 TO 9999


WEATHER ITEM   OBSERVED TIME   NORMAL DEPARTURE LAST
                VALUE   (LST)  VALUE  FROM      YEAR
                                      NORMAL
......................................................
TEMPERATURE (F)
 YESTERDAY
  MAXIMUM         72    141 PM  63      9       40
  MINIMUM         43   1159 PM  35      8       13
  AVERAGE         58            49      9       27

PRECIPITATION (IN)
  YESTERDAY        T             0.08  -0.08     0.00
  MONTH TO DATE    0.54          1.23  -0.69     1.96
  SINCE MAR 1      1.08          2.50  -1.42     2.36
  SINCE JAN 1      1.56          3.28  -1.72     3.18

DEGREE DAYS
 HEATING
  YESTERDAY        7            16     -9       38
  MONTH TO DATE  443           460    -17      684
  SINCE MAR 1   1433          1398     35     1639
  SINCE JUL 1   7036          6763    273     6665

 COOLING
  YESTERDAY        0             0      0        0
  MONTH TO DATE    0             0      0        0
  SINCE MAR 1      0             0      0        0
  SINCE JAN 1      0             0      0        0
......................................................


WIND (MPH)
  HIGHEST WIND SPEED    37   HIGHEST WIND DIRECTION    NW (320)
  HIGHEST GUST SPEED    45   HIGHEST GUST DIRECTION     S (170)
  AVERAGE WIND SPEED    13.2


SKY COVER
  AVERAGE SKY COVER 0.4


WEATHER CONDITIONS
 THE FOLLOWING WEATHER WAS RECORDED YESTERDAY.
  LIGHT RAIN


RELATIVE HUMIDITY (PERCENT)
 HIGHEST    66           700 AM
 LOWEST     37           100 AM
 AVERAGE    52

..........................................................




SUNRISE AND SUNSET
APRIL 24 2014.........SUNRISE   548 AM MDT   SUNSET   741 PM MDT
APRIL 25 2014.........SUNRISE   547 AM MDT   SUNSET   743 PM MDT


-  INDICATES NEGATIVE NUMBERS.
R  INDICATES RECORD WAS SET OR TIED.
MM INDICATES DATA IS MISSING.
T  INDICATES TRACE AMOUNT.




$$
