000
CDUS43 KUNR 020837
CLIPHP


CLIMATE REPORT
NATIONAL WEATHER SERVICE RAPID CITY SD
134 AM MST MON MAR 2 2015


...................................

...THE PHILIP SD CLIMATE SUMMARY FOR MARCH 1 2015...

CLIMATE NORMAL PERIOD 1981 TO 2010
CLIMATE RECORD PERIOD 9999 TO 9999


WEATHER ITEM   OBSERVED TIME   NORMAL DEPARTURE LAST
                VALUE   (LST)  VALUE  FROM      YEAR
                                      NORMAL
......................................................
TEMPERATURE (F)
 YESTERDAY
  MAXIMUM         35    234 PM  42     -7        5
  MINIMUM          3   1159 PM  16    -13      -18
  AVERAGE         19            29    -10       -6

PRECIPITATION (IN)
  YESTERDAY        0.00          0.04  -0.04     0.23
  MONTH TO DATE    0.00          0.04  -0.04     0.23
  SINCE MAR 1      0.00          0.04  -0.04     0.23
  SINCE JAN 1      0.11          0.82  -0.71     0.71

DEGREE DAYS
 HEATING
  YESTERDAY       46            36     10       71
  MONTH TO DATE   46            36     10       71
  SINCE MAR 1     46            36     10       71
  SINCE JUL 1   5186          5401   -215     5674

 COOLING
  YESTERDAY        0             0      0        0
  MONTH TO DATE    0             0      0        0
  SINCE MAR 1      0             0      0        0
  SINCE JAN 1      0             0      0        0
......................................................


WIND (MPH)
  HIGHEST WIND SPEED    29   HIGHEST WIND DIRECTION    NW (300)
  HIGHEST GUST SPEED    43   HIGHEST GUST DIRECTION     W (270)
  AVERAGE WIND SPEED    10.8


SKY COVER
  AVERAGE SKY COVER 0.3


WEATHER CONDITIONS
 THE FOLLOWING WEATHER WAS RECORDED YESTERDAY.
  NO SIGNIFICANT WEATHER WAS OBSERVED.


RELATIVE HUMIDITY (PERCENT)
 HIGHEST    86          1100 PM
 LOWEST     33           200 PM
 AVERAGE    60

..........................................................




SUNRISE AND SUNSET
MARCH  2 2015.........SUNRISE   622 AM MST   SUNSET   536 PM MST
MARCH  3 2015.........SUNRISE   620 AM MST   SUNSET   537 PM MST


-  INDICATES NEGATIVE NUMBERS.
R  INDICATES RECORD WAS SET OR TIED.
MM INDICATES DATA IS MISSING.
T  INDICATES TRACE AMOUNT.




$$
