000
CDUS43 KUNR 250831
CLIPHP


CLIMATE REPORT
NATIONAL WEATHER SERVICE RAPID CITY SD
131 AM MST THU DEC 25 2014


...................................

...THE PHILIP SD CLIMATE SUMMARY FOR DECEMBER 24 2014...

CLIMATE NORMAL PERIOD 1981 TO 2010
CLIMATE RECORD PERIOD 9999 TO 9999


WEATHER ITEM   OBSERVED TIME   NORMAL DEPARTURE LAST
                VALUE   (LST)  VALUE  FROM      YEAR
                                      NORMAL
......................................................
TEMPERATURE (F)
 YESTERDAY
  MAXIMUM         38    314 PM  34      4       36
  MINIMUM         10    725 AM   9      1        8
  AVERAGE         24            22      2       22

PRECIPITATION (IN)
  YESTERDAY        0.00          0.01  -0.01     0.05
  MONTH TO DATE    0.08          0.33  -0.25     0.92
  SINCE DEC 1      0.08          0.33  -0.25     0.92
  SINCE JAN 1     16.29         17.25  -0.96    16.19

DEGREE DAYS
 HEATING
  YESTERDAY       41            43     -2       43
  MONTH TO DATE  808           994   -186     1225
  SINCE DEC 1    808           994   -186     1225
  SINCE JUL 1   2463          2629   -166     2736

 COOLING
  YESTERDAY        0             0      0        0
  MONTH TO DATE    0             0      0        0
  SINCE DEC 1      0             0      0        0
  SINCE JAN 1    649           818   -169      945
......................................................


WIND (MPH)
  HIGHEST WIND SPEED    14   HIGHEST WIND DIRECTION     W (270)
  HIGHEST GUST SPEED    16   HIGHEST GUST DIRECTION     W (270)
  AVERAGE WIND SPEED     3.8


SKY COVER
  AVERAGE SKY COVER 0.2


WEATHER CONDITIONS
 THE FOLLOWING WEATHER WAS RECORDED YESTERDAY.
  NO SIGNIFICANT WEATHER WAS OBSERVED.


RELATIVE HUMIDITY (PERCENT)
 HIGHEST    92           400 AM
 LOWEST     59          1200 PM
 AVERAGE    76

..........................................................




SUNRISE AND SUNSET
DECEMBER 25 2014......SUNRISE   720 AM MST   SUNSET   413 PM MST
DECEMBER 26 2014......SUNRISE   720 AM MST   SUNSET   414 PM MST


-  INDICATES NEGATIVE NUMBERS.
R  INDICATES RECORD WAS SET OR TIED.
MM INDICATES DATA IS MISSING.
T  INDICATES TRACE AMOUNT.




$$
