000
CDUS43 KUNR 230832
CLIPHP


CLIMATE REPORT
NATIONAL WEATHER SERVICE RAPID CITY SD
231 AM MDT MON OCT 23 2017


...................................

...THE PHILIP SD CLIMATE SUMMARY FOR OCTOBER 22 2017...

CLIMATE NORMAL PERIOD 1981 TO 2010
CLIMATE RECORD PERIOD 9999 TO 9999


WEATHER ITEM   OBSERVED TIME   NORMAL DEPARTURE LAST
                VALUE   (LST)  VALUE  FROM      YEAR
                                      NORMAL
......................................................
TEMPERATURE (F)
 YESTERDAY
  MAXIMUM         73    214 PM  60     13       83
  MINIMUM         25    609 AM  32     -7       29
  AVERAGE         49            46      3       56

PRECIPITATION (IN)
  YESTERDAY        0.00          0.05  -0.05     0.00
  MONTH TO DATE    1.42          1.10   0.32     0.41
  SINCE SEP 1      2.45          2.59  -0.14     0.64
  SINCE JAN 1     10.31         15.97  -5.66    12.65

DEGREE DAYS
 HEATING
  YESTERDAY       16            19     -3        9
  MONTH TO DATE  290           323    -33      260
  SINCE SEP 1    440           484    -44      352
  SINCE JUL 1    446           509    -63      371

 COOLING
  YESTERDAY        0             0      0        0
  MONTH TO DATE    6             0      6       12
  SINCE SEP 1    115            79     36       74
  SINCE JAN 1    911           814     97      904
......................................................


WIND (MPH)
  HIGHEST WIND SPEED    24   HIGHEST WIND DIRECTION     N (350)
  HIGHEST GUST SPEED    30   HIGHEST GUST DIRECTION    NW (320)
  AVERAGE WIND SPEED     9.8


SKY COVER
  AVERAGE SKY COVER 0.1


WEATHER CONDITIONS
 THE FOLLOWING WEATHER WAS RECORDED YESTERDAY.
  NO SIGNIFICANT WEATHER WAS OBSERVED.


RELATIVE HUMIDITY (PERCENT)
 HIGHEST    85           700 AM
 LOWEST     22          1200 PM
 AVERAGE    54

..........................................................




SUNRISE AND SUNSET
OCTOBER 23 2017.......SUNRISE   712 AM MDT   SUNSET   549 PM MDT
OCTOBER 24 2017.......SUNRISE   713 AM MDT   SUNSET   548 PM MDT


-  INDICATES NEGATIVE NUMBERS.
R  INDICATES RECORD WAS SET OR TIED.
MM INDICATES DATA IS MISSING.
T  INDICATES TRACE AMOUNT.




$$
