000
CDUS43 KUNR 310831
CLIPHP


CLIMATE REPORT
NATIONAL WEATHER SERVICE RAPID CITY SD
131 AM MST SAT JAN 31 2015


...................................

...THE PHILIP SD CLIMATE SUMMARY FOR JANUARY 30 2015...

CLIMATE NORMAL PERIOD 1981 TO 2010
CLIMATE RECORD PERIOD 9999 TO 9999


WEATHER ITEM   OBSERVED TIME   NORMAL DEPARTURE LAST
                VALUE   (LST)  VALUE  FROM      YEAR
                                      NORMAL
......................................................
TEMPERATURE (F)
 YESTERDAY
  MAXIMUM         55    225 PM  36     19       27
  MINIMUM         17    715 AM  10      7        7
  AVERAGE         36            23     13       17

PRECIPITATION (IN)
  YESTERDAY        0.00          0.01  -0.01      T
  MONTH TO DATE    0.01          0.29  -0.28     0.11
  SINCE DEC 1      0.31          0.72  -0.41     1.13
  SINCE JAN 1      0.01          0.29  -0.28     0.11

DEGREE DAYS
 HEATING
  YESTERDAY       29            42    -13       48
  MONTH TO DATE 1154          1289   -135     1203
  SINCE DEC 1   2345          2589   -244     2715
  SINCE JUL 1   4000          4224   -224     4226

 COOLING
  YESTERDAY        0             0      0        0
  MONTH TO DATE    0             0      0        0
  SINCE DEC 1      0             0      0        0
  SINCE JAN 1      0             0      0        0
......................................................


WIND (MPH)
  HIGHEST WIND SPEED    15   HIGHEST WIND DIRECTION     N (340)
  HIGHEST GUST SPEED    17   HIGHEST GUST DIRECTION     N (340)
  AVERAGE WIND SPEED     4.4


SKY COVER
  AVERAGE SKY COVER 0.0


WEATHER CONDITIONS
 THE FOLLOWING WEATHER WAS RECORDED YESTERDAY.
  NO SIGNIFICANT WEATHER WAS OBSERVED.


RELATIVE HUMIDITY (PERCENT)
 HIGHEST    92           300 AM
 LOWEST     29           200 PM
 AVERAGE    61

..........................................................




SUNRISE AND SUNSET
JANUARY 31 2015.......SUNRISE   705 AM MST   SUNSET   455 PM MST
FEBRUARY  1 2015......SUNRISE   704 AM MST   SUNSET   456 PM MST


-  INDICATES NEGATIVE NUMBERS.
R  INDICATES RECORD WAS SET OR TIED.
MM INDICATES DATA IS MISSING.
T  INDICATES TRACE AMOUNT.




$$
