923
CDUS43 KUNR 270831
CLIPHP


CLIMATE REPORT
NATIONAL WEATHER SERVICE RAPID CITY SD
130 AM MST MON FEB 27 2017


...................................

...THE PHILIP SD CLIMATE SUMMARY FOR FEBRUARY 26 2017...

CLIMATE NORMAL PERIOD 1981 TO 2010
CLIMATE RECORD PERIOD 9999 TO 9999


WEATHER ITEM   OBSERVED TIME   NORMAL DEPARTURE LAST
                VALUE   (LST)  VALUE  FROM      YEAR
                                      NORMAL
......................................................
TEMPERATURE (F)
 YESTERDAY
  MAXIMUM         45    146 PM  41      4       62
  MINIMUM         15    536 AM  16     -1       19
  AVERAGE         30            28      2       41

PRECIPITATION (IN)
  YESTERDAY        0.00          0.03  -0.03     0.00
  MONTH TO DATE    0.16          0.41  -0.25     0.26
  SINCE DEC 1      1.39          1.14   0.25     1.46
  SINCE JAN 1      0.97          0.71   0.26     0.47

DEGREE DAYS
 HEATING
  YESTERDAY       35            37     -2       24
  MONTH TO DATE  850          1029   -179      785
  SINCE DEC 1   3846          3659    187     3394
  SINCE JUL 1   4984          5294   -310     4734

 COOLING
  YESTERDAY        0             0      0        0
  MONTH TO DATE    0             0      0        0
  SINCE DEC 1      0             0      0        0
  SINCE JAN 1      0             0      0        0
......................................................


WIND (MPH)
  HIGHEST WIND SPEED    24   HIGHEST WIND DIRECTION    NW (300)
  HIGHEST GUST SPEED    36   HIGHEST GUST DIRECTION     W (270)
  AVERAGE WIND SPEED     9.8


SKY COVER
  AVERAGE SKY COVER 0.2


WEATHER CONDITIONS
 THE FOLLOWING WEATHER WAS RECORDED YESTERDAY.
  NO SIGNIFICANT WEATHER WAS OBSERVED.


RELATIVE HUMIDITY (PERCENT)
 HIGHEST    92           100 AM
 LOWEST     25           200 PM
 AVERAGE    59

..........................................................




SUNRISE AND SUNSET
FEBRUARY 27 2017......SUNRISE   626 AM MST   SUNSET   533 PM MST
FEBRUARY 28 2017......SUNRISE   624 AM MST   SUNSET   534 PM MST


-  INDICATES NEGATIVE NUMBERS.
R  INDICATES RECORD WAS SET OR TIED.
MM INDICATES DATA IS MISSING.
T  INDICATES TRACE AMOUNT.




$$
