000
CDUS43 KUNR 200835
CLIPHP


CLIMATE REPORT
NATIONAL WEATHER SERVICE RAPID CITY SD
234 AM MDT SAT SEP 20 2014


...................................

...THE PHILIP SD CLIMATE SUMMARY FOR SEPTEMBER 19 2014...

CLIMATE NORMAL PERIOD 1981 TO 2010
CLIMATE RECORD PERIOD 9999 TO 9999


WEATHER ITEM   OBSERVED TIME   NORMAL DEPARTURE LAST
                VALUE   (LST)  VALUE  FROM      YEAR
                                      NORMAL
......................................................
TEMPERATURE (F)
 YESTERDAY
  MAXIMUM         89    206 PM  76     13       67
  MINIMUM         58    918 PM  45     13       43
  AVERAGE         74            61     13       55

PRECIPITATION (IN)
  YESTERDAY        0.05          0.04   0.01     0.00
  MONTH TO DATE    0.49          0.95  -0.46     0.42
  SINCE SEP 1      0.49          0.95  -0.46     0.42
  SINCE JAN 1     13.92         14.33  -0.41    10.83

DEGREE DAYS
 HEATING
  YESTERDAY        0             6     -6       10
  MONTH TO DATE  138            72     66       16
  SINCE SEP 1    138            72     66       16
  SINCE JUL 1    157            97     60       19

 COOLING
  YESTERDAY        9             2      7        0
  MONTH TO DATE   35            67    -32      159
  SINCE SEP 1     35            67    -32      159
  SINCE JAN 1    614           802   -188      922
......................................................


WIND (MPH)
  HIGHEST WIND SPEED    21   HIGHEST WIND DIRECTION    NW (310)
  HIGHEST GUST SPEED    30   HIGHEST GUST DIRECTION    NW (310)
  AVERAGE WIND SPEED     8.2


SKY COVER
  AVERAGE SKY COVER 0.2


WEATHER CONDITIONS
 THE FOLLOWING WEATHER WAS RECORDED YESTERDAY.
  THUNDERSTORM
  HEAVY RAIN
  RAIN


RELATIVE HUMIDITY (PERCENT)
 HIGHEST    93           100 AM
 LOWEST     31           200 PM
 AVERAGE    62

..........................................................




SUNRISE AND SUNSET
SEPTEMBER 20 2014.....SUNRISE   631 AM MDT   SUNSET   647 PM MDT
SEPTEMBER 21 2014.....SUNRISE   632 AM MDT   SUNSET   646 PM MDT


-  INDICATES NEGATIVE NUMBERS.
R  INDICATES RECORD WAS SET OR TIED.
MM INDICATES DATA IS MISSING.
T  INDICATES TRACE AMOUNT.




$$
