000
CDUS43 KUNR 280838
CLIPHP


CLIMATE REPORT
NATIONAL WEATHER SERVICE RAPID CITY SD
237 AM MDT FRI AUG 28 2015


...................................

...THE PHILIP SD CLIMATE SUMMARY FOR AUGUST 27 2015...

CLIMATE NORMAL PERIOD 1981 TO 2010
CLIMATE RECORD PERIOD 9999 TO 9999


WEATHER ITEM   OBSERVED TIME   NORMAL DEPARTURE LAST
                VALUE   (LST)  VALUE  FROM      YEAR
                                      NORMAL
......................................................
TEMPERATURE (F)
 YESTERDAY
  MAXIMUM         74    435 PM  86    -12       75
  MINIMUM         59   1159 PM  55      4       54
  AVERAGE         67            71     -4       65

PRECIPITATION (IN)
  YESTERDAY        0.05          0.05   0.00     0.22
  MONTH TO DATE    2.78          1.30   1.48     3.91
  SINCE JUN 1      9.23          6.26   2.97     8.02
  SINCE JAN 1     16.21         13.18   3.03    12.84

DEGREE DAYS
 HEATING
  YESTERDAY        0             1     -1        0
  MONTH TO DATE   32             7     25        3
  SINCE JUN 1     44            78    -34       97
  SINCE JUL 1     32            15     17       19

 COOLING
  YESTERDAY        2             7     -5        0
  MONTH TO DATE  184           254    -70      222
  SINCE JUN 1    575           682   -107      528
  SINCE JAN 1    581           709   -128      568
......................................................


WIND (MPH)
  HIGHEST WIND SPEED    26   HIGHEST WIND DIRECTION    NE (40)
  HIGHEST GUST SPEED    30   HIGHEST GUST DIRECTION    NE (40)
  AVERAGE WIND SPEED     7.3


SKY COVER
  AVERAGE SKY COVER 0.2


WEATHER CONDITIONS
 THE FOLLOWING WEATHER WAS RECORDED YESTERDAY.
  THUNDERSTORM
  LIGHT RAIN
  FOG


RELATIVE HUMIDITY (PERCENT)
 HIGHEST   100           800 PM
 LOWEST     73           400 AM
 AVERAGE    87

..........................................................




SUNRISE AND SUNSET
AUGUST 28 2015........SUNRISE   605 AM MDT   SUNSET   730 PM MDT
AUGUST 29 2015........SUNRISE   606 AM MDT   SUNSET   728 PM MDT


-  INDICATES NEGATIVE NUMBERS.
R  INDICATES RECORD WAS SET OR TIED.
MM INDICATES DATA IS MISSING.
T  INDICATES TRACE AMOUNT.




$$
