000
CDUS43 KUNR 220839
CLIPHP


CLIMATE REPORT
NATIONAL WEATHER SERVICE RAPID CITY SD
137 AM MST SUN JAN 22 2017


...................................

...THE PHILIP SD CLIMATE SUMMARY FOR JANUARY 21 2017...

CLIMATE NORMAL PERIOD 1981 TO 2010
CLIMATE RECORD PERIOD 9999 TO 9999


WEATHER ITEM   OBSERVED TIME   NORMAL DEPARTURE LAST
                VALUE   (LST)  VALUE  FROM      YEAR
                                      NORMAL
......................................................
TEMPERATURE (F)
 YESTERDAY
  MAXIMUM         41    221 PM  35      6       23
  MINIMUM         22   1228 AM  10     12       11
  AVERAGE         32            22     10       17

PRECIPITATION (IN)
  YESTERDAY        0.00          0.01  -0.01     0.00
  MONTH TO DATE    0.13          0.21  -0.08     0.14
  SINCE DEC 1      0.55          0.64  -0.09     1.13
  SINCE JAN 1      0.13          0.21  -0.08     0.14

DEGREE DAYS
 HEATING
  YESTERDAY       33            43    -10       48
  MONTH TO DATE 1127           910    217     1003
  SINCE DEC 1   2619          2210    409     2265
  SINCE JUL 1   3757          3845    -88     3605

 COOLING
  YESTERDAY        0             0      0        0
  MONTH TO DATE    0             0      0        0
  SINCE DEC 1      0             0      0        0
  SINCE JAN 1      0             0      0        0
......................................................


WIND (MPH)
  HIGHEST WIND SPEED    18   HIGHEST WIND DIRECTION     W (290)
  HIGHEST GUST SPEED    23   HIGHEST GUST DIRECTION     W (290)
  AVERAGE WIND SPEED     9.2


SKY COVER
  AVERAGE SKY COVER 0.4


WEATHER CONDITIONS
 THE FOLLOWING WEATHER WAS RECORDED YESTERDAY.
  NO SIGNIFICANT WEATHER WAS OBSERVED.


RELATIVE HUMIDITY (PERCENT)
 HIGHEST   100           100 AM
 LOWEST     76          1100 AM
 AVERAGE    88

..........................................................




SUNRISE AND SUNSET
JANUARY 22 2017.......SUNRISE   713 AM MST   SUNSET   443 PM MST
JANUARY 23 2017.......SUNRISE   712 AM MST   SUNSET   445 PM MST


-  INDICATES NEGATIVE NUMBERS.
R  INDICATES RECORD WAS SET OR TIED.
MM INDICATES DATA IS MISSING.
T  INDICATES TRACE AMOUNT.




$$
