000
CDUS43 KUNR 030843
CLIPHP


CLIMATE REPORT
NATIONAL WEATHER SERVICE RAPID CITY SD
243 AM MDT FRI JUL 3 2015


...................................

...THE PHILIP SD CLIMATE SUMMARY FOR JULY 2 2015...

CLIMATE NORMAL PERIOD 1981 TO 2010
CLIMATE RECORD PERIOD 9999 TO 9999


WEATHER ITEM   OBSERVED TIME   NORMAL DEPARTURE LAST
                VALUE   (LST)  VALUE  FROM      YEAR
                                      NORMAL
......................................................
TEMPERATURE (F)
 YESTERDAY
  MAXIMUM         82    428 PM  86     -4       77
  MINIMUM         61   1159 PM  58      3       48
  AVERAGE         72            72      0       63

PRECIPITATION (IN)
  YESTERDAY        T             0.07  -0.07     0.00
  MONTH TO DATE    T             0.15  -0.15     0.00
  SINCE JUN 1      5.83          3.08   2.75     4.00
  SINCE JAN 1     12.81         10.00   2.81     8.82

DEGREE DAYS
 HEATING
  YESTERDAY        0             1     -1        2
  MONTH TO DATE    0             2     -2        6
  SINCE JUN 1     12            65    -53       84
  SINCE JUL 1      0             2     -2        6

 COOLING
  YESTERDAY        7             7      0        0
  MONTH TO DATE   14            14      0        0
  SINCE JUN 1    124           137    -13       56
  SINCE JAN 1    130           164    -34       96
......................................................


WIND (MPH)
  HIGHEST WIND SPEED    23   HIGHEST WIND DIRECTION     N (360)
  HIGHEST GUST SPEED    27   HIGHEST GUST DIRECTION     N (360)
  AVERAGE WIND SPEED     8.1


SKY COVER
  AVERAGE SKY COVER 0.3


WEATHER CONDITIONS
 THE FOLLOWING WEATHER WAS RECORDED YESTERDAY.
  LIGHT RAIN
  FOG
  HAZE


RELATIVE HUMIDITY (PERCENT)
 HIGHEST   100           400 AM
 LOWEST     46           300 PM
 AVERAGE    73

..........................................................




SUNRISE AND SUNSET
JULY  3 2015..........SUNRISE   508 AM MDT   SUNSET   833 PM MDT
JULY  4 2015..........SUNRISE   509 AM MDT   SUNSET   832 PM MDT


-  INDICATES NEGATIVE NUMBERS.
R  INDICATES RECORD WAS SET OR TIED.
MM INDICATES DATA IS MISSING.
T  INDICATES TRACE AMOUNT.




$$
