000
CDUS45 KPSR 250804
CLIPHX

CLIMATE REPORT
NATIONAL WEATHER SERVICE PHOENIX AZ
101 AM MST FRI JUL 25 2014


...................................

...THE PHOENIX AZ CLIMATE SUMMARY FOR JULY 24 2014...

CLIMATE NORMAL PERIOD 1981 TO 2010
CLIMATE RECORD PERIOD 1895 TO 2014


WEATHER ITEM   OBSERVED TIME   RECORD YEAR NORMAL DEPARTURE LAST
                VALUE   (LST)  VALUE       VALUE  FROM      YEAR
                                                  NORMAL
..................................................................
TEMPERATURE (F)
 YESTERDAY
  MAXIMUM        116R   343 PM 114    2006 106     10      107
                                      2001
                                      1931
  MINIMUM         93    423 AM  68    1913  84      9       88
  AVERAGE        105                        95     10       98

PRECIPITATION (IN)
  YESTERDAY        T             1.66 1992   0.04  -0.04     0.04
  MONTH TO DATE    0.06                      0.75  -0.69     1.02
  SINCE OCT 1      3.87                      6.09  -2.22     4.55
  SINCE JAN 1      1.05                      3.98  -2.93     3.63

SNOWFALL (IN)
  YESTERDAY        0.0
  MONTH TO DATE    0.0
  SINCE JAN 1      0.0
  SINCE JUL 1      0.0
  SNOW DEPTH       0

DEGREE DAYS
 HEATING
  YESTERDAY        0                         0      0        0
  MONTH TO DATE    0                         0      0        0
  SINCE JUN 1      0                         0      0        0
  SINCE JUL 1      0                         0      0        0

 COOLING
  YESTERDAY       40                        30     10       33
  MONTH TO DATE  754                       717     37      744
  SINCE JUN 1   1609                      1491    118     1646
  SINCE JAN 1   2684                      2377    307     2744
..................................................................


WIND (MPH)
  HIGHEST WIND SPEED    21   HIGHEST WIND DIRECTION     S (190)
  HIGHEST GUST SPEED    26   HIGHEST GUST DIRECTION     S (190)
  AVERAGE WIND SPEED     9.5


SKY COVER
  AVERAGE SKY COVER 0.6


WEATHER CONDITIONS
 THE FOLLOWING WEATHER WAS RECORDED YESTERDAY.
  LIGHT RAIN


RELATIVE HUMIDITY (PERCENT)
 HIGHEST    39           300 AM
 LOWEST      8           600 PM
 AVERAGE    24

..........................................................


THE PHOENIX AZ CLIMATE NORMALS FOR TODAY
                         NORMAL    RECORD    YEAR
 MAXIMUM TEMPERATURE (F)  106       115      1943
 MINIMUM TEMPERATURE (F)   84        67      1897


SUNRISE AND SUNSET
JULY 25 2014..........SUNRISE   536 AM MST   SUNSET   733 PM MST
JULY 26 2014..........SUNRISE   537 AM MST   SUNSET   732 PM MST


-  INDICATES NEGATIVE NUMBERS.
R  INDICATES RECORD WAS SET OR TIED.
MM INDICATES DATA IS MISSING.
T  INDICATES TRACE AMOUNT.

&&
.....................................................................

DEW POINT
  HIGHEST DEW POINT    65
   LOWEST DEW POINT    39
  AVERAGE DEW POINT    54
.....................................................................

$$
