000
CDUS45 KPSR 120827
CLIPHX

CLIMATE REPORT
NATIONAL WEATHER SERVICE PHOENIX AZ
126 AM MST SAT JUL 12 2014


...................................

...THE PHOENIX AZ CLIMATE SUMMARY FOR JULY 11 2014...

CLIMATE NORMAL PERIOD 1981 TO 2010
CLIMATE RECORD PERIOD 1895 TO 2014


WEATHER ITEM   OBSERVED TIME   RECORD YEAR NORMAL DEPARTURE LAST
                VALUE   (LST)  VALUE       VALUE  FROM      YEAR
                                                  NORMAL
..................................................................
TEMPERATURE (F)
 YESTERDAY
  MAXIMUM        107    244 PM 118    1958 107      0       97
  MINIMUM         88    600 AM  68    1944  84      4       82
                                      1937
  AVERAGE         98                        95      3       90

PRECIPITATION (IN)
  YESTERDAY        0.00          0.48 1992   0.03  -0.03      T
  MONTH TO DATE    0.01                      0.24  -0.23      T
  SINCE OCT 1      3.82                      5.58  -1.76     3.53
  SINCE JAN 1      1.00                      3.47  -2.47     2.61

SNOWFALL (IN)
  YESTERDAY        0.0
  MONTH TO DATE    0.0
  SINCE JAN 1      0.0
  SINCE JUL 1      0.0
  SNOW DEPTH       0

DEGREE DAYS
 HEATING
  YESTERDAY        0                         0      0        0
  MONTH TO DATE    0                         0      0        0
  SINCE JUN 1      0                         0      0        0
  SINCE JUL 1      0                         0      0        0

 COOLING
  YESTERDAY       33                        30      3       25
  MONTH TO DATE  334                       327      7      367
  SINCE JUN 1   1189                      1101     88     1269
  SINCE JAN 1   2264                      1987    277     2367
..................................................................


WIND (MPH)
  HIGHEST WIND SPEED    21   HIGHEST WIND DIRECTION     W (270)
  HIGHEST GUST SPEED    25   HIGHEST GUST DIRECTION     W (290)
  AVERAGE WIND SPEED     7.7


SKY COVER
  AVERAGE SKY COVER 0.5


WEATHER CONDITIONS
 THE FOLLOWING WEATHER WAS RECORDED YESTERDAY.
  NO SIGNIFICANT WEATHER WAS OBSERVED.


RELATIVE HUMIDITY (PERCENT)
 HIGHEST    46           600 AM
 LOWEST     13          1100 PM
 AVERAGE    30

..........................................................


THE PHOENIX AZ CLIMATE NORMALS FOR TODAY
                         NORMAL    RECORD    YEAR
 MAXIMUM TEMPERATURE (F)  107       115      2009
                                             2005
 MINIMUM TEMPERATURE (F)   84        69      1944
                                             1920


SUNRISE AND SUNSET
JULY 12 2014..........SUNRISE   528 AM MST   SUNSET   740 PM MST
JULY 13 2014..........SUNRISE   528 AM MST   SUNSET   739 PM MST


-  INDICATES NEGATIVE NUMBERS.
R  INDICATES RECORD WAS SET OR TIED.
MM INDICATES DATA IS MISSING.
T  INDICATES TRACE AMOUNT.

&&
.....................................................................

DEW POINT
  HIGHEST DEW POINT    64
   LOWEST DEW POINT    39
  AVERAGE DEW POINT    53
.....................................................................

$$
