000
CDUS45 KPSR 280854
CLIPHX

CLIMATE REPORT
NATIONAL WEATHER SERVICE PHOENIX AZ
152 AM MST FRI AUG 28 2015


...................................

...THE PHOENIX AZ CLIMATE SUMMARY FOR AUGUST 27 2015...

CLIMATE NORMAL PERIOD 1981 TO 2010
CLIMATE RECORD PERIOD 1895 TO 2015


WEATHER ITEM   OBSERVED TIME   RECORD YEAR NORMAL DEPARTURE LAST
                VALUE   (LST)  VALUE       VALUE  FROM      YEAR
                                                  NORMAL
..................................................................
TEMPERATURE (F)
 YESTERDAY
  MAXIMUM        108    335 PM 113    2009 104      4      103
                                      1981
  MINIMUM         82    454 PM  64    1920  82      0       83
  AVERAGE         95                        93      2       93

PRECIPITATION (IN)
  YESTERDAY        0.15          2.43 1951   0.03   0.12     0.00
  MONTH TO DATE    0.79                      0.89  -0.10     1.17
  SINCE OCT 1      5.71                      7.28  -1.57     5.04
  SINCE JAN 1      4.67                      5.17  -0.50     2.22

SNOWFALL (IN)
  YESTERDAY        0.0
  MONTH TO DATE    0.0
  SINCE JAN 1      0.0
  SINCE JUL 1      0.0
  SNOW DEPTH       0

DEGREE DAYS
 HEATING
  YESTERDAY        0                         0      0        0
  MONTH TO DATE    0                         0      0        0
  SINCE JUN 1      0                         0      0        0
  SINCE JUL 1      0                         0      0        0

 COOLING
  YESTERDAY       30                        28      2       28
  MONTH TO DATE  870                       774     96      707
  SINCE JUN 1   2672                      2472    200     2546
  SINCE JAN 1   3697                      3358    339     3621
..................................................................


WIND (MPH)
  HIGHEST WIND SPEED    39   HIGHEST WIND DIRECTION     E (70)
  HIGHEST GUST SPEED    52   HIGHEST GUST DIRECTION    NE (60)
  AVERAGE WIND SPEED     6.9


SKY COVER
  AVERAGE SKY COVER 0.5


WEATHER CONDITIONS
 THE FOLLOWING WEATHER WAS RECORDED YESTERDAY.
  THUNDERSTORM
  HEAVY RAIN
  RAIN
  LIGHT RAIN


RELATIVE HUMIDITY (PERCENT)
 HIGHEST    65          1100 PM
 LOWEST     18           300 PM
 AVERAGE    42

..........................................................


THE PHOENIX AZ CLIMATE NORMALS FOR TODAY
                         NORMAL    RECORD    YEAR
 MAXIMUM TEMPERATURE (F)  104       113      2009
                                             2005
                                             1998
 MINIMUM TEMPERATURE (F)   82        64      2008
                                             1920


SUNRISE AND SUNSET
AUGUST 28 2015........SUNRISE   559 AM MST   SUNSET   659 PM MST
AUGUST 29 2015........SUNRISE   600 AM MST   SUNSET   657 PM MST


-  INDICATES NEGATIVE NUMBERS.
R  INDICATES RECORD WAS SET OR TIED.
MM INDICATES DATA IS MISSING.
T  INDICATES TRACE AMOUNT.

&&
.....................................................................

DEW POINT
  HIGHEST DEW POINT    74
   LOWEST DEW POINT    55
  AVERAGE DEW POINT    64
.....................................................................

$$
