000
CDUS45 KPSR 250817
CLIPHX

CLIMATE REPORT
NATIONAL WEATHER SERVICE PHOENIX AZ
116 AM MST MON JUL 25 2016


...................................

...THE PHOENIX AZ CLIMATE SUMMARY FOR JULY 24 2016...

CLIMATE NORMAL PERIOD 1981 TO 2010
CLIMATE RECORD PERIOD 1895 TO 2016


WEATHER ITEM   OBSERVED TIME   RECORD YEAR NORMAL DEPARTURE LAST
                VALUE   (LST)  VALUE       VALUE  FROM      YEAR
                                                  NORMAL
..................................................................
TEMPERATURE (F)
 YESTERDAY
  MAXIMUM        107    558 PM 116    2014 106      1      104
  MINIMUM         90    640 AM  68    1913  84      6       87
  AVERAGE         99                        95      4       96

PRECIPITATION (IN)
  YESTERDAY        0.00          1.66 1992   0.04  -0.04     0.00
  MONTH TO DATE    0.36                      0.75  -0.39     0.41
  SINCE OCT 1      3.41                      6.09  -2.68     4.20
  SINCE JAN 1      2.24                      3.98  -1.74     3.16

SNOWFALL (IN)
  YESTERDAY        0.0
  MONTH TO DATE    0.0
  SINCE JAN 1      0.0
  SINCE JUL 1      0.0
  SNOW DEPTH       0

DEGREE DAYS
 HEATING
  YESTERDAY        0                         0      0        0
  MONTH TO DATE    0                         0      0        0
  SINCE JUN 1      0                         0      0        0
  SINCE JUL 1      0                         0      0        0

 COOLING
  YESTERDAY       34                        30      4       31
  MONTH TO DATE  780                       717     63      708
  SINCE JUN 1   1680                      1491    189     1584
  SINCE JAN 1   2687                      2377    310     2609
..................................................................


WIND (MPH)
  HIGHEST WIND SPEED    23   HIGHEST WIND DIRECTION     W (280)
  HIGHEST GUST SPEED    27   HIGHEST GUST DIRECTION     W (280)
  AVERAGE WIND SPEED     9.9


SKY COVER
  AVERAGE SKY COVER 0.5


WEATHER CONDITIONS
 THE FOLLOWING WEATHER WAS RECORDED YESTERDAY.
  NO SIGNIFICANT WEATHER WAS OBSERVED.


RELATIVE HUMIDITY (PERCENT)
 HIGHEST    34           600 AM
 LOWEST     19           300 PM
 AVERAGE    27

..........................................................


THE PHOENIX AZ CLIMATE NORMALS FOR TODAY
                         NORMAL    RECORD    YEAR
 MAXIMUM TEMPERATURE (F)  106       115      1943
 MINIMUM TEMPERATURE (F)   84        67      1897


SUNRISE AND SUNSET
JULY 25 2016..........SUNRISE   536 AM MST   SUNSET   733 PM MST
JULY 26 2016..........SUNRISE   537 AM MST   SUNSET   732 PM MST


-  INDICATES NEGATIVE NUMBERS.
R  INDICATES RECORD WAS SET OR TIED.
MM INDICATES DATA IS MISSING.
T  INDICATES TRACE AMOUNT.

&&
.....................................................................

DEW POINT
  HIGHEST DEW POINT    64
   LOWEST DEW POINT    56
  AVERAGE DEW POINT    58
.....................................................................

$$
