000
CDUS45 KPSR 230031
CLIPHX

CLIMATE REPORT
NATIONAL WEATHER SERVICE PHOENIX AZ
527 PM MST MON MAY 22 2017


...................................

...THE PHOENIX AZ CLIMATE SUMMARY FOR MAY 22 2017...
VALID TODAY AS OF 0500 PM LOCAL TIME.

CLIMATE NORMAL PERIOD 1981 TO 2010
CLIMATE RECORD PERIOD 1895 TO 2017


WEATHER ITEM   OBSERVED TIME   RECORD YEAR NORMAL DEPARTURE LAST
                VALUE   (LST)  VALUE       VALUE  FROM      YEAR
                                                  NORMAL
..................................................................
TEMPERATURE (F)
 TODAY
  MAXIMUM        104    348 PM 109    2005  97      7       89
                                      2000
  MINIMUM         73    424 AM  48    1962  71      2       68
  AVERAGE         89                        84      5       79

PRECIPITATION (IN)
  TODAY            0.00          0.28 2008   0.00   0.00     0.00
  MONTH TO DATE    0.01                      0.08  -0.07     0.05
  SINCE OCT 1      4.24                      5.29  -1.05     3.04
  SINCE JAN 1      2.41                      3.18  -0.77     1.87

SNOWFALL (IN)
  TODAY            0.0
  MONTH TO DATE    0.0
  SINCE JAN 1      0.0
  SINCE JUL 1      0.0
  SNOW DEPTH       0

DEGREE DAYS
 HEATING
  TODAY            0                         0      0        0
  MONTH TO DATE    0                         0      0        0
  SINCE MAR 1     25                       101    -76       16
  SINCE JUL 1    693                       934   -241      829

 COOLING
  TODAY           24                        19      5       14
  MONTH TO DATE  319                       348    -29      328
  SINCE MAR 1    843                       686    157      753
  SINCE JAN 1    863                       703    160      866
..................................................................


WIND (MPH)
  HIGHEST WIND SPEED    18   HIGHEST WIND DIRECTION    NW (300)
  HIGHEST GUST SPEED    23   HIGHEST GUST DIRECTION    NW (310)
  AVERAGE WIND SPEED     5.3


SKY COVER
  AVERAGE SKY COVER 0.1


WEATHER CONDITIONS
 THE FOLLOWING WEATHER WAS RECORDED TODAY.
  HAZE


RELATIVE HUMIDITY (PERCENT)
 HIGHEST    23           400 AM
 LOWEST      6           300 PM
 AVERAGE    15

..........................................................


THE PHOENIX AZ CLIMATE NORMALS FOR TOMORROW
                         NORMAL    RECORD    YEAR
 MAXIMUM TEMPERATURE (F)   97       109      2001
 MINIMUM TEMPERATURE (F)   71        49      1965
                                             1927


SUNRISE AND SUNSET
MAY 22 2017...........SUNRISE   523 AM MST   SUNSET   727 PM MST
MAY 23 2017...........SUNRISE   523 AM MST   SUNSET   727 PM MST


-  INDICATES NEGATIVE NUMBERS.
R  INDICATES RECORD WAS SET OR TIED.
MM INDICATES DATA IS MISSING.
T  INDICATES TRACE AMOUNT.

$$
