000
CDUS45 KPSR 230820
CLIPHX

CLIMATE REPORT
NATIONAL WEATHER SERVICE PHOENIX AZ
119 AM MST SAT MAY 23 2015


...................................

...THE PHOENIX AZ CLIMATE SUMMARY FOR MAY 22 2015...

CLIMATE NORMAL PERIOD 1981 TO 2010
CLIMATE RECORD PERIOD 1895 TO 2015


WEATHER ITEM   OBSERVED TIME   RECORD YEAR NORMAL DEPARTURE LAST
                VALUE   (LST)  VALUE       VALUE  FROM      YEAR
                                                  NORMAL
..................................................................
TEMPERATURE (F)
 YESTERDAY
  MAXIMUM         82    116 PM 109    2005  97    -15       92
                                      2000
  MINIMUM         66    534 AM  48    1962  71     -5       66
  AVERAGE         74                        84    -10       79

PRECIPITATION (IN)
  YESTERDAY        0.00          0.28 2008   0.00   0.00     0.00
  MONTH TO DATE    1.17                      0.08   1.09     0.00
  SINCE OCT 1      3.54                      5.29  -1.75     3.81
  SINCE JAN 1      2.50                      3.18  -0.68     0.99

SNOWFALL (IN)
  YESTERDAY        0.0
  MONTH TO DATE    0.0
  SINCE JAN 1      0.0
  SINCE JUL 1      0.0
  SNOW DEPTH       0

DEGREE DAYS
 HEATING
  YESTERDAY        0                         0      0        0
  MONTH TO DATE    0                         0      0        0
  SINCE MAR 1     25                       101    -76       12
  SINCE JUL 1    520                       934   -414      546

 COOLING
  YESTERDAY        9                        19    -10       14
  MONTH TO DATE  265                       348    -83      354
  SINCE MAR 1    807                       686    121      797
  SINCE JAN 1    855                       703    152      859
..................................................................


WIND (MPH)
  HIGHEST WIND SPEED    24   HIGHEST WIND DIRECTION     W (270)
  HIGHEST GUST SPEED    30   HIGHEST GUST DIRECTION    SW (220)
  AVERAGE WIND SPEED    10.0


SKY COVER
  AVERAGE SKY COVER 0.5


WEATHER CONDITIONS
 THE FOLLOWING WEATHER WAS RECORDED YESTERDAY.
  NO SIGNIFICANT WEATHER WAS OBSERVED.


RELATIVE HUMIDITY (PERCENT)
 HIGHEST    37           600 AM
 LOWEST     19           600 PM
 AVERAGE    28

..........................................................


THE PHOENIX AZ CLIMATE NORMALS FOR TODAY
                         NORMAL    RECORD    YEAR
 MAXIMUM TEMPERATURE (F)   97       109      2001
 MINIMUM TEMPERATURE (F)   71        49      1965
                                             1927


SUNRISE AND SUNSET
MAY 23 2015...........SUNRISE   523 AM MST   SUNSET   727 PM MST
MAY 24 2015...........SUNRISE   522 AM MST   SUNSET   728 PM MST


-  INDICATES NEGATIVE NUMBERS.
R  INDICATES RECORD WAS SET OR TIED.
MM INDICATES DATA IS MISSING.
T  INDICATES TRACE AMOUNT.

&&
.....................................................................

DEW POINT
  HIGHEST DEW POINT    41
   LOWEST DEW POINT    32
  AVERAGE DEW POINT    37
.....................................................................

$$
