000
CDUS45 KPSR 290012
CLIPHX

CLIMATE REPORT
NATIONAL WEATHER SERVICE PHOENIX AZ
511 PM MST WED SEP 28 2016


...................................

...THE PHOENIX AZ CLIMATE SUMMARY FOR SEPTEMBER 28 2016...
VALID TODAY AS OF 0500 PM LOCAL TIME.

CLIMATE NORMAL PERIOD 1981 TO 2010
CLIMATE RECORD PERIOD 1895 TO 2016


WEATHER ITEM   OBSERVED TIME   RECORD YEAR NORMAL DEPARTURE LAST
                VALUE   (LST)  VALUE       VALUE  FROM      YEAR
                                                  NORMAL
..................................................................
TEMPERATURE (F)
 TODAY
  MAXIMUM         96    437 PM 108    1992  96      0      104
  MINIMUM         70    308 AM  50    1923  72     -2       80
  AVERAGE         83                        84     -1       92

PRECIPITATION (IN)
  TODAY            T             1.31 1903   0.02  -0.02     0.00
  MONTH TO DATE    0.30                      0.60  -0.30     0.81
  SINCE OCT 1      5.51                      7.99  -2.48     7.02
  SINCE JAN 1      4.34                      5.88  -1.54     5.98

SNOWFALL (IN)
  TODAY            0.0
  MONTH TO DATE    0.0
  SINCE JAN 1      0.0
  SINCE JUL 1      0.0
  SNOW DEPTH       0

DEGREE DAYS
 HEATING
  TODAY            0                         0      0        0
  MONTH TO DATE    0                         0      0        0
  SINCE SEP 1      0                         0      0        0
  SINCE JUL 1      0                         0      0        0

 COOLING
  TODAY           18                        19     -1       27
  MONTH TO DATE  616                       665    -49      699
  SINCE SEP 1    616                       665    -49      699
  SINCE JAN 1   4368                      4134    234     4515
..................................................................


WIND (MPH)
  HIGHEST WIND SPEED    15   HIGHEST WIND DIRECTION     S (180)
  HIGHEST GUST SPEED    22   HIGHEST GUST DIRECTION    SE (150)
  AVERAGE WIND SPEED     5.5


SKY COVER
  AVERAGE SKY COVER 0.7


WEATHER CONDITIONS
 THE FOLLOWING WEATHER WAS RECORDED TODAY.
  NO SIGNIFICANT WEATHER WAS OBSERVED.


RELATIVE HUMIDITY (PERCENT)
 HIGHEST    57           700 AM
 LOWEST     24           400 PM
 AVERAGE    41

..........................................................


THE PHOENIX AZ CLIMATE NORMALS FOR TOMORROW
                         NORMAL    RECORD    YEAR
 MAXIMUM TEMPERATURE (F)   95       107      2003
                                             2001
 MINIMUM TEMPERATURE (F)   72        52      1923


SUNRISE AND SUNSET
SEPTEMBER 28 2016.....SUNRISE   621 AM MST   SUNSET   616 PM MST
SEPTEMBER 29 2016.....SUNRISE   621 AM MST   SUNSET   614 PM MST


-  INDICATES NEGATIVE NUMBERS.
R  INDICATES RECORD WAS SET OR TIED.
MM INDICATES DATA IS MISSING.
T  INDICATES TRACE AMOUNT.

$$
