000
CDUS45 KPSR 230842
CLIPHX

CLIMATE REPORT
NATIONAL WEATHER SERVICE PHOENIX AZ
142 AM MST SAT AUG 23 2014


...................................

...THE PHOENIX AZ CLIMATE SUMMARY FOR AUGUST 22 2014...

CLIMATE NORMAL PERIOD 1981 TO 2010
CLIMATE RECORD PERIOD 1895 TO 2014


WEATHER ITEM   OBSERVED TIME   RECORD YEAR NORMAL DEPARTURE LAST
                VALUE   (LST)  VALUE       VALUE  FROM      YEAR
                                                  NORMAL
..................................................................
TEMPERATURE (F)
 YESTERDAY
  MAXIMUM         93    455 PM 113    2011 104    -11      106
  MINIMUM         72    610 AM  65    1917  82    -10       88
  AVERAGE         83                        93    -10       97

PRECIPITATION (IN)
  YESTERDAY        0.00          0.50 1992   0.03  -0.03     0.00
  MONTH TO DATE    1.17                      0.73   0.44     0.01
  SINCE OCT 1      5.04                      7.12  -2.08     5.31
  SINCE JAN 1      2.22                      5.01  -2.79     4.39

SNOWFALL (IN)
  YESTERDAY        0.0
  MONTH TO DATE    0.0
  SINCE JAN 1      0.0
  SINCE JUL 1      0.0
  SNOW DEPTH       0

DEGREE DAYS
 HEATING
  YESTERDAY        0                         0      0        0
  MONTH TO DATE    0                         0      0        0
  SINCE JUN 1      0                         0      0        0
  SINCE JUL 1      0                         0      0        0

 COOLING
  YESTERDAY       18                        28    -10       32
  MONTH TO DATE  579                       634    -55      693
  SINCE JUN 1   2418                      2332     86     2554
  SINCE JAN 1   3493                      3218    275     3652
..................................................................


WIND (MPH)
  HIGHEST WIND SPEED    13   HIGHEST WIND DIRECTION    SW (240)
  HIGHEST GUST SPEED    17   HIGHEST GUST DIRECTION     W (270)
  AVERAGE WIND SPEED     3.6


SKY COVER
  AVERAGE SKY COVER 0.4


WEATHER CONDITIONS
 THE FOLLOWING WEATHER WAS RECORDED YESTERDAY.
  NO SIGNIFICANT WEATHER WAS OBSERVED.


RELATIVE HUMIDITY (PERCENT)
 HIGHEST    84           600 AM
 LOWEST     34           500 PM
 AVERAGE    59

..........................................................


THE PHOENIX AZ CLIMATE NORMALS FOR TODAY
                         NORMAL    RECORD    YEAR
 MAXIMUM TEMPERATURE (F)  104       114      2011
 MINIMUM TEMPERATURE (F)   82        61      1968


SUNRISE AND SUNSET
AUGUST 23 2014........SUNRISE   556 AM MST   SUNSET   705 PM MST
AUGUST 24 2014........SUNRISE   557 AM MST   SUNSET   703 PM MST


-  INDICATES NEGATIVE NUMBERS.
R  INDICATES RECORD WAS SET OR TIED.
MM INDICATES DATA IS MISSING.
T  INDICATES TRACE AMOUNT.

&&
.....................................................................

DEW POINT
  HIGHEST DEW POINT    67
   LOWEST DEW POINT    57
  AVERAGE DEW POINT    63
.....................................................................

$$
