000
CDUS45 KPSR 260816
CLIPHX

CLIMATE REPORT
NATIONAL WEATHER SERVICE PHOENIX AZ
116 AM MST SUN FEB 26 2017


...................................

...THE PHOENIX AZ CLIMATE SUMMARY FOR FEBRUARY 25 2017...

CLIMATE NORMAL PERIOD 1981 TO 2010
CLIMATE RECORD PERIOD 1895 TO 2017


WEATHER ITEM   OBSERVED TIME   RECORD YEAR NORMAL DEPARTURE LAST
                VALUE   (LST)  VALUE       VALUE  FROM      YEAR
                                                  NORMAL
..................................................................
TEMPERATURE (F)
 YESTERDAY
  MAXIMUM         67    346 PM  92    1921  72     -5       84
  MINIMUM         42    714 AM  29    1960  50     -8       52
  AVERAGE         55                        61     -6       68

PRECIPITATION (IN)
  YESTERDAY        0.00          0.81 1913   0.04  -0.04     0.00
  MONTH TO DATE    0.84                      0.81   0.03     0.00
  SINCE OCT 1      3.77                      3.83  -0.06     2.48
  SINCE JAN 1      1.94                      1.72   0.22     1.31

SNOWFALL (IN)
  YESTERDAY        0.0
  MONTH TO DATE    0.0
  SINCE JAN 1      0.0
  SINCE JUL 1      0.0
  SNOW DEPTH       0

DEGREE DAYS
 HEATING
  YESTERDAY       10                         5      5        0
  MONTH TO DATE   82                       150    -68       86
  SINCE DEC 1    592                       717   -125      692
  SINCE JUL 1    650                       820   -170      813

 COOLING
  YESTERDAY        0                         1     -1        3
  MONTH TO DATE   20                         8     12       81
  SINCE DEC 1     21                        11     10       81
  SINCE JAN 1     20                        10     10       81
..................................................................


WIND (MPH)
  HIGHEST WIND SPEED    10   HIGHEST WIND DIRECTION     E (100)
  HIGHEST GUST SPEED    13   HIGHEST GUST DIRECTION    NW (330)
  AVERAGE WIND SPEED     4.7


SKY COVER
  AVERAGE SKY COVER 0.4


WEATHER CONDITIONS
 THE FOLLOWING WEATHER WAS RECORDED YESTERDAY.
  NO SIGNIFICANT WEATHER WAS OBSERVED.


RELATIVE HUMIDITY (PERCENT)
 HIGHEST    62           600 AM
 LOWEST     16           400 PM
 AVERAGE    39

..........................................................


THE PHOENIX AZ CLIMATE NORMALS FOR TODAY
                         NORMAL    RECORD    YEAR
 MAXIMUM TEMPERATURE (F)   73        91      1986
 MINIMUM TEMPERATURE (F)   51        33      1919
                                             1912


SUNRISE AND SUNSET
FEBRUARY 26 2017......SUNRISE   659 AM MST   SUNSET   623 PM MST
FEBRUARY 27 2017......SUNRISE   658 AM MST   SUNSET   623 PM MST


-  INDICATES NEGATIVE NUMBERS.
R  INDICATES RECORD WAS SET OR TIED.
MM INDICATES DATA IS MISSING.
T  INDICATES TRACE AMOUNT.

&&
.....................................................................

DEW POINT
  HIGHEST DEW POINT    33
   LOWEST DEW POINT    18
  AVERAGE DEW POINT    27
.....................................................................

$$
