261
CDUS45 KPSR 290827
CLIPHX

CLIMATE REPORT
NATIONAL WEATHER SERVICE PHOENIX AZ
125 AM MST WED MAR 29 2017


...................................

...THE PHOENIX AZ CLIMATE SUMMARY FOR MARCH 28 2017...

CLIMATE NORMAL PERIOD 1981 TO 2010
CLIMATE RECORD PERIOD 1895 TO 2017


WEATHER ITEM   OBSERVED TIME   RECORD YEAR NORMAL DEPARTURE LAST
                VALUE   (LST)  VALUE       VALUE  FROM      YEAR
                                                  NORMAL
..................................................................
TEMPERATURE (F)
 YESTERDAY
  MAXIMUM         79    456 PM  95    2015  80     -1       84
                                      1986
  MINIMUM         57    646 AM  34    1898  56      1       61
  AVERAGE         68                        68      0       73

PRECIPITATION (IN)
  YESTERDAY        T             0.91 1926   0.02  -0.02     0.00
  MONTH TO DATE    0.06                      0.93  -0.87     0.00
  SINCE OCT 1      4.23                      4.87  -0.64     2.48
  SINCE JAN 1      2.40                      2.76  -0.36     1.31

SNOWFALL (IN)
  YESTERDAY        0.0
  MONTH TO DATE    0.0
  SINCE JAN 1      0.0
  SINCE JUL 1      0.0
  SNOW DEPTH       0

DEGREE DAYS
 HEATING
  YESTERDAY        0                         2     -2        0
  MONTH TO DATE   21                        78    -57        7
  SINCE MAR 1     21                        78    -57        7
  SINCE JUL 1    689                       911   -222      820

 COOLING
  YESTERDAY        3                         4     -1        8
  MONTH TO DATE  190                        73    117      165
  SINCE MAR 1    190                        73    117      165
  SINCE JAN 1    210                        90    120      278
..................................................................


WIND (MPH)
  HIGHEST WIND SPEED    22   HIGHEST WIND DIRECTION     W (270)
  HIGHEST GUST SPEED    26   HIGHEST GUST DIRECTION     W (270)
  AVERAGE WIND SPEED    10.9


SKY COVER
  AVERAGE SKY COVER 0.3


WEATHER CONDITIONS
 THE FOLLOWING WEATHER WAS RECORDED YESTERDAY.
  THUNDERSTORM
  LIGHT RAIN


RELATIVE HUMIDITY (PERCENT)
 HIGHEST    53           400 AM
 LOWEST     19           400 PM
 AVERAGE    36

..........................................................


THE PHOENIX AZ CLIMATE NORMALS FOR TODAY
                         NORMAL    RECORD    YEAR
 MAXIMUM TEMPERATURE (F)   80        97      2015
 MINIMUM TEMPERATURE (F)   56        36      1907


SUNRISE AND SUNSET
MARCH 29 2017.........SUNRISE   619 AM MST   SUNSET   647 PM MST
MARCH 30 2017.........SUNRISE   618 AM MST   SUNSET   647 PM MST


-  INDICATES NEGATIVE NUMBERS.
R  INDICATES RECORD WAS SET OR TIED.
MM INDICATES DATA IS MISSING.
T  INDICATES TRACE AMOUNT.

&&
.....................................................................

DEW POINT
  HIGHEST DEW POINT    42
   LOWEST DEW POINT    26
  AVERAGE DEW POINT    33
.....................................................................

$$
