000
CDUS43 KILX 210642
CLIPIA


CLIMATE REPORT
NATIONAL WEATHER SERVICE LINCOLN IL
138 AM CDT MON AUG 21 2017


...................................

...THE PEORIA IL CLIMATE SUMMARY FOR AUGUST 20 2017...

CLIMATE NORMAL PERIOD 1981 TO 2010
CLIMATE RECORD PERIOD 1883 TO 2017


WEATHER ITEM   OBSERVED TIME   RECORD YEAR NORMAL DEPARTURE LAST
                VALUE   (LST)  VALUE       VALUE  FROM      YEAR
                                                  NORMAL
..................................................................
TEMPERATURE (F)
 YESTERDAY
  MAXIMUM         88    240 PM 102    1983  84      4       80
  MINIMUM         68    528 AM  43    1950  64      4       63
  AVERAGE         78                        74      4       72

PRECIPITATION (IN)
  YESTERDAY        T             2.27 1990   0.10  -0.10     0.61
  MONTH TO DATE    0.13                      2.07  -1.94     3.55
  SINCE JUN 1      6.38                      9.45  -3.07    12.00
  SINCE JAN 1     24.87                     23.78   1.09    21.11

SNOWFALL (IN)
  YESTERDAY        0.0           0.0    MM   0.0    0.0      0.0
  MONTH TO DATE    0.0                       0.0    0.0      0.0
  SINCE JUN 1      0.0                       0.0    0.0      0.0
  SINCE JUL 1      0.0                       0.0    0.0      0.0
  SNOW DEPTH       0

DEGREE DAYS
 HEATING
  YESTERDAY        0                         0      0        0
  MONTH TO DATE    0                         0      0        0
  SINCE JUN 1      6                        19    -13        4
  SINCE JUL 1      0                         1     -1        4

 COOLING
  YESTERDAY       13                         9      4        7
  MONTH TO DATE  157                       189    -32      254
  SINCE JUN 1    789                       739     50      945
  SINCE JAN 1    870                       820     50     1051
..................................................................


WIND (MPH)
  HIGHEST WIND SPEED    16   HIGHEST WIND DIRECTION    SE (120)
  HIGHEST GUST SPEED    22   HIGHEST GUST DIRECTION     E (110)
  AVERAGE WIND SPEED     4.9


SKY COVER
  POSSIBLE SUNSHINE  MM
  AVERAGE SKY COVER 0.1


WEATHER CONDITIONS
 THE FOLLOWING WEATHER WAS RECORDED YESTERDAY.
  NO SIGNIFICANT WEATHER WAS OBSERVED.


RELATIVE HUMIDITY (PERCENT)
 HIGHEST    94           900 PM
 LOWEST     55          1200 PM
 AVERAGE    75

..........................................................


THE PEORIA IL CLIMATE NORMALS FOR TODAY
                         NORMAL    RECORD    YEAR
 MAXIMUM TEMPERATURE (F)   84        99      1983
                                             1936
 MINIMUM TEMPERATURE (F)   64        45      1950


SUNRISE AND SUNSET
AUGUST 21 2017........SUNRISE   615 AM CDT   SUNSET   748 PM CDT
AUGUST 22 2017........SUNRISE   616 AM CDT   SUNSET   746 PM CDT


-  INDICATES NEGATIVE NUMBERS.
R  INDICATES RECORD WAS SET OR TIED.
MM INDICATES DATA IS MISSING.
T  INDICATES TRACE AMOUNT.




$$
