000
CDUS43 KILX 240648
CLIPIA


CLIMATE REPORT
NATIONAL WEATHER SERVICE LINCOLN IL
1248 AM CST TUE JAN 24 2017


...................................

...THE PEORIA IL CLIMATE SUMMARY FOR JANUARY 23 2017...

CLIMATE NORMAL PERIOD 1981 TO 2010
CLIMATE RECORD PERIOD 1883 TO 2017


WEATHER ITEM   OBSERVED TIME   RECORD YEAR NORMAL DEPARTURE LAST
                VALUE   (LST)  VALUE       VALUE  FROM      YEAR
                                                  NORMAL
..................................................................
TEMPERATURE (F)
 YESTERDAY
  MAXIMUM         43    145 PM  71    1909  33     10       35
  MINIMUM         36   1159 PM -20    1936  17     19       16
  AVERAGE         40                        25     15       26

PRECIPITATION (IN)
  YESTERDAY        0.00          1.94 1938   0.05  -0.05     0.00
  MONTH TO DATE    1.51                      1.37   0.14     0.72
  SINCE DEC 1      2.73                      3.79  -1.06     7.03
  SINCE JAN 1      1.51                      1.37   0.14     0.72

SNOWFALL (IN)
  YESTERDAY        0.0           5.0  1904   0.2   -0.2      0.0
  MONTH TO DATE    0.4                       5.1   -4.7      5.2
  SINCE DEC 1      5.9                      12.2   -6.3      7.7
  SINCE JUL 1      5.9                      13.3   -7.4     12.3
  SNOW DEPTH       0

DEGREE DAYS
 HEATING
  YESTERDAY       25                        40    -15       39
  MONTH TO DATE  802                       920   -118      943
  SINCE DEC 1   1930                      2050   -120     1674
  SINCE JUL 1   2668                      3198   -530     2431

 COOLING
  YESTERDAY        0                         0      0        0
  MONTH TO DATE    0                         0      0        0
  SINCE DEC 1      0                         0      0        0
  SINCE JAN 1      0                         0      0        0
..................................................................


WIND (MPH)
  HIGHEST WIND SPEED    13   HIGHEST WIND DIRECTION     N (350)
  HIGHEST GUST SPEED    20   HIGHEST GUST DIRECTION     N (350)
  AVERAGE WIND SPEED     7.1


SKY COVER
  POSSIBLE SUNSHINE  MM
  AVERAGE SKY COVER 1.0


WEATHER CONDITIONS
 THE FOLLOWING WEATHER WAS RECORDED YESTERDAY.
  FOG


RELATIVE HUMIDITY (PERCENT)
 HIGHEST    92           100 AM
 LOWEST     76           100 PM
 AVERAGE    84

..........................................................


THE PEORIA IL CLIMATE NORMALS FOR TODAY
                         NORMAL    RECORD    YEAR
 MAXIMUM TEMPERATURE (F)   33        68      1950
 MINIMUM TEMPERATURE (F)   17       -13      1915


SUNRISE AND SUNSET
JANUARY 24 2017.......SUNRISE   715 AM CST   SUNSET   507 PM CST
JANUARY 25 2017.......SUNRISE   714 AM CST   SUNSET   508 PM CST


-  INDICATES NEGATIVE NUMBERS.
R  INDICATES RECORD WAS SET OR TIED.
MM INDICATES DATA IS MISSING.
T  INDICATES TRACE AMOUNT.




$$
