000
CDUS43 KILX 011526
CLIPIA


CLIMATE REPORT
NATIONAL WEATHER SERVICE LINCOLN IL
1025 AM CDT SAT AUG 1 2015


...................................

...THE PEORIA IL CLIMATE SUMMARY FOR JULY 31 2015...

CLIMATE NORMAL PERIOD 1981 TO 2010
CLIMATE RECORD PERIOD 1883 TO 2015


WEATHER ITEM   OBSERVED TIME   RECORD YEAR NORMAL DEPARTURE LAST
                VALUE   (LST)  VALUE       VALUE  FROM      YEAR
                                                  NORMAL
..................................................................
TEMPERATURE (F)
 YESTERDAY
  MAXIMUM         90    256 PM 102    1988  85      5       85
                                      1890
  MINIMUM         70    548 AM  47    1971  65      5       60
  AVERAGE         80                        75      5       73

PRECIPITATION (IN)
  YESTERDAY        0.00          1.81 1970   0.12  -0.12     0.00
  MONTH TO DATE    5.84                      3.85   1.99     1.49
  SINCE JUN 1     17.44                      7.38  10.06    11.16
  SINCE JAN 1     30.21                     21.71   8.50    23.14

SNOWFALL (IN)
  YESTERDAY        0.0           0.0    MM   0.0    0.0      0.0
  MONTH TO DATE    0.0                       0.0    0.0      0.0
  SINCE JUN 1      0.0                       0.0    0.0      0.0
  SINCE JUL 1      0.0                       0.0    0.0      0.0
  SNOW DEPTH       0

DEGREE DAYS
 HEATING
  YESTERDAY        0                         0      0        0
  MONTH TO DATE    5                         0      5        2
  SINCE JUN 1     12                        19     -7        2
  SINCE JUL 1      5                         1      4        2

 COOLING
  YESTERDAY       15                        10      5        8
  MONTH TO DATE  368                       328     40      232
  SINCE JUN 1    656                       550    106      524
  SINCE JAN 1    810                       631    179      682
..................................................................


WIND (MPH)
  HIGHEST WIND SPEED    14   HIGHEST WIND DIRECTION    NW (300)
  HIGHEST GUST SPEED    20   HIGHEST GUST DIRECTION     W (270)
  AVERAGE WIND SPEED     5.6


SKY COVER
  POSSIBLE SUNSHINE  MM
  AVERAGE SKY COVER 0.0


WEATHER CONDITIONS
 THE FOLLOWING WEATHER WAS RECORDED YESTERDAY.
  NO SIGNIFICANT WEATHER WAS OBSERVED.


RELATIVE HUMIDITY (PERCENT)
 HIGHEST    79           100 AM
 LOWEST     36           400 PM
 AVERAGE    58

..........................................................


THE PEORIA IL CLIMATE NORMALS FOR TODAY
                         NORMAL    RECORD    YEAR
 MAXIMUM TEMPERATURE (F)   85       101      1988
 MINIMUM TEMPERATURE (F)   65        52      1990
                                             1962
                                             1925


SUNRISE AND SUNSET
AUGUST  1 2015........SUNRISE   555 AM CDT   SUNSET   814 PM CDT
AUGUST  2 2015........SUNRISE   556 AM CDT   SUNSET   813 PM CDT


-  INDICATES NEGATIVE NUMBERS.
R  INDICATES RECORD WAS SET OR TIED.
MM INDICATES DATA IS MISSING.
T  INDICATES TRACE AMOUNT.




$$
