000
CDUS43 KILX 230645
CLIPIA


CLIMATE REPORT
NATIONAL WEATHER SERVICE LINCOLN IL
145 AM CDT THU OCT 23 2014


...................................

...THE PEORIA IL CLIMATE SUMMARY FOR OCTOBER 22 2014...

CLIMATE NORMAL PERIOD 1981 TO 2010
CLIMATE RECORD PERIOD 1883 TO 2014


WEATHER ITEM   OBSERVED TIME   RECORD YEAR NORMAL DEPARTURE LAST
                VALUE   (LST)  VALUE       VALUE  FROM      YEAR
                                                  NORMAL
..................................................................
TEMPERATURE (F)
 YESTERDAY
  MAXIMUM         62    321 PM  84    1927  62      0       43
  MINIMUM         38    655 AM  22    1976  42     -4       30
  AVERAGE         50                        52     -2       37

PRECIPITATION (IN)
  YESTERDAY        0.00          1.89 2009   0.10  -0.10     0.35
  MONTH TO DATE    2.33                      1.96   0.37     2.80
  SINCE SEP 1      7.31                      5.11   2.20     4.65
  SINCE JAN 1     37.39                     30.06   7.33    36.48

SNOWFALL (IN)
  YESTERDAY        0.0           T    1989   0.0    0.0      0.0
                                      1937
                                      1936
  MONTH TO DATE    T                         0.0    0.0      0.0
  SINCE SEP 1      T                         0.0    0.0      0.0
  SINCE JUL 1      T                         0.0    0.0      0.0
  SNOW DEPTH       0

DEGREE DAYS
 HEATING
  YESTERDAY       15                        13      2       28
  MONTH TO DATE  192                       223    -31      176
  SINCE SEP 1    268                       307    -39      203
  SINCE JUL 1    270                       313    -43      208

 COOLING
  YESTERDAY        0                         0      0        0
  MONTH TO DATE    4                        12     -8       40
  SINCE SEP 1    127                       129     -2      232
  SINCE JAN 1   1151                      1036    115     1174
..................................................................


WIND (MPH)
  HIGHEST WIND SPEED    13   HIGHEST WIND DIRECTION     S (180)
  HIGHEST GUST SPEED    17   HIGHEST GUST DIRECTION     S (170)
  AVERAGE WIND SPEED     4.6


SKY COVER
  POSSIBLE SUNSHINE  MM
  AVERAGE SKY COVER 0.0


WEATHER CONDITIONS
 THE FOLLOWING WEATHER WAS RECORDED YESTERDAY.
  FOG
  HAZE


RELATIVE HUMIDITY (PERCENT)
 HIGHEST    92           700 AM
 LOWEST     39           300 PM
 AVERAGE    66

..........................................................


THE PEORIA IL CLIMATE NORMALS FOR TODAY
                         NORMAL    RECORD    YEAR
 MAXIMUM TEMPERATURE (F)   62        84      1899
 MINIMUM TEMPERATURE (F)   42        23      1981


SUNRISE AND SUNSET
OCTOBER 23 2014.......SUNRISE   719 AM CDT   SUNSET   607 PM CDT
OCTOBER 24 2014.......SUNRISE   720 AM CDT   SUNSET   605 PM CDT


-  INDICATES NEGATIVE NUMBERS.
R  INDICATES RECORD WAS SET OR TIED.
MM INDICATES DATA IS MISSING.
T  INDICATES TRACE AMOUNT.




$$
