682
CDUS43 KILX 210708
CLIPIA


CLIMATE REPORT
NATIONAL WEATHER SERVICE LINCOLN IL
103 AM CST WED FEB 21 2018


...................................

...THE PEORIA IL CLIMATE SUMMARY FOR FEBRUARY 20 2018...

CLIMATE NORMAL PERIOD 1981 TO 2010
CLIMATE RECORD PERIOD 1883 TO 2018


WEATHER ITEM   OBSERVED TIME   RECORD YEAR NORMAL DEPARTURE LAST
                VALUE   (LST)  VALUE       VALUE  FROM      YEAR
                                                  NORMAL
..................................................................
TEMPERATURE (F)
 YESTERDAY
  MAXIMUM         67   1054 AM  74    2017  39     28       74
  MINIMUM         29   1159 PM -13    1885  23      6       48
  AVERAGE         48                        31     17       61

PRECIPITATION (IN)
  YESTERDAY       MM             1.77 1997   0.07  MM        0.00
  MONTH TO DATE    2.48                      1.19   1.29     0.57
  SINCE DEC 1      5.02                      5.39  -0.37     3.36
  SINCE JAN 1      4.22                      2.97   1.25     2.14

SNOWFALL (IN)
  YESTERDAY       MM             6.0  1904   0.2   MM        0.0
  MONTH TO DATE    9.4                       4.7    4.7      3.5
  SINCE DEC 1     20.3                      18.7    1.6      9.5
  SINCE JUL 1     20.3                      19.8    0.5      9.5
  SNOW DEPTH       0

DEGREE DAYS
 HEATING
  YESTERDAY       17                        34    -17        4
  MONTH TO DATE  790                       737     53      540
  SINCE DEC 1   3186                      3110     76     2731
  SINCE JUL 1   4173                      4258    -85     3469

 COOLING
  YESTERDAY        0                         0      0        0
  MONTH TO DATE    0                         0      0        0
  SINCE DEC 1      0                         0      0        0
  SINCE JAN 1      0                         0      0        0
..................................................................


WIND (MPH)
  HIGHEST WIND SPEED    28   HIGHEST WIND DIRECTION     W (290)
  HIGHEST GUST SPEED    44   HIGHEST GUST DIRECTION     W (280)
  AVERAGE WIND SPEED    11.3


SKY COVER
  POSSIBLE SUNSHINE  MM
  AVERAGE SKY COVER 0.9


WEATHER CONDITIONS
 THE FOLLOWING WEATHER WAS RECORDED YESTERDAY.
  THUNDERSTORM
  HEAVY RAIN
  RAIN
  LIGHT RAIN
  FREEZING RAIN
  LT FREEZING RAIN
  FOG


RELATIVE HUMIDITY (PERCENT)
 HIGHEST   100           100 PM
 LOWEST     81          1100 AM
 AVERAGE    91

..........................................................


THE PEORIA IL CLIMATE NORMALS FOR TODAY
                         NORMAL    RECORD    YEAR
 MAXIMUM TEMPERATURE (F)   40        69      1930
 MINIMUM TEMPERATURE (F)   23       -10      1885


SUNRISE AND SUNSET
FEBRUARY 21 2018......SUNRISE   644 AM CST   SUNSET   541 PM CST
FEBRUARY 22 2018......SUNRISE   643 AM CST   SUNSET   542 PM CST


-  INDICATES NEGATIVE NUMBERS.
R  INDICATES RECORD WAS SET OR TIED.
MM INDICATES DATA IS MISSING.
T  INDICATES TRACE AMOUNT.




$$
