000
CDUS43 KILX 270647
CLIPIA


CLIMATE REPORT
NATIONAL WEATHER SERVICE LINCOLN IL
147 AM CDT THU APR 27 2017


...................................

...THE PEORIA IL CLIMATE SUMMARY FOR APRIL 26 2017...

CLIMATE NORMAL PERIOD 1981 TO 2010
CLIMATE RECORD PERIOD 1883 TO 2017


WEATHER ITEM   OBSERVED TIME   RECORD YEAR NORMAL DEPARTURE LAST
                VALUE   (LST)  VALUE       VALUE  FROM      YEAR
                                                  NORMAL
..................................................................
TEMPERATURE (F)
 YESTERDAY
  MAXIMUM         70   1121 AM  90    1986  67      3       72
  MINIMUM         50   1159 PM  29    1919  45      5       48
  AVERAGE         60                        56      4       60

PRECIPITATION (IN)
  YESTERDAY        0.51          1.71 1943   0.13   0.38      T
  MONTH TO DATE    3.76                      3.11   0.65     0.65
  SINCE MAR 1      7.79                      5.91   1.88     2.97
  SINCE JAN 1     10.45                      9.48   0.97     4.35

SNOWFALL (IN)
  YESTERDAY        0.0           0.0    MM   0.0    0.0      0.0
  MONTH TO DATE    0.0                       0.6   -0.6       T
  SINCE MAR 1      4.2                       3.3    0.9      0.2
  SINCE JUL 1     13.9                      24.6  -10.7     15.3
  SNOW DEPTH       0

DEGREE DAYS
 HEATING
  YESTERDAY        5                        10     -5        5
  MONTH TO DATE  197                       360   -163      317
  SINCE MAR 1    889                      1116   -227      864
  SINCE JUL 1   4496                      5632  -1136     4447

 COOLING
  YESTERDAY        0                         1     -1        0
  MONTH TO DATE   18                         9      9       18
  SINCE MAR 1     18                        10      8       18
  SINCE JAN 1     18                        10      8       18
..................................................................


WIND (MPH)
  HIGHEST WIND SPEED    30   HIGHEST WIND DIRECTION    SW (220)
  HIGHEST GUST SPEED    42   HIGHEST GUST DIRECTION    SW (220)
  AVERAGE WIND SPEED     8.3


SKY COVER
  POSSIBLE SUNSHINE  MM
  AVERAGE SKY COVER 0.7


WEATHER CONDITIONS
 THE FOLLOWING WEATHER WAS RECORDED YESTERDAY.
  THUNDERSTORM
  HEAVY RAIN
  RAIN
  LIGHT RAIN
  FOG


RELATIVE HUMIDITY (PERCENT)
 HIGHEST   100           700 PM
 LOWEST     55          1200 AM
 AVERAGE    78

..........................................................


THE PEORIA IL CLIMATE NORMALS FOR TODAY
                         NORMAL    RECORD    YEAR
 MAXIMUM TEMPERATURE (F)   67        86      1986
                                             1956
                                             1894
 MINIMUM TEMPERATURE (F)   46        30      1932
                                             1931


SUNRISE AND SUNSET
APRIL 27 2017.........SUNRISE   602 AM CDT   SUNSET   751 PM CDT
APRIL 28 2017.........SUNRISE   601 AM CDT   SUNSET   752 PM CDT


-  INDICATES NEGATIVE NUMBERS.
R  INDICATES RECORD WAS SET OR TIED.
MM INDICATES DATA IS MISSING.
T  INDICATES TRACE AMOUNT.




$$
