000
CDUS43 KILX 180728
CLIPIA


CLIMATE REPORT
NATIONAL WEATHER SERVICE LINCOLN IL
227 AM CDT WED OCT 18 2017


...................................

...THE PEORIA IL CLIMATE SUMMARY FOR OCTOBER 17 2017...

CLIMATE NORMAL PERIOD 1981 TO 2010
CLIMATE RECORD PERIOD 1883 TO 2017


WEATHER ITEM   OBSERVED TIME   RECORD YEAR NORMAL DEPARTURE LAST
                VALUE   (LST)  VALUE       VALUE  FROM      YEAR
                                                  NORMAL
..................................................................
TEMPERATURE (F)
 YESTERDAY
  MAXIMUM         69    318 PM  87    2016  64      5       87
  MINIMUM         43    630 AM  26    1948  43      0       68
  AVERAGE         56                        54      2       78

PRECIPITATION (IN)
  YESTERDAY        0.00          2.13 1946   0.09  -0.09     0.00
  MONTH TO DATE    4.55                      1.49   3.06     3.58
  SINCE SEP 1      5.09                      4.64   0.45     7.65
  SINCE JAN 1     30.82                     29.59   1.23    32.66

SNOWFALL (IN)
  YESTERDAY        0.0           0.0    MM   0.0    0.0      0.0
  MONTH TO DATE    0.0                       0.0    0.0      0.0
  SINCE SEP 1      0.0                       0.0    0.0      0.0
  SINCE JUL 1      0.0                       0.0    0.0      0.0
  SNOW DEPTH       0

DEGREE DAYS
 HEATING
  YESTERDAY        9                        12     -3        0
  MONTH TO DATE   47                       160   -113       67
  SINCE SEP 1     80                       244   -164       86
  SINCE JUL 1     80                       250   -170       90

 COOLING
  YESTERDAY        0                         0      0       13
  MONTH TO DATE   42                        12     30       40
  SINCE SEP 1    225                       129     96      252
  SINCE JAN 1   1151                      1036    115     1409
..................................................................


WIND (MPH)
  HIGHEST WIND SPEED    23   HIGHEST WIND DIRECTION    SW (220)
  HIGHEST GUST SPEED    31   HIGHEST GUST DIRECTION    SW (220)
  AVERAGE WIND SPEED    10.1


SKY COVER
  POSSIBLE SUNSHINE  MM
  AVERAGE SKY COVER 0.0


WEATHER CONDITIONS
 THE FOLLOWING WEATHER WAS RECORDED YESTERDAY.
  NO SIGNIFICANT WEATHER WAS OBSERVED.


RELATIVE HUMIDITY (PERCENT)
 HIGHEST    92           700 AM
 LOWEST     33           300 PM
 AVERAGE    63

..........................................................


THE PEORIA IL CLIMATE NORMALS FOR TODAY
                         NORMAL    RECORD    YEAR
 MAXIMUM TEMPERATURE (F)   64        85      1953
 MINIMUM TEMPERATURE (F)   43        22      1948


SUNRISE AND SUNSET
OCTOBER 18 2017.......SUNRISE   713 AM CDT   SUNSET   614 PM CDT
OCTOBER 19 2017.......SUNRISE   714 AM CDT   SUNSET   612 PM CDT


-  INDICATES NEGATIVE NUMBERS.
R  INDICATES RECORD WAS SET OR TIED.
MM INDICATES DATA IS MISSING.
T  INDICATES TRACE AMOUNT.




$$
