000
CDUS45 KPIH 230739
CLIPIH


CLIMATE REPORT
NATIONAL WEATHER SERVICE POCATELLO ID
138 AM MDT THU MAR 23 2017


...................................

...THE POCATELLO ID CLIMATE SUMMARY FOR MARCH 22 2017...

CLIMATE NORMAL PERIOD 1981 TO 2010
CLIMATE RECORD PERIOD 1939 TO 2017


WEATHER ITEM   OBSERVED TIME   RECORD YEAR NORMAL DEPARTURE LAST
                VALUE   (LST)  VALUE       VALUE  FROM      YEAR
                                                  NORMAL
..................................................................
TEMPERATURE (F)
 YESTERDAY
  MAXIMUM         54    254 PM  70    1972  51      3       48
  MINIMUM         39    753 PM   3    1952  29     10       34
  AVERAGE         47                        40      7       41

PRECIPITATION (IN)
  YESTERDAY        0.08          0.37 1978   0.04   0.04     0.17
  MONTH TO DATE    0.50                      0.91  -0.41     2.23
  SINCE OCT 1     13.01                      6.09   6.92     7.41
  SINCE JAN 1      6.45                      2.87   3.58     3.84

SNOWFALL (IN)
  YESTERDAY        0.0
  MONTH TO DATE    2.9
  SINCE MAR 1      2.9
  SINCE JUL 1     86.4
  SNOW DEPTH       0

DEGREE DAYS
 HEATING
  YESTERDAY       18                        25     -7       24
  MONTH TO DATE  480                       623   -143      495
  SINCE MAR 1    480                       623   -143      495
  SINCE JUL 1   5729                      5896   -167     5337

 COOLING
  YESTERDAY        0                         0      0        0
  MONTH TO DATE    0                         0      0        0
  SINCE MAR 1      0                         0      0        0
  SINCE JAN 1      0                         0      0        0
..................................................................


WIND (MPH)
  HIGHEST WIND SPEED    23   HIGHEST WIND DIRECTION     W (250)
  HIGHEST GUST SPEED    27   HIGHEST GUST DIRECTION     W (260)
  AVERAGE WIND SPEED     7.5


SKY COVER
  POSSIBLE SUNSHINE  MM
  AVERAGE SKY COVER 0.7


WEATHER CONDITIONS
 THE FOLLOWING WEATHER WAS RECORDED YESTERDAY.
  LIGHT RAIN
  FOG


RELATIVE HUMIDITY (PERCENT)
 HIGHEST   100           700 AM
 LOWEST     54           300 PM
 AVERAGE    77

..........................................................


THE POCATELLO ID CLIMATE NORMALS FOR TODAY
                         NORMAL    RECORD    YEAR
 MAXIMUM TEMPERATURE (F)   52        71      2004
 MINIMUM TEMPERATURE (F)   29        12      1964


SUNRISE AND SUNSET
MARCH 23 2017.........SUNRISE   728 AM MDT   SUNSET   747 PM MDT
MARCH 24 2017.........SUNRISE   726 AM MDT   SUNSET   748 PM MDT


-  INDICATES NEGATIVE NUMBERS.
R  INDICATES RECORD WAS SET OR TIED.
MM INDICATES DATA IS MISSING.
T  INDICATES TRACE AMOUNT.




$$
