000
CDUS45 KPIH 010735
CLIPIH


CLIMATE REPORT
NATIONAL WEATHER SERVICE POCATELLO ID
1234 AM MST SUN FEB 1 2015


...................................

...THE POCATELLO ID CLIMATE SUMMARY FOR JANUARY 31 2015...

CLIMATE NORMAL PERIOD 1981 TO 2010
CLIMATE RECORD PERIOD 1939 TO 2015


WEATHER ITEM   OBSERVED TIME   RECORD YEAR NORMAL DEPARTURE LAST
                VALUE   (LST)  VALUE       VALUE  FROM      YEAR
                                                  NORMAL
..................................................................
TEMPERATURE (F)
 YESTERDAY
  MAXIMUM         38    429 PM  60    2003  34      4       33
  MINIMUM         25    839 PM -28    1985  17      8       25
  AVERAGE         32                        25      7       29

PRECIPITATION (IN)
  YESTERDAY        0.00          0.59 1963   0.03  -0.03     0.00
  MONTH TO DATE    0.43                      0.99  -0.56     0.63
  SINCE OCT 1      2.82                      4.21  -1.39     2.00
  SINCE JAN 1      0.43                      0.99  -0.56     0.63

SNOWFALL (IN)
  YESTERDAY        0.0
  MONTH TO DATE    0.9
  SINCE DEC 1      8.1
  SINCE JUL 1     12.7
  SNOW DEPTH       0

DEGREE DAYS
 HEATING
  YESTERDAY       33                        40     -7       36
  MONTH TO DATE 1074                      1260   -186     1112
  SINCE DEC 1   2080                      2519   -439     2500
  SINCE JUL 1   3607                      4247   -640     4112

 COOLING
  YESTERDAY        0                         0      0        0
  MONTH TO DATE    0                         0      0        0
  SINCE DEC 1      0                         0      0        0
  SINCE JAN 1      0                         0      0        0
..................................................................


WIND (MPH)
  HIGHEST WIND SPEED    17   HIGHEST WIND DIRECTION     W (270)
  HIGHEST GUST SPEED    20   HIGHEST GUST DIRECTION     W (270)
  AVERAGE WIND SPEED     9.2


SKY COVER
  POSSIBLE SUNSHINE  MM
  AVERAGE SKY COVER 0.8


WEATHER CONDITIONS
 THE FOLLOWING WEATHER WAS RECORDED YESTERDAY.
  NO SIGNIFICANT WEATHER WAS OBSERVED.


RELATIVE HUMIDITY (PERCENT)
 HIGHEST   100           200 AM
 LOWEST     70           300 PM
 AVERAGE    85

..........................................................


THE POCATELLO ID CLIMATE NORMALS FOR TODAY
                         NORMAL    RECORD    YEAR
 MAXIMUM TEMPERATURE (F)   34        59      2003
 MINIMUM TEMPERATURE (F)   17       -33      1985


SUNRISE AND SUNSET
FEBRUARY  1 2015......SUNRISE   745 AM MST   SUNSET   543 PM MST
FEBRUARY  2 2015......SUNRISE   744 AM MST   SUNSET   544 PM MST


-  INDICATES NEGATIVE NUMBERS.
R  INDICATES RECORD WAS SET OR TIED.
MM INDICATES DATA IS MISSING.
T  INDICATES TRACE AMOUNT.




$$
