000
CDUS45 KPIH 190732
CLIPIH


CLIMATE REPORT
NATIONAL WEATHER SERVICE POCATELLO ID
1230 AM MST FRI DEC 19 2014


...................................

...THE POCATELLO ID CLIMATE SUMMARY FOR DECEMBER 18 2014...

CLIMATE NORMAL PERIOD 1981 TO 2010
CLIMATE RECORD PERIOD 1939 TO 2014


WEATHER ITEM   OBSERVED TIME   RECORD YEAR NORMAL DEPARTURE LAST
                VALUE   (LST)  VALUE       VALUE  FROM      YEAR
                                                  NORMAL
..................................................................
TEMPERATURE (F)
 YESTERDAY
  MAXIMUM         39    402 PM  54    1958  32      7       37
  MINIMUM         18    452 AM -13    1964  15      3        8
  AVERAGE         29                        24      5       23

PRECIPITATION (IN)
  YESTERDAY        0.00          0.18 1983   0.03  -0.03     0.00
  MONTH TO DATE    0.32                      0.74  -0.42     0.33
  SINCE OCT 1      1.94                      2.72  -0.78     1.27
  SINCE JAN 1     12.20                     11.63   0.57     6.07

SNOWFALL (IN)
  YESTERDAY        0.0
  MONTH TO DATE    1.2
  SINCE DEC 1      1.2
  SINCE JUL 1      5.8
  SNOW DEPTH       0

DEGREE DAYS
 HEATING
  YESTERDAY       36                        41     -5       42
  MONTH TO DATE  490                       717   -227      894
  SINCE DEC 1    490                       717   -227      894
  SINCE JUL 1   2017                      2445   -428     2506

 COOLING
  YESTERDAY        0                         0      0        0
  MONTH TO DATE    0                         0      0        0
  SINCE DEC 1      0                         0      0        0
  SINCE JAN 1    421                       392     29      688
..................................................................


WIND (MPH)
  HIGHEST WIND SPEED    12   HIGHEST WIND DIRECTION     S (190)
  HIGHEST GUST SPEED    15   HIGHEST GUST DIRECTION     S (180)
  AVERAGE WIND SPEED     3.2


SKY COVER
  POSSIBLE SUNSHINE  MM
  AVERAGE SKY COVER 0.5


WEATHER CONDITIONS
 THE FOLLOWING WEATHER WAS RECORDED YESTERDAY.
  FOG


RELATIVE HUMIDITY (PERCENT)
 HIGHEST   100          1200 AM
 LOWEST     70           800 PM
 AVERAGE    85

..........................................................


THE POCATELLO ID CLIMATE NORMALS FOR TODAY
                         NORMAL    RECORD    YEAR
 MAXIMUM TEMPERATURE (F)   32        55      1941
 MINIMUM TEMPERATURE (F)   15       -15      1945


SUNRISE AND SUNSET
DECEMBER 19 2014......SUNRISE   757 AM MST   SUNSET   458 PM MST
DECEMBER 20 2014......SUNRISE   758 AM MST   SUNSET   459 PM MST


-  INDICATES NEGATIVE NUMBERS.
R  INDICATES RECORD WAS SET OR TIED.
MM INDICATES DATA IS MISSING.
T  INDICATES TRACE AMOUNT.




$$
