000
CDUS45 KPIH 232323
CLIPIH


CLIMATE REPORT
NATIONAL WEATHER SERVICE POCATELLO ID
522 PM MDT TUE MAY 23 2017


...................................

...THE POCATELLO ID CLIMATE SUMMARY FOR MAY 23 2017...
VALID TODAY AS OF 0500 PM LOCAL TIME.

CLIMATE NORMAL PERIOD 1981 TO 2010
CLIMATE RECORD PERIOD 1939 TO 2017


WEATHER ITEM   OBSERVED TIME   RECORD YEAR NORMAL DEPARTURE LAST
                VALUE   (LST)  VALUE       VALUE  FROM      YEAR
                                                  NORMAL
..................................................................
TEMPERATURE (F)
 TODAY
  MAXIMUM         78    359 PM  88    1967  70      8       65
  MINIMUM         39    441 AM  23    1966  41     -2       33
  AVERAGE         59                        56      3       49

PRECIPITATION (IN)
  TODAY            0.00          0.44 1980   0.05  -0.05     0.00
  MONTH TO DATE    0.36                      1.08  -0.72     1.19
  SINCE OCT 1     16.27                      8.67   7.60    10.62
  SINCE JAN 1      9.71                      5.45   4.26     7.05

SNOWFALL (IN)
  TODAY            0.0
  MONTH TO DATE    T
  SINCE MAR 1      4.1
  SINCE JUL 1     87.6
  SNOW DEPTH       0

DEGREE DAYS
 HEATING
  TODAY            6                         9     -3       16
  MONTH TO DATE  281                       285     -4      255
  SINCE MAR 1   1546                      1706   -160     1428
  SINCE JUL 1   6795                      6979   -184     6270

 COOLING
  TODAY            0                         0      0        0
  MONTH TO DATE    0                         0      0        0
  SINCE MAR 1      0                         0      0        0
  SINCE JAN 1      0                         0      0        0
..................................................................


WIND (MPH)
  HIGHEST WIND SPEED    17   HIGHEST WIND DIRECTION     W (270)
  HIGHEST GUST SPEED    21   HIGHEST GUST DIRECTION     W (260)
  AVERAGE WIND SPEED     5.1


SKY COVER
  POSSIBLE SUNSHINE  MM
  AVERAGE SKY COVER 0.1


WEATHER CONDITIONS
 THE FOLLOWING WEATHER WAS RECORDED TODAY.
  NO SIGNIFICANT WEATHER WAS OBSERVED.


RELATIVE HUMIDITY (PERCENT)
 HIGHEST    92           500 AM
 LOWEST     23           400 PM
 AVERAGE    58

..........................................................


THE POCATELLO ID CLIMATE NORMALS FOR TOMORROW
                         NORMAL    RECORD    YEAR
 MAXIMUM TEMPERATURE (F)   70        89      2003
 MINIMUM TEMPERATURE (F)   42        30      1960


SUNRISE AND SUNSET
MAY 23 2017...........SUNRISE   600 AM MDT   SUNSET   855 PM MDT
MAY 24 2017...........SUNRISE   559 AM MDT   SUNSET   856 PM MDT


-  INDICATES NEGATIVE NUMBERS.
R  INDICATES RECORD WAS SET OR TIED.
MM INDICATES DATA IS MISSING.
T  INDICATES TRACE AMOUNT.




$$
