000
CDUS45 KPIH 240730
CLIPIH


CLIMATE REPORT
NATIONAL WEATHER SERVICE POCATELLO ID
1229 AM MST MON NOV 24 2014


...................................

...THE POCATELLO ID CLIMATE SUMMARY FOR NOVEMBER 23 2014...

CLIMATE NORMAL PERIOD 1981 TO 2010
CLIMATE RECORD PERIOD 1939 TO 2014


WEATHER ITEM   OBSERVED TIME   RECORD YEAR NORMAL DEPARTURE LAST
                VALUE   (LST)  VALUE       VALUE  FROM      YEAR
                                                  NORMAL
..................................................................
TEMPERATURE (F)
 YESTERDAY
  MAXIMUM         38    259 PM  58    2011  40     -2       46
                                      1998
  MINIMUM         29    828 AM  -5    1985  21      8        9
  AVERAGE         34                        31      3       28

PRECIPITATION (IN)
  YESTERDAY        T             0.64 1988   0.04  -0.04     0.00
  MONTH TO DATE    1.36                      0.82   0.54     0.42
  SINCE OCT 1      1.40                      1.69  -0.29     0.91
  SINCE JAN 1     11.66                     10.60   1.06     5.71

SNOWFALL (IN)
  YESTERDAY        T
  MONTH TO DATE    4.6
  SINCE SEP 1      4.6
  SINCE JUL 1      4.6
  SNOW DEPTH       0

DEGREE DAYS
 HEATING
  YESTERDAY       31                        34     -3       37
  MONTH TO DATE  771                       668    103      613
  SINCE SEP 1   1338                      1429    -91     1381
  SINCE JUL 1   1373                      1475   -102     1381

 COOLING
  YESTERDAY        0                         0      0        0
  MONTH TO DATE    0                         0      0        0
  SINCE SEP 1     35                        22     13       61
  SINCE JAN 1    421                       392     29      688
..................................................................


WIND (MPH)
  HIGHEST WIND SPEED    31   HIGHEST WIND DIRECTION     W (250)
  HIGHEST GUST SPEED    37   HIGHEST GUST DIRECTION     W (250)
  AVERAGE WIND SPEED    21.0


SKY COVER
  POSSIBLE SUNSHINE  MM
  AVERAGE SKY COVER 0.6


WEATHER CONDITIONS
 THE FOLLOWING WEATHER WAS RECORDED YESTERDAY.
  LIGHT SNOW
  FOG


RELATIVE HUMIDITY (PERCENT)
 HIGHEST    92           300 AM
 LOWEST     70          1200 PM
 AVERAGE    81

..........................................................


THE POCATELLO ID CLIMATE NORMALS FOR TODAY
                         NORMAL    RECORD    YEAR
 MAXIMUM TEMPERATURE (F)   40        64      1995
 MINIMUM TEMPERATURE (F)   21        -7      1993


SUNRISE AND SUNSET
NOVEMBER 24 2014......SUNRISE   734 AM MST   SUNSET   500 PM MST
NOVEMBER 25 2014......SUNRISE   735 AM MST   SUNSET   500 PM MST


-  INDICATES NEGATIVE NUMBERS.
R  INDICATES RECORD WAS SET OR TIED.
MM INDICATES DATA IS MISSING.
T  INDICATES TRACE AMOUNT.




$$
