000
CDUS45 KPIH 290730
CLIPIH


CLIMATE REPORT
NATIONAL WEATHER SERVICE POCATELLO ID
129 AM MDT THU JUN 29 2017


...................................

...THE POCATELLO ID CLIMATE SUMMARY FOR JUNE 28 2017...

CLIMATE NORMAL PERIOD 1981 TO 2010
CLIMATE RECORD PERIOD 1939 TO 2017


WEATHER ITEM   OBSERVED TIME   RECORD YEAR NORMAL DEPARTURE LAST
                VALUE   (LST)  VALUE       VALUE  FROM      YEAR
                                                  NORMAL
..................................................................
TEMPERATURE (F)
 YESTERDAY
  MAXIMUM         80    215 PM 101    2015  83     -3       96
  MINIMUM         51   1158 PM  37    1965  49      2       50
  AVERAGE         66                        66      0       73

PRECIPITATION (IN)
  YESTERDAY        0.10          0.38 1941   0.02   0.08     0.00
  MONTH TO DATE    1.24                      0.95   0.29     0.02
  SINCE OCT 1     17.71                     10.00   7.71    10.73
  SINCE JAN 1     11.15                      6.78   4.37     7.16

SNOWFALL (IN)
  YESTERDAY        0.0
  MONTH TO DATE    0.0
  SINCE JUN 1      0.0
  SINCE JUL 1     87.6
  SNOW DEPTH       0

DEGREE DAYS
 HEATING
  YESTERDAY        0                         2     -2        0
  MONTH TO DATE   83                       127    -44       43
  SINCE JUN 1     83                       127    -44       43
  SINCE JUL 1   6944                      7174   -230     6392

 COOLING
  YESTERDAY        1                         3     -2        8
  MONTH TO DATE   61                        41     20       74
  SINCE JUN 1     61                        41     20       74
  SINCE JAN 1     63                        46     17       74
..................................................................


WIND (MPH)
  HIGHEST WIND SPEED    25   HIGHEST WIND DIRECTION    NW (330)
  HIGHEST GUST SPEED    31   HIGHEST GUST DIRECTION    NW (320)
  AVERAGE WIND SPEED    10.3


SKY COVER
  POSSIBLE SUNSHINE  MM
  AVERAGE SKY COVER 0.2


WEATHER CONDITIONS
 THE FOLLOWING WEATHER WAS RECORDED YESTERDAY.
  THUNDERSTORM
  LIGHT RAIN


RELATIVE HUMIDITY (PERCENT)
 HIGHEST    83           200 AM
 LOWEST     33           100 PM
 AVERAGE    58

..........................................................


THE POCATELLO ID CLIMATE NORMALS FOR TODAY
                         NORMAL    RECORD    YEAR
 MAXIMUM TEMPERATURE (F)   83       101      2013
 MINIMUM TEMPERATURE (F)   49        35      1969


SUNRISE AND SUNSET
JUNE 29 2017..........SUNRISE   555 AM MDT   SUNSET   913 PM MDT
JUNE 30 2017..........SUNRISE   555 AM MDT   SUNSET   913 PM MDT


-  INDICATES NEGATIVE NUMBERS.
R  INDICATES RECORD WAS SET OR TIED.
MM INDICATES DATA IS MISSING.
T  INDICATES TRACE AMOUNT.




$$
