000
CDUS45 KPIH 140728
CLIPIH


CLIMATE REPORT
NATIONAL WEATHER SERVICE POCATELLO ID
128 AM MDT MON JUL 14 2014


...................................

...THE POCATELLO ID CLIMATE SUMMARY FOR JULY 13 2014...

CLIMATE NORMAL PERIOD 1981 TO 2010
CLIMATE RECORD PERIOD 1939 TO 2014


WEATHER ITEM   OBSERVED TIME   RECORD YEAR NORMAL DEPARTURE LAST
                VALUE   (LST)  VALUE       VALUE  FROM      YEAR
                                                  NORMAL
..................................................................
TEMPERATURE (F)
 YESTERDAY
  MAXIMUM         96    534 PM 103    2002  88      8       88
  MINIMUM         51    517 AM  37    1965  52     -1       60
  AVERAGE         74                        70      4       74

PRECIPITATION (IN)
  YESTERDAY        0.00          0.51 1962   0.02  -0.02     0.00
  MONTH TO DATE    0.03                      0.25  -0.22     0.14
  SINCE OCT 1      7.54                     10.29  -2.75     7.85
  SINCE JAN 1      6.17                      7.07  -0.90     3.69

SNOWFALL (IN)
  YESTERDAY        0.0
  MONTH TO DATE    0.0
  SINCE JUN 1      0.0
  SINCE JUL 1      0.0
  SNOW DEPTH       0

DEGREE DAYS
 HEATING
  YESTERDAY        0                         1     -1        0
  MONTH TO DATE    2                        14    -12        0
  SINCE JUN 1    112                       145    -33       90
  SINCE JUL 1      2                        14    -12        0

 COOLING
  YESTERDAY        9                         5      4        9
  MONTH TO DATE  114                        58     56      128
  SINCE JUN 1    134                       104     30      221
  SINCE JAN 1    134                       109     25      230
..................................................................


WIND (MPH)
  HIGHEST WIND SPEED    13   HIGHEST WIND DIRECTION    NW (310)
  HIGHEST GUST SPEED    17   HIGHEST GUST DIRECTION    NW (300)
  AVERAGE WIND SPEED     4.5


SKY COVER
  POSSIBLE SUNSHINE  MM
  AVERAGE SKY COVER 0.1


WEATHER CONDITIONS
 THE FOLLOWING WEATHER WAS RECORDED YESTERDAY.
  NO SIGNIFICANT WEATHER WAS OBSERVED.


RELATIVE HUMIDITY (PERCENT)
 HIGHEST    38          1100 PM
 LOWEST     14           600 PM
 AVERAGE    26

..........................................................


THE POCATELLO ID CLIMATE NORMALS FOR TODAY
                         NORMAL    RECORD    YEAR
 MAXIMUM TEMPERATURE (F)   88       102      1974
 MINIMUM TEMPERATURE (F)   52        40      2010


SUNRISE AND SUNSET
JULY 14 2014..........SUNRISE   604 AM MDT   SUNSET   908 PM MDT
JULY 15 2014..........SUNRISE   605 AM MDT   SUNSET   907 PM MDT


-  INDICATES NEGATIVE NUMBERS.
R  INDICATES RECORD WAS SET OR TIED.
MM INDICATES DATA IS MISSING.
T  INDICATES TRACE AMOUNT.




$$
