000
CDUS45 KPIH 250745
CLIPIH


CLIMATE REPORT
NATIONAL WEATHER SERVICE POCATELLO ID
143 AM MDT FRI JUL 25 2014


...................................

...THE POCATELLO ID CLIMATE SUMMARY FOR JULY 24 2014...

CLIMATE NORMAL PERIOD 1981 TO 2010
CLIMATE RECORD PERIOD 1939 TO 2014


WEATHER ITEM   OBSERVED TIME   RECORD YEAR NORMAL DEPARTURE LAST
                VALUE   (LST)  VALUE       VALUE  FROM      YEAR
                                                  NORMAL
..................................................................
TEMPERATURE (F)
 YESTERDAY
  MAXIMUM         81    128 PM 100    2003  90     -9       93
  MINIMUM         49   1124 PM  44    2010  53     -4       52
                                      1970
  AVERAGE         65                        71     -6       73

PRECIPITATION (IN)
  YESTERDAY        0.00          0.36 1982   0.02  -0.02     0.00
  MONTH TO DATE    0.32                      0.49  -0.17     0.27
  SINCE OCT 1      7.83                     10.53  -2.70     7.98
  SINCE JAN 1      6.46                      7.31  -0.85     3.82

SNOWFALL (IN)
  YESTERDAY        0.0
  MONTH TO DATE    0.0
  SINCE JUN 1      0.0
  SINCE JUL 1      0.0
  SNOW DEPTH       0

DEGREE DAYS
 HEATING
  YESTERDAY        0                         0      0        0
  MONTH TO DATE    2                        17    -15        0
  SINCE JUN 1    112                       148    -36       90
  SINCE JUL 1      2                        17    -15        0

 COOLING
  YESTERDAY        0                         6     -6        8
  MONTH TO DATE  209                       124     85      234
  SINCE JUN 1    229                       170     59      327
  SINCE JAN 1    229                       175     54      336
..................................................................


WIND (MPH)
  HIGHEST WIND SPEED    30   HIGHEST WIND DIRECTION    SW (240)
  HIGHEST GUST SPEED    37   HIGHEST GUST DIRECTION     W (260)
  AVERAGE WIND SPEED    18.0


SKY COVER
  POSSIBLE SUNSHINE  MM
  AVERAGE SKY COVER 0.0


WEATHER CONDITIONS
 THE FOLLOWING WEATHER WAS RECORDED YESTERDAY.
  NO SIGNIFICANT WEATHER WAS OBSERVED.


RELATIVE HUMIDITY (PERCENT)
 HIGHEST    42           700 AM
 LOWEST     18           600 PM
 AVERAGE    30

..........................................................


THE POCATELLO ID CLIMATE NORMALS FOR TODAY
                         NORMAL    RECORD    YEAR
 MAXIMUM TEMPERATURE (F)   90        99      1994
 MINIMUM TEMPERATURE (F)   53        44      2010
                                             1964


SUNRISE AND SUNSET
JULY 25 2014..........SUNRISE   614 AM MDT   SUNSET   859 PM MDT
JULY 26 2014..........SUNRISE   615 AM MDT   SUNSET   858 PM MDT


-  INDICATES NEGATIVE NUMBERS.
R  INDICATES RECORD WAS SET OR TIED.
MM INDICATES DATA IS MISSING.
T  INDICATES TRACE AMOUNT.




$$
