213
CDUS45 KPIH 060732
CLIPIH


CLIMATE REPORT
NATIONAL WEATHER SERVICE POCATELLO ID
1231 AM MST SAT FEB 6 2016


...................................

...THE POCATELLO ID CLIMATE SUMMARY FOR FEBRUARY 5 2016...

CLIMATE NORMAL PERIOD 1981 TO 2010
CLIMATE RECORD PERIOD 1939 TO 2016


WEATHER ITEM   OBSERVED TIME   RECORD YEAR NORMAL DEPARTURE LAST
                VALUE   (LST)  VALUE       VALUE  FROM      YEAR
                                                  NORMAL
..................................................................
TEMPERATURE (F)
 YESTERDAY
  MAXIMUM         25    444 PM  61    2015  35    -10       61
                                      1963
  MINIMUM         12   1159 PM -20    1982  17     -5       33
  AVERAGE         19                        26     -7       47

PRECIPITATION (IN)
  YESTERDAY        0.00          0.11 1950   0.03  -0.03     0.00
  MONTH TO DATE    0.04                      0.15  -0.11     0.37
  SINCE OCT 1      5.02                      4.36   0.66     3.19
  SINCE JAN 1      1.45                      1.14   0.31     0.80

SNOWFALL (IN)
  YESTERDAY        0.0
  MONTH TO DATE    0.6
  SINCE DEC 1     21.3
  SINCE JUL 1     27.6
  SNOW DEPTH       1

DEGREE DAYS
 HEATING
  YESTERDAY       46                        39      7       18
  MONTH TO DATE  239                       197     42      115
  SINCE DEC 1   2687                      2716    -29     2195
  SINCE JUL 1   4131                      4444   -313     3722

 COOLING
  YESTERDAY        0                         0      0        0
  MONTH TO DATE    0                         0      0        0
  SINCE DEC 1      0                         0      0        0
  SINCE JAN 1      0                         0      0        0
..................................................................


WIND (MPH)
  HIGHEST WIND SPEED     9   HIGHEST WIND DIRECTION    NE (40)
  HIGHEST GUST SPEED    10   HIGHEST GUST DIRECTION    NE (40)
  AVERAGE WIND SPEED     4.9


SKY COVER
  POSSIBLE SUNSHINE  MM
  AVERAGE SKY COVER 1.0


WEATHER CONDITIONS
 THE FOLLOWING WEATHER WAS RECORDED YESTERDAY.
  FOG


RELATIVE HUMIDITY (PERCENT)
 HIGHEST    96           100 AM
 LOWEST     81           200 PM
 AVERAGE    89

..........................................................


THE POCATELLO ID CLIMATE NORMALS FOR TODAY
                         NORMAL    RECORD    YEAR
 MAXIMUM TEMPERATURE (F)   35        62      2015
 MINIMUM TEMPERATURE (F)   17       -21      1989


SUNRISE AND SUNSET
FEBRUARY  6 2016......SUNRISE   740 AM MST   SUNSET   549 PM MST
FEBRUARY  7 2016......SUNRISE   739 AM MST   SUNSET   551 PM MST


-  INDICATES NEGATIVE NUMBERS.
R  INDICATES RECORD WAS SET OR TIED.
MM INDICATES DATA IS MISSING.
T  INDICATES TRACE AMOUNT.




$$
