000
CDUS45 KPIH 130731
CLIPIH


CLIMATE REPORT
NATIONAL WEATHER SERVICE POCATELLO ID
1231 AM MST WED DEC 13 2017


...................................

...THE POCATELLO ID CLIMATE SUMMARY FOR DECEMBER 12 2017...

CLIMATE NORMAL PERIOD 1981 TO 2010
CLIMATE RECORD PERIOD 1939 TO 2017


WEATHER ITEM   OBSERVED TIME   RECORD YEAR NORMAL DEPARTURE LAST
                VALUE   (LST)  VALUE       VALUE  FROM      YEAR
                                                  NORMAL
..................................................................
TEMPERATURE (F)
 YESTERDAY
  MAXIMUM         34    228 PM  59    2014  33      1       37
  MINIMUM          9    736 AM -11    1985  16     -7       24
  AVERAGE         22                        24     -2       31

PRECIPITATION (IN)
  YESTERDAY        0.00          0.36 1995   0.04  -0.04     0.00
  MONTH TO DATE    0.31                      0.50  -0.19     0.99
  SINCE OCT 1      2.11                      2.48  -0.37     4.69
  SINCE JAN 1     16.61                     11.39   5.22    14.37

SNOWFALL (IN)
  YESTERDAY        0.0
  MONTH TO DATE    3.3
  SINCE DEC 1      3.3
  SINCE JUL 1      4.3
  SNOW DEPTH       1

DEGREE DAYS
 HEATING
  YESTERDAY       43                        41      2       34
  MONTH TO DATE  485                       471     14      486
  SINCE DEC 1    485                       471     14      486
  SINCE JUL 1   2119                      2199    -80     1921

 COOLING
  YESTERDAY        0                         0      0        0
  MONTH TO DATE    0                         0      0        0
  SINCE DEC 1      0                         0      0        0
  SINCE JAN 1    575                       392    183      416
..................................................................


WIND (MPH)
  HIGHEST WIND SPEED    12   HIGHEST WIND DIRECTION    SW (220)
  HIGHEST GUST SPEED    14   HIGHEST GUST DIRECTION    SW (230)
  AVERAGE WIND SPEED     2.3


SKY COVER
  POSSIBLE SUNSHINE  MM
  AVERAGE SKY COVER 0.3


WEATHER CONDITIONS
 THE FOLLOWING WEATHER WAS RECORDED YESTERDAY.
  FOG
  FOG W/VISIBILITY <= 1/4 MILE
  HAZE


RELATIVE HUMIDITY (PERCENT)
 HIGHEST   100          1000 PM
 LOWEST     63           200 PM
 AVERAGE    82

..........................................................


THE POCATELLO ID CLIMATE NORMALS FOR TODAY
                         NORMAL    RECORD    YEAR
 MAXIMUM TEMPERATURE (F)   33        53      1969
 MINIMUM TEMPERATURE (F)   16       -12      1967


SUNRISE AND SUNSET
DECEMBER 13 2017......SUNRISE   753 AM MST   SUNSET   456 PM MST
DECEMBER 14 2017......SUNRISE   754 AM MST   SUNSET   457 PM MST


-  INDICATES NEGATIVE NUMBERS.
R  INDICATES RECORD WAS SET OR TIED.
MM INDICATES DATA IS MISSING.
T  INDICATES TRACE AMOUNT.




$$
