000
CDUS43 KABR 232236
CLIPIR


CLIMATE REPORT
NATIONAL WEATHER SERVICE ABERDEEN SD
535 PM CDT SUN JUL 23 2017


...................................

...THE PIERRE SD CLIMATE SUMMARY FOR JULY 23 2017...
VALID TODAY AS OF 0500 PM LOCAL TIME.

CLIMATE NORMAL PERIOD 1981 TO 2010
CLIMATE RECORD PERIOD 1892 TO 2017


WEATHER ITEM   OBSERVED TIME   RECORD YEAR NORMAL DEPARTURE LAST
                VALUE   (LST)  VALUE       VALUE  FROM      YEAR
                                                  NORMAL
..................................................................
TEMPERATURE (F)
 TODAY
  MAXIMUM         89    359 PM 115    1940  90     -1       95
  MINIMUM         60    525 AM  49    2004  63     -3       66
  AVERAGE         75                        76     -1       81

PRECIPITATION (IN)
  TODAY            0.00          2.04 1997   0.08  -0.08      T
  MONTH TO DATE    0.12                      1.93  -1.81     2.10
  SINCE JUN 1      2.72                      5.50  -2.78     3.93
  SINCE JAN 1      7.17                     12.70  -5.53    11.37

DEGREE DAYS
 COOLING
  TODAY           10                        11     -1       16
  MONTH TO DATE  326                       234     92      261
  SINCE JUN 1    493                       368    125      488
  SINCE JAN 1    514                       400    114      511
..................................................................


WIND (MPH)
  HIGHEST GUST SPEED    17   HIGHEST GUST DIRECTION     N (350)




..........................................................


THE PIERRE SD CLIMATE NORMALS FOR TOMORROW
                         NORMAL    RECORD    YEAR
 MAXIMUM TEMPERATURE (F)   90       112      1952
 MINIMUM TEMPERATURE (F)   63        53      2004


SUNRISE AND SUNSET
JULY 23 2017..........SUNRISE   619 AM CDT   SUNSET   916 PM CDT
JULY 24 2017..........SUNRISE   620 AM CDT   SUNSET   915 PM CDT


-  INDICATES NEGATIVE NUMBERS.
R  INDICATES RECORD WAS SET OR TIED.
MM INDICATES DATA IS MISSING.
T  INDICATES TRACE AMOUNT.




$$
