000
CDUS43 KABR 241046
CLIPIR


CLIMATE REPORT
NATIONAL WEATHER SERVICE ABERDEEN SD
436 AM CST FRI NOV 24 2017


...................................

...THE PIERRE SD CLIMATE SUMMARY FOR NOVEMBER 23 2017...

CLIMATE NORMAL PERIOD 1981 TO 2010
CLIMATE RECORD PERIOD 1892 TO 2017


WEATHER ITEM   OBSERVED TIME   RECORD YEAR NORMAL DEPARTURE LAST
                VALUE   (LST)  VALUE       VALUE  FROM      YEAR
                                                  NORMAL
..................................................................
TEMPERATURE (F)
 YESTERDAY
  MAXIMUM         70R   331 PM  65    1984  40     30       38
  MINIMUM         29    618 AM -11    1985  20      9       32
  AVERAGE         50                        30     20       35

PRECIPITATION (IN)
  YESTERDAY        0.00          0.34 1933   0.02  -0.02     0.00
  MONTH TO DATE    0.05                      0.62  -0.57     0.20
  SINCE SEP 1      3.02                      4.14  -1.12     2.25
  SINCE JAN 1     13.46                     19.32  -5.86    17.97

SNOWFALL (IN)
  YESTERDAY        0.0           3.4  1993   0.3   -0.3      0.0
  MONTH TO DATE    T                         3.9   -3.9      1.1
  SINCE OCT 1      T                         4.9   -4.9      1.1
  SINCE JUL 1      T                         4.9   -4.9      1.1
  SNOW DEPTH       0

DEGREE DAYS
 HEATING
  YESTERDAY       15                        35    -20       30
  MONTH TO DATE  695                       678     17      437
  SINCE SEP 1   1289                      1339    -50      888
  SINCE JUL 1   1294                      1359    -65      908

 COOLING
  YESTERDAY        0                         0      0        0
  MONTH TO DATE    0                         0      0        0
  SINCE SEP 1    110                        91     19       97
  SINCE JAN 1    868                       868      0      961
..................................................................


WIND (MPH)
  RESULTANT WIND SPEED   6   RESULTANT WIND DIRECTION  SW (240)
  HIGHEST WIND SPEED    16   HIGHEST WIND DIRECTION    SW (240)
  HIGHEST GUST SPEED    20   HIGHEST GUST DIRECTION    SW (240)
  AVERAGE WIND SPEED     7.5




RELATIVE HUMIDITY (PERCENT)
 HIGHEST   100           400 AM
 LOWEST     42           200 PM
 AVERAGE    71

..........................................................


THE PIERRE SD CLIMATE NORMALS FOR TODAY
                         NORMAL    RECORD    YEAR
 MAXIMUM TEMPERATURE (F)   39        70      1990
 MINIMUM TEMPERATURE (F)   19        -9      2003


SUNRISE AND SUNSET
NOVEMBER 24 2017......SUNRISE   749 AM CST   SUNSET   506 PM CST
NOVEMBER 25 2017......SUNRISE   750 AM CST   SUNSET   506 PM CST


-  INDICATES NEGATIVE NUMBERS.
R  INDICATES RECORD WAS SET OR TIED.
MM INDICATES DATA IS MISSING.
T  INDICATES TRACE AMOUNT.




$$
