000
CDUS43 KABR 200926
CLIPIR


CLIMATE REPORT
NATIONAL WEATHER SERVICE ABERDEEN SD
426 AM CDT WED AUG 20 2014


...................................

...THE PIERRE SD CLIMATE SUMMARY FOR AUGUST 19 2014...

CLIMATE NORMAL PERIOD 1981 TO 2010
CLIMATE RECORD PERIOD 1892 TO 2014


WEATHER ITEM   OBSERVED TIME   RECORD YEAR NORMAL DEPARTURE LAST
                VALUE   (LST)  VALUE       VALUE  FROM      YEAR
                                                  NORMAL
..................................................................
TEMPERATURE (F)
 YESTERDAY
  MAXIMUM         91    403 PM 104    1948  87      4       95
  MINIMUM         56    604 AM  43    2004  60     -4       62
                                      1967
  AVERAGE         74                        73      1       79

PRECIPITATION (IN)
  YESTERDAY        0.08          0.82 1912   0.05   0.03     0.00
  MONTH TO DATE    1.28                      1.21   0.07     2.47
  SINCE JUN 1      6.54                      7.39  -0.85     8.01
  SINCE JAN 1     14.47                     14.59  -0.12    16.87

DEGREE DAYS
 HEATING
  YESTERDAY        0                         0      0        0
  MONTH TO DATE    0                         0      0        0
  SINCE JUN 1     86                        59     27       69
  SINCE JUL 1     19                         6     13        9

 COOLING
  YESTERDAY        9                         9      0       14
  MONTH TO DATE  145                       194    -49       99
  SINCE JUN 1    434                       655   -221      484
  SINCE JAN 1    482                       687   -205      506
..................................................................


WIND (MPH)
  RESULTANT WIND SPEED   3   RESULTANT WIND DIRECTION  SE (140)
  HIGHEST WIND SPEED    16   HIGHEST WIND DIRECTION     S (160)
  HIGHEST GUST SPEED    30   HIGHEST GUST DIRECTION     E (110)
  AVERAGE WIND SPEED     7.4




RELATIVE HUMIDITY (PERCENT)
 HIGHEST   100           600 AM
 LOWEST     34           300 PM
 AVERAGE    67

..........................................................


THE PIERRE SD CLIMATE NORMALS FOR TODAY
                         NORMAL    RECORD    YEAR
 MAXIMUM TEMPERATURE (F)   87       108      1976
 MINIMUM TEMPERATURE (F)   60        43      1950


SUNRISE AND SUNSET
AUGUST 20 2014........SUNRISE   650 AM CDT   SUNSET   838 PM CDT
AUGUST 21 2014........SUNRISE   651 AM CDT   SUNSET   836 PM CDT


-  INDICATES NEGATIVE NUMBERS.
R  INDICATES RECORD WAS SET OR TIED.
MM INDICATES DATA IS MISSING.
T  INDICATES TRACE AMOUNT.




$$
