000
CDUS43 KABR 291040
CLIPIR


CLIMATE REPORT
NATIONAL WEATHER SERVICE ABERDEEN SD
539 AM CDT TUE JUL 29 2014


...................................

...THE PIERRE SD CLIMATE SUMMARY FOR JULY 28 2014...

CLIMATE NORMAL PERIOD 1981 TO 2010
CLIMATE RECORD PERIOD 1892 TO 2014


WEATHER ITEM   OBSERVED TIME   RECORD YEAR NORMAL DEPARTURE LAST
                VALUE   (LST)  VALUE       VALUE  FROM      YEAR
                                                  NORMAL
..................................................................
TEMPERATURE (F)
 YESTERDAY
  MAXIMUM         80    513 PM 111    2006  90    -10       80
                                      1999
  MINIMUM         51    523 AM  46    2013  63    -12       46
                                      1971
  AVERAGE         66                        76    -10       63

PRECIPITATION (IN)
  YESTERDAY        0.00          0.80 1986   0.08  -0.08     0.00
  MONTH TO DATE    0.84                      2.36  -1.52     2.57
  SINCE JUN 1      5.23                      5.93  -0.70     5.53
  SINCE JAN 1     13.16                     13.13   0.03    14.39

DEGREE DAYS
 HEATING
  YESTERDAY        0                         0      0        2
  MONTH TO DATE   19                         0     19        9
  SINCE JUN 1     86                        53     33       69
  SINCE JUL 1     19                         0     19        9

 COOLING
  YESTERDAY        1                        11    -10        0
  MONTH TO DATE  211                       289    -78      253
  SINCE JUN 1    270                       423   -153      372
  SINCE JAN 1    318                       455   -137      394
..................................................................


WIND (MPH)
  RESULTANT WIND SPEED   3   RESULTANT WIND DIRECTION   N (10)
  HIGHEST WIND SPEED    12   HIGHEST WIND DIRECTION    NE (40)
  HIGHEST GUST SPEED    16   HIGHEST GUST DIRECTION     N (10)
  AVERAGE WIND SPEED     5.2




RELATIVE HUMIDITY (PERCENT)
 HIGHEST   100           400 AM
 LOWEST     36           400 PM
 AVERAGE    68

..........................................................


THE PIERRE SD CLIMATE NORMALS FOR TODAY
                         NORMAL    RECORD    YEAR
 MAXIMUM TEMPERATURE (F)   90       111      2006
 MINIMUM TEMPERATURE (F)   63        47      1971


SUNRISE AND SUNSET
JULY 29 2014..........SUNRISE   625 AM CDT   SUNSET   910 PM CDT
JULY 30 2014..........SUNRISE   626 AM CDT   SUNSET   908 PM CDT


-  INDICATES NEGATIVE NUMBERS.
R  INDICATES RECORD WAS SET OR TIED.
MM INDICATES DATA IS MISSING.
T  INDICATES TRACE AMOUNT.




$$
