000
CDUS43 KABR 251029
CLIPIR


CLIMATE REPORT
NATIONAL WEATHER SERVICE ABERDEEN SD
529 AM CDT FRI JUL 25 2014


...................................

...THE PIERRE SD CLIMATE SUMMARY FOR JULY 24 2014...

CLIMATE NORMAL PERIOD 1981 TO 2010
CLIMATE RECORD PERIOD 1892 TO 2014


WEATHER ITEM   OBSERVED TIME   RECORD YEAR NORMAL DEPARTURE LAST
                VALUE   (LST)  VALUE       VALUE  FROM      YEAR
                                                  NORMAL
..................................................................
TEMPERATURE (F)
 YESTERDAY
  MAXIMUM         98    356 PM 112    1952  90      8       87
  MINIMUM         68    613 AM  53    2004  63      5       58
  AVERAGE         83                        76      7       73

PRECIPITATION (IN)
  YESTERDAY        0.00          1.25 2001   0.09  -0.09      T
  MONTH TO DATE    0.32                      2.02  -1.70     2.41
  SINCE JUN 1      4.71                      5.59  -0.88     5.37
  SINCE JAN 1     12.64                     12.79  -0.15    14.23

DEGREE DAYS
 HEATING
  YESTERDAY        0                         0      0        0
  MONTH TO DATE   19                         0     19        0
  SINCE JUN 1     86                        53     33       60
  SINCE JUL 1     19                         0     19        0

 COOLING
  YESTERDAY       18                        11      7        8
  MONTH TO DATE  185                       245    -60      246
  SINCE JUN 1    244                       379   -135      365
  SINCE JAN 1    292                       411   -119      387
..................................................................


WIND (MPH)
  RESULTANT WIND SPEED  18   RESULTANT WIND DIRECTION  SE (130)
  HIGHEST WIND SPEED    31   HIGHEST WIND DIRECTION    SE (120)
  HIGHEST GUST SPEED    39   HIGHEST GUST DIRECTION    SE (120)
  AVERAGE WIND SPEED    20.2




RELATIVE HUMIDITY (PERCENT)
 HIGHEST    73           100 AM
 LOWEST     38           300 PM
 AVERAGE    56

..........................................................


THE PIERRE SD CLIMATE NORMALS FOR TODAY
                         NORMAL    RECORD    YEAR
 MAXIMUM TEMPERATURE (F)   90       109      2007
 MINIMUM TEMPERATURE (F)   63        48      2004


SUNRISE AND SUNSET
JULY 25 2014..........SUNRISE   621 AM CDT   SUNSET   914 PM CDT
JULY 26 2014..........SUNRISE   622 AM CDT   SUNSET   913 PM CDT


-  INDICATES NEGATIVE NUMBERS.
R  INDICATES RECORD WAS SET OR TIED.
MM INDICATES DATA IS MISSING.
T  INDICATES TRACE AMOUNT.




$$
