873
CDUS43 KABR 302250
CLIPIR


CLIMATE REPORT
NATIONAL WEATHER SERVICE ABERDEEN SD
550 PM CDT TUE AUG 30 2016


...................................

...THE PIERRE SD CLIMATE SUMMARY FOR AUGUST 30 2016...
VALID TODAY AS OF 0500 PM LOCAL TIME.

CLIMATE NORMAL PERIOD 1981 TO 2010
CLIMATE RECORD PERIOD 1892 TO 2016


WEATHER ITEM   OBSERVED TIME   RECORD YEAR NORMAL DEPARTURE LAST
                VALUE   (LST)  VALUE       VALUE  FROM      YEAR
                                                  NORMAL
..................................................................
TEMPERATURE (F)
 TODAY
  MAXIMUM         89    359 PM 107    2000  84      5       99
  MINIMUM         63    559 AM  42    2003  56      7       66
                                      1892
  AVERAGE         76                        70      6       83

PRECIPITATION (IN)
  TODAY            0.00          1.75 1912   0.05  -0.05     0.00
  MONTH TO DATE    2.14                      1.75   0.39     2.49
  SINCE JUN 1      8.28                      7.93   0.35    10.80
  SINCE JAN 1     15.72                     15.13   0.59    18.15

DEGREE DAYS
 COOLING
  TODAY           11                         7      4       18
  MONTH TO DATE  253                       278    -25      261
  SINCE JUN 1    831                       739     92      690
  SINCE JAN 1    854                       771     83      704
..................................................................


WIND (MPH)
  HIGHEST GUST SPEED    20   HIGHEST GUST DIRECTION     E (80)




..........................................................


THE PIERRE SD CLIMATE NORMALS FOR TOMORROW
                         NORMAL    RECORD    YEAR
 MAXIMUM TEMPERATURE (F)   84       103      1960
 MINIMUM TEMPERATURE (F)   56        39      1974


SUNRISE AND SUNSET
AUGUST 30 2016........SUNRISE   702 AM CDT   SUNSET   820 PM CDT
AUGUST 31 2016........SUNRISE   703 AM CDT   SUNSET   818 PM CDT


-  INDICATES NEGATIVE NUMBERS.
R  INDICATES RECORD WAS SET OR TIED.
MM INDICATES DATA IS MISSING.
T  INDICATES TRACE AMOUNT.




$$
