000
CDUS43 KABR 291442
CLIPIR


CLIMATE REPORT
NATIONAL WEATHER SERVICE ABERDEEN SD
842 AM CST THU JAN 29 2015


...................................

...THE PIERRE SD CLIMATE SUMMARY FOR JANUARY 28 2015...

CLIMATE NORMAL PERIOD 1981 TO 2010
CLIMATE RECORD PERIOD 1892 TO 2015


WEATHER ITEM   OBSERVED TIME   RECORD YEAR NORMAL DEPARTURE LAST
                VALUE   (LST)  VALUE       VALUE  FROM      YEAR
                                                  NORMAL
..................................................................
TEMPERATURE (F)
 YESTERDAY
  MAXIMUM         60R   217 PM  60    2015  31     29       18
                                      1942
  MINIMUM         27    655 AM -25    1972  10     17       -6
  AVERAGE         44                        21     23        6

PRECIPITATION (IN)
  YESTERDAY        0.00          0.39 2013   0.01  -0.01     0.00
  MONTH TO DATE    0.13                      0.38  -0.25     0.09
  SINCE DEC 1      0.95                      0.93   0.02     1.57
  SINCE JAN 1      0.13                      0.38  -0.25     0.09

SNOWFALL (IN)
  YESTERDAY        0.0           5.4  1947   0.2   -0.2      0.0
  MONTH TO DATE    1.4                       4.3   -2.9      1.0
  SINCE OCT 1     20.8                      15.5    5.3     17.2
  SINCE JUL 1     20.8                      15.5    5.3     17.2
  SNOW DEPTH       0

DEGREE DAYS
 HEATING
  YESTERDAY       21                        44    -23       59
  MONTH TO DATE 1159                      1263   -104     1240
  SINCE DEC 1   2432                      2605   -173     2840
  SINCE JUL 1   4154                      4225    -71     4459

 COOLING
  YESTERDAY        0                         0      0        0
  MONTH TO DATE    0                         0      0        0
  SINCE DEC 1      0                         0      0        0
  SINCE JAN 1      0                         0      0        0
..................................................................


WIND (MPH)
  RESULTANT WIND SPEED  14   RESULTANT WIND DIRECTION  NW (320)
  HIGHEST WIND SPEED    37   HIGHEST WIND DIRECTION     N (340)
  HIGHEST GUST SPEED    46   HIGHEST GUST DIRECTION     N (350)
  AVERAGE WIND SPEED    17.3




RELATIVE HUMIDITY (PERCENT)
 HIGHEST   100           300 AM
 LOWEST     38           300 PM
 AVERAGE    69

..........................................................


THE PIERRE SD CLIMATE NORMALS FOR TODAY
                         NORMAL    RECORD    YEAR
 MAXIMUM TEMPERATURE (F)   31        54      1992
 MINIMUM TEMPERATURE (F)   10       -33      1966


SUNRISE AND SUNSET
JANUARY 29 2015.......SUNRISE   803 AM CST   SUNSET   546 PM CST
JANUARY 30 2015.......SUNRISE   802 AM CST   SUNSET   548 PM CST


-  INDICATES NEGATIVE NUMBERS.
R  INDICATES RECORD WAS SET OR TIED.
MM INDICATES DATA IS MISSING.
T  INDICATES TRACE AMOUNT.




$$
