000
CDUS43 KABR 302233
CLIPIR


CLIMATE REPORT
NATIONAL WEATHER SERVICE ABERDEEN SD
532 PM CDT THU MAR 30 2017


...................................

...THE PIERRE SD CLIMATE SUMMARY FOR MARCH 30 2017...
VALID TODAY AS OF 0500 PM LOCAL TIME.

CLIMATE NORMAL PERIOD 1981 TO 2010
CLIMATE RECORD PERIOD 1892 TO 2017


WEATHER ITEM   OBSERVED TIME   RECORD YEAR NORMAL DEPARTURE LAST
                VALUE   (LST)  VALUE       VALUE  FROM      YEAR
                                                  NORMAL
..................................................................
TEMPERATURE (F)
 TODAY
  MAXIMUM         47    359 PM  86    1978  52     -5       53
  MINIMUM         26    421 AM   4    1975  28     -2       37
  AVERAGE         37                        40     -3       45

PRECIPITATION (IN)
  TODAY            0.00          0.77 2007   0.05  -0.05     0.15
  MONTH TO DATE    0.34                      1.17  -0.83     1.16
  SINCE MAR 1      0.34                      1.17  -0.83     1.16
  SINCE JAN 1      1.57                      2.18  -0.61     2.16

SNOWFALL (IN)
  TODAY            0.0
  MONTH TO DATE    4.5
  SINCE OCT 1     32.6
  SINCE JUL 1     32.6
  SNOW DEPTH       0

DEGREE DAYS
 HEATING
  TODAY           28                        25      3       20
  MONTH TO DATE  852                       922    -70      728
  SINCE MAR 1    852                       922    -70      728
  SINCE JUL 1   6008                      6420   -412     5562

 COOLING
  TODAY            0                         0      0        0
  MONTH TO DATE    0                         0      0        0
  SINCE MAR 1      0                         0      0        0
  SINCE JAN 1      0                         0      0        0
..................................................................


WIND (MPH)
  HIGHEST GUST SPEED    18   HIGHEST GUST DIRECTION    SE (120)




..........................................................


THE PIERRE SD CLIMATE NORMALS FOR TOMORROW
                         NORMAL    RECORD    YEAR
 MAXIMUM TEMPERATURE (F)   52        86      1946
 MINIMUM TEMPERATURE (F)   29         5      1975


SUNRISE AND SUNSET
MARCH 30 2017.........SUNRISE   725 AM CDT   SUNSET   806 PM CDT
MARCH 31 2017.........SUNRISE   724 AM CDT   SUNSET   808 PM CDT


-  INDICATES NEGATIVE NUMBERS.
R  INDICATES RECORD WAS SET OR TIED.
MM INDICATES DATA IS MISSING.
T  INDICATES TRACE AMOUNT.




$$
