000
CDUS43 KABR 281040
CLIPIR


CLIMATE REPORT
NATIONAL WEATHER SERVICE ABERDEEN SD
539 AM CDT FRI AUG 28 2015


...................................

...THE PIERRE SD CLIMATE SUMMARY FOR AUGUST 27 2015...

CLIMATE NORMAL PERIOD 1981 TO 2010
CLIMATE RECORD PERIOD 1892 TO 2015


WEATHER ITEM   OBSERVED TIME   RECORD YEAR NORMAL DEPARTURE LAST
                VALUE   (LST)  VALUE       VALUE  FROM      YEAR
                                                  NORMAL
..................................................................
TEMPERATURE (F)
 YESTERDAY
  MAXIMUM         76    317 PM 110    1973  85     -9       78
  MINIMUM         65    325 AM  41    1992  58      7       56
  AVERAGE         71                        71      0       67

PRECIPITATION (IN)
  YESTERDAY        0.27          1.66 1975   0.05   0.22     0.08
  MONTH TO DATE    2.49                      1.60   0.89     2.25
  SINCE JUN 1     10.80                      7.78   3.02     7.51
  SINCE JAN 1     18.15                     14.98   3.17    15.44

DEGREE DAYS
 HEATING
  YESTERDAY        0                         1     -1        0
  MONTH TO DATE   23                         7     16        9
  SINCE JUN 1     30                        66    -36       95
  SINCE JUL 1     25                        13     12       28

 COOLING
  YESTERDAY        6                         7     -1        2
  MONTH TO DATE  221                       257    -36      188
  SINCE JUN 1    650                       718    -68      477
  SINCE JAN 1    664                       750    -86      525
..................................................................


WIND (MPH)
  RESULTANT WIND SPEED   3   RESULTANT WIND DIRECTION  NE (40)
  HIGHEST WIND SPEED    25   HIGHEST WIND DIRECTION     W (250)
  HIGHEST GUST SPEED    32   HIGHEST GUST DIRECTION     W (250)
  AVERAGE WIND SPEED     7.9




RELATIVE HUMIDITY (PERCENT)
 HIGHEST   100          1100 PM
 LOWEST     69           200 PM
 AVERAGE    85

..........................................................


THE PIERRE SD CLIMATE NORMALS FOR TODAY
                         NORMAL    RECORD    YEAR
 MAXIMUM TEMPERATURE (F)   85       106      1991
 MINIMUM TEMPERATURE (F)   57        41      1988


SUNRISE AND SUNSET
AUGUST 28 2015........SUNRISE   659 AM CDT   SUNSET   825 PM CDT
AUGUST 29 2015........SUNRISE   700 AM CDT   SUNSET   823 PM CDT


-  INDICATES NEGATIVE NUMBERS.
R  INDICATES RECORD WAS SET OR TIED.
MM INDICATES DATA IS MISSING.
T  INDICATES TRACE AMOUNT.




$$
