000
CDUS43 KABR 272227
CLIPIR


CLIMATE REPORT
NATIONAL WEATHER SERVICE ABERDEEN SD
526 PM CDT WED MAY 27 2015


...................................

...THE PIERRE SD CLIMATE SUMMARY FOR MAY 27 2015...
VALID TODAY AS OF 0500 PM LOCAL TIME.

CLIMATE NORMAL PERIOD 1981 TO 2010
CLIMATE RECORD PERIOD 1892 TO 2015


WEATHER ITEM   OBSERVED TIME   RECORD YEAR NORMAL DEPARTURE LAST
                VALUE   (LST)  VALUE       VALUE  FROM      YEAR
                                                  NORMAL
..................................................................
TEMPERATURE (F)
 TODAY
  MAXIMUM         80    141 PM 105    1969  73      7       84
  MINIMUM         48    523 AM  32    1992  50     -2       57
  AVERAGE         64                        61      3       71

PRECIPITATION (IN)
  TODAY            0.00          1.35 1984   0.12  -0.12     0.03
  MONTH TO DATE    3.62                      2.69   0.93     2.41
  SINCE MAR 1      4.44                      5.73  -1.29     5.37
  SINCE JAN 1      4.79                      6.74  -1.95     5.94

DEGREE DAYS
 COOLING
  TODAY            0                         1     -1        6
  MONTH TO DATE    5                        25    -20       25
  SINCE MAR 1     10                        29    -19       25
  SINCE JAN 1     10                        29    -19       25
..................................................................


WIND (MPH)
  HIGHEST GUST SPEED    32   HIGHEST GUST DIRECTION     S (200)




..........................................................


THE PIERRE SD CLIMATE NORMALS FOR TOMORROW
                         NORMAL    RECORD    YEAR
 MAXIMUM TEMPERATURE (F)   73       105      1934
 MINIMUM TEMPERATURE (F)   50        29      1965


SUNRISE AND SUNSET
MAY 27 2015...........SUNRISE   603 AM CDT   SUNSET   914 PM CDT
MAY 28 2015...........SUNRISE   603 AM CDT   SUNSET   915 PM CDT


-  INDICATES NEGATIVE NUMBERS.
R  INDICATES RECORD WAS SET OR TIED.
MM INDICATES DATA IS MISSING.
T  INDICATES TRACE AMOUNT.




$$
