000
CDUS41 KPBZ 272118
CLIPIT

CLIMATE REPORT
NATIONAL WEATHER SERVICE PITTSBURGH PA
517 PM EDT TUE JUN 27 2017

...................................

...THE PITTSBURGH PA CLIMATE SUMMARY FOR JUNE 27 2017...
VALID TODAY AS OF 0500 PM LOCAL TIME.

CLIMATE NORMAL PERIOD 1981 TO 2010
CLIMATE RECORD PERIOD 1871 TO 2017

WEATHER ITEM   OBSERVED TIME   RECORD YEAR NORMAL DEPARTURE LAST
                VALUE   (LST)  VALUE       VALUE  FROM      YEAR
                                                  NORMAL
..................................................................
TEMPERATURE (F)
 TODAY
  MAXIMUM         70    317 PM  96    1966  82    -12       89
  MINIMUM         54    547 AM  45    1981  61     -7       72
  AVERAGE         62                        72    -10       81

PRECIPITATION (IN)
  TODAY            T             2.37 1998   0.14  -0.14     0.01
  MONTH TO DATE    3.20                      3.88  -0.68     3.10
  SINCE JUN 1      3.20                      3.88  -0.68     3.10
  SINCE JAN 1     21.91                     18.98   2.93    16.72

SNOWFALL (IN)
  TODAY            0.0           0.0  2002   0.0    0.0      0.0
                                      2001
  MONTH TO DATE    0.0                       0.0    0.0      0.0
  SINCE OCT 1     32.0                      41.9   -9.9     29.6
  SINCE JUL 1     32.0                      41.9   -9.9     29.6
  SNOW DEPTH       0

DEGREE DAYS
 HEATING
  TODAY            3                         0      3        0
  MONTH TO DATE   23                        38    -15       13
  SINCE JUN 1     23                        38    -15       13
  SINCE JUL 1   4645                      5710  -1065     4683

 COOLING
  TODAY            0                         7     -7       16
  MONTH TO DATE  157                       129     28      210
  SINCE JUN 1    157                       129     28      210
  SINCE JAN 1    231                       181     50      280
..................................................................

WIND (MPH)
  HIGHEST WIND SPEED    21   HIGHEST WIND DIRECTION     W (290)
  HIGHEST GUST SPEED    26   HIGHEST GUST DIRECTION     W (290)
  AVERAGE WIND SPEED     8.7


SKY COVER
  POSSIBLE SUNSHINE  MM
  AVERAGE SKY COVER 0.5


WEATHER CONDITIONS
 THE FOLLOWING WEATHER WAS RECORDED TODAY.
  LIGHT RAIN
  HAZE


RELATIVE HUMIDITY (PERCENT)
 HIGHEST    93           500 AM
 LOWEST     48           400 PM
 AVERAGE    71

..........................................................


THE PITTSBURGH PA CLIMATE NORMALS FOR TOMORROW
                         NORMAL    RECORD    YEAR
 MAXIMUM TEMPERATURE (F)   82        96      1971
 MINIMUM TEMPERATURE (F)   61        47      1988


SUNRISE AND SUNSET
JUNE 27 2017..........SUNRISE   552 AM EDT   SUNSET   855 PM EDT
JUNE 28 2017..........SUNRISE   553 AM EDT   SUNSET   855 PM EDT


-  INDICATES NEGATIVE NUMBERS.
R  INDICATES RECORD WAS SET OR TIED.
MM INDICATES DATA IS MISSING.
T  INDICATES TRACE AMOUNT.

&&

SNOW DEPTH IS MEASURED AT 7 AM EST OR 8 AM EDT.

$$
