000
CDUS41 KPBZ 312238
CLIPIT


CLIMATE REPORT
NATIONAL WEATHER SERVICE PITTSBURGH PA
537 PM EST SAT JAN 31 2015


...................................

...THE PITTSBURGH PA CLIMATE SUMMARY FOR JANUARY 31 2015...
VALID TODAY AS OF 0500 PM LOCAL TIME.

CLIMATE NORMAL PERIOD 1981 TO 2010
CLIMATE RECORD PERIOD 1871 TO 2015


WEATHER ITEM   OBSERVED TIME   RECORD YEAR NORMAL DEPARTURE LAST
                VALUE   (LST)  VALUE       VALUE  FROM      YEAR
                                                  NORMAL
..................................................................
TEMPERATURE (F)
 TODAY
  MAXIMUM         28    355 PM  72    2002  37     -9       38
  MINIMUM          4    424 AM  -3    1971  21    -17       32
  AVERAGE         16                        29    -13       35

PRECIPITATION (IN)
  TODAY            0.00          0.94 1982   0.09  -0.09      T
  MONTH TO DATE    2.25                      2.70  -0.45     2.18
  SINCE JUN 1     24.00                     25.79  -1.79    26.49
  SINCE JAN 1      2.25                      2.70  -0.45     2.18

SNOWFALL (IN)
  TODAY            0.0           5.9  1882   0.4   -0.4       T
  MONTH TO DATE   18.5                      11.8    6.7     17.9
  SINCE OCT 1     21.8                      22.5   -0.7     42.3
  SINCE JUL 1     21.8                      22.5   -0.7     42.3
  SNOW DEPTH       7

DEGREE DAYS
 HEATING
  TODAY           49                        36     13       30
  MONTH TO DATE 1222                      1137     85     1320
  SINCE DEC 1   2131                      2146    -15     2269
  SINCE JUL 1   3369                      3309     60     3437

 COOLING
  TODAY            0                         0      0        0
  MONTH TO DATE    0                         0      0        0
  SINCE DEC 1      0                         0      0        0
  SINCE JAN 1      0                         0      0        0
..................................................................


WIND (MPH)
  HIGHEST WIND SPEED    14   HIGHEST WIND DIRECTION     W (270)
  HIGHEST GUST SPEED    19   HIGHEST GUST DIRECTION    SW (230)
  AVERAGE WIND SPEED     4.9


SKY COVER
  POSSIBLE SUNSHINE  MM
  AVERAGE SKY COVER 0.4


WEATHER CONDITIONS
 THE FOLLOWING WEATHER WAS RECORDED TODAY.
  NO SIGNIFICANT WEATHER WAS OBSERVED.


RELATIVE HUMIDITY (PERCENT)
 HIGHEST    88           200 AM
 LOWEST     53           400 PM
 AVERAGE    71

..........................................................


THE PITTSBURGH PA CLIMATE NORMALS FOR TOMORROW
                         NORMAL    RECORD    YEAR
 MAXIMUM TEMPERATURE (F)   37        66      1877
 MINIMUM TEMPERATURE (F)   21        -4      1971


SUNRISE AND SUNSET
JANUARY 31 2015.......SUNRISE   732 AM EST   SUNSET   537 PM EST
FEBRUARY  1 2015......SUNRISE   731 AM EST   SUNSET   539 PM EST


-  INDICATES NEGATIVE NUMBERS.
R  INDICATES RECORD WAS SET OR TIED.
MM INDICATES DATA IS MISSING.
T  INDICATES TRACE AMOUNT.





&&
SNOW DEPTH IS MEASURED AT 7 AM EST OR 8 AM EDT.
$$
