000
CDUS41 KPBZ 050700
CLIPIT

CLIMATE REPORT
NATIONAL WEATHER SERVICE PITTSBURGH PA
300 AM EDT SUN JUL 5 2015

...................................

...THE PITTSBURGH PA CLIMATE SUMMARY FOR JULY 4 2015...

CLIMATE NORMAL PERIOD 1981 TO 2010
CLIMATE RECORD PERIOD 1871 TO 2015

WEATHER ITEM   OBSERVED TIME   RECORD YEAR NORMAL DEPARTURE LAST
                VALUE   (LST)  VALUE       VALUE  FROM      YEAR
                                                  NORMAL
..................................................................
TEMPERATURE (F)
 YESTERDAY
  MAXIMUM         80    430 PM 100    1911  83     -3       74
  MINIMUM         64   1159 PM  46    1968  62      2       57
  AVERAGE         72                        72      0       66

PRECIPITATION (IN)
  YESTERDAY        0.00          2.80 1878   0.13  -0.13     0.00
  MONTH TO DATE    0.58                      0.52   0.06     0.20
  SINCE JUN 1      7.92                      4.82   3.10     4.25
  SINCE JAN 1     22.40                     19.92   2.48    19.34

SNOWFALL (IN)
  YESTERDAY        0.0           0.0  2002   0.0    0.0      0.0
                                      2001
  MONTH TO DATE    0.0                       0.0    0.0      0.0
  SINCE OCT 1     47.5                      41.9    5.6     63.4
  SINCE JUL 1      0.0                       0.0    0.0      0.0
  SNOW DEPTH       0

DEGREE DAYS
 HEATING
  YESTERDAY        0                         0      0        0
  MONTH TO DATE    0                         0      0        0
  SINCE JUN 1     25                        38    -13        9
  SINCE JUL 1      0                         0      0        0

 COOLING
  YESTERDAY        7                         8     -1        1
  MONTH TO DATE   17                        29    -12       36
  SINCE JUN 1    210                       179     31      221
  SINCE JAN 1    344                       231    113      295
..................................................................

WIND (MPH)
  HIGHEST WIND SPEED    15   HIGHEST WIND DIRECTION    NW (310)
  HIGHEST GUST SPEED    18   HIGHEST GUST DIRECTION    NW (320)
  AVERAGE WIND SPEED     6.8


SKY COVER
  POSSIBLE SUNSHINE  MM
  AVERAGE SKY COVER 0.6


WEATHER CONDITIONS
 THE FOLLOWING WEATHER WAS RECORDED YESTERDAY.
  FOG
  HAZE


RELATIVE HUMIDITY (PERCENT)
 HIGHEST    93          1200 AM
 LOWEST     39           300 PM
 AVERAGE    66

..........................................................


THE PITTSBURGH PA CLIMATE NORMALS FOR TODAY
                         NORMAL    RECORD    YEAR
 MAXIMUM TEMPERATURE (F)   83        99      1897
 MINIMUM TEMPERATURE (F)   62        46      1979


SUNRISE AND SUNSET
JULY  5 2015..........SUNRISE   556 AM EDT   SUNSET   854 PM EDT
JULY  6 2015..........SUNRISE   557 AM EDT   SUNSET   854 PM EDT


-  INDICATES NEGATIVE NUMBERS.
R  INDICATES RECORD WAS SET OR TIED.
MM INDICATES DATA IS MISSING.
T  INDICATES TRACE AMOUNT.

&&

SNOW DEPTH IS MEASURED AT 7 AM EST OR 8 AM EDT.

$$
