000
CDUS41 KPBZ 252140
CLIPIT

CLIMATE REPORT
NATIONAL WEATHER SERVICE PITTSBURGH PA
540 PM EDT MON JUL 25 2016

...................................

...THE PITTSBURGH PA CLIMATE SUMMARY FOR JULY 25 2016...
VALID TODAY AS OF 0500 PM LOCAL TIME.

CLIMATE NORMAL PERIOD 1981 TO 2010
CLIMATE RECORD PERIOD 1871 TO 2016

WEATHER ITEM   OBSERVED TIME   RECORD YEAR NORMAL DEPARTURE LAST
                VALUE   (LST)  VALUE       VALUE  FROM      YEAR
                                                  NORMAL
..................................................................
TEMPERATURE (F)
 TODAY
  MAXIMUM         93    201 PM  96    1934  82     11       87
                                      1892
                                      1885
  MINIMUM         71    331 AM  51    2014  63      8       60
                                      1953
  AVERAGE         82                        73      9       74

PRECIPITATION (IN)
  TODAY            0.02          0.92 1921   0.12  -0.10     0.00
  MONTH TO DATE    1.81                      3.12  -1.31     3.61
  SINCE JUN 1      4.91                      7.42  -2.51    10.95
  SINCE JAN 1     18.53                     22.52  -3.99    25.43

SNOWFALL (IN)
  TODAY            0.0           0.0  2002   0.0    0.0      0.0
                                      2001
  MONTH TO DATE    0.0                       0.0    0.0      0.0
  SINCE OCT 1     29.6                      41.9  -12.3     47.5
  SINCE JUL 1      0.0                       0.0    0.0      0.0
  SNOW DEPTH       0

DEGREE DAYS
 HEATING
  TODAY            0                         0      0        0
  MONTH TO DATE    1                         0      1        0
  SINCE JUN 1     15                        38    -23       25
  SINCE JUL 1      1                         0      1        0

 COOLING
  TODAY           17                         8      9        9
  MONTH TO DATE  269                       197     72      183
  SINCE JUN 1    489                       347    142      376
  SINCE JAN 1    559                       399    160      510
..................................................................

WIND (MPH)
  HIGHEST WIND SPEED    26   HIGHEST WIND DIRECTION    NW (310)
  HIGHEST GUST SPEED    34   HIGHEST GUST DIRECTION    NW (310)
  AVERAGE WIND SPEED     7.0


SKY COVER
  POSSIBLE SUNSHINE  MM
  AVERAGE SKY COVER 0.7


WEATHER CONDITIONS
 THE FOLLOWING WEATHER WAS RECORDED TODAY.
  THUNDERSTORM
  FOG
  HAZE


RELATIVE HUMIDITY (PERCENT)
 HIGHEST    93           100 AM
 LOWEST     44           200 PM
 AVERAGE    69

..........................................................


THE PITTSBURGH PA CLIMATE NORMALS FOR TOMORROW
                         NORMAL    RECORD    YEAR
 MAXIMUM TEMPERATURE (F)   82        96      1934
                                             1930
                                             1892
 MINIMUM TEMPERATURE (F)   63        51      1977
                                             1965
                                             1920


SUNRISE AND SUNSET
JULY 25 2016..........SUNRISE   612 AM EDT   SUNSET   842 PM EDT
JULY 26 2016..........SUNRISE   613 AM EDT   SUNSET   841 PM EDT


-  INDICATES NEGATIVE NUMBERS.
R  INDICATES RECORD WAS SET OR TIED.
MM INDICATES DATA IS MISSING.
T  INDICATES TRACE AMOUNT.

&&

SNOW DEPTH IS MEASURED AT 7 AM EST OR 8 AM EDT.

$$
