887
CDUS41 KPBZ 061804
CLIPIT

CLIMATE REPORT
NATIONAL WEATHER SERVICE PITTSBURGH PA
103 PM EST SAT FEB 6 2016

...................................

...THE PITTSBURGH PA CLIMATE SUMMARY FOR FEBRUARY 5 2016...

CLIMATE NORMAL PERIOD 1981 TO 2010
CLIMATE RECORD PERIOD 1871 TO 2016

WEATHER ITEM   OBSERVED TIME   RECORD YEAR NORMAL DEPARTURE LAST
                VALUE   (LST)  VALUE       VALUE  FROM      YEAR
                                                  NORMAL
..................................................................
TEMPERATURE (F)
 YESTERDAY
  MAXIMUM         36    355 PM  63    1938  37     -1       25
  MINIMUM         25   1159 PM -11    1918  22      3        6
  AVERAGE         31                        30      1       16

PRECIPITATION (IN)
  YESTERDAY        T             0.80 1908   0.09  -0.09     0.02
  MONTH TO DATE    0.52                      0.44   0.08     0.74
  SINCE JUN 1     28.39                     26.23   2.16    24.74
  SINCE JAN 1      2.31                      3.14  -0.83     2.99

SNOWFALL (IN)
  YESTERDAY        0.2          11.4  2010   0.4   -0.2      0.4
  MONTH TO DATE    0.2                       1.9   -1.7      3.8
  SINCE OCT 1     15.1                      24.4   -9.3     26.6
  SINCE JUL 1     15.1                      24.4   -9.3     26.6
  SNOW DEPTH       0

DEGREE DAYS
 HEATING
  YESTERDAY       34                        36     -2       49
  MONTH TO DATE  125                       180    -55      201
  SINCE DEC 1   1932                      2326   -394     2332
  SINCE JUL 1   2786                      3489   -703     3570

 COOLING
  YESTERDAY        0                         0      0        0
  MONTH TO DATE    0                         0      0        0
  SINCE DEC 1      0                         0      0        0
  SINCE JAN 1      0                         0      0        0
..................................................................

WIND (MPH)
  HIGHEST WIND SPEED    20   HIGHEST WIND DIRECTION    NW (300)
  HIGHEST GUST SPEED    23   HIGHEST GUST DIRECTION    NW (310)
  AVERAGE WIND SPEED     8.3


SKY COVER
  POSSIBLE SUNSHINE  MM
  AVERAGE SKY COVER 0.6


WEATHER CONDITIONS
 THE FOLLOWING WEATHER WAS RECORDED YESTERDAY.
  LIGHT SNOW


RELATIVE HUMIDITY (PERCENT)
 HIGHEST    78          1200 AM
 LOWEST     44           400 PM
 AVERAGE    61

..........................................................


THE PITTSBURGH PA CLIMATE NORMALS FOR TODAY
                         NORMAL    RECORD    YEAR
 MAXIMUM TEMPERATURE (F)   37        63      2008
 MINIMUM TEMPERATURE (F)   22        -7      1979


SUNRISE AND SUNSET
FEBRUARY  6 2016......SUNRISE   726 AM EST   SUNSET   545 PM EST
FEBRUARY  7 2016......SUNRISE   725 AM EST   SUNSET   546 PM EST


-  INDICATES NEGATIVE NUMBERS.
R  INDICATES RECORD WAS SET OR TIED.
MM INDICATES DATA IS MISSING.
T  INDICATES TRACE AMOUNT.

&&

SNOW DEPTH IS MEASURED AT 7 AM EST OR 8 AM EDT.

$$
