000
CDUS41 KPBZ 192116
CLIPIT

CLIMATE REPORT
NATIONAL WEATHER SERVICE PITTSBURGH PA
514 PM EDT THU OCT 19  2017

...................................

...THE PITTSBURGH PA CLIMATE SUMMARY FOR OCTOBER 19 2017...
VALID TODAY AS OF 0500 PM LOCAL TIME.

CLIMATE NORMAL PERIOD 1981 TO 2010
CLIMATE RECORD PERIOD 1871 TO 2017

WEATHER ITEM   OBSERVED TIME   RECORD YEAR NORMAL DEPARTURE LAST
                VALUE   (LST)  VALUE       VALUE  FROM      YEAR
                                                  NORMAL
..................................................................
TEMPERATURE (F)
 TODAY
  MAXIMUM         70    352 PM  82    1963  62      8       75
                                      1894
  MINIMUM         42    656 AM  26    1972  42      0       63
  AVERAGE         56                        52      4       69

PRECIPITATION (IN)
  TODAY            0.00          1.56 1916   0.07  -0.07     0.06
                                      1906
  MONTH TO DATE    2.53                      1.36   1.17     0.96
  SINCE JUN 1     15.94                     16.08  -0.14    13.55
  SINCE JAN 1     34.65                     31.18   3.47    27.17

SNOWFALL (IN)
  TODAY            0.0           0.9  1992   0.0    0.0      0.0
  MONTH TO DATE    0.0                       0.1   -0.1      0.0
  SINCE OCT 1      0.0                       0.1   -0.1      0.0
  SINCE JUL 1      0.0                       0.1   -0.1      0.0
  SNOW DEPTH       0

DEGREE DAYS
 HEATING
  TODAY            9                        13     -4        0
  MONTH TO DATE   56                       205   -149      117
  SINCE SEP 1    124                       306   -182      132
  SINCE JUL 1    129                       319   -190      133

 COOLING
  TODAY            0                         0      0        4
  MONTH TO DATE   39                         6     33       18
  SINCE SEP 1    160                        82     78      174
  SINCE JAN 1    864                       734    130     1149
..................................................................

WIND (MPH)
  HIGHEST WIND SPEED    20   HIGHEST WIND DIRECTION    SW (230)
  HIGHEST GUST SPEED    26   HIGHEST GUST DIRECTION    SW (230)
  AVERAGE WIND SPEED     5.0


SKY COVER
  POSSIBLE SUNSHINE  MM
  AVERAGE SKY COVER 0.4


WEATHER CONDITIONS
 THE FOLLOWING WEATHER WAS RECORDED TODAY.
  NO SIGNIFICANT WEATHER WAS OBSERVED.


RELATIVE HUMIDITY (PERCENT)
 HIGHEST    89           600 AM
 LOWEST     40           400 PM
 AVERAGE    65

..........................................................


THE PITTSBURGH PA CLIMATE NORMALS FOR TOMORROW
                         NORMAL    RECORD    YEAR
 MAXIMUM TEMPERATURE (F)   61        81      1920
                                             1894
                                             1884
 MINIMUM TEMPERATURE (F)   42        20      1972


SUNRISE AND SUNSET
OCTOBER 19 2017.......SUNRISE   736 AM EDT   SUNSET   634 PM EDT
OCTOBER 20 2017.......SUNRISE   738 AM EDT   SUNSET   633 PM EDT


-  INDICATES NEGATIVE NUMBERS.
R  INDICATES RECORD WAS SET OR TIED.
MM INDICATES DATA IS MISSING.
T  INDICATES TRACE AMOUNT.

&&

SNOW DEPTH IS MEASURED AT 7 AM EST OR 8 AM EDT.

$$
