334
CDUS41 KPBZ 010702
CLIPIT

CLIMATE REPORT
NATIONAL WEATHER SERVICE PITTSBURGH PA
302 AM EDT SUN MAY 1 2016

...................................

...THE PITTSBURGH PA CLIMATE SUMMARY FOR APRIL 30 2016...

CLIMATE NORMAL PERIOD 1981 TO 2010
CLIMATE RECORD PERIOD 1871 TO 2016

WEATHER ITEM   OBSERVED TIME   RECORD YEAR NORMAL DEPARTURE LAST
                VALUE   (LST)  VALUE       VALUE  FROM      YEAR
                                                  NORMAL
..................................................................
TEMPERATURE (F)
 YESTERDAY
  MAXIMUM         66    451 PM  88    1899  67     -1       61
  MINIMUM         45    547 AM  28    1977  45      0       48
  AVERAGE         56                        56      0       55

PRECIPITATION (IN)
  YESTERDAY        0.22          1.01 1908   0.10   0.12     0.33
  MONTH TO DATE    2.25                      3.11  -0.86     3.95
  SINCE JUN 1     36.09                     34.24   1.85    33.51
  SINCE JAN 1     10.01                     11.15  -1.14    11.76

SNOWFALL (IN)
  YESTERDAY        0.0           0.5  1908   0.0    0.0      0.0
  MONTH TO DATE    3.1                       1.5    1.6      0.3
  SINCE OCT 1     29.6                      41.9  -12.3     47.5
  SINCE JUL 1     29.6                      41.9  -12.3     47.5
  SNOW DEPTH       0

DEGREE DAYS
 HEATING
  YESTERDAY        9                        10     -1       10
  MONTH TO DATE  406                       430    -24      359
  SINCE MAR 1    926                      1219   -293     1257
  SINCE JUL 1   4492                      5476   -984     5925

 COOLING
  YESTERDAY        0                         0      0        0
  MONTH TO DATE    1                         9     -8        1
  SINCE MAR 1      3                        10     -7        1
  SINCE JAN 1      3                        10     -7        1
..................................................................

WIND (MPH)
  HIGHEST WIND SPEED    15   HIGHEST WIND DIRECTION    SE (130)
  HIGHEST GUST SPEED    18   HIGHEST GUST DIRECTION    SE (120)
  AVERAGE WIND SPEED     5.9


SKY COVER
  POSSIBLE SUNSHINE  MM
  AVERAGE SKY COVER 1.0


WEATHER CONDITIONS
 THE FOLLOWING WEATHER WAS RECORDED YESTERDAY.
  LIGHT RAIN
  FOG


RELATIVE HUMIDITY (PERCENT)
 HIGHEST    86          1200 AM
 LOWEST     45           200 PM
 AVERAGE    66

..........................................................


THE PITTSBURGH PA CLIMATE NORMALS FOR TODAY
                         NORMAL    RECORD    YEAR
 MAXIMUM TEMPERATURE (F)   67        93      1942
 MINIMUM TEMPERATURE (F)   45        27      1876


SUNRISE AND SUNSET
MAY  1 2016...........SUNRISE   619 AM EDT   SUNSET   817 PM EDT
MAY  2 2016...........SUNRISE   618 AM EDT   SUNSET   818 PM EDT


-  INDICATES NEGATIVE NUMBERS.
R  INDICATES RECORD WAS SET OR TIED.
MM INDICATES DATA IS MISSING.
T  INDICATES TRACE AMOUNT.

&&

SNOW DEPTH IS MEASURED AT 7 AM EST OR 8 AM EDT.

$$
