000
CDUS41 KPBZ 222211
CLIPIT

CLIMATE REPORT
NATIONAL WEATHER SERVICE PITTSBURGH PA
511 PM EST WED FEB 22 2017

...................................

...THE PITTSBURGH PA CLIMATE SUMMARY FOR FEBRUARY 22 2017...
VALID TODAY AS OF 0500 PM LOCAL TIME.

CLIMATE NORMAL PERIOD 1981 TO 2010
CLIMATE RECORD PERIOD 1871 TO 2017

WEATHER ITEM   OBSERVED TIME   RECORD YEAR NORMAL DEPARTURE LAST
                VALUE   (LST)  VALUE       VALUE  FROM      YEAR
                                                  NORMAL
..................................................................
TEMPERATURE (F)
 TODAY
  MAXIMUM         66    352 PM  70    1930  41     25       49
                                      1922
  MINIMUM         51    549 AM  -8    1963  24     27       29
  AVERAGE         59                        32     27       39

PRECIPITATION (IN)
  TODAY            0.00          1.16 1935   0.09  -0.09     0.00
  MONTH TO DATE    1.16                      1.87  -0.71     1.99
  SINCE JUN 1     26.09                     27.66  -1.57    29.86
  SINCE JAN 1      4.70                      4.57   0.13     3.78

SNOWFALL (IN)
  TODAY            0.0           4.5  1935   0.4   -0.4      0.0
  MONTH TO DATE    6.7                       8.0   -1.3      8.9
  SINCE OCT 1     22.3                      30.5   -8.2     23.8
  SINCE JUL 1     22.3                      30.5   -8.2     23.8
  SNOW DEPTH       0

DEGREE DAYS
 HEATING
  TODAY            6                        32    -26       26
  MONTH TO DATE  577                       759   -182      738
  SINCE DEC 1   2481                      2905   -424     2545
  SINCE JUL 1   3328                      4068   -740     3399

 COOLING
  TODAY            0                         0      0        0
  MONTH TO DATE    0                         0      0        0
  SINCE DEC 1      0                         0      0        0
  SINCE JAN 1      0                         0      0        0
..................................................................

WIND (MPH)
  HIGHEST WIND SPEED    12   HIGHEST WIND DIRECTION     S (200)
  HIGHEST GUST SPEED    17   HIGHEST GUST DIRECTION     S (190)
  AVERAGE WIND SPEED     3.8


SKY COVER
  POSSIBLE SUNSHINE  MM
  AVERAGE SKY COVER 0.9


WEATHER CONDITIONS
 THE FOLLOWING WEATHER WAS RECORDED TODAY.
  NO SIGNIFICANT WEATHER WAS OBSERVED.


RELATIVE HUMIDITY (PERCENT)
 HIGHEST    77           500 AM
 LOWEST     52           400 PM
 AVERAGE    65

..........................................................


THE PITTSBURGH PA CLIMATE NORMALS FOR TOMORROW
                         NORMAL    RECORD    YEAR
 MAXIMUM TEMPERATURE (F)   41        70      1922
 MINIMUM TEMPERATURE (F)   24        -1      2015
                                             1963


SUNRISE AND SUNSET
FEBRUARY 22 2017......SUNRISE   705 AM EST   SUNSET   605 PM EST
FEBRUARY 23 2017......SUNRISE   703 AM EST   SUNSET   606 PM EST


-  INDICATES NEGATIVE NUMBERS.
R  INDICATES RECORD WAS SET OR TIED.
MM INDICATES DATA IS MISSING.
T  INDICATES TRACE AMOUNT.

&&

SNOW DEPTH IS MEASURED AT 7 AM EST OR 8 AM EDT.

$$
