351
CDUS41 KPBZ 241229
CLIPIT

CLIMATE REPORT
NATIONAL WEATHER SERVICE PITTSBURGH PA
828 AM EDT WED MAY 24 2017

...................................

...THE PITTSBURGH PA CLIMATE SUMMARY FOR MAY 24 2017...
VALID AS OF 0800 AM LOCAL TIME.

CLIMATE NORMAL PERIOD 1981 TO 2010
CLIMATE RECORD PERIOD 1871 TO 2017

WEATHER ITEM   OBSERVED TIME   RECORD YEAR NORMAL DEPARTURE LAST
                VALUE   (LST)  VALUE       VALUE  FROM      YEAR
                                                  NORMAL
..................................................................
TEMPERATURE (F)
 TODAY
  MAXIMUM         61    101 AM  92    1875
  MINIMUM         57    502 AM  30    1963  52      5       51

PRECIPITATION (IN)
  TODAY            T             2.31 1973   0.14  -0.14     0.00
  MONTH TO DATE    3.29                      2.96   0.33     3.61
  SINCE JUN 1     38.24                     37.20   1.04    39.70
  SINCE JAN 1     16.85                     14.11   2.74    13.62

SNOWFALL (IN)
  TODAY            0.0           T    1925   0.0    0.0      0.0
  MONTH TO DATE    0.0                       0.0    0.0       T
  SINCE OCT 1     32.0                      41.9   -9.9     29.6
  SINCE JUL 1     32.0                      41.9   -9.9     29.6
  SNOW DEPTH       0

DEGREE DAYS
 HEATING
  TODAY            6

 COOLING
  TODAY            0
..................................................................


WEATHER CONDITIONS
 THE FOLLOWING WEATHER WAS RECORDED TODAY.
  LIGHT RAIN


RELATIVE HUMIDITY (PERCENT)
 HIGHEST    93           300 AM

..........................................................


THE PITTSBURGH PA CLIMATE NORMALS FOR TOMORROW
                         NORMAL    RECORD    YEAR
 MAXIMUM TEMPERATURE (F)   73        95      1875
 MINIMUM TEMPERATURE (F)   52        33      2013
                                             1925


SUNRISE AND SUNSET
MAY 24 2017...........SUNRISE   557 AM EDT   SUNSET   839 PM EDT
MAY 25 2017...........SUNRISE   556 AM EDT   SUNSET   840 PM EDT


-  INDICATES NEGATIVE NUMBERS.
R  INDICATES RECORD WAS SET OR TIED.
MM INDICATES DATA IS MISSING.
T  INDICATES TRACE AMOUNT.

&&

SNOW DEPTH IS MEASURED AT 7 AM EST OR 8 AM EDT.

$$
