000
CDUS41 KPBZ 300704
CLIPIT

CLIMATE REPORT
NATIONAL WEATHER SERVICE PITTSBURGH PA
303 AM EDT MON MAR 30 2015

...................................

...THE PITTSBURGH PA CLIMATE SUMMARY FOR MARCH 29 2015...

CLIMATE NORMAL PERIOD 1981 TO 2010
CLIMATE RECORD PERIOD 1871 TO 2015

WEATHER ITEM   OBSERVED TIME   RECORD YEAR NORMAL DEPARTURE LAST
                VALUE   (LST)  VALUE       VALUE  FROM      YEAR
                                                  NORMAL
..................................................................
TEMPERATURE (F)
 YESTERDAY
  MAXIMUM         45    458 PM  82    1905  55    -10       56
  MINIMUM         14    618 AM  13    1923  34    -20       33
  AVERAGE         30                        44    -14       45

PRECIPITATION (IN)
  YESTERDAY        0.02          0.95 1928   0.10  -0.08     0.65
  MONTH TO DATE    4.01                      2.74   1.27     1.83
  SINCE JUN 1     29.56                     30.92  -1.36    30.57
  SINCE JAN 1      7.81                      7.83  -0.02     6.26

SNOWFALL (IN)
  YESTERDAY        T             4.2  1970   0.1   -0.1      0.4
  MONTH TO DATE    9.0                       7.2    1.8      4.5
  SINCE OCT 1     47.2                      40.0    7.2     62.9
  SINCE JUL 1     47.2                      40.0    7.2     62.9
  SNOW DEPTH       0

DEGREE DAYS
 HEATING
  YESTERDAY       35                        21     14       20
  MONTH TO DATE  859                       748    111      894
  SINCE MAR 1    859                       748    111      894
  SINCE JUL 1   5527                      5005    522     5425

 COOLING
  YESTERDAY        0                         0      0        0
  MONTH TO DATE    0                         0      0        0
  SINCE MAR 1      0                         0      0        0
  SINCE JAN 1      0                         0      0        0
..................................................................

WIND (MPH)
  HIGHEST WIND SPEED    26   HIGHEST WIND DIRECTION    SW (220)
  HIGHEST GUST SPEED    37   HIGHEST GUST DIRECTION     W (260)
  AVERAGE WIND SPEED     7.6


SKY COVER
  POSSIBLE SUNSHINE  MM
  AVERAGE SKY COVER 0.4


WEATHER CONDITIONS
 THE FOLLOWING WEATHER WAS RECORDED YESTERDAY.
  RAIN
  LIGHT RAIN
  SNOW
  LIGHT SNOW


RELATIVE HUMIDITY (PERCENT)
 HIGHEST    92          1100 PM
 LOWEST     18           500 PM
 AVERAGE    55

..........................................................


THE PITTSBURGH PA CLIMATE NORMALS FOR TODAY
                         NORMAL    RECORD    YEAR
 MAXIMUM TEMPERATURE (F)   55        82      1998
                                             1986
 MINIMUM TEMPERATURE (F)   35        15      1941


SUNRISE AND SUNSET
MARCH 30 2015.........SUNRISE   708 AM EDT   SUNSET   743 PM EDT
MARCH 31 2015.........SUNRISE   707 AM EDT   SUNSET   744 PM EDT


-  INDICATES NEGATIVE NUMBERS.
R  INDICATES RECORD WAS SET OR TIED.
MM INDICATES DATA IS MISSING.
T  INDICATES TRACE AMOUNT.

&&

SNOW DEPTH IS MEASURED AT 7 AM EST OR 8 AM EDT.

$$
