000
CDUS41 KRLX 240720
CLIPKB


CLIMATE REPORT
NATIONAL WEATHER SERVICE CHARLESTON WV
319 AM EDT FRI MAR 24 2017


...................................

...THE PARKERSBURG WV CLIMATE SUMMARY FOR MARCH 23 2017...

CLIMATE NORMAL PERIOD 1981 TO 2010
CLIMATE RECORD PERIOD 1889 TO 2017


WEATHER ITEM   OBSERVED TIME   RECORD YEAR NORMAL DEPARTURE LAST
                VALUE   (LST)  VALUE       VALUE  FROM      YEAR
                                                  NORMAL
..................................................................
TEMPERATURE (F)
 YESTERDAY
  MAXIMUM         59    440 PM  85    1907  57      2       69
  MINIMUM         23    547 AM  18    2004  35    -12       50
                                      1940
  AVERAGE         41                        46     -5       60

PRECIPITATION (IN)
  YESTERDAY        0.00          0.54 2011   0.12  -0.12     0.00
  MONTH TO DATE    2.52                      2.73  -0.21     1.88
  SINCE JAN 1     11.07                      8.38   2.69     7.42

SNOWFALL (IN)
  YESTERDAY       MM
  MONTH TO DATE   MM
  SINCE SEP 1     MM
  SNOW DEPTH      MM

DEGREE DAYS
 HEATING
  YESTERDAY       24                        19      5        5
  MONTH TO DATE  596                       529     67      368
  SINCE MAR 1    596                       529     67      368
  SINCE JUL 1   3627                      4319   -692     3581

 COOLING
  YESTERDAY        0                         0      0        0
  MONTH TO DATE    0                         0      0        2
  SINCE MAR 1      0                         0      0        2
  SINCE JAN 1      4                         0      4        2
..................................................................


WIND (MPH)
  HIGHEST WIND SPEED    13   HIGHEST WIND DIRECTION     S (180)
  HIGHEST GUST SPEED    19   HIGHEST GUST DIRECTION     E (80)
  AVERAGE WIND SPEED     5.7


SKY COVER
  POSSIBLE SUNSHINE  MM
  AVERAGE SKY COVER 0.0


WEATHER CONDITIONS
 THE FOLLOWING WEATHER WAS RECORDED YESTERDAY.
  HAZE


RELATIVE HUMIDITY (PERCENT)
 HIGHEST    55           600 AM
 LOWEST     15           300 PM
 AVERAGE    35

..........................................................


THE PARKERSBURG WV CLIMATE NORMALS FOR TODAY
                         NORMAL    RECORD    YEAR
 MAXIMUM TEMPERATURE (F)   57        86      1910
 MINIMUM TEMPERATURE (F)   35         6      1986


SUNRISE AND SUNSET
MARCH 24 2017.........SUNRISE   722 AM EDT   SUNSET   742 PM EDT
MARCH 25 2017.........SUNRISE   721 AM EDT   SUNSET   743 PM EDT


-  INDICATES NEGATIVE NUMBERS.
R  INDICATES RECORD WAS SET OR TIED.
MM INDICATES DATA IS MISSING.
T  INDICATES TRACE AMOUNT.




$$
