000
CDUS41 KRLX 012125
CLIPKB


CLIMATE REPORT
NATIONAL WEATHER SERVICE CHARLESTON WV
524 PM EDT WED JUL 1 2015


...................................

...THE PARKERSBURG WV CLIMATE SUMMARY FOR JULY 1 2015...
VALID TODAY AS OF 0500 PM LOCAL TIME.

CLIMATE NORMAL PERIOD 1981 TO 2010
CLIMATE RECORD PERIOD 1889 TO 2015


WEATHER ITEM   OBSERVED TIME   RECORD YEAR NORMAL DEPARTURE LAST
                VALUE   (LST)  VALUE       VALUE  FROM      YEAR
                                                  NORMAL
..................................................................
TEMPERATURE (F)
 TODAY
  MAXIMUM         80    404 PM  99    1931  85     -5       MM
  MINIMUM         59    119 AM  44    1988  63     -4       MM
  AVERAGE         70                        74     -4       MM

PRECIPITATION (IN)
  TODAY            0.00          1.55 2013   0.12  -0.12    MM
  MONTH TO DATE    0.00                      0.12  -0.12    MM
  SINCE JUN 1      5.89                      4.14   1.75    MM
  SINCE JAN 1     24.08                     21.09   2.99    MM

DEGREE DAYS
 HEATING
  TODAY            0                         0      0       MM
  MONTH TO DATE    0                         0      0       MM
  SINCE JUN 1     15                        19     -4       MM
  SINCE JUL 1      0                         0      0       MM

 COOLING
  TODAY            5                         9     -4       MM
  MONTH TO DATE    5                         9     -4       MM
  SINCE JUN 1    228                       200     28       MM
  SINCE JAN 1    389                       284    105       MM
..................................................................


WIND (MPH)
  HIGHEST WIND SPEED     6   HIGHEST WIND DIRECTION     E (99)
  HIGHEST GUST SPEED    MM   HIGHEST GUST DIRECTION    MM
  AVERAGE WIND SPEED     3.9


SKY COVER
  POSSIBLE SUNSHINE  MM
  AVERAGE SKY COVER 0.6


WEATHER CONDITIONS
 THE FOLLOWING WEATHER WAS RECORDED TODAY.
  FOG


RELATIVE HUMIDITY (PERCENT)
 HIGHEST    93           700 AM
 LOWEST     73          1100 AM
 AVERAGE    83

..........................................................


THE PARKERSBURG WV CLIMATE NORMALS FOR TOMORROW
                         NORMAL    RECORD    YEAR
 MAXIMUM TEMPERATURE (F)   85       100      1898
 MINIMUM TEMPERATURE (F)   63        47      1988


SUNRISE AND SUNSET
JULY  1 2015..........SUNRISE   603 AM EDT   SUNSET   856 PM EDT
JULY  2 2015..........SUNRISE   603 AM EDT   SUNSET   856 PM EDT


-  INDICATES NEGATIVE NUMBERS.
R  INDICATES RECORD WAS SET OR TIED.
MM INDICATES DATA IS MISSING.
T  INDICATES TRACE AMOUNT.




$$
