440
CDUS41 KRLX 272119
CLIPKB


CLIMATE REPORT
NATIONAL WEATHER SERVICE CHARLESTON WV
517 PM EDT THU APR 27 2017


...................................

...THE PARKERSBURG WV CLIMATE SUMMARY FOR APRIL 27 2017...
VALID TODAY AS OF 0500 PM LOCAL TIME.

CLIMATE NORMAL PERIOD 1981 TO 2010
CLIMATE RECORD PERIOD 1889 TO 2017


WEATHER ITEM   OBSERVED TIME   RECORD YEAR NORMAL DEPARTURE LAST
                VALUE   (LST)  VALUE       VALUE  FROM      YEAR
                                                  NORMAL
..................................................................
TEMPERATURE (F)
 TODAY
  MAXIMUM         78    335 PM  94    1986  70      8       69
  MINIMUM         58   1230 AM  32    2006  45     13       52
                                      2003
                                      1971
  AVERAGE         68                        58     10       61

PRECIPITATION (IN)
  TODAY            T             0.49 2011   0.11  -0.11      T
  MONTH TO DATE    3.48                      2.94   0.54     3.84
  SINCE MAR 1      8.03                      6.67   1.36     6.62
  SINCE JAN 1     16.58                     12.32   4.26    12.16

DEGREE DAYS
 HEATING
  TODAY            0                         8     -8        4
  MONTH TO DATE  181                       322   -141      316
  SINCE MAR 1    817                       993   -176      753
  SINCE JUL 1   3848                      4783   -935     3966

 COOLING
  TODAY            3                         1      2        0
  MONTH TO DATE   22                        17      5        9
  SINCE MAR 1     24                        20      4       17
  SINCE JAN 1     28                        20      8       17
..................................................................


WIND (MPH)
  HIGHEST WIND SPEED    23   HIGHEST WIND DIRECTION     S (200)
  HIGHEST GUST SPEED    31   HIGHEST GUST DIRECTION     S (200)
  AVERAGE WIND SPEED     9.5


SKY COVER
  POSSIBLE SUNSHINE  MM
  AVERAGE SKY COVER 0.2


WEATHER CONDITIONS
 THE FOLLOWING WEATHER WAS RECORDED TODAY.
  NO SIGNIFICANT WEATHER WAS OBSERVED.


RELATIVE HUMIDITY (PERCENT)
 HIGHEST    78          1200 AM
 LOWEST     50          1100 AM
 AVERAGE    64

..........................................................


THE PARKERSBURG WV CLIMATE NORMALS FOR TOMORROW
                         NORMAL    RECORD    YEAR
 MAXIMUM TEMPERATURE (F)   70        91      1986
 MINIMUM TEMPERATURE (F)   46        27      1934


SUNRISE AND SUNSET
APRIL 27 2017.........SUNRISE   632 AM EDT   SUNSET   815 PM EDT
APRIL 28 2017.........SUNRISE   630 AM EDT   SUNSET   816 PM EDT


-  INDICATES NEGATIVE NUMBERS.
R  INDICATES RECORD WAS SET OR TIED.
MM INDICATES DATA IS MISSING.
T  INDICATES TRACE AMOUNT.




$$
