000
CDUS46 KLOX 170914
CLIPMD


CLIMATE REPORT
NATIONAL WEATHER SERVICE LOS ANGELES/OXNARD CA
114 AM PST FRI NOV 17 2017


...................................

...THE PALMDALE AIRPORT CA CLIMATE SUMMARY FOR NOVEMBER 16 2017...

CLIMATE NORMAL PERIOD 1981 TO 2010
CLIMATE RECORD PERIOD 1931 TO 2017


WEATHER ITEM   OBSERVED TIME   RECORD YEAR NORMAL DEPARTURE LAST
                VALUE   (LST)  VALUE       VALUE  FROM      YEAR
                                                  NORMAL
..................................................................
TEMPERATURE (F)
 YESTERDAY
  MAXIMUM         74   1007 AM  85    1995  67      7       62
  MINIMUM         58   1227 AM  22    1956  36     22       44
  AVERAGE         66                        51     15       53

PRECIPITATION (IN)
  YESTERDAY        T             0.75 1934   0.02  -0.02     0.00
  MONTH TO DATE    T                         0.42  -0.42     0.00
  SINCE OCT 1      T                         1.02  -1.02     0.07
  SINCE JAN 1      4.56                      6.87  -2.31     2.54

SNOWFALL (IN)
  YESTERDAY        0.0           T    1958  MM               0.0
  MONTH TO DATE    0.0                      MM               0.0
  SINCE SEP 1      0.0                      MM               0.0
  SINCE JUL 1      0.0                      MM               0.0
  SNOW DEPTH       0

DEGREE DAYS
 HEATING
  YESTERDAY        0                        14    -14       12
  MONTH TO DATE   89                       171    -82       68
  SINCE SEP 1    162                       298   -136      123
  SINCE JUL 1    162                       298   -136      123

 COOLING
  YESTERDAY        1                         0      1        0
  MONTH TO DATE    1                         0      1        0
  SINCE SEP 1    354                       332     22      322
  SINCE JAN 1   2267                      1814    453     2086
..................................................................


WIND (MPH)
  HIGHEST WIND SPEED    26   HIGHEST WIND DIRECTION    SW (230)
  HIGHEST GUST SPEED    42   HIGHEST GUST DIRECTION    SW (210)
  AVERAGE WIND SPEED    17.7


SKY COVER
  POSSIBLE SUNSHINE  MM
  AVERAGE SKY COVER 0.5


WEATHER CONDITIONS
 THE FOLLOWING WEATHER WAS RECORDED YESTERDAY.
  NO SIGNIFICANT WEATHER WAS OBSERVED.


RELATIVE HUMIDITY (PERCENT)
 HIGHEST    56           700 PM
 LOWEST     29          1100 AM
 AVERAGE    43

..........................................................


THE PALMDALE AIRPORT CA CLIMATE NORMALS FOR TODAY
                         NORMAL    RECORD    YEAR
 MAXIMUM TEMPERATURE (F)   66        83      2006
 MINIMUM TEMPERATURE (F)   36        18      1958


SUNRISE AND SUNSET
NOVEMBER 17 2017......SUNRISE   628 AM PST   SUNSET   446 PM PST
NOVEMBER 18 2017......SUNRISE   629 AM PST   SUNSET   446 PM PST


-  INDICATES NEGATIVE NUMBERS.
R  INDICATES RECORD WAS SET OR TIED.
MM INDICATES DATA IS MISSING.
T  INDICATES TRACE AMOUNT.




$$
