345
CDUS46 KLOX 170915
CLIPMD


CLIMATE REPORT
NATIONAL WEATHER SERVICE LOS ANGELES/OXNARD CA
115 AM PST WED JAN 17 2018


...................................

...THE PALMDALE AIRPORT CA CLIMATE SUMMARY FOR JANUARY 16 2018...

CLIMATE NORMAL PERIOD 1981 TO 2010
CLIMATE RECORD PERIOD 1931 TO 2018


WEATHER ITEM   OBSERVED TIME   RECORD YEAR NORMAL DEPARTURE LAST
                VALUE   (LST)  VALUE       VALUE  FROM      YEAR
                                                  NORMAL
..................................................................
TEMPERATURE (F)
 YESTERDAY
  MAXIMUM         72    213 PM  76    1975  59     13       56
  MINIMUM         44    716 AM  13    1949  31     13       32
  AVERAGE         58                        45     13       44

PRECIPITATION (IN)
  YESTERDAY        0.00          0.97 1979   0.04  -0.04     0.00
  MONTH TO DATE    0.59                      0.96  -0.37     0.94
  SINCE OCT 1      0.59                      3.41  -2.82     2.73
  SINCE JAN 1      0.59                      0.96  -0.37     0.94

SNOWFALL (IN)
  YESTERDAY        0.0           0.0  1974  MM               0.0
  MONTH TO DATE    0.0                      MM               0.0
  SINCE DEC 1      0.0                      MM               0.0
  SINCE JUL 1      0.0                      MM               0.0
  SNOW DEPTH       0

DEGREE DAYS
 HEATING
  YESTERDAY        7                        20    -13       21
  MONTH TO DATE  186                       329   -143      301
  SINCE DEC 1    715                       966   -251      873
  SINCE JUL 1   1000                      1493   -493     1256

 COOLING
  YESTERDAY        0                         0      0        0
  MONTH TO DATE    0                         0      0        0
  SINCE DEC 1      0                         0      0        0
  SINCE JAN 1      0                         0      0        0
..................................................................


WIND (MPH)
  HIGHEST WIND SPEED    24   HIGHEST WIND DIRECTION     W (290)
  HIGHEST GUST SPEED    35   HIGHEST GUST DIRECTION    NW (300)
  AVERAGE WIND SPEED     5.7


SKY COVER
  POSSIBLE SUNSHINE  MM
  AVERAGE SKY COVER 0.0


WEATHER CONDITIONS
 THE FOLLOWING WEATHER WAS RECORDED YESTERDAY.
  NO SIGNIFICANT WEATHER WAS OBSERVED.


RELATIVE HUMIDITY (PERCENT)
 HIGHEST    83           700 AM
 LOWEST     17           200 PM
 AVERAGE    50

..........................................................


THE PALMDALE AIRPORT CA CLIMATE NORMALS FOR TODAY
                         NORMAL    RECORD    YEAR
 MAXIMUM TEMPERATURE (F)   59        76      2011
 MINIMUM TEMPERATURE (F)   31        12      1949


SUNRISE AND SUNSET
JANUARY 17 2018.......SUNRISE   658 AM PST   SUNSET   507 PM PST
JANUARY 18 2018.......SUNRISE   658 AM PST   SUNSET   508 PM PST


-  INDICATES NEGATIVE NUMBERS.
R  INDICATES RECORD WAS SET OR TIED.
MM INDICATES DATA IS MISSING.
T  INDICATES TRACE AMOUNT.




$$
