000
CDUS46 KLOX 260915
CLIPMD


CLIMATE REPORT
NATIONAL WEATHER SERVICE LOS ANGELES/OXNARD CA
215 AM PDT FRI MAY 26 2017


...................................

...THE PALMDALE AIRPORT CA CLIMATE SUMMARY FOR MAY 25 2017...

CLIMATE NORMAL PERIOD 1981 TO 2010
CLIMATE RECORD PERIOD 1931 TO 2017


WEATHER ITEM   OBSERVED TIME   RECORD YEAR NORMAL DEPARTURE LAST
                VALUE   (LST)  VALUE       VALUE  FROM      YEAR
                                                  NORMAL
..................................................................
TEMPERATURE (F)
 YESTERDAY
  MAXIMUM         75   1217 PM 104    1951  86    -11       70
  MINIMUM         53   1159 PM  35    1980  55     -2       49
  AVERAGE         64                        70     -6       60

PRECIPITATION (IN)
  YESTERDAY        T             0.40 1931   0.01  -0.01     0.00
  MONTH TO DATE    0.02                      0.23  -0.21      T
  SINCE OCT 1      5.93                      7.66  -1.73     4.28
  SINCE JAN 1      4.14                      5.21  -1.07     2.47

SNOWFALL (IN)
  YESTERDAY        0.0          MM      MM  MM               0.0
  MONTH TO DATE    0.0                      MM               0.0
  SINCE MAR 1      0.0                      MM               0.0
  SINCE JUL 1      0.0                      MM                T
  SNOW DEPTH       0

DEGREE DAYS
 HEATING
  YESTERDAY        1                         1      0        5
  MONTH TO DATE   59                        62     -3       61
  SINCE MAR 1    412                       667   -255      444
  SINCE JUL 1   2321                      2912   -591     2605

 COOLING
  YESTERDAY        0                         7     -7        0
  MONTH TO DATE  121                       104     17       72
  SINCE MAR 1    135                       127      8       92
  SINCE JAN 1    135                       127      8       92
..................................................................


WIND (MPH)
  HIGHEST WIND SPEED    30   HIGHEST WIND DIRECTION    SW (230)
  HIGHEST GUST SPEED    37   HIGHEST GUST DIRECTION    SW (220)
  AVERAGE WIND SPEED    19.0


SKY COVER
  POSSIBLE SUNSHINE  MM
  AVERAGE SKY COVER 0.0


WEATHER CONDITIONS
 THE FOLLOWING WEATHER WAS RECORDED YESTERDAY.
  LIGHT RAIN


RELATIVE HUMIDITY (PERCENT)
 HIGHEST    55          1000 PM
 LOWEST     16           200 AM
 AVERAGE    36

..........................................................


THE PALMDALE AIRPORT CA CLIMATE NORMALS FOR TODAY
                         NORMAL    RECORD    YEAR
 MAXIMUM TEMPERATURE (F)   86       100      1974
 MINIMUM TEMPERATURE (F)   55        38      1980


SUNRISE AND SUNSET
MAY 26 2017...........SUNRISE   543 AM PDT   SUNSET   756 PM PDT
MAY 27 2017...........SUNRISE   542 AM PDT   SUNSET   757 PM PDT


-  INDICATES NEGATIVE NUMBERS.
R  INDICATES RECORD WAS SET OR TIED.
MM INDICATES DATA IS MISSING.
T  INDICATES TRACE AMOUNT.




$$
