188
CDUS44 KMOB 290645
CLIPNS


CLIMATE REPORT
NATIONAL WEATHER SERVICE MOBILE AL
145 AM CDT MON AUG 29 2016


...................................

...THE PENSACOLA CLIMATE SUMMARY FOR AUGUST 28 2016...

CLIMATE NORMAL PERIOD 1981 TO 2010
CLIMATE RECORD PERIOD 1879 TO 2016


WEATHER ITEM   OBSERVED TIME   RECORD YEAR NORMAL DEPARTURE LAST
                VALUE   (LST)  VALUE       VALUE  FROM      YEAR
                                                  NORMAL
..................................................................
TEMPERATURE (F)
 YESTERDAY
  MAXIMUM         90    124 PM  97    2011  89      1       88
                                      1951
  MINIMUM         77    403 AM  67    1918  74      3       69
  AVERAGE         84                        82      2       79

PRECIPITATION (IN)
  YESTERDAY        0.00          2.66 1895   0.18  -0.18      T
  MONTH TO DATE   12.04                      6.19   5.85     6.68
  SINCE MAR 1     42.13                     34.51   7.62    35.27
  SINCE JAN 1     50.78                     44.20   6.58    45.68

DEGREE DAYS
 COOLING
  YESTERDAY       19                        16      3       14
  MONTH TO DATE  514                       475     39      505
  SINCE JUN 1   1645                      1473    172     1599
  SINCE JAN 1   2241                      1921    320     2252
..................................................................


WIND (MPH)
  HIGHEST WIND SPEED    16   HIGHEST WIND DIRECTION    SE (140)
  HIGHEST GUST SPEED    20   HIGHEST GUST DIRECTION    SE (120)
  AVERAGE WIND SPEED     6.5


SKY COVER
  POSSIBLE SUNSHINE  MM
  AVERAGE SKY COVER 0.3


WEATHER CONDITIONS
 THE FOLLOWING WEATHER WAS RECORDED YESTERDAY.
  THUNDERSTORM


RELATIVE HUMIDITY (PERCENT)
 HIGHEST    91          1200 AM
 LOWEST     68           400 PM
 AVERAGE    80

..........................................................


THE PENSACOLA CLIMATE NORMALS FOR TODAY
                         NORMAL    RECORD    YEAR
 MAXIMUM TEMPERATURE (F)   89       101      1954
 MINIMUM TEMPERATURE (F)   74        65      1992
                                             1968


SUNRISE AND SUNSET
AUGUST 29 2016........SUNRISE   624 AM CDT   SUNSET   715 PM CDT
AUGUST 30 2016........SUNRISE   625 AM CDT   SUNSET   713 PM CDT


-  INDICATES NEGATIVE NUMBERS.
R  INDICATES RECORD WAS SET OR TIED.
MM INDICATES DATA IS MISSING.
T  INDICATES TRACE AMOUNT.




$$
