000
CDUS44 KMOB 250645
CLIPNS


CLIMATE REPORT
NATIONAL WEATHER SERVICE MOBILE AL
145 AM CDT MON SEP 25 2017


...................................

...THE PENSACOLA CLIMATE SUMMARY FOR SEPTEMBER 24 2017...

CLIMATE NORMAL PERIOD 1981 TO 2010
CLIMATE RECORD PERIOD 1879 TO 2017


WEATHER ITEM   OBSERVED TIME   RECORD YEAR NORMAL DEPARTURE LAST
                VALUE   (LST)  VALUE       VALUE  FROM      YEAR
                                                  NORMAL
..................................................................
TEMPERATURE (F)
 YESTERDAY
  MAXIMUM         82    229 PM  97    2016  85     -3       97
  MINIMUM         75   1159 PM  51    1982  68      7       75
  AVERAGE         79                        76      3       86

PRECIPITATION (IN)
  YESTERDAY        0.04         11.68 1956   0.20  -0.16      T
  MONTH TO DATE    2.76                      4.82  -2.06     3.31
  SINCE MAR 1     62.26                     39.90  22.36    45.44
  SINCE JAN 1     77.61                     49.59  28.02    54.09

DEGREE DAYS
 COOLING
  YESTERDAY       14                        12      2       21
  MONTH TO DATE  363                       340     23      429
  SINCE SEP 1    363                       340     23      429
  SINCE JAN 1   2842                      2307    535     2732
..................................................................


WIND (MPH)
  HIGHEST WIND SPEED    14   HIGHEST WIND DIRECTION     E (100)
  HIGHEST GUST SPEED    18   HIGHEST GUST DIRECTION    SE (120)
  AVERAGE WIND SPEED     4.9


SKY COVER
  POSSIBLE SUNSHINE  MM
  AVERAGE SKY COVER 0.3


WEATHER CONDITIONS
 THE FOLLOWING WEATHER WAS RECORDED YESTERDAY.
  LIGHT RAIN


RELATIVE HUMIDITY (PERCENT)
 HIGHEST    82           600 AM
 LOWEST     64          1200 AM
 AVERAGE    73

..........................................................


THE PENSACOLA CLIMATE NORMALS FOR TODAY
                         NORMAL    RECORD    YEAR
 MAXIMUM TEMPERATURE (F)   85        94      2016
 MINIMUM TEMPERATURE (F)   68        51      1975


SUNRISE AND SUNSET
SEPTEMBER 25 2017.....SUNRISE   639 AM CDT   SUNSET   641 PM CDT
SEPTEMBER 26 2017.....SUNRISE   640 AM CDT   SUNSET   640 PM CDT


-  INDICATES NEGATIVE NUMBERS.
R  INDICATES RECORD WAS SET OR TIED.
MM INDICATES DATA IS MISSING.
T  INDICATES TRACE AMOUNT.




$$
