000
CDUS44 KMOB 240645
CLIPNS


CLIMATE REPORT
NATIONAL WEATHER SERVICE MOBILE AL
145 AM CDT MON APR 24 2017


...................................

...THE PENSACOLA CLIMATE SUMMARY FOR APRIL 23 2017...

CLIMATE NORMAL PERIOD 1981 TO 2010
CLIMATE RECORD PERIOD 1879 TO 2017


WEATHER ITEM   OBSERVED TIME   RECORD YEAR NORMAL DEPARTURE LAST
                VALUE   (LST)  VALUE       VALUE  FROM      YEAR
                                                  NORMAL
..................................................................
TEMPERATURE (F)
 YESTERDAY
  MAXIMUM         75    434 PM  87    1987  77     -2       84
                                      1963
  MINIMUM         57   1159 PM  45    1993  60     -3       64
  AVERAGE         66                        68     -2       74

PRECIPITATION (IN)
  YESTERDAY        0.29          1.47 1983   0.12   0.17     0.00
  MONTH TO DATE    3.28                      3.40  -0.12     5.94
  SINCE MAR 1      5.64                      9.21  -3.57    13.59
  SINCE JAN 1     20.99                     18.90   2.09    22.24

DEGREE DAYS
 HEATING
  YESTERDAY        0                         1     -1        0
  MONTH TO DATE    8                        47    -39       11
  SINCE MAR 1    100                       223   -123       83
  SINCE JUL 1    633                      1531   -898      965

 COOLING
  YESTERDAY        1                         4     -3        9
  MONTH TO DATE  140                        65     75       72
  SINCE MAR 1    268                        98    170      158
  SINCE JAN 1    378                       112    266      176
..................................................................


WIND (MPH)
  HIGHEST WIND SPEED    22   HIGHEST WIND DIRECTION    NW (330)
  HIGHEST GUST SPEED    29   HIGHEST GUST DIRECTION    NW (330)
  AVERAGE WIND SPEED    10.9


SKY COVER
  POSSIBLE SUNSHINE  MM
  AVERAGE SKY COVER 0.7


WEATHER CONDITIONS
 THE FOLLOWING WEATHER WAS RECORDED YESTERDAY.
  THUNDERSTORM
  HEAVY RAIN
  RAIN
  LIGHT RAIN
  FOG


RELATIVE HUMIDITY (PERCENT)
 HIGHEST    84           300 AM
 LOWEST     46           500 PM
 AVERAGE    65

..........................................................


THE PENSACOLA CLIMATE NORMALS FOR TODAY
                         NORMAL    RECORD    YEAR
 MAXIMUM TEMPERATURE (F)   78        89      1992
                                             1991
                                             1962
 MINIMUM TEMPERATURE (F)   60        45      2012
                                             1884


SUNRISE AND SUNSET
APRIL 24 2017.........SUNRISE   612 AM CDT   SUNSET   722 PM CDT
APRIL 25 2017.........SUNRISE   611 AM CDT   SUNSET   723 PM CDT


-  INDICATES NEGATIVE NUMBERS.
R  INDICATES RECORD WAS SET OR TIED.
MM INDICATES DATA IS MISSING.
T  INDICATES TRACE AMOUNT.




$$
