402
CDUS44 KMOB 220645
CLIPNS


CLIMATE REPORT
NATIONAL WEATHER SERVICE MOBILE AL
145 AM CDT FRI MAY 22 2015


...................................

...THE PENSACOLA CLIMATE SUMMARY FOR MAY 21 2015...

CLIMATE NORMAL PERIOD 1981 TO 2010
CLIMATE RECORD PERIOD 1879 TO 2015


WEATHER ITEM   OBSERVED TIME   RECORD YEAR NORMAL DEPARTURE LAST
                VALUE   (LST)  VALUE       VALUE  FROM      YEAR
                                                  NORMAL
..................................................................
TEMPERATURE (F)
 YESTERDAY
  MAXIMUM         89   1233 PM  94    1964  85      4       84
  MINIMUM         70    527 AM  51    1954  67      3       67
  AVERAGE         80                        76      4       76

PRECIPITATION (IN)
  YESTERDAY        0.78          2.04 1947   0.13   0.65     0.00
  MONTH TO DATE    2.46                      2.75  -0.29     2.55
  SINCE MAR 1     14.82                     12.88   1.94    41.86
  SINCE JAN 1     25.23                     22.57   2.66    53.19

DEGREE DAYS
 COOLING
  YESTERDAY       15                        11      4       11
  MONTH TO DATE  229                       176     53      168
  SINCE MAR 1    530                       310    220      302
  SINCE JAN 1    537                       324    213      317
..................................................................


WIND (MPH)
  HIGHEST WIND SPEED    18   HIGHEST WIND DIRECTION     W (260)
  HIGHEST GUST SPEED    28   HIGHEST GUST DIRECTION     W (290)
  AVERAGE WIND SPEED     6.8


SKY COVER
  POSSIBLE SUNSHINE  MM
  AVERAGE SKY COVER 0.3


WEATHER CONDITIONS
 THE FOLLOWING WEATHER WAS RECORDED YESTERDAY.
  THUNDERSTORM
  HEAVY RAIN
  LIGHT RAIN
  FOG


RELATIVE HUMIDITY (PERCENT)
 HIGHEST    93          1200 AM
 LOWEST     55          1200 PM
 AVERAGE    74

..........................................................


THE PENSACOLA CLIMATE NORMALS FOR TODAY
                         NORMAL    RECORD    YEAR
 MAXIMUM TEMPERATURE (F)   85        98      1996
 MINIMUM TEMPERATURE (F)   68        49      1883


SUNRISE AND SUNSET
MAY 22 2015...........SUNRISE   551 AM CDT   SUNSET   740 PM CDT
MAY 23 2015...........SUNRISE   550 AM CDT   SUNSET   741 PM CDT


-  INDICATES NEGATIVE NUMBERS.
R  INDICATES RECORD WAS SET OR TIED.
MM INDICATES DATA IS MISSING.
T  INDICATES TRACE AMOUNT.




$$
