000
CDUS44 KMOB 280645
CLIPNS


CLIMATE REPORT
NATIONAL WEATHER SERVICE MOBILE AL
145 AM CDT SUN MAY 28 2017


...................................

...THE PENSACOLA CLIMATE SUMMARY FOR MAY 27 2017...

CLIMATE NORMAL PERIOD 1981 TO 2010
CLIMATE RECORD PERIOD 1879 TO 2017


WEATHER ITEM   OBSERVED TIME   RECORD YEAR NORMAL DEPARTURE LAST
                VALUE   (LST)  VALUE       VALUE  FROM      YEAR
                                                  NORMAL
..................................................................
TEMPERATURE (F)
 YESTERDAY
  MAXIMUM         87    154 PM 102    1953  86      1       85
  MINIMUM         73    505 AM  50    1961  69      4       72
  AVERAGE         80                        77      3       79

PRECIPITATION (IN)
  YESTERDAY        0.00          2.92 2009   0.13  -0.13     0.00
  MONTH TO DATE    5.92                      3.59   2.33     1.88
  SINCE MAR 1     11.99                     13.72  -1.73    15.53
  SINCE JAN 1     27.34                     23.41   3.93    24.18

DEGREE DAYS
 COOLING
  YESTERDAY       15                        12      3       14
  MONTH TO DATE  286                       246     40      287
  SINCE MAR 1    624                       380    244      514
  SINCE JAN 1    734                       394    340      532
..................................................................


WIND (MPH)
  HIGHEST WIND SPEED    17   HIGHEST WIND DIRECTION     S (190)
  HIGHEST GUST SPEED    23   HIGHEST GUST DIRECTION     S (180)
  AVERAGE WIND SPEED     8.5


SKY COVER
  POSSIBLE SUNSHINE  MM
  AVERAGE SKY COVER 0.5


WEATHER CONDITIONS
 THE FOLLOWING WEATHER WAS RECORDED YESTERDAY.
  NO SIGNIFICANT WEATHER WAS OBSERVED.


RELATIVE HUMIDITY (PERCENT)
 HIGHEST    85           900 PM
 LOWEST     63           200 PM
 AVERAGE    74

..........................................................


THE PENSACOLA CLIMATE NORMALS FOR TODAY
                         NORMAL    RECORD    YEAR
 MAXIMUM TEMPERATURE (F)   86        98      2012
 MINIMUM TEMPERATURE (F)   69        55      1961


SUNRISE AND SUNSET
MAY 28 2017...........SUNRISE   548 AM CDT   SUNSET   744 PM CDT
MAY 29 2017...........SUNRISE   548 AM CDT   SUNSET   745 PM CDT


-  INDICATES NEGATIVE NUMBERS.
R  INDICATES RECORD WAS SET OR TIED.
MM INDICATES DATA IS MISSING.
T  INDICATES TRACE AMOUNT.




$$
