535
CDUS44 KMOB 160645
CLIPNS


CLIMATE REPORT
NATIONAL WEATHER SERVICE MOBILE AL
1245 AM CST TUE JAN 16 2018


...................................

...THE PENSACOLA CLIMATE SUMMARY FOR JANUARY 15 2018...

CLIMATE NORMAL PERIOD 1981 TO 2010
CLIMATE RECORD PERIOD 1879 TO 2018


WEATHER ITEM   OBSERVED TIME   RECORD YEAR NORMAL DEPARTURE LAST
                VALUE   (LST)  VALUE       VALUE  FROM      YEAR
                                                  NORMAL
..................................................................
TEMPERATURE (F)
 YESTERDAY
  MAXIMUM         60    147 PM  77    2017  60      0       77
  MINIMUM         34    527 AM  21    1927  42     -8       56
  AVERAGE         47                        51     -4       67

PRECIPITATION (IN)
  YESTERDAY        0.00          1.50 1991   0.14  -0.14     0.00
  MONTH TO DATE    1.26                      2.09  -0.83     9.27
  SINCE MAR 1     77.82                     57.67  20.15    65.24
  SINCE JAN 1      1.26                      2.09  -0.83     9.27

SNOWFALL (IN)
  YESTERDAY        0.0          MM      MM   0.0    0.0      0.0
  MONTH TO DATE    0.0                       0.0    0.0      0.0
  SINCE MAR 1      T                         0.0    0.0      0.0
  SINCE JUL 1      T                         0.0    0.0      0.0
  SNOW DEPTH       0

DEGREE DAYS
 HEATING
  YESTERDAY       18                        14      4        0
  MONTH TO DATE  280                       210     70      118
  SINCE DEC 1    601                       580     21      312
  SINCE JUL 1    736                       792    -56      381

 COOLING
  YESTERDAY        0                         0      0        2
  MONTH TO DATE    0                         0      0       30
  SINCE DEC 1     37                        13     24       77
  SINCE JAN 1      0                         0      0       30
..................................................................


WIND (MPH)
  HIGHEST WIND SPEED     9   HIGHEST WIND DIRECTION     N (360)
  HIGHEST GUST SPEED    17   HIGHEST GUST DIRECTION     N (340)
  AVERAGE WIND SPEED     4.0


SKY COVER
  POSSIBLE SUNSHINE  MM
  AVERAGE SKY COVER 0.0


WEATHER CONDITIONS
 THE FOLLOWING WEATHER WAS RECORDED YESTERDAY.
  NO SIGNIFICANT WEATHER WAS OBSERVED.


RELATIVE HUMIDITY (PERCENT)
 HIGHEST    79          1100 PM
 LOWEST     29          1100 AM
 AVERAGE    54

..........................................................


THE PENSACOLA CLIMATE NORMALS FOR TODAY
                         NORMAL    RECORD    YEAR
 MAXIMUM TEMPERATURE (F)   60        78      1950
 MINIMUM TEMPERATURE (F)   42        21      1972
                                             1927


SUNRISE AND SUNSET
JANUARY 16 2018.......SUNRISE   646 AM CST   SUNSET   511 PM CST
JANUARY 17 2018.......SUNRISE   646 AM CST   SUNSET   512 PM CST


-  INDICATES NEGATIVE NUMBERS.
R  INDICATES RECORD WAS SET OR TIED.
MM INDICATES DATA IS MISSING.
T  INDICATES TRACE AMOUNT.




$$
