000
CDUS44 KMOB 280645
CLIPNS


CLIMATE REPORT
NATIONAL WEATHER SERVICE MOBILE AL
1245 AM CST SUN DEC 28 2014


...................................

...THE PENSACOLA CLIMATE SUMMARY FOR DECEMBER 27 2014...

CLIMATE NORMAL PERIOD 1981 TO 2010
CLIMATE RECORD PERIOD 1879 TO 2014


WEATHER ITEM   OBSERVED TIME   RECORD YEAR NORMAL DEPARTURE LAST
                VALUE   (LST)  VALUE       VALUE  FROM      YEAR
                                                  NORMAL
..................................................................
TEMPERATURE (F)
 YESTERDAY
  MAXIMUM         62   1154 PM  77    1987  61      1       62
  MINIMUM         53    800 AM  23    1935  43     10       44
                                      1892
  AVERAGE         58                        52      6       53

PRECIPITATION (IN)
  YESTERDAY        0.28          1.56 1967   0.14   0.14      T
  MONTH TO DATE    3.18                      4.01  -0.83     2.05
  SINCE MAR 1     71.52                     55.04  16.48    58.63
  SINCE JAN 1     82.85                     64.73  18.12    72.90

SNOWFALL (IN)
  YESTERDAY        0.0           0.0  2001   0.0    0.0      0.0
                                      2000
  MONTH TO DATE    0.0                       0.0    0.0      0.0
  SINCE MAR 1      0.0                       0.0    0.0      0.0
  SINCE JUL 1      0.0                       0.0    0.0      0.0
  SNOW DEPTH       0

DEGREE DAYS
 HEATING
  YESTERDAY        7                        14     -7       12
  MONTH TO DATE  233                       314    -81      233
  SINCE DEC 1    233                       314    -81      233
  SINCE JUL 1    560                       526     34      438

 COOLING
  YESTERDAY        0                         0      0        0
  MONTH TO DATE    8                         7      1       38
  SINCE DEC 1      8                         7      1       38
  SINCE JAN 1   2552                      2603    -51     2756
..................................................................


WIND (MPH)
  HIGHEST WIND SPEED    14   HIGHEST WIND DIRECTION     E (110)
  HIGHEST GUST SPEED    17   HIGHEST GUST DIRECTION     E (110)
  AVERAGE WIND SPEED     7.6


SKY COVER
  POSSIBLE SUNSHINE  MM
  AVERAGE SKY COVER 0.8


WEATHER CONDITIONS
 THE FOLLOWING WEATHER WAS RECORDED YESTERDAY.
  THUNDERSTORM
  HEAVY RAIN
  RAIN
  LIGHT RAIN
  FOG


RELATIVE HUMIDITY (PERCENT)
 HIGHEST    97           300 PM
 LOWEST     66          1200 AM
 AVERAGE    82

..........................................................


THE PENSACOLA CLIMATE NORMALS FOR TODAY
                         NORMAL    RECORD    YEAR
 MAXIMUM TEMPERATURE (F)   61        78      1974
 MINIMUM TEMPERATURE (F)   43        18      1925


SUNRISE AND SUNSET
DECEMBER 28 2014......SUNRISE   645 AM CST   SUNSET   456 PM CST
DECEMBER 29 2014......SUNRISE   645 AM CST   SUNSET   457 PM CST


-  INDICATES NEGATIVE NUMBERS.
R  INDICATES RECORD WAS SET OR TIED.
MM INDICATES DATA IS MISSING.
T  INDICATES TRACE AMOUNT.




$$
