000
CDUS41 KALY 290630
CLIPOU


CLIMATE REPORT
NATIONAL WEATHER SERVICE ALBANY NY
230 AM EDT THU SEP 29 2016


...................................

...THE POUGHKEEPSIE NY CLIMATE SUMMARY FOR SEPTEMBER 28 2016...

CLIMATE NORMAL PERIOD 1981 TO 2010
CLIMATE RECORD PERIOD 1949 TO 2016


WEATHER ITEM   OBSERVED TIME   RECORD YEAR NORMAL DEPARTURE LAST
                VALUE   (LST)  VALUE       VALUE  FROM      YEAR
                                                  NORMAL
..................................................................
TEMPERATURE (F)
 YESTERDAY
  MAXIMUM         68    106 PM  86    2014  70     -2       78
  MINIMUM         44    439 AM  28    1965  46     -2       56
  AVERAGE         56                        58     -2       67

PRECIPITATION (IN)
  YESTERDAY        0.00          2.37 2004   0.16  -0.16     0.00
  MONTH TO DATE    0.81                      3.97  -3.16     1.69
  SINCE SEP 1      0.81                      3.97  -3.16     1.69
  SINCE JAN 1     23.13                     34.75 -11.62    20.65

DEGREE DAYS
 HEATING
  YESTERDAY        9                         8      1        0
  MONTH TO DATE   61                       108    -47       32
  SINCE SEP 1     61                       108    -47       32
  SINCE JUL 1     63                       125    -62       32

 COOLING
  YESTERDAY        0                         1     -1        2
  MONTH TO DATE  107                        64     43      147
  SINCE SEP 1    107                        64     43      147
  SINCE JAN 1   1049                       668    381      952
..................................................................


WIND (MPH)
  HIGHEST WIND SPEED    16   HIGHEST WIND DIRECTION     E (70)
  HIGHEST GUST SPEED    21   HIGHEST GUST DIRECTION    NE (60)
  AVERAGE WIND SPEED     5.7


SKY COVER
  AVERAGE SKY COVER 0.8



RELATIVE HUMIDITY (PERCENT)
 HIGHEST   100           400 AM
 LOWEST     58           100 PM
 AVERAGE    79

..........................................................


THE POUGHKEEPSIE NY CLIMATE NORMALS FOR TODAY
                         NORMAL    RECORD    YEAR
 MAXIMUM TEMPERATURE (F)   70        84      1959
 MINIMUM TEMPERATURE (F)   46        27      1957


SUNRISE AND SUNSET
SEPTEMBER 29 2016.....SUNRISE   651 AM EDT   SUNSET   640 PM EDT
SEPTEMBER 30 2016.....SUNRISE   652 AM EDT   SUNSET   638 PM EDT


-  INDICATES NEGATIVE NUMBERS.
R  INDICATES RECORD WAS SET OR TIED.
MM INDICATES DATA IS MISSING.
T  INDICATES TRACE AMOUNT.




RECORDS FOR KPOU DATE BACK TO 1949...
HOWEVER...DATA IS MISSING FROM JANUARY 1993 - JULY 2000.
$$
