000
CDUS41 KALY 220627
CLIPOU


CLIMATE REPORT
NATIONAL WEATHER SERVICE ALBANY NY
125 AM EST SUN JAN 22 2017


...................................

...THE POUGHKEEPSIE NY CLIMATE SUMMARY FOR JANUARY 21 2017...

CLIMATE NORMAL PERIOD 1981 TO 2010
CLIMATE RECORD PERIOD 1949 TO 2017


WEATHER ITEM   OBSERVED TIME   RECORD YEAR NORMAL DEPARTURE LAST
                VALUE   (LST)  VALUE       VALUE  FROM      YEAR
                                                  NORMAL
..................................................................
TEMPERATURE (F)
 YESTERDAY
  MAXIMUM         54    302 PM  60    2006  35     19       37
  MINIMUM         37    208 AM -30    1961  15     22       17
  AVERAGE         46                        25     21       27

PRECIPITATION (IN)
  YESTERDAY        0.00          2.02 1979   0.10  -0.10     0.00
  MONTH TO DATE    1.52                      2.11  -0.59     1.21
  SINCE DEC 1      4.12                      5.64  -1.52     5.11
  SINCE JAN 1      1.52                      2.11  -0.59     1.21

DEGREE DAYS
 HEATING
  YESTERDAY       19                        40    -21       38
  MONTH TO DATE  711                       832   -121      696
  SINCE DEC 1   1751                      1883   -132     1330
  SINCE JUL 1   2897                      3161   -264     2318

 COOLING
  YESTERDAY        0                         0      0        0
  MONTH TO DATE    0                         0      0        0
  SINCE DEC 1      0                         0      0        0
  SINCE JAN 1      0                         0      0        0
..................................................................


WIND (MPH)
  HIGHEST WIND SPEED    12   HIGHEST WIND DIRECTION    SW (240)
  HIGHEST GUST SPEED    15   HIGHEST GUST DIRECTION    SW (240)
  AVERAGE WIND SPEED     2.5


SKY COVER
  AVERAGE SKY COVER 0.8



RELATIVE HUMIDITY (PERCENT)
 HIGHEST   100           300 AM
 LOWEST     66           400 PM
 AVERAGE    83

..........................................................


THE POUGHKEEPSIE NY CLIMATE NORMALS FOR TODAY
                         NORMAL    RECORD    YEAR
 MAXIMUM TEMPERATURE (F)   35        60      1959
 MINIMUM TEMPERATURE (F)   15       -29      1961


SUNRISE AND SUNSET
JANUARY 22 2017.......SUNRISE   716 AM EST   SUNSET   459 PM EST
JANUARY 23 2017.......SUNRISE   715 AM EST   SUNSET   500 PM EST


-  INDICATES NEGATIVE NUMBERS.
R  INDICATES RECORD WAS SET OR TIED.
MM INDICATES DATA IS MISSING.
T  INDICATES TRACE AMOUNT.




RECORDS FOR KPOU DATE BACK TO 1949...
HOWEVER...DATA IS MISSING FROM JANUARY 1993 - JULY 2000.
$$
