000
CDUS41 KALY 252053
CLIPOU


CLIMATE REPORT
NATIONAL WEATHER SERVICE ALBANY NY
453 PM EDT SUN JUN 25 2017


...................................

...THE POUGHKEEPSIE NY CLIMATE SUMMARY FOR JUNE 25 2017...
VALID TODAY AS OF 0400 PM LOCAL TIME.

CLIMATE NORMAL PERIOD 1981 TO 2010
CLIMATE RECORD PERIOD 1949 TO 2017


WEATHER ITEM   OBSERVED TIME   RECORD YEAR NORMAL DEPARTURE LAST
                VALUE   (LST)  VALUE       VALUE  FROM      YEAR
                                                  NORMAL
..................................................................
TEMPERATURE (F)
 TODAY
  MAXIMUM         82   1226 PM  95    1949  82      0       89
  MINIMUM         58    504 AM  42    1986  58      0       56
  AVERAGE         70                        70      0       73

PRECIPITATION (IN)
  TODAY            0.14          1.35 2012   0.13   0.01     0.00
  MONTH TO DATE    2.81                      3.77  -0.96     1.23
  SINCE JUN 1      2.81                      3.77  -0.96     1.23
  SINCE JAN 1     19.37                     21.27  -1.90    13.39

DEGREE DAYS
 HEATING
  TODAY            0                         1     -1        0
  MONTH TO DATE   50                        47      3        8
  SINCE JUN 1     50                        47      3        8
  SINCE JUL 1   5714                      6209   -495     4777

 COOLING
  TODAY            5                         6     -1        8
  MONTH TO DATE  117                        96     21      125
  SINCE JUN 1    117                        96     21      125
  SINCE JAN 1    165                       132     33      206
..................................................................


WIND (MPH)
  HIGHEST WIND SPEED    21   HIGHEST WIND DIRECTION    NW (300)
  HIGHEST GUST SPEED    26   HIGHEST GUST DIRECTION     W (290)
  AVERAGE WIND SPEED     3.6


SKY COVER
  AVERAGE SKY COVER 0.2



RELATIVE HUMIDITY (PERCENT)
 HIGHEST   100           300 AM
 LOWEST     39          1200 PM
 AVERAGE    70

..........................................................


THE POUGHKEEPSIE NY CLIMATE NORMALS FOR TOMORROW
                         NORMAL    RECORD    YEAR
 MAXIMUM TEMPERATURE (F)   82        97      1952
                                             1943
 MINIMUM TEMPERATURE (F)   58        39      1979


SUNRISE AND SUNSET
JUNE 25 2017..........SUNRISE   523 AM EDT   SUNSET   834 PM EDT
JUNE 26 2017..........SUNRISE   523 AM EDT   SUNSET   834 PM EDT


-  INDICATES NEGATIVE NUMBERS.
R  INDICATES RECORD WAS SET OR TIED.
MM INDICATES DATA IS MISSING.
T  INDICATES TRACE AMOUNT.




RECORDS FOR KPOU DATE BACK TO 1949...
HOWEVER...DATA IS MISSING FROM JANUARY 1993 - JULY 2000.
$$
