000
CDUS41 KALY 230623
CLIPOU


CLIMATE REPORT
NATIONAL WEATHER SERVICE ALBANY NY
222 AM EDT TUE MAY 23 2017


...................................

...THE POUGHKEEPSIE NY CLIMATE SUMMARY FOR MAY 22 2017...

CLIMATE NORMAL PERIOD 1981 TO 2010
CLIMATE RECORD PERIOD 1949 TO 2017


WEATHER ITEM   OBSERVED TIME   RECORD YEAR NORMAL DEPARTURE LAST
                VALUE   (LST)  VALUE       VALUE  FROM      YEAR
                                                  NORMAL
..................................................................
TEMPERATURE (F)
 YESTERDAY
  MAXIMUM         59   1151 AM  98    1941  73    -14       75
  MINIMUM         54    809 AM  31    2002  48      6       54
  AVERAGE         57                        61     -4       65

PRECIPITATION (IN)
  YESTERDAY        0.10          0.94 1983   0.15  -0.05     0.00
  MONTH TO DATE    1.57                      2.97  -1.40     2.54
  SINCE MAR 1      9.26                     10.32  -1.06     5.81
  SINCE JAN 1     14.13                     16.06  -1.93    11.49

DEGREE DAYS
 HEATING
  YESTERDAY        8                         6      2        0
  MONTH TO DATE  223                       182     41      184
  SINCE MAR 1   1585                      1550     35     1237
  SINCE JUL 1   5627                      6121   -494     4769

 COOLING
  YESTERDAY        0                         1     -1        0
  MONTH TO DATE   29                        16     13        0
  SINCE MAR 1     46                        21     25        4
  SINCE JAN 1     46                        21     25        4
..................................................................


WIND (MPH)
  HIGHEST WIND SPEED    10   HIGHEST WIND DIRECTION     S (160)
  HIGHEST GUST SPEED    14   HIGHEST GUST DIRECTION    SE (150)
  AVERAGE WIND SPEED     3.6


SKY COVER
  AVERAGE SKY COVER 1.0



RELATIVE HUMIDITY (PERCENT)
 HIGHEST   100          1100 PM
 LOWEST     43          1200 AM
 AVERAGE    72

..........................................................


THE POUGHKEEPSIE NY CLIMATE NORMALS FOR TODAY
                         NORMAL    RECORD    YEAR
 MAXIMUM TEMPERATURE (F)   73        94      1964
 MINIMUM TEMPERATURE (F)   49        34      1963


SUNRISE AND SUNSET
MAY 23 2017...........SUNRISE   529 AM EDT   SUNSET   816 PM EDT
MAY 24 2017...........SUNRISE   528 AM EDT   SUNSET   817 PM EDT


-  INDICATES NEGATIVE NUMBERS.
R  INDICATES RECORD WAS SET OR TIED.
MM INDICATES DATA IS MISSING.
T  INDICATES TRACE AMOUNT.




RECORDS FOR KPOU DATE BACK TO 1949...
HOWEVER...DATA IS MISSING FROM JANUARY 1993 - JULY 2000.
$$
