000
CDUS41 KALY 240624
CLIPOU


CLIMATE REPORT
NATIONAL WEATHER SERVICE ALBANY NY
223 AM EDT THU AUG 24 2017


...................................

...THE POUGHKEEPSIE NY CLIMATE SUMMARY FOR AUGUST 23 2017...

CLIMATE NORMAL PERIOD 1981 TO 2010
CLIMATE RECORD PERIOD 1949 TO 2017


WEATHER ITEM   OBSERVED TIME   RECORD YEAR NORMAL DEPARTURE LAST
                VALUE   (LST)  VALUE       VALUE  FROM      YEAR
                                                  NORMAL
..................................................................
TEMPERATURE (F)
 YESTERDAY
  MAXIMUM         79    432 PM  89    1966  82     -3       82
  MINIMUM         58   1159 PM  43    1988  59     -1       51
                                      1987
                                      1952
  AVERAGE         69                        70     -1       67

PRECIPITATION (IN)
  YESTERDAY        0.00          2.53 1970   0.12  -0.12     0.00
  MONTH TO DATE    5.06                      3.26   1.80     2.19
  SINCE JUN 1     12.04                     12.34  -0.30    10.15
  SINCE JAN 1     28.60                     29.84  -1.24    22.31

DEGREE DAYS
 HEATING
  YESTERDAY        0                         1     -1        0
  MONTH TO DATE    3                         1      2        2
  SINCE JUN 1     56                        55      1       10
  SINCE JUL 1      6                         6      0        2

 COOLING
  YESTERDAY        4                         6     -2        2
  MONTH TO DATE  154                       162     -8      267
  SINCE JUN 1    524                       529     -5      802
  SINCE JAN 1    572                       565      7      883
..................................................................


WIND (MPH)
  HIGHEST WIND SPEED    14   HIGHEST WIND DIRECTION     W (260)
  HIGHEST GUST SPEED    21   HIGHEST GUST DIRECTION     W (260)
  AVERAGE WIND SPEED     5.4


SKY COVER
  AVERAGE SKY COVER 0.2



RELATIVE HUMIDITY (PERCENT)
 HIGHEST    97           600 AM
 LOWEST     39           500 PM
 AVERAGE    68

..........................................................


THE POUGHKEEPSIE NY CLIMATE NORMALS FOR TODAY
                         NORMAL    RECORD    YEAR
 MAXIMUM TEMPERATURE (F)   82        91      1972
 MINIMUM TEMPERATURE (F)   59        41      1987
                                             1952


SUNRISE AND SUNSET
AUGUST 24 2017........SUNRISE   614 AM EDT   SUNSET   741 PM EDT
AUGUST 25 2017........SUNRISE   615 AM EDT   SUNSET   740 PM EDT


-  INDICATES NEGATIVE NUMBERS.
R  INDICATES RECORD WAS SET OR TIED.
MM INDICATES DATA IS MISSING.
T  INDICATES TRACE AMOUNT.




RECORDS FOR KPOU DATE BACK TO 1949...
HOWEVER...DATA IS MISSING FROM JANUARY 1993 - JULY 2000.
$$
