000
CDUS46 KLOX 240858
CLIPRB


CLIMATE REPORT
NATIONAL WEATHER SERVICE LOS ANGELES/OXNARD CA
158 AM PDT WED MAY 24 2017


...................................

...THE PASO ROBLES AIRPORT CA CLIMATE SUMMARY FOR MAY 23 2017...

CLIMATE NORMAL PERIOD 1981 TO 2010
CLIMATE RECORD PERIOD 1948 TO 2017


WEATHER ITEM   OBSERVED TIME   RECORD YEAR NORMAL DEPARTURE LAST
                VALUE   (LST)  VALUE       VALUE  FROM      YEAR
                                                  NORMAL
..................................................................
TEMPERATURE (F)
 YESTERDAY
  MAXIMUM         94   1148 AM 103    2000  82     12       75
  MINIMUM         51    533 AM  36    1960  47      4       44
  AVERAGE         73                        65      8       60

PRECIPITATION (IN)
  YESTERDAY        0.00          0.03 1990   0.01  -0.01     0.00
  MONTH TO DATE    0.18                      0.23  -0.05      T
  SINCE OCT 1     16.14                     12.40   3.74     8.06
  SINCE JAN 1     12.46                      8.74   3.72     6.00

SNOWFALL (IN)
  YESTERDAY        0.0
  MONTH TO DATE    0.0
  SINCE MAR 1      0.0
  SINCE JUL 1      0.0

DEGREE DAYS
 HEATING
  YESTERDAY        0                         3     -3        5
  MONTH TO DATE   61                        91    -30       64
  SINCE MAR 1    512                       710   -198      466
  SINCE JUL 1   2313                      2803   -490     2253

 COOLING
  YESTERDAY        8                         2      6        0
  MONTH TO DATE   69                        36     33       28
  SINCE MAR 1     70                        45     25       33
  SINCE JAN 1     70                        45     25       33
..................................................................


WIND (MPH)
  HIGHEST WIND SPEED    25   HIGHEST WIND DIRECTION    SW (210)
  HIGHEST GUST SPEED    31   HIGHEST GUST DIRECTION    SW (210)
  AVERAGE WIND SPEED     6.2


SKY COVER
  POSSIBLE SUNSHINE  MM
  AVERAGE SKY COVER 0.0


WEATHER CONDITIONS
 THE FOLLOWING WEATHER WAS RECORDED YESTERDAY.
  NO SIGNIFICANT WEATHER WAS OBSERVED.


RELATIVE HUMIDITY (PERCENT)
 HIGHEST    83           500 AM
 LOWEST     23           300 PM
 AVERAGE    53

..........................................................


THE PASO ROBLES AIRPORT CA CLIMATE NORMALS FOR TODAY
                         NORMAL    RECORD    YEAR
 MAXIMUM TEMPERATURE (F)   83        99      2001
 MINIMUM TEMPERATURE (F)   47        35      1980


SUNRISE AND SUNSET
MAY 24 2017...........SUNRISE   551 AM PDT   SUNSET   808 PM PDT
MAY 25 2017...........SUNRISE   551 AM PDT   SUNSET   809 PM PDT


-  INDICATES NEGATIVE NUMBERS.
R  INDICATES RECORD WAS SET OR TIED.
MM INDICATES DATA IS MISSING.
T  INDICATES TRACE AMOUNT.




$$
