000
CDUS46 KLOX 020111
CLIPRB


CLIMATE REPORT
NATIONAL WEATHER SERVICE LOS ANGELES/OXNARD CA
511 PM PST SUN MAR 1 2015


...................................

...THE PASO ROBLES AIRPORT CA CLIMATE SUMMARY FOR MARCH 1 2015...
VALID TODAY AS OF 0500 PM LOCAL TIME.

CLIMATE NORMAL PERIOD 1981 TO 2010
CLIMATE RECORD PERIOD 1948 TO 2015


WEATHER ITEM   OBSERVED TIME   RECORD YEAR NORMAL DEPARTURE LAST
                VALUE   (LST)  VALUE       VALUE  FROM      YEAR
                                                  NORMAL
..................................................................
TEMPERATURE (F)
 TODAY
  MAXIMUM         62    231 PM  80    1994  64     -2       60
  MINIMUM         36    515 AM  26    1971  40     -4       51
  AVERAGE         49                        52     -3       56

PRECIPITATION (IN)
  TODAY            T             1.09 1974   0.10  -0.10     0.72
  MONTH TO DATE    T                         0.10  -0.10     0.72
  SINCE OCT 1      8.03                      9.10  -1.07     3.84
  SINCE JAN 1      2.31                      5.44  -3.13     3.38

SNOWFALL (IN)
  TODAY           MM
  MONTH TO DATE   MM
  SINCE MAR 1     MM
  SINCE JUL 1      0.0

DEGREE DAYS
 HEATING
  TODAY           16                        13      3        9
  MONTH TO DATE   16                        13      3        9
  SINCE MAR 1     16                        13      3        9
  SINCE JUL 1   1376                      2106   -730     1714

 COOLING
  TODAY            0                         0      0        0
  MONTH TO DATE    0                         0      0        0
  SINCE MAR 1      0                         0      0        0
  SINCE JAN 1      0                         0      0        0
..................................................................


WIND (MPH)
  HIGHEST WIND SPEED    22   HIGHEST WIND DIRECTION     N (10)
  HIGHEST GUST SPEED    26   HIGHEST GUST DIRECTION     N (10)
  AVERAGE WIND SPEED     2.4


SKY COVER
  POSSIBLE SUNSHINE  MM
  AVERAGE SKY COVER 0.7


WEATHER CONDITIONS
 THE FOLLOWING WEATHER WAS RECORDED TODAY.
  FOG
  FOG W/VISIBILITY <= 1/4 MILE


RELATIVE HUMIDITY (PERCENT)
 HIGHEST   100           700 AM
 LOWEST     44           400 PM
 AVERAGE    72

..........................................................


THE PASO ROBLES AIRPORT CA CLIMATE NORMALS FOR TOMORROW
                         NORMAL    RECORD    YEAR
 MAXIMUM TEMPERATURE (F)   64        80      2013
 MINIMUM TEMPERATURE (F)   40        20      1971


SUNRISE AND SUNSET
MARCH  1 2015.........SUNRISE   633 AM PST   SUNSET   558 PM PST
MARCH  2 2015.........SUNRISE   631 AM PST   SUNSET   559 PM PST


-  INDICATES NEGATIVE NUMBERS.
R  INDICATES RECORD WAS SET OR TIED.
MM INDICATES DATA IS MISSING.
T  INDICATES TRACE AMOUNT.




$$
