000
CDUS46 KLOX 160906
CLIPRB


CLIMATE REPORT
NATIONAL WEATHER SERVICE LOS ANGELES/OXNARD CA
206 AM PDT WED AUG 16 2017


...................................

...THE PASO ROBLES AIRPORT CA CLIMATE SUMMARY FOR AUGUST 15 2017...

CLIMATE NORMAL PERIOD 1981 TO 2010
CLIMATE RECORD PERIOD 1948 TO 2017


WEATHER ITEM   OBSERVED TIME   RECORD YEAR NORMAL DEPARTURE LAST
                VALUE   (LST)  VALUE       VALUE  FROM      YEAR
                                                  NORMAL
..................................................................
TEMPERATURE (F)
 YESTERDAY
  MAXIMUM         73    258 PM 111    1994  93    -20       97
  MINIMUM         54   1159 PM  45    1975  54      0       50
  AVERAGE         64                        73     -9       74

PRECIPITATION (IN)
  YESTERDAY        0.00          0.10 1958   0.00   0.00     0.00
  MONTH TO DATE    T                         0.03  -0.03     0.00
  SINCE OCT 1     16.14                     12.48   3.66     8.06
  SINCE JAN 1     12.46                      8.82   3.64     6.00

SNOWFALL (IN)
  YESTERDAY        0.0
  MONTH TO DATE    0.0
  SINCE JUN 1      0.0
  SINCE JUL 1      0.0

DEGREE DAYS
 HEATING
  YESTERDAY        1                         0      1        0
  MONTH TO DATE    1                         0      1        0
  SINCE JUN 1     13                        31    -18        8
  SINCE JUL 1      1                         4     -3        0

 COOLING
  YESTERDAY        0                         8     -8        9
  MONTH TO DATE  183                       133     50      112
  SINCE JUN 1    818                       542    276      697
  SINCE JAN 1    910                       610    300      758
..................................................................


WIND (MPH)
  HIGHEST WIND SPEED    22   HIGHEST WIND DIRECTION    SW (210)
  HIGHEST GUST SPEED    26   HIGHEST GUST DIRECTION    SW (220)
  AVERAGE WIND SPEED     9.3


SKY COVER
  POSSIBLE SUNSHINE  MM
  AVERAGE SKY COVER 0.5


WEATHER CONDITIONS
 THE FOLLOWING WEATHER WAS RECORDED YESTERDAY.
  NO SIGNIFICANT WEATHER WAS OBSERVED.


RELATIVE HUMIDITY (PERCENT)
 HIGHEST    87          1200 AM
 LOWEST     53           300 PM
 AVERAGE    70

..........................................................


THE PASO ROBLES AIRPORT CA CLIMATE NORMALS FOR TODAY
                         NORMAL    RECORD    YEAR
 MAXIMUM TEMPERATURE (F)   93       110      1994
 MINIMUM TEMPERATURE (F)   54        44      1989


SUNRISE AND SUNSET
AUGUST 16 2017........SUNRISE   623 AM PDT   SUNSET   750 PM PDT
AUGUST 17 2017........SUNRISE   623 AM PDT   SUNSET   749 PM PDT


-  INDICATES NEGATIVE NUMBERS.
R  INDICATES RECORD WAS SET OR TIED.
MM INDICATES DATA IS MISSING.
T  INDICATES TRACE AMOUNT.




$$
