000
CDUS45 KFGZ 190809
CLIPRC
CLIMATE REPORT
NATIONAL WEATHER SERVICE FLAGSTAFF, AZ
106 AM MST TUE SEP 19 2017


...................................

...THE PRESCOTT AZ AIRPORT CLIMATE SUMMARY FOR SEPTEMBER 18 2017...

CLIMATE NORMAL PERIOD 1981 TO 2010
CLIMATE RECORD PERIOD 1948 TO 2017


WEATHER ITEM   OBSERVED TIME   RECORD YEAR NORMAL DEPARTURE LAST
                VALUE   (LST)  VALUE       VALUE  FROM      YEAR
                                                  NORMAL
..................................................................
TEMPERATURE (F)
 YESTERDAY
  MAXIMUM         81   1242 PM  96    1956  82     -1       88
  MINIMUM         48    635 AM  40    2006  53     -5       48
  AVERAGE         65                        67     -2

PRECIPITATION (IN)
  YESTERDAY        0.00          0.47 1965   0.05  -0.05     0.00
  MONTH TO DATE    0.53                      0.97  -0.44     0.93
  SINCE SEP 1      0.53                      0.97  -0.44     0.93
  SINCE JAN 1     12.38                     10.63   1.75    11.69

DEGREE DAYS
 HEATING
  YESTERDAY        0                               -1
  MONTH TO DATE    1                               -6
  SINCE JUL 1      1                               -7

 COOLING
  YESTERDAY        0                               -3
  MONTH TO DATE  123                               32
  SINCE JAN 1   1141                              229
..................................................................


WIND (MPH)
  HIGHEST WIND SPEED    21   HIGHEST WIND DIRECTION    SW (210)
  HIGHEST GUST SPEED    27   HIGHEST GUST DIRECTION    SW (220)
  AVERAGE WIND SPEED     6.9


SKY COVER
  AVERAGE SKY COVER 0.0


WEATHER CONDITIONS
 THE FOLLOWING WEATHER WAS RECORDED YESTERDAY.
  NO SIGNIFICANT WEATHER WAS OBSERVED.


RELATIVE HUMIDITY (PERCENT)
 HIGHEST    66
 LOWEST     11

..........................................................


THE PRESCOTT AZ AIRPORT CLIMATE NORMALS FOR TODAY
                         NORMAL    RECORD    YEAR
 MAXIMUM TEMPERATURE (F)   81        94      2010
 MINIMUM TEMPERATURE (F)   52        33      1971


SUNRISE AND SUNSET
SEPTEMBER 19 2017.....SUNRISE   616 AM MST   SUNSET   630 PM MST
SEPTEMBER 20 2017.....SUNRISE   617 AM MST   SUNSET   629 PM MST


-  INDICATES NEGATIVE NUMBERS.
R  INDICATES RECORD WAS SET OR TIED.
MM INDICATES DATA IS MISSING.
T  INDICATES TRACE AMOUNT.




$$
