000
CDUS45 KFGZ 280752
CLIPRC
CLIMATE REPORT
NATIONAL WEATHER SERVICE FLAGSTAFF, AZ
1250 AM MST FRI JUL 28 2017


...................................

...THE PRESCOTT AZ AIRPORT CLIMATE SUMMARY FOR JULY 27 2017...

CLIMATE NORMAL PERIOD 1981 TO 2010
CLIMATE RECORD PERIOD 1948 TO 2017


WEATHER ITEM   OBSERVED TIME   RECORD YEAR NORMAL DEPARTURE LAST
                VALUE   (LST)  VALUE       VALUE  FROM      YEAR
                                                  NORMAL
..................................................................
TEMPERATURE (F)
 YESTERDAY
  MAXIMUM         89    354 PM 102    1995  88      1       99
  MINIMUM         64    601 AM  49    1986  63      1       67
  AVERAGE         77                        75      2

PRECIPITATION (IN)
  YESTERDAY        T             0.92 1967   0.09  -0.09      T
  MONTH TO DATE    3.19                      1.74   1.45     0.71
  SINCE SEP 1     14.84                     10.98   3.86     8.35
  SINCE JAN 1      8.09                      6.67   1.42     4.86

DEGREE DAYS
 HEATING
  YESTERDAY        0                                0
  MONTH TO DATE    0                                0
  SINCE JUL 1      0                                0

 COOLING
  YESTERDAY       12                                2
  MONTH TO DATE  341                               52
  SINCE JAN 1    698                              181
..................................................................


WIND (MPH)
  HIGHEST WIND SPEED    22   HIGHEST WIND DIRECTION    NE (40)
  HIGHEST GUST SPEED    32   HIGHEST GUST DIRECTION     S (160)
  AVERAGE WIND SPEED     5.0


SKY COVER
  AVERAGE SKY COVER 0.3


WEATHER CONDITIONS
 THE FOLLOWING WEATHER WAS RECORDED YESTERDAY.
  THUNDERSTORM
  LIGHT RAIN


RELATIVE HUMIDITY (PERCENT)
 HIGHEST    78
 LOWEST     38

..........................................................


THE PRESCOTT AZ AIRPORT CLIMATE NORMALS FOR TODAY
                         NORMAL    RECORD    YEAR
 MAXIMUM TEMPERATURE (F)   88       104      1995
 MINIMUM TEMPERATURE (F)   63        52      1986


SUNRISE AND SUNSET
JULY 28 2017..........SUNRISE   537 AM MST   SUNSET   735 PM MST
JULY 29 2017..........SUNRISE   538 AM MST   SUNSET   734 PM MST


-  INDICATES NEGATIVE NUMBERS.
R  INDICATES RECORD WAS SET OR TIED.
MM INDICATES DATA IS MISSING.
T  INDICATES TRACE AMOUNT.




$$
