000
CDUS45 KFGZ 050815
CLIPRC
CLIMATE REPORT
NATIONAL WEATHER SERVICE FLAGSTAFF, AZ
113 AM MST THU MAR 5 2015


...................................

...THE PRESCOTT AZ AIRPORT CLIMATE SUMMARY FOR MARCH 4 2015...

CLIMATE NORMAL PERIOD 1981 TO 2010
CLIMATE RECORD PERIOD 1948 TO 2015


WEATHER ITEM   OBSERVED TIME   RECORD YEAR NORMAL DEPARTURE LAST
                VALUE   (LST)  VALUE       VALUE  FROM      YEAR
                                                  NORMAL
..................................................................
TEMPERATURE (F)
 YESTERDAY
  MAXIMUM         53    457 PM  75    1972  58     -5       62
  MINIMUM         29    636 AM   6    1966  31     -2       41
  AVERAGE         41                        44     -3

PRECIPITATION (IN)
  YESTERDAY        0.00          0.17 1961   0.04  -0.04     0.00
  MONTH TO DATE    1.43                      0.17   1.26     0.51
  SINCE SEP 1      8.31                      6.99   1.32     5.40
  SINCE JAN 1      3.63                      2.68   0.95     0.68

DEGREE DAYS
 HEATING
  YESTERDAY       24                                3
  MONTH TO DATE   96                               12
  SINCE JUL 1   2632                             -624

 COOLING
  YESTERDAY        0                                0
  MONTH TO DATE    0                                0
  SINCE JAN 1      0                                0
..................................................................


WIND (MPH)
  HIGHEST WIND SPEED    13   HIGHEST WIND DIRECTION     N (20)
  HIGHEST GUST SPEED    18   HIGHEST GUST DIRECTION    NE (30)
  AVERAGE WIND SPEED     5.2


SKY COVER
  AVERAGE SKY COVER 0.1


WEATHER CONDITIONS
 THE FOLLOWING WEATHER WAS RECORDED YESTERDAY.
  NO SIGNIFICANT WEATHER WAS OBSERVED.


RELATIVE HUMIDITY (PERCENT)
 HIGHEST    85
 LOWEST     26

..........................................................


THE PRESCOTT AZ AIRPORT CLIMATE NORMALS FOR TODAY
                         NORMAL    RECORD    YEAR
 MAXIMUM TEMPERATURE (F)   58        76      1972
 MINIMUM TEMPERATURE (F)   31        14      1966


SUNRISE AND SUNSET
MARCH  5 2015.........SUNRISE   654 AM MST   SUNSET   629 PM MST
MARCH  6 2015.........SUNRISE   653 AM MST   SUNSET   630 PM MST


-  INDICATES NEGATIVE NUMBERS.
R  INDICATES RECORD WAS SET OR TIED.
MM INDICATES DATA IS MISSING.
T  INDICATES TRACE AMOUNT.




$$
