000
CDUS45 KFGZ 180813
CLIPRC
CLIMATE REPORT
NATIONAL WEATHER SERVICE FLAGSTAFF, AZ
112 AM MST THU SEP 18 2014


...................................

...THE PRESCOTT AZ AIRPORT CLIMATE SUMMARY FOR SEPTEMBER 17 2014...

CLIMATE NORMAL PERIOD 1981 TO 2010
CLIMATE RECORD PERIOD 1948 TO 2014


WEATHER ITEM   OBSERVED TIME   RECORD YEAR NORMAL DEPARTURE LAST
                VALUE   (LST)  VALUE       VALUE  FROM      YEAR
                                                  NORMAL
..................................................................
TEMPERATURE (F)
 YESTERDAY
  MAXIMUM         81    250 PM  94    1962  82     -1       85
  MINIMUM         60   1159 PM  40    1968  53      7       60
  AVERAGE         71                        67      4

PRECIPITATION (IN)
  YESTERDAY        T             0.71 1965   0.05  -0.05     0.00
  MONTH TO DATE    1.23                      0.92   0.31     2.48
  SINCE SEP 1      1.23                      0.92   0.31     2.48
  SINCE JAN 1      8.70                     10.58  -1.88    10.70

DEGREE DAYS
 HEATING
  YESTERDAY        0                               -1
  MONTH TO DATE    0                               -6
  SINCE JUL 1      3                               -4

 COOLING
  YESTERDAY        6                                3
  MONTH TO DATE   95                                7
  SINCE JAN 1    989                               80
..................................................................


WIND (MPH)
  HIGHEST WIND SPEED    21   HIGHEST WIND DIRECTION    SE (130)
  HIGHEST GUST SPEED    29   HIGHEST GUST DIRECTION    SE (130)
  AVERAGE WIND SPEED     5.0


SKY COVER
  AVERAGE SKY COVER 0.7


WEATHER CONDITIONS
 THE FOLLOWING WEATHER WAS RECORDED YESTERDAY.
  LIGHT RAIN
  HAZE


RELATIVE HUMIDITY (PERCENT)
 HIGHEST    84
 LOWEST     42

..........................................................


THE PRESCOTT AZ AIRPORT CLIMATE NORMALS FOR TODAY
                         NORMAL    RECORD    YEAR
 MAXIMUM TEMPERATURE (F)   82        96      1956
 MINIMUM TEMPERATURE (F)   53        40      2006


SUNRISE AND SUNSET
SEPTEMBER 18 2014.....SUNRISE   615 AM MST   SUNSET   632 PM MST
SEPTEMBER 19 2014.....SUNRISE   616 AM MST   SUNSET   631 PM MST


-  INDICATES NEGATIVE NUMBERS.
R  INDICATES RECORD WAS SET OR TIED.
MM INDICATES DATA IS MISSING.
T  INDICATES TRACE AMOUNT.




$$
