000
CDUS45 KFGZ 210847
CLIPRC
CLIMATE REPORT
NATIONAL WEATHER SERVICE FLAGSTAFF, AZ
146 AM MST SUN DEC 21 2014


...................................

...THE PRESCOTT AZ AIRPORT CLIMATE SUMMARY FOR DECEMBER 20 2014...

CLIMATE NORMAL PERIOD 1981 TO 2010
CLIMATE RECORD PERIOD 1948 TO 2014


WEATHER ITEM   OBSERVED TIME   RECORD YEAR NORMAL DEPARTURE LAST
                VALUE   (LST)  VALUE       VALUE  FROM      YEAR
                                                  NORMAL
..................................................................
TEMPERATURE (F)
 YESTERDAY
  MAXIMUM         55    350 PM  67    1955  50      5       45
  MINIMUM         27    731 AM   7    1967  25      2       33
  AVERAGE         41                        38      3

PRECIPITATION (IN)
  YESTERDAY        0.00          0.63 1952   0.02  -0.02     0.05
  MONTH TO DATE    1.81                      0.59   1.22     0.31
  SINCE SEP 1      4.56                      3.94   0.62     4.72
  SINCE JAN 1     12.03                     13.60  -1.57    12.94

DEGREE DAYS
 HEATING
  YESTERDAY       24                               -4
  MONTH TO DATE  410                             -115
  SINCE JUL 1   1067                             -332

 COOLING
  YESTERDAY        0                                0
  MONTH TO DATE    0                                0
  SINCE JAN 1   1039                               98
..................................................................


WIND (MPH)
  HIGHEST WIND SPEED    13   HIGHEST WIND DIRECTION    SW (230)
  HIGHEST GUST SPEED    14   HIGHEST GUST DIRECTION    SW (240)
  AVERAGE WIND SPEED     2.8


SKY COVER
  AVERAGE SKY COVER 0.0


WEATHER CONDITIONS
 THE FOLLOWING WEATHER WAS RECORDED YESTERDAY.
  NO SIGNIFICANT WEATHER WAS OBSERVED.


RELATIVE HUMIDITY (PERCENT)
 HIGHEST    85
 LOWEST     32

..........................................................


THE PRESCOTT AZ AIRPORT CLIMATE NORMALS FOR TODAY
                         NORMAL    RECORD    YEAR
 MAXIMUM TEMPERATURE (F)   50        70      1969
 MINIMUM TEMPERATURE (F)   25        -3      1967


SUNRISE AND SUNSET
DECEMBER 21 2014......SUNRISE   733 AM MST   SUNSET   523 PM MST
DECEMBER 22 2014......SUNRISE   733 AM MST   SUNSET   523 PM MST


-  INDICATES NEGATIVE NUMBERS.
R  INDICATES RECORD WAS SET OR TIED.
MM INDICATES DATA IS MISSING.
T  INDICATES TRACE AMOUNT.




$$
