000
CDUS45 KFGZ 290757
CLIPRC
CLIMATE REPORT
NATIONAL WEATHER SERVICE FLAGSTAFF, AZ
1256 AM MST FRI AUG 29 2014


...................................

...THE PRESCOTT AZ AIRPORT CLIMATE SUMMARY FOR AUGUST 28 2014...

CLIMATE NORMAL PERIOD 1981 TO 2010
CLIMATE RECORD PERIOD 1948 TO 2014


WEATHER ITEM   OBSERVED TIME   RECORD YEAR NORMAL DEPARTURE LAST
                VALUE   (LST)  VALUE       VALUE  FROM      YEAR
                                                  NORMAL
..................................................................
TEMPERATURE (F)
 YESTERDAY
  MAXIMUM         85    442 PM  95    1990  86     -1       88
  MINIMUM         54    545 AM  49    1989  59     -5       58
  AVERAGE         70                        72     -2

PRECIPITATION (IN)
  YESTERDAY        0.00          1.51 1951   0.08  -0.08      T
  MONTH TO DATE    4.67                      2.40   2.27     2.17
  SINCE SEP 1     12.19                     13.75  -1.56     9.96
  SINCE JAN 1      7.47                      9.44  -1.97     8.00

DEGREE DAYS
 HEATING
  YESTERDAY        0                                0
  MONTH TO DATE    3                                3
  SINCE JUL 1      3                                3

 COOLING
  YESTERDAY        5                               -2
  MONTH TO DATE  191                              -55
  SINCE JAN 1    871                               70
..................................................................


WIND (MPH)
  HIGHEST WIND SPEED    17   HIGHEST WIND DIRECTION     N (340)
  HIGHEST GUST SPEED    23   HIGHEST GUST DIRECTION     N (340)
  AVERAGE WIND SPEED     5.2


SKY COVER
  AVERAGE SKY COVER 0.0


WEATHER CONDITIONS
 THE FOLLOWING WEATHER WAS RECORDED YESTERDAY.
  NO SIGNIFICANT WEATHER WAS OBSERVED.


RELATIVE HUMIDITY (PERCENT)
 HIGHEST    77
 LOWEST     20

..........................................................


THE PRESCOTT AZ AIRPORT CLIMATE NORMALS FOR TODAY
                         NORMAL    RECORD    YEAR
 MAXIMUM TEMPERATURE (F)   86        97      1996
 MINIMUM TEMPERATURE (F)   59        45      1968


SUNRISE AND SUNSET
AUGUST 29 2014........SUNRISE   601 AM MST   SUNSET   700 PM MST
AUGUST 30 2014........SUNRISE   601 AM MST   SUNSET   659 PM MST


-  INDICATES NEGATIVE NUMBERS.
R  INDICATES RECORD WAS SET OR TIED.
MM INDICATES DATA IS MISSING.
T  INDICATES TRACE AMOUNT.




$$
