000
CDUS45 KFGZ 290834
CLIPRC
CLIMATE REPORT
NATIONAL WEATHER SERVICE FLAGSTAFF, AZ
128 AM MST FRI MAY 29 2015


...................................

...THE PRESCOTT AZ AIRPORT CLIMATE SUMMARY FOR MAY 28 2015...

CLIMATE NORMAL PERIOD 1981 TO 2010
CLIMATE RECORD PERIOD 1948 TO 2015


WEATHER ITEM   OBSERVED TIME   RECORD YEAR NORMAL DEPARTURE LAST
                VALUE   (LST)  VALUE       VALUE  FROM      YEAR
                                                  NORMAL
..................................................................
TEMPERATURE (F)
 YESTERDAY
  MAXIMUM         83    319 PM  95    1984  81      2       88
  MINIMUM         44    455 AM  36    1971  50     -6       56
  AVERAGE         64                        65     -1

PRECIPITATION (IN)
  YESTERDAY        0.00          0.17 1995   0.02  -0.02     0.00
  MONTH TO DATE    1.03                      0.42   0.61      T
  SINCE SEP 1      9.80                      8.81   0.99     5.69
  SINCE JAN 1      5.12                      4.50   0.62     0.97

DEGREE DAYS
 HEATING
  YESTERDAY        1                               -1
  MONTH TO DATE  219                               81
  SINCE JUL 1   3478                             -779

 COOLING
  YESTERDAY        0                               -3
  MONTH TO DATE    2                              -30
  SINCE JAN 1      3                              -31
..................................................................


WIND (MPH)
  HIGHEST WIND SPEED    17   HIGHEST WIND DIRECTION     W (250)
  HIGHEST GUST SPEED    22   HIGHEST GUST DIRECTION    SW (240)
  AVERAGE WIND SPEED     7.6


SKY COVER
  AVERAGE SKY COVER 0.0


WEATHER CONDITIONS
 THE FOLLOWING WEATHER WAS RECORDED YESTERDAY.
  NO SIGNIFICANT WEATHER WAS OBSERVED.


RELATIVE HUMIDITY (PERCENT)
 HIGHEST    58
 LOWEST      9

..........................................................


THE PRESCOTT AZ AIRPORT CLIMATE NORMALS FOR TODAY
                         NORMAL    RECORD    YEAR
 MAXIMUM TEMPERATURE (F)   81        94      2000
 MINIMUM TEMPERATURE (F)   50        32      1953


SUNRISE AND SUNSET
MAY 29 2015...........SUNRISE   519 AM MST   SUNSET   736 PM MST
MAY 30 2015...........SUNRISE   519 AM MST   SUNSET   736 PM MST


-  INDICATES NEGATIVE NUMBERS.
R  INDICATES RECORD WAS SET OR TIED.
MM INDICATES DATA IS MISSING.
T  INDICATES TRACE AMOUNT.




$$
