000
CDUS45 KFGZ 300735
CLIPRC
CLIMATE REPORT
NATIONAL WEATHER SERVICE FLAGSTAFF, AZ
1235 AM MST TUE MAY 30 2017


...................................

...THE PRESCOTT AZ AIRPORT CLIMATE SUMMARY FOR MAY 29 2017...

CLIMATE NORMAL PERIOD 1981 TO 2010
CLIMATE RECORD PERIOD 1948 TO 2017


WEATHER ITEM   OBSERVED TIME   RECORD YEAR NORMAL DEPARTURE LAST
                VALUE   (LST)  VALUE       VALUE  FROM      YEAR
                                                  NORMAL
..................................................................
TEMPERATURE (F)
 YESTERDAY
  MAXIMUM         87    330 PM  94    2000  81      6       82
  MINIMUM         51    549 AM  32    1953  50      1       49
  AVERAGE         69                        66      3

PRECIPITATION (IN)
  YESTERDAY        0.00          0.13 1971   0.01  -0.01     0.00
  MONTH TO DATE    0.40                      0.43  -0.03     0.48
  SINCE SEP 1     11.40                      8.82   2.58     7.27
  SINCE JAN 1      4.65                      4.51   0.14     3.78

DEGREE DAYS
 HEATING
  YESTERDAY        0                               -2
  MONTH TO DATE  151                               11
  SINCE JUL 1   3537                             -722

 COOLING
  YESTERDAY        4                                1
  MONTH TO DATE   27                               -8
  SINCE JAN 1     27                              -10
..................................................................


WIND (MPH)
  HIGHEST WIND SPEED    17   HIGHEST WIND DIRECTION    SE (130)
  HIGHEST GUST SPEED    25   HIGHEST GUST DIRECTION    SE (120)
  AVERAGE WIND SPEED     6.2


SKY COVER
  AVERAGE SKY COVER 0.0


WEATHER CONDITIONS
 THE FOLLOWING WEATHER WAS RECORDED YESTERDAY.
  NO SIGNIFICANT WEATHER WAS OBSERVED.


RELATIVE HUMIDITY (PERCENT)
 HIGHEST    38
 LOWEST      7

..........................................................


THE PRESCOTT AZ AIRPORT CLIMATE NORMALS FOR TODAY
                         NORMAL    RECORD    YEAR
 MAXIMUM TEMPERATURE (F)   81        94      2002
 MINIMUM TEMPERATURE (F)   50        34      1953


SUNRISE AND SUNSET
MAY 30 2017...........SUNRISE   518 AM MST   SUNSET   737 PM MST
MAY 31 2017...........SUNRISE   518 AM MST   SUNSET   737 PM MST


-  INDICATES NEGATIVE NUMBERS.
R  INDICATES RECORD WAS SET OR TIED.
MM INDICATES DATA IS MISSING.
T  INDICATES TRACE AMOUNT.




$$
