000
CDUS45 KFGZ 080733
CLIPRC
CLIMATE REPORT
NATIONAL WEATHER SERVICE FLAGSTAFF, AZ
1231 AM MST THU DEC 8 2016


...................................

...THE PRESCOTT AZ AIRPORT CLIMATE SUMMARY FOR DECEMBER 7 2016...

CLIMATE NORMAL PERIOD 1981 TO 2010
CLIMATE RECORD PERIOD 1948 TO 2016


WEATHER ITEM   OBSERVED TIME   RECORD YEAR NORMAL DEPARTURE LAST
                VALUE   (LST)  VALUE       VALUE  FROM      YEAR
                                                  NORMAL
..................................................................
TEMPERATURE (F)
 YESTERDAY
  MAXIMUM         49    347 PM  69    1958  52     -3       64
  MINIMUM         28    704 AM  -4    1978  26      2       24
  AVERAGE         39                        39      0

PRECIPITATION (IN)
  YESTERDAY        0.00          1.27 2009   0.03  -0.03     0.00
  MONTH TO DATE    0.00                      0.21  -0.21     0.00
  SINCE SEP 1      4.09                      3.56   0.53     3.19
  SINCE JAN 1     14.85                     13.22   1.63    15.53

DEGREE DAYS
 HEATING
  YESTERDAY       26                                0
  MONTH TO DATE  179                                3
  SINCE JUL 1    814                             -236

 COOLING
  YESTERDAY        0                                0
  MONTH TO DATE    0                                0
  SINCE JAN 1   1092                              151
..................................................................


WIND (MPH)
  HIGHEST WIND SPEED     9   HIGHEST WIND DIRECTION     S (190)
  HIGHEST GUST SPEED    12   HIGHEST GUST DIRECTION     N (360)
  AVERAGE WIND SPEED     4.6


SKY COVER
  AVERAGE SKY COVER 0.3


WEATHER CONDITIONS
 THE FOLLOWING WEATHER WAS RECORDED YESTERDAY.
  FOG


RELATIVE HUMIDITY (PERCENT)
 HIGHEST   100
 LOWEST     50

..........................................................


THE PRESCOTT AZ AIRPORT CLIMATE NORMALS FOR TODAY
                         NORMAL    RECORD    YEAR
 MAXIMUM TEMPERATURE (F)   52        80      2006
 MINIMUM TEMPERATURE (F)   26        -4      1978


SUNRISE AND SUNSET
DECEMBER  8 2016......SUNRISE   725 AM MST   SUNSET   519 PM MST
DECEMBER  9 2016......SUNRISE   726 AM MST   SUNSET   519 PM MST


-  INDICATES NEGATIVE NUMBERS.
R  INDICATES RECORD WAS SET OR TIED.
MM INDICATES DATA IS MISSING.
T  INDICATES TRACE AMOUNT.




$$
