000
CDUS46 KPDT 261051 RRB
CLIPSC

CLIMATE REPORT
NATIONAL WEATHER SERVICE PENDLETON OR
146 AM PDT SUN MAR 26 2017


...................................

...THE PASCO WA CLIMATE SUMMARY FOR MARCH 25 2017...

CLIMATE NORMAL PERIOD 1981 TO 2010
CLIMATE RECORD PERIOD 1948 TO 2017


WEATHER ITEM   OBSERVED TIME   RECORD YEAR NORMAL DEPARTURE LAST
                VALUE   (LST)  VALUE       VALUE  FROM      YEAR
                                                  NORMAL
..................................................................
TEMPERATURE (F)
 YESTERDAY
  MAXIMUM         62    318 PM  78    1997  62      0       61
  MINIMUM         43    124 AM  19    1996  36      7       33
  AVERAGE         53                        49      4       47

PRECIPITATION (IN)
  YESTERDAY        T             0.31 1958   0.02  -0.02     0.00
  MONTH TO DATE    1.37                      0.63   0.74     1.18
  SINCE OCT 1      7.71                      5.66   2.05     5.51
  SINCE JAN 1      3.94                      2.71   1.23     2.75

SNOWFALL (IN)
  YESTERDAY       MM
  SNOW DEPTH       0

DEGREE DAYS
 HEATING
  YESTERDAY       12                        16     -4       18
  MONTH TO DATE  451                       487    -36      431
  SINCE MAR 1    451                       487    -36      431
  SINCE JUL 1   4773                      4370    403     3949

 COOLING
  YESTERDAY        0                         0      0        0
  MONTH TO DATE    0                         0      0        0
  SINCE MAR 1      0                         0      0        0
  SINCE JAN 1      0                         0      0        0
..................................................................


WIND (MPH)
  RESULTANT WIND SPEED  10   RESULTANT WIND DIRECTION  SW (220)
  HIGHEST WIND SPEED    23   HIGHEST WIND DIRECTION    SW (230)
  HIGHEST GUST SPEED    31   HIGHEST GUST DIRECTION    SW (230)


SKY COVER
  POSSIBLE SUNSHINE  MM
  AVERAGE SKY COVER 0.5


WEATHER CONDITIONS
 THE FOLLOWING WEATHER WAS RECORDED YESTERDAY.
  LIGHT RAIN


RELATIVE HUMIDITY (PERCENT)
 HIGHEST    82
 LOWEST     29
 AVERAGE    56

..........................................................


THE PASCO WA CLIMATE NORMALS FOR TODAY
                         NORMAL    RECORD    YEAR
 MAXIMUM TEMPERATURE (F)   62        75      2015
 MINIMUM TEMPERATURE (F)   36        26      1995


SUNRISE AND SUNSET
MARCH 26 2017.........SUNRISE   647 AM PDT   SUNSET   718 PM PDT
MARCH 27 2017.........SUNRISE   645 AM PDT   SUNSET   719 PM PDT


-  INDICATES NEGATIVE NUMBERS.
R  INDICATES RECORD WAS SET OR TIED.
MM INDICATES DATA IS MISSING.
T  INDICATES TRACE AMOUNT.




$$
