000
CDUS46 KPDT 310028
CLIPSC

CLIMATE REPORT
NATIONAL WEATHER SERVICE PENDLETON OR
426 PM PST FRI JAN 30 2015


...................................

...THE PASCO WA CLIMATE SUMMARY FOR JANUARY 30 2015...
VALID TODAY AS OF 0400 PM LOCAL TIME.

CLIMATE NORMAL PERIOD 1981 TO 2010
CLIMATE RECORD PERIOD 1948 TO 2015


WEATHER ITEM   OBSERVED TIME   RECORD YEAR NORMAL DEPARTURE LAST
                VALUE   (LST)  VALUE       VALUE  FROM      YEAR
                                                  NORMAL
..................................................................
TEMPERATURE (F)
 TODAY
  MAXIMUM         40    359 PM  62    1995  45     -5       53
  MINIMUM         37    850 AM -13    1996  29      8       29
  AVERAGE         39                        37      2       41

PRECIPITATION (IN)
  TODAY            0.00          0.30 1969   0.02  -0.02     0.00
  MONTH TO DATE    0.69                      1.19  -0.50     0.36
  SINCE OCT 1      3.06                      4.14  -1.08     0.94
  SINCE JAN 1      0.69                      1.19  -0.50     0.36

SNOWFALL (IN)
  TODAY            0.0
  SNOW DEPTH       0

DEGREE DAYS
 HEATING
  TODAY           26                        28     -2       24
  MONTH TO DATE  878                       906    -28      877
  SINCE DEC 1   1756                      1893   -137     2029
  SINCE JUL 1   2821                      3122   -301     3379

 COOLING
  TODAY            0                         0      0        0
  MONTH TO DATE    0                         0      0        0
  SINCE DEC 1      0                         0      0        0
  SINCE JAN 1      0                         0      0        0
..................................................................


WIND (MPH)
  RESULTANT WIND SPEED   3   RESULTANT WIND DIRECTION   W (290)
  HIGHEST WIND SPEED     7   HIGHEST WIND DIRECTION    NW (300)
  HIGHEST GUST SPEED     8   HIGHEST GUST DIRECTION    SW (220)


SKY COVER
  POSSIBLE SUNSHINE  MM
  AVERAGE SKY COVER 1.0


WEATHER CONDITIONS
 THE FOLLOWING WEATHER WAS RECORDED TODAY.
  FOG


RELATIVE HUMIDITY (PERCENT)
 HIGHEST   100
 LOWEST     79
 AVERAGE    90

..........................................................


THE PASCO WA CLIMATE NORMALS FOR TOMORROW
                         NORMAL    RECORD    YEAR
 MAXIMUM TEMPERATURE (F)   45        66      1995
 MINIMUM TEMPERATURE (F)   29       -16      1996


SUNRISE AND SUNSET
JANUARY 30 2015.......SUNRISE   722 AM PST   SUNSET   458 PM PST
JANUARY 31 2015.......SUNRISE   721 AM PST   SUNSET   500 PM PST


-  INDICATES NEGATIVE NUMBERS.
R  INDICATES RECORD WAS SET OR TIED.
MM INDICATES DATA IS MISSING.
T  INDICATES TRACE AMOUNT.




$$
