000
CDUS46 KPDT 200902
CLIPSC

CLIMATE REPORT
NATIONAL WEATHER SERVICE PENDLETON OR
154 AM PDT WED SEP 20 2017


...................................

...THE PASCO WA CLIMATE SUMMARY FOR SEPTEMBER 19 2017...

CLIMATE NORMAL PERIOD 1981 TO 2010
CLIMATE RECORD PERIOD 1948 TO 2017


WEATHER ITEM   OBSERVED TIME   RECORD YEAR NORMAL DEPARTURE LAST
                VALUE   (LST)  VALUE       VALUE  FROM      YEAR
                                                  NORMAL
..................................................................
TEMPERATURE (F)
 YESTERDAY
  MAXIMUM         67    128 PM  97    1981  79    -12       72
  MINIMUM         54    641 AM  32    1957  45      9       43
  AVERAGE         61                        62     -1       58

PRECIPITATION (IN)
  YESTERDAY        T             0.49 2010   0.02  -0.02     0.00
  MONTH TO DATE    0.04                      0.21  -0.17     0.24
  SINCE OCT 1     10.03                      8.64   1.39     8.38
  SINCE JAN 1      6.26                      5.69   0.57     5.62

SNOWFALL (IN)
  YESTERDAY        0.0
  SNOW DEPTH       0

DEGREE DAYS
 HEATING
  YESTERDAY        4                         4      0        7
  MONTH TO DATE   24                        36    -12       39
  SINCE SEP 1     24                        36    -12       39
  SINCE JUL 1     24                        48    -24       39

 COOLING
  YESTERDAY        0                         1     -1        0
  MONTH TO DATE  101                        44     57       20
  SINCE SEP 1    101                        44     57       20
  SINCE JAN 1    979                       701    278      771
..................................................................


WIND (MPH)
  RESULTANT WIND SPEED  18   RESULTANT WIND DIRECTION  SW (230)
  HIGHEST WIND SPEED    33   HIGHEST WIND DIRECTION    SW (230)
  HIGHEST GUST SPEED    42   HIGHEST GUST DIRECTION    SW (240)


SKY COVER
  POSSIBLE SUNSHINE  MM
  AVERAGE SKY COVER 0.4


WEATHER CONDITIONS
 THE FOLLOWING WEATHER WAS RECORDED YESTERDAY.
  LIGHT RAIN


RELATIVE HUMIDITY (PERCENT)
 HIGHEST    71
 LOWEST     40
 AVERAGE    56

..........................................................


THE PASCO WA CLIMATE NORMALS FOR TODAY
                         NORMAL    RECORD    YEAR
 MAXIMUM TEMPERATURE (F)   79        94      1939
 MINIMUM TEMPERATURE (F)   45        35      1928
                                             1895


SUNRISE AND SUNSET
SEPTEMBER 20 2017.....SUNRISE   641 AM PDT   SUNSET   657 PM PDT
SEPTEMBER 21 2017.....SUNRISE   642 AM PDT   SUNSET   655 PM PDT


-  INDICATES NEGATIVE NUMBERS.
R  INDICATES RECORD WAS SET OR TIED.
MM INDICATES DATA IS MISSING.
T  INDICATES TRACE AMOUNT.




$$
