000
CDUS46 KPDT 310126
CLIPSC

CLIMATE REPORT
NATIONAL WEATHER SERVICE PENDLETON OR
626 PM PDT MON MAY 30 2016


...................................

...THE PASCO WA CLIMATE SUMMARY FOR MAY 30 2016...
VALID TODAY AS OF 0500 PM LOCAL TIME.

CLIMATE NORMAL PERIOD 1981 TO 2010
CLIMATE RECORD PERIOD 1948 TO 2016


WEATHER ITEM   OBSERVED TIME   RECORD YEAR NORMAL DEPARTURE LAST
                VALUE   (LST)  VALUE       VALUE  FROM      YEAR
                                                  NORMAL
..................................................................
TEMPERATURE (F)
 TODAY
  MAXIMUM         78    417 PM  98    2009  79     -1       91
  MINIMUM         42    429 AM  41    2006  50     -8       64
                                      2001
  AVERAGE         60                        64     -4       78

PRECIPITATION (IN)
  TODAY            0.00          0.17 1969   0.03  -0.03     0.00
  MONTH TO DATE    1.52                      0.70   0.82     1.28
  SINCE OCT 1      7.31                      7.17   0.14     5.57
  SINCE JAN 1      4.55                      4.22   0.33     3.20

SNOWFALL (IN)
  TODAY            0.0
  SNOW DEPTH       0

DEGREE DAYS
 HEATING
  TODAY            5                         2      3        0
  MONTH TO DATE   75                       162    -87      107
  SINCE MAR 1    796                      1103   -307      935
  SINCE JUL 1   4314                      4986   -672     4391

 COOLING
  TODAY            0                         2     -2       13
  MONTH TO DATE   29                        30     -1       73
  SINCE MAR 1     33                        31      2       73
  SINCE JAN 1     33                        31      2       73
..................................................................


WIND (MPH)
  RESULTANT WIND SPEED   1   RESULTANT WIND DIRECTION   N (350)
  HIGHEST WIND SPEED    12   HIGHEST WIND DIRECTION     N (20)
  HIGHEST GUST SPEED    16   HIGHEST GUST DIRECTION     N (10)


SKY COVER
  POSSIBLE SUNSHINE  MM
  AVERAGE SKY COVER 0.1


WEATHER CONDITIONS
 THE FOLLOWING WEATHER WAS RECORDED TODAY.
  NO SIGNIFICANT WEATHER WAS OBSERVED.


RELATIVE HUMIDITY (PERCENT)
 HIGHEST    89
 LOWEST     20
 AVERAGE    55

..........................................................


THE PASCO WA CLIMATE NORMALS FOR TOMORROW
                         NORMAL    RECORD    YEAR
 MAXIMUM TEMPERATURE (F)   79        94      2007
 MINIMUM TEMPERATURE (F)   51        44      2013
                                             2008
                                             2004


SUNRISE AND SUNSET
MAY 30 2016...........SUNRISE   509 AM PDT   SUNSET   840 PM PDT
MAY 31 2016...........SUNRISE   508 AM PDT   SUNSET   841 PM PDT


-  INDICATES NEGATIVE NUMBERS.
R  INDICATES RECORD WAS SET OR TIED.
MM INDICATES DATA IS MISSING.
T  INDICATES TRACE AMOUNT.

$$
