000
CDUS46 KPDT 220845
CLIPSC

CLIMATE REPORT
NATIONAL WEATHER SERVICE PENDLETON OR
1245 AM PST MON JAN 22 2018


...................................

...THE PASCO WA CLIMATE SUMMARY FOR JANUARY 21 2018...

CLIMATE NORMAL PERIOD 1981 TO 2010
CLIMATE RECORD PERIOD 1948 TO 2018


WEATHER ITEM   OBSERVED TIME   RECORD YEAR NORMAL DEPARTURE LAST
                VALUE   (LST)  VALUE       VALUE  FROM      YEAR
                                                  NORMAL
..................................................................
TEMPERATURE (F)
 YESTERDAY
  MAXIMUM         52   1153 AM  63    1968  43      9       39
  MINIMUM         28    414 AM -27    1930  29     -1       23
  AVERAGE         40                        36      4       31

PRECIPITATION (IN)
  YESTERDAY        T             0.35 1926   0.04  -0.04      T
  MONTH TO DATE    0.86                      0.93  -0.07     0.87
  SINCE OCT 1      3.58                      3.88  -0.30     4.64
  SINCE JAN 1      0.86                      0.93  -0.07     0.87

SNOWFALL (IN)
  YESTERDAY        0.0
  SNOW DEPTH       0

DEGREE DAYS
 HEATING
  YESTERDAY       25                        29     -4       34
  MONTH TO DATE  586                       648    -62      998
  SINCE DEC 1   1605                      1635    -30     2139
  SINCE JUL 1   2773                      2864    -91     3085

 COOLING
  YESTERDAY        0                         0      0        0
  MONTH TO DATE    0                         0      0        0
  SINCE DEC 1      0                         0      0        0
  SINCE JAN 1      0                         0      0        0
..................................................................


WIND (MPH)
  RESULTANT WIND SPEED   5   RESULTANT WIND DIRECTION  SE (130)
  HIGHEST WIND SPEED    23   HIGHEST WIND DIRECTION    SW (210)
  HIGHEST GUST SPEED    29   HIGHEST GUST DIRECTION     S (190)


SKY COVER
  POSSIBLE SUNSHINE  MM
  AVERAGE SKY COVER 0.4


WEATHER CONDITIONS
 THE FOLLOWING WEATHER WAS RECORDED YESTERDAY.
  LIGHT RAIN


RELATIVE HUMIDITY (PERCENT)
 HIGHEST    85
 LOWEST     41
 AVERAGE    63

..........................................................


THE PASCO WA CLIMATE NORMALS FOR TODAY
                         NORMAL    RECORD    YEAR
 MAXIMUM TEMPERATURE (F)   43        66      1919
 MINIMUM TEMPERATURE (F)   29       -25      1930


SUNRISE AND SUNSET
JANUARY 22 2018.......SUNRISE   730 AM PST   SUNSET   447 PM PST
JANUARY 23 2018.......SUNRISE   729 AM PST   SUNSET   448 PM PST


-  INDICATES NEGATIVE NUMBERS.
R  INDICATES RECORD WAS SET OR TIED.
MM INDICATES DATA IS MISSING.
T  INDICATES TRACE AMOUNT.

$$
