000
CDUS46 KPDT 280844
CLIPSC

CLIMATE REPORT
NATIONAL WEATHER SERVICE PENDLETON OR
143 AM PDT THU JUL 28 2016


...................................

...THE PASCO WA CLIMATE SUMMARY FOR JULY 27 2016...

CLIMATE NORMAL PERIOD 1981 TO 2010
CLIMATE RECORD PERIOD 1948 TO 2016


WEATHER ITEM   OBSERVED TIME   RECORD YEAR NORMAL DEPARTURE LAST
                VALUE   (LST)  VALUE       VALUE  FROM      YEAR
                                                  NORMAL
..................................................................
TEMPERATURE (F)
 YESTERDAY
  MAXIMUM         98    452 PM 111    1998  93      5       83
  MINIMUM         64    346 AM  51    2015  57      7       51
                                      2014
  AVERAGE         81                        75      6       67

PRECIPITATION (IN)
  YESTERDAY        0.00          0.09 1955   0.00   0.00     0.00
  MONTH TO DATE    0.33                      0.26   0.07      T
  SINCE OCT 1      8.10                      8.14  -0.04     5.57
  SINCE JAN 1      5.34                      5.19   0.15     3.20

SNOWFALL (IN)
  YESTERDAY        0.0
  SNOW DEPTH       0

DEGREE DAYS
 HEATING
  YESTERDAY        0                         0      0        0
  MONTH TO DATE    0                         1     -1        0
  SINCE JUN 1     30                        33     -3        1
  SINCE JUL 1      0                         1     -1        0

 COOLING
  YESTERDAY       16                        10      6        2
  MONTH TO DATE  215                       227    -12      355
  SINCE JUN 1    391                       336     55      671
  SINCE JAN 1    424                       369     55      753
..................................................................


WIND (MPH)
  RESULTANT WIND SPEED   3   RESULTANT WIND DIRECTION   N (0)
  HIGHEST WIND SPEED    12   HIGHEST WIND DIRECTION     N (340)
  HIGHEST GUST SPEED    17   HIGHEST GUST DIRECTION     N (340)


SKY COVER
  POSSIBLE SUNSHINE  MM
  AVERAGE SKY COVER 0.0


WEATHER CONDITIONS
 THE FOLLOWING WEATHER WAS RECORDED YESTERDAY.
  NO SIGNIFICANT WEATHER WAS OBSERVED.


RELATIVE HUMIDITY (PERCENT)
 HIGHEST    79
 LOWEST     22
 AVERAGE    51

..........................................................


THE PASCO WA CLIMATE NORMALS FOR TODAY
                         NORMAL    RECORD    YEAR
 MAXIMUM TEMPERATURE (F)   93       110      1998
 MINIMUM TEMPERATURE (F)   58        48      2015


SUNRISE AND SUNSET
JULY 28 2016..........SUNRISE   534 AM PDT   SUNSET   831 PM PDT
JULY 29 2016..........SUNRISE   535 AM PDT   SUNSET   830 PM PDT


-  INDICATES NEGATIVE NUMBERS.
R  INDICATES RECORD WAS SET OR TIED.
MM INDICATES DATA IS MISSING.
T  INDICATES TRACE AMOUNT.




$$
