000
CDUS46 KPDT 280838
CLIPSC

CLIMATE REPORT
NATIONAL WEATHER SERVICE PENDLETON OR
138 AM PDT TUE JUL 28 2015


...................................

...THE PASCO WA CLIMATE SUMMARY FOR JULY 27 2015...

CLIMATE NORMAL PERIOD 1981 TO 2010
CLIMATE RECORD PERIOD 1948 TO 2015


WEATHER ITEM   OBSERVED TIME   RECORD YEAR NORMAL DEPARTURE LAST
                VALUE   (LST)  VALUE       VALUE  FROM      YEAR
                                                  NORMAL
..................................................................
TEMPERATURE (F)
 YESTERDAY
  MAXIMUM         83    455 PM 111    1998  93    -10       95
  MINIMUM         51R   434 AM  51    2014  57     -6       51
  AVERAGE         67                        75     -8       73

PRECIPITATION (IN)
  YESTERDAY        0.00          0.09 1955   0.00   0.00     0.00
  MONTH TO DATE    T                         0.26  -0.26     0.03
  SINCE OCT 1      5.57                      8.14  -2.57     3.17
  SINCE JAN 1      3.20                      5.19  -1.99     2.59

SNOWFALL (IN)
  YESTERDAY        0.0
  SNOW DEPTH       0

DEGREE DAYS
 HEATING
  YESTERDAY        0                         0      0        0
  MONTH TO DATE    0                         1     -1        0
  SINCE JUN 1      1                        33    -32       18
  SINCE JUL 1      0                         1     -1        0

 COOLING
  YESTERDAY        2                        10     -8        8
  MONTH TO DATE  355                       227    128      364
  SINCE JUN 1    671                       336    335      475
  SINCE JAN 1    753                       369    384      509
..................................................................


WIND (MPH)
  RESULTANT WIND SPEED   4   RESULTANT WIND DIRECTION   W (250)
  HIGHEST WIND SPEED    15   HIGHEST WIND DIRECTION    NW (300)
  HIGHEST GUST SPEED    21   HIGHEST GUST DIRECTION    SW (240)


SKY COVER
  POSSIBLE SUNSHINE  MM
  AVERAGE SKY COVER 0.3


WEATHER CONDITIONS
 THE FOLLOWING WEATHER WAS RECORDED YESTERDAY.
  NO SIGNIFICANT WEATHER WAS OBSERVED.


RELATIVE HUMIDITY (PERCENT)
 HIGHEST    61
 LOWEST     21
 AVERAGE    41

..........................................................


THE PASCO WA CLIMATE NORMALS FOR TODAY
                         NORMAL    RECORD    YEAR
 MAXIMUM TEMPERATURE (F)   93       110      1998
 MINIMUM TEMPERATURE (F)   58        50      2011


SUNRISE AND SUNSET
JULY 28 2015..........SUNRISE   533 AM PDT   SUNSET   832 PM PDT
JULY 29 2015..........SUNRISE   534 AM PDT   SUNSET   831 PM PDT


-  INDICATES NEGATIVE NUMBERS.
R  INDICATES RECORD WAS SET OR TIED.
MM INDICATES DATA IS MISSING.
T  INDICATES TRACE AMOUNT.


$$
