604
CDUS46 KPDT 090921
CLIPSC

CLIMATE REPORT
NATIONAL WEATHER SERVICE PENDLETON OR
121 AM PST TUE FEB 9 2016


...................................

...THE PASCO WA CLIMATE SUMMARY FOR FEBRUARY 8 2016...

CLIMATE NORMAL PERIOD 1981 TO 2010
CLIMATE RECORD PERIOD 1948 TO 2016


WEATHER ITEM   OBSERVED TIME   RECORD YEAR NORMAL DEPARTURE LAST
                VALUE   (LST)  VALUE       VALUE  FROM      YEAR
                                                  NORMAL
..................................................................
TEMPERATURE (F)
 YESTERDAY
  MAXIMUM         52    410 PM  66    1996  47      5       60
  MINIMUM         26    741 AM   5    1994  29     -3       43
  AVERAGE         39                        38      1       52

PRECIPITATION (IN)
  YESTERDAY        0.00          0.36 2002   0.03  -0.03      T
  MONTH TO DATE    0.04                      0.27  -0.23     0.40
  SINCE OCT 1      3.99                      4.44  -0.45     3.46
  SINCE JAN 1      1.23                      1.49  -0.26     1.09

SNOWFALL (IN)
  YESTERDAY        0.0
  SNOW DEPTH       0

DEGREE DAYS
 HEATING
  YESTERDAY       26                        27     -1       13
  MONTH TO DATE  218                       222     -4      167
  SINCE DEC 1   2017                      2144   -127     1949
  SINCE JUL 1   3119                      3373   -254     3014

 COOLING
  YESTERDAY        0                         0      0        0
  MONTH TO DATE    0                         0      0        0
  SINCE DEC 1      0                         0      0        0
  SINCE JAN 1      0                         0      0        0
..................................................................


WIND (MPH)
  RESULTANT WIND SPEED   1   RESULTANT WIND DIRECTION   N (340)
  HIGHEST WIND SPEED     7   HIGHEST WIND DIRECTION    NW (330)
  HIGHEST GUST SPEED     9   HIGHEST GUST DIRECTION     W (290)


SKY COVER
  POSSIBLE SUNSHINE  MM
  AVERAGE SKY COVER 0.0


WEATHER CONDITIONS
 THE FOLLOWING WEATHER WAS RECORDED YESTERDAY.
  NO SIGNIFICANT WEATHER WAS OBSERVED.


RELATIVE HUMIDITY (PERCENT)
 HIGHEST    92
 LOWEST     54
 AVERAGE    73

..........................................................


THE PASCO WA CLIMATE NORMALS FOR TODAY
                         NORMAL    RECORD    YEAR
 MAXIMUM TEMPERATURE (F)   47        57      1996
 MINIMUM TEMPERATURE (F)   29         6      1989


SUNRISE AND SUNSET
FEBRUARY  9 2016......SUNRISE   709 AM PST   SUNSET   513 PM PST
FEBRUARY 10 2016......SUNRISE   708 AM PST   SUNSET   514 PM PST


-  INDICATES NEGATIVE NUMBERS.
R  INDICATES RECORD WAS SET OR TIED.
MM INDICATES DATA IS MISSING.
T  INDICATES TRACE AMOUNT.




$$
