000
CDUS41 KALY 302047
CLIPSF


CLIMATE REPORT
NATIONAL WEATHER SERVICE ALBANY NY
446 PM EDT FRI SEP 30 2016


...................................

...THE PITTSFIELD MA CLIMATE SUMMARY FOR SEPTEMBER 30 2016...
VALID TODAY AS OF 0400 PM LOCAL TIME.

CLIMATE NORMAL PERIOD 1981 TO 2010
CLIMATE RECORD PERIOD 9999 TO 9999


WEATHER ITEM   OBSERVED TIME   NORMAL DEPARTURE LAST
                VALUE   (LST)  VALUE  FROM      YEAR
                                      NORMAL
......................................................
TEMPERATURE (F)
 TODAY
  MAXIMUM         58    119 PM  63     -5       68
  MINIMUM         50    715 AM  43      7       47
  AVERAGE         54            53      1       58

PRECIPITATION (IN)
  TODAY            T             0.17  -0.17     2.26
  MONTH TO DATE    1.83          3.96  -2.13     4.57
  SINCE SEP 1      1.83          3.96  -2.13     4.57
  SINCE JAN 1     25.20         33.74  -8.54    31.81

DEGREE DAYS
 HEATING
  TODAY           11            12     -1        7
  MONTH TO DATE  127           214    -87       98
  SINCE SEP 1    127           214    -87       98
  SINCE JUL 1    151           292   -141      126

 COOLING
  TODAY            0             0      0        0
  MONTH TO DATE   50            19     31       53
  SINCE SEP 1     50            19     31       53
  SINCE JAN 1    431           289    142      361
......................................................


WIND (MPH)
  HIGHEST WIND SPEED    17   HIGHEST WIND DIRECTION    NE (60)
  HIGHEST GUST SPEED    26   HIGHEST GUST DIRECTION    NE (50)
  AVERAGE WIND SPEED    10.6


SKY COVER
  AVERAGE SKY COVER 0.6



RELATIVE HUMIDITY (PERCENT)
 HIGHEST    80
 LOWEST     61
 AVERAGE    71

..........................................................


THE PITTSFIELD MA CLIMATE NORMALS FOR TOMORROW
                         NORMAL
 MAXIMUM TEMPERATURE (F)   63
 MINIMUM TEMPERATURE (F)   42


SUNRISE AND SUNSET
SEPTEMBER 30 2016.....SUNRISE   650 AM EDT   SUNSET   636 PM EDT
OCTOBER  1 2016.......SUNRISE   651 AM EDT   SUNSET   634 PM EDT


-  INDICATES NEGATIVE NUMBERS.
R  INDICATES RECORD WAS SET OR TIED.
MM INDICATES DATA IS MISSING.
T  INDICATES TRACE AMOUNT.




$$
