000
CDUS41 KALY 290622
CLIPSF


CLIMATE REPORT
NATIONAL WEATHER SERVICE ALBANY NY
221 AM EDT SUN MAY 29 2016


...................................

...THE PITTSFIELD MA CLIMATE SUMMARY FOR MAY 28 2016...

CLIMATE NORMAL PERIOD 1981 TO 2010
CLIMATE RECORD PERIOD 9999 TO 9999


WEATHER ITEM   OBSERVED TIME   NORMAL DEPARTURE LAST
                VALUE   (LST)  VALUE  FROM      YEAR
                                      NORMAL
......................................................
TEMPERATURE (F)
 YESTERDAY
  MAXIMUM         89    159 PM  70     19       80
  MINIMUM         63    227 AM  47     16       58
  AVERAGE         76            58     18       69

PRECIPITATION (IN)
  YESTERDAY        T             0.16  -0.16     0.26
  MONTH TO DATE    1.99          3.73  -1.74     1.28
  SINCE MAR 1      6.74         10.96  -4.22     5.75
  SINCE JAN 1     12.11         16.56  -4.45    10.84

DEGREE DAYS
 HEATING
  YESTERDAY        0             7     -7        0
  MONTH TO DATE  313           305      8      166
  SINCE MAR 1   1762          1960   -198     1995
  SINCE JUL 1   6129          7340  -1211     7658

 COOLING
  YESTERDAY       11             1     10        4
  MONTH TO DATE   24             2     22       41
  SINCE MAR 1     24             4     20       41
  SINCE JAN 1     24             4     20       41
......................................................


WIND (MPH)
  HIGHEST WIND SPEED    13   HIGHEST WIND DIRECTION     W (290)
  HIGHEST GUST SPEED    16   HIGHEST GUST DIRECTION    NW (330)
  AVERAGE WIND SPEED     3.7


SKY COVER
  AVERAGE SKY COVER 0.2



RELATIVE HUMIDITY (PERCENT)
 HIGHEST    93
 LOWEST     36
 AVERAGE    65

..........................................................


THE PITTSFIELD MA CLIMATE NORMALS FOR TODAY
                         NORMAL
 MAXIMUM TEMPERATURE (F)   70
 MINIMUM TEMPERATURE (F)   47


SUNRISE AND SUNSET
MAY 29 2016...........SUNRISE   520 AM EDT   SUNSET   822 PM EDT
MAY 30 2016...........SUNRISE   520 AM EDT   SUNSET   823 PM EDT


-  INDICATES NEGATIVE NUMBERS.
R  INDICATES RECORD WAS SET OR TIED.
MM INDICATES DATA IS MISSING.
T  INDICATES TRACE AMOUNT.




$$
