000
CDUS46 KSGX 271421
CLIPSP


CLIMATE REPORT
NATIONAL WEATHER SERVICE SAN DIEGO, CA
721 AM PDT THU AUG 27 2015


...................................

...THE PALM SPRINGS INTL AIRPORT CA CLIMATE SUMMARY FOR AUGUST 26 2015...

CLIMATE NORMAL PERIOD 1981 TO 2010
CLIMATE RECORD PERIOD 1893 TO 2015


WEATHER ITEM   OBSERVED TIME   RECORD YEAR NORMAL DEPARTURE LAST
                VALUE   (LST)  VALUE       VALUE  FROM      YEAR
                                                  NORMAL
..................................................................
TEMPERATURE (F)
 YESTERDAY
  MAXIMUM        106    455 PM 116    1967 105      1      103
                                      1944
                                      1924
  MINIMUM         86    628 AM  54    1978  77      9       81
  AVERAGE         96                        91      5       92

PRECIPITATION (IN)
  YESTERDAY        0.00          0.04 2013   0.01  -0.01     0.00
  MONTH TO DATE    T                         0.28  -0.28     0.88
  SINCE OCT 1      2.63                      5.32  -2.69     2.08
  SINCE JAN 1      1.76                      3.47  -1.71     1.90

DEGREE DAYS
 HEATING
  YESTERDAY        0                         0      0        0
  MONTH TO DATE    0                         0      0        0
  SINCE JUN 1      0                         0      0        0
  SINCE JUL 1      0                         0      0        0

 COOLING
  YESTERDAY       31                        26      5       27
  MONTH TO DATE  793                       703     90      671
  SINCE JUN 1   2383                      2196    187     2333
  SINCE JAN 1   3448                      2955    493     3443
..................................................................


WIND (MPH)
  RESULTANT WIND SPEED   1   RESULTANT WIND DIRECTION   E (90)
  HIGHEST WIND SPEED    16   HIGHEST WIND DIRECTION    NW (330)
  HIGHEST GUST SPEED    18   HIGHEST GUST DIRECTION    NW (330)
  AVERAGE WIND SPEED     5.3


SKY COVER
  POSSIBLE SUNSHINE  MM
  AVERAGE SKY COVER 0.3


WEATHER CONDITIONS
 THE FOLLOWING WEATHER WAS RECORDED YESTERDAY.
  NO SIGNIFICANT WEATHER WAS OBSERVED.


RELATIVE HUMIDITY (PERCENT)
 HIGHEST    36           400 AM
 LOWEST     19           800 PM
 AVERAGE    28

..........................................................


THE PALM SPRINGS INTL AIRPORT CA CLIMATE NORMALS FOR TODAY
                         NORMAL    RECORD    YEAR
 MAXIMUM TEMPERATURE (F)  105       121      1981
 MINIMUM TEMPERATURE (F)   77        52      1954


SUNRISE AND SUNSET
AUGUST 27 2015........SUNRISE   616 AM PDT   SUNSET   718 PM PDT
AUGUST 28 2015........SUNRISE   617 AM PDT   SUNSET   717 PM PDT


-  INDICATES NEGATIVE NUMBERS.
R  INDICATES RECORD WAS SET OR TIED.
MM INDICATES DATA IS MISSING.
T  INDICATES TRACE AMOUNT.




$$
