000
CDUS46 KSGX 302319
CLIPSP


CLIMATE REPORT
NATIONAL WEATHER SERVICE SAN DIEGO, CA
419 PM PDT THU OCT 30 2014


...................................

...THE PALM SPRINGS INTL AIRPORT CA CLIMATE SUMMARY FOR OCTOBER 30 2014...
VALID TODAY AS OF 0400 PM LOCAL TIME.

CLIMATE NORMAL PERIOD 1981 TO 2010
CLIMATE RECORD PERIOD 1893 TO 2014


WEATHER ITEM   OBSERVED TIME   RECORD YEAR NORMAL DEPARTURE LAST
                VALUE   (LST)  VALUE       VALUE  FROM      YEAR
                                                  NORMAL
..................................................................
TEMPERATURE (F)
 TODAY
  MAXIMUM         91    153 PM 101    1966  84      7       76
  MINIMUM         64    624 AM  35    1971  58      6       50
  AVERAGE         78                        71      7       63

PRECIPITATION (IN)
  TODAY            0.00          0.02 1959   0.02  -0.02     0.00
  MONTH TO DATE    0.00                      0.42  -0.42     0.07
  SINCE JUL 1      1.19                      1.37  -0.18     1.15
  SINCE JAN 1      1.94                      4.31  -2.37     2.12

SNOWFALL (IN)
  TODAY            0.0
  MONTH TO DATE    0.0
  SINCE JAN 1      0.0
  SINCE JUL 1      0.0
  SNOW DEPTH      MM

DEGREE DAYS
 HEATING
  TODAY            0                         1     -1        2
  MONTH TO DATE    0                         1     -1       10
  SINCE SEP 1      0                         1     -1       10
  SINCE JUL 1      0                         1     -1       10

 COOLING
  TODAY           13                         7      6        0
  MONTH TO DATE  488                       330    158      271
  SINCE SEP 1   1249                       972    277      940
  SINCE JAN 1   4846                      4056    790     4436
..................................................................


WIND (MPH)
  RESULTANT WIND SPEED   5   RESULTANT WIND DIRECTION  SE (120)
  HIGHEST WIND SPEED    13   HIGHEST WIND DIRECTION    SE (120)
  HIGHEST GUST SPEED    15   HIGHEST GUST DIRECTION    SE (120)
  AVERAGE WIND SPEED     5.4


SKY COVER
  POSSIBLE SUNSHINE  MM
  AVERAGE SKY COVER 0.2


WEATHER CONDITIONS
 THE FOLLOWING WEATHER WAS RECORDED TODAY.
  NO SIGNIFICANT WEATHER WAS OBSERVED.


RELATIVE HUMIDITY (PERCENT)
 HIGHEST    31           600 AM
 LOWEST     12          1000 AM
 AVERAGE    22

..........................................................


THE PALM SPRINGS INTL AIRPORT CA CLIMATE NORMALS FOR TOMORROW
                         NORMAL    RECORD    YEAR
 MAXIMUM TEMPERATURE (F)   84       102      1966
 MINIMUM TEMPERATURE (F)   58        36      1971


SUNRISE AND SUNSET
OCTOBER 30 2014.......SUNRISE   704 AM PDT   SUNSET   555 PM PDT
OCTOBER 31 2014.......SUNRISE   704 AM PDT   SUNSET   554 PM PDT


-  INDICATES NEGATIVE NUMBERS.
R  INDICATES RECORD WAS SET OR TIED.
MM INDICATES DATA IS MISSING.
T  INDICATES TRACE AMOUNT.




$$
