000
CDUS46 KSGX 251426
CLIPSP


CLIMATE REPORT
NATIONAL WEATHER SERVICE SAN DIEGO, CA
726 AM PDT SAT OCT 25 2014


...................................

...THE PALM SPRINGS INTL AIRPORT CA CLIMATE SUMMARY FOR OCTOBER 24 2014...

CLIMATE NORMAL PERIOD 1981 TO 2010
CLIMATE RECORD PERIOD 1893 TO 2014


WEATHER ITEM   OBSERVED TIME   RECORD YEAR NORMAL DEPARTURE LAST
                VALUE   (LST)  VALUE       VALUE  FROM      YEAR
                                                  NORMAL
..................................................................
TEMPERATURE (F)
 YESTERDAY
  MAXIMUM         95    211 PM 105    1959  86      9       89
  MINIMUM         69    618 AM  30    1951  60      9       55
  AVERAGE         82                        73      9       72

PRECIPITATION (IN)
  YESTERDAY        0.00          0.52 1941   0.01  -0.01     0.00
  MONTH TO DATE    0.00                      0.31  -0.31     0.07
  SINCE JUL 1      1.19                      1.26  -0.07     1.15
  SINCE JAN 1      1.94                      4.20  -2.26     2.12

SNOWFALL (IN)
  YESTERDAY        0.0
  MONTH TO DATE    0.0
  SINCE JAN 1      0.0
  SINCE JUL 1      0.0
  SNOW DEPTH       0

DEGREE DAYS
 HEATING
  YESTERDAY        0                         0      0        0
  MONTH TO DATE    0                         0      0        6
  SINCE SEP 1      0                         0      0        6
  SINCE JUL 1      0                         0      0        6

 COOLING
  YESTERDAY       17                         8      9        7
  MONTH TO DATE  416                       286    130      232
  SINCE SEP 1   1177                       928    249      901
  SINCE JAN 1   4774                      4012    762     4397
..................................................................


WIND (MPH)
  RESULTANT WIND SPEED   2   RESULTANT WIND DIRECTION   N (0)
  HIGHEST WIND SPEED    12   HIGHEST WIND DIRECTION     E (110)
  HIGHEST GUST SPEED    15   HIGHEST GUST DIRECTION    NE (40)
  AVERAGE WIND SPEED     4.9


SKY COVER
  POSSIBLE SUNSHINE  MM
  AVERAGE SKY COVER 0.0


WEATHER CONDITIONS
 THE FOLLOWING WEATHER WAS RECORDED YESTERDAY.
  NO SIGNIFICANT WEATHER WAS OBSERVED.


RELATIVE HUMIDITY (PERCENT)
 HIGHEST    44          1100 PM
 LOWEST     15          1000 AM
 AVERAGE    30

..........................................................


THE PALM SPRINGS INTL AIRPORT CA CLIMATE NORMALS FOR TODAY
                         NORMAL    RECORD    YEAR
 MAXIMUM TEMPERATURE (F)   86       103      1965
 MINIMUM TEMPERATURE (F)   60        31      1951


SUNRISE AND SUNSET
OCTOBER 25 2014.......SUNRISE   659 AM PDT   SUNSET   600 PM PDT
OCTOBER 26 2014.......SUNRISE   700 AM PDT   SUNSET   559 PM PDT


-  INDICATES NEGATIVE NUMBERS.
R  INDICATES RECORD WAS SET OR TIED.
MM INDICATES DATA IS MISSING.
T  INDICATES TRACE AMOUNT.




$$
