000
CDUS46 KSGX 280017
CLIPSP


CLIMATE REPORT
NATIONAL WEATHER SERVICE SAN DIEGO, CA
517 PM PDT MON MAR 27 2017


...................................

...THE PALM SPRINGS INTL AIRPORT CA CLIMATE SUMMARY FOR MARCH 27 2017...
VALID TODAY AS OF 0500 PM LOCAL TIME.

CLIMATE NORMAL PERIOD 1981 TO 2010
CLIMATE RECORD PERIOD 1893 TO 2017


WEATHER ITEM   OBSERVED TIME   RECORD YEAR NORMAL DEPARTURE LAST
                VALUE   (LST)  VALUE       VALUE  FROM      YEAR
                                                  NORMAL
..................................................................
TEMPERATURE (F)
 TODAY
  MAXIMUM         84    309 PM 103    1988  81      3       84
  MINIMUM         58    509 AM  36    1945  54      4       57
  AVERAGE         71                        67      4       71

PRECIPITATION (IN)
  TODAY            0.00          0.77 1991   0.01  -0.01     0.00
  MONTH TO DATE    0.00                      0.59  -0.59     0.02
  SINCE OCT 1      6.97                      4.47   2.50     2.47
  SINCE JAN 1      5.18                      2.62   2.56     2.28

DEGREE DAYS
 HEATING
  TODAY            0                         1     -1        0
  MONTH TO DATE   19                        68    -49       16
  SINCE MAR 1     19                        68    -49       16
  SINCE JUL 1    679                       846   -167      726

 COOLING
  TODAY            6                         4      2        6
  MONTH TO DATE  212                        75    137      184
  SINCE MAR 1    212                        75    137      184
  SINCE JAN 1    257                       102    155      334
..................................................................


WIND (MPH)
  RESULTANT WIND SPEED   3   RESULTANT WIND DIRECTION  NW (320)
  HIGHEST WIND SPEED    26   HIGHEST WIND DIRECTION     W (280)
  HIGHEST GUST SPEED    43   HIGHEST GUST DIRECTION    NW (300)
  AVERAGE WIND SPEED     7.3


SKY COVER
  POSSIBLE SUNSHINE  MM
  AVERAGE SKY COVER 0.0


WEATHER CONDITIONS
 THE FOLLOWING WEATHER WAS RECORDED TODAY.
  NO SIGNIFICANT WEATHER WAS OBSERVED.


RELATIVE HUMIDITY (PERCENT)
 HIGHEST    69           400 AM
 LOWEST     17           200 PM
 AVERAGE    43

..........................................................


THE PALM SPRINGS INTL AIRPORT CA CLIMATE NORMALS FOR TOMORROW
                         NORMAL    RECORD    YEAR
 MAXIMUM TEMPERATURE (F)   81       100      2015
 MINIMUM TEMPERATURE (F)   54        37      1945


SUNRISE AND SUNSET
MARCH 27 2017.........SUNRISE   640 AM PDT   SUNSET   703 PM PDT
MARCH 28 2017.........SUNRISE   638 AM PDT   SUNSET   704 PM PDT


-  INDICATES NEGATIVE NUMBERS.
R  INDICATES RECORD WAS SET OR TIED.
MM INDICATES DATA IS MISSING.
T  INDICATES TRACE AMOUNT.




$$
