000
CDUS46 KSGX 241525
CLIPSP


CLIMATE REPORT
NATIONAL WEATHER SERVICE SAN DIEGO, CA
724 AM PST TUE JAN 24 2017


...................................

...THE PALM SPRINGS INTL AIRPORT CA CLIMATE SUMMARY FOR JANUARY 23 2017...

CLIMATE NORMAL PERIOD 1981 TO 2010
CLIMATE RECORD PERIOD 1893 TO 2017


WEATHER ITEM   OBSERVED TIME   RECORD YEAR NORMAL DEPARTURE LAST
                VALUE   (LST)  VALUE       VALUE  FROM      YEAR
                                                  NORMAL
..................................................................
TEMPERATURE (F)
 YESTERDAY
  MAXIMUM         55   1140 AM  88    1948  70    -15       72
  MINIMUM         41   1159 PM  25    1937  46     -5       49
  AVERAGE         48                        58    -10       61

PRECIPITATION (IN)
  YESTERDAY        0.26          4.57 1943   0.02   0.24     0.00
  MONTH TO DATE    3.53                      0.88   2.65     2.12
  SINCE OCT 1      5.32                      2.73   2.59     2.31
  SINCE JAN 1      3.53                      0.88   2.65     2.12

DEGREE DAYS
 HEATING
  YESTERDAY       17                         7     10        4
  MONTH TO DATE  218                       185     33      214
  SINCE DEC 1    440                       475    -35      509
  SINCE JUL 1    501                       571    -70      616

 COOLING
  YESTERDAY        0                         0      0        0
  MONTH TO DATE    0                         0      0        0
  SINCE DEC 1      1                         4     -3        0
  SINCE JAN 1      0                         0      0        0
..................................................................


WIND (MPH)
  RESULTANT WIND SPEED   2   RESULTANT WIND DIRECTION  NW (330)
  HIGHEST WIND SPEED    24   HIGHEST WIND DIRECTION    NW (320)
  HIGHEST GUST SPEED    29   HIGHEST GUST DIRECTION    NW (330)
  AVERAGE WIND SPEED     5.3


SKY COVER
  POSSIBLE SUNSHINE  MM
  AVERAGE SKY COVER 0.7


WEATHER CONDITIONS
 THE FOLLOWING WEATHER WAS RECORDED YESTERDAY.
  RAIN
  LIGHT RAIN
  FOG


RELATIVE HUMIDITY (PERCENT)
 HIGHEST   100          1200 AM
 LOWEST     48           300 AM
 AVERAGE    74

..........................................................


THE PALM SPRINGS INTL AIRPORT CA CLIMATE NORMALS FOR TODAY
                         NORMAL    RECORD    YEAR
 MAXIMUM TEMPERATURE (F)   70        89      1951
                                             1948
 MINIMUM TEMPERATURE (F)   47        23      1937


SUNRISE AND SUNSET
JANUARY 24 2017.......SUNRISE   647 AM PST   SUNSET   509 PM PST
JANUARY 25 2017.......SUNRISE   647 AM PST   SUNSET   510 PM PST


-  INDICATES NEGATIVE NUMBERS.
R  INDICATES RECORD WAS SET OR TIED.
MM INDICATES DATA IS MISSING.
T  INDICATES TRACE AMOUNT.




$$
