000
CDUS46 KSGX 181250
CLIPSP


CLIMATE REPORT
NATIONAL WEATHER SERVICE SAN DIEGO, CA
450 AM PST SAT NOV 18 2017


...................................

...THE PALM SPRINGS INTL AIRPORT CA CLIMATE SUMMARY FOR NOVEMBER 17 2017...

CLIMATE NORMAL PERIOD 1981 TO 2010
CLIMATE RECORD PERIOD 1893 TO 2017


WEATHER ITEM   OBSERVED TIME   RECORD YEAR NORMAL DEPARTURE LAST
                VALUE   (LST)  VALUE       VALUE  FROM      YEAR
                                                  NORMAL
..................................................................
TEMPERATURE (F)
 YESTERDAY
  MAXIMUM         81    315 PM  92    1933  76      5       72
                                      1927
  MINIMUM         62   1144 PM  23    1964  51     11       58
  AVERAGE         72                        64      8       65

PRECIPITATION (IN)
  YESTERDAY        T             1.27 1965   0.02  -0.02     0.00
  MONTH TO DATE    T                         0.23  -0.23     0.00
  SINCE OCT 1      T                         0.67  -0.67     0.09
  SINCE JAN 1      7.17                      4.56   2.61     3.45

DEGREE DAYS
 HEATING
  YESTERDAY        0                         3     -3        0
  MONTH TO DATE    0                        28    -28        0
  SINCE SEP 1      0                        32    -32        0
  SINCE JUL 1      0                        32    -32        0

 COOLING
  YESTERDAY        7                         2      5        0
  MONTH TO DATE  102                        64     38      157
  SINCE SEP 1   1226                      1042    184     1150
  SINCE JAN 1   5109                      4126    983     4805
..................................................................


WIND (MPH)
  RESULTANT WIND SPEED   2   RESULTANT WIND DIRECTION  NW (310)
  HIGHEST WIND SPEED    20   HIGHEST WIND DIRECTION    NW (330)
  HIGHEST GUST SPEED    25   HIGHEST GUST DIRECTION    NW (300)
  AVERAGE WIND SPEED     4.1


SKY COVER
  POSSIBLE SUNSHINE  MM
  AVERAGE SKY COVER 0.5


WEATHER CONDITIONS
 THE FOLLOWING WEATHER WAS RECORDED YESTERDAY.
  NO SIGNIFICANT WEATHER WAS OBSERVED.


RELATIVE HUMIDITY (PERCENT)
 HIGHEST    56          1000 PM
 LOWEST     35          1200 PM
 AVERAGE    46

..........................................................


THE PALM SPRINGS INTL AIRPORT CA CLIMATE NORMALS FOR TODAY
                         NORMAL    RECORD    YEAR
 MAXIMUM TEMPERATURE (F)   76        93      1936
 MINIMUM TEMPERATURE (F)   51        31      1964


SUNRISE AND SUNSET
NOVEMBER 18 2017......SUNRISE   621 AM PST   SUNSET   441 PM PST
NOVEMBER 19 2017......SUNRISE   622 AM PST   SUNSET   440 PM PST


-  INDICATES NEGATIVE NUMBERS.
R  INDICATES RECORD WAS SET OR TIED.
MM INDICATES DATA IS MISSING.
T  INDICATES TRACE AMOUNT.




$$
