000
CDUS46 KSGX 180018
CLIPSP


CLIMATE REPORT
NATIONAL WEATHER SERVICE SAN DIEGO, CA
417 PM PST WED JAN 17 2018


...................................

...THE PALM SPRINGS INTL AIRPORT CA CLIMATE SUMMARY FOR JANUARY 17 2018...
VALID TODAY AS OF 0400 PM LOCAL TIME.

CLIMATE NORMAL PERIOD 1981 TO 2010
CLIMATE RECORD PERIOD 1893 TO 2018


WEATHER ITEM   OBSERVED TIME   RECORD YEAR NORMAL DEPARTURE LAST
                VALUE   (LST)  VALUE       VALUE  FROM      YEAR
                                                  NORMAL
..................................................................
TEMPERATURE (F)
 TODAY
  MAXIMUM         78    255 PM  89    2011  69      9       70
                                      1983
  MINIMUM         54    717 AM  28    1964  46      8       43
  AVERAGE         66                        58      8       57

PRECIPITATION (IN)
  TODAY            0.00          0.90 1993   0.04  -0.04     0.00
  MONTH TO DATE    1.45                      0.72   0.73     0.67
  SINCE OCT 1      1.45                      2.57  -1.12     2.46
  SINCE JAN 1      1.45                      0.72   0.73     0.67

DEGREE DAYS
 HEATING
  TODAY            0                         8     -8        8
  MONTH TO DATE   23                       142   -119      148
  SINCE DEC 1    117                       432   -315      370
  SINCE JUL 1    117                       528   -411      431

 COOLING
  TODAY            1                         0      1        0
  MONTH TO DATE   25                         0     25        0
  SINCE DEC 1     54                         4     50        1
  SINCE JAN 1     25                         0     25        0
..................................................................


WIND (MPH)
  RESULTANT WIND SPEED   2   RESULTANT WIND DIRECTION   N (20)
  HIGHEST WIND SPEED     9   HIGHEST WIND DIRECTION     N (340)
  HIGHEST GUST SPEED    12   HIGHEST GUST DIRECTION    SE (120)
  AVERAGE WIND SPEED     5.3


SKY COVER
  POSSIBLE SUNSHINE  MM
  AVERAGE SKY COVER 0.0


WEATHER CONDITIONS
 THE FOLLOWING WEATHER WAS RECORDED TODAY.
  LIGHT RAIN


RELATIVE HUMIDITY (PERCENT)
 HIGHEST    61           400 AM
 LOWEST     21           300 PM
 AVERAGE    41

..........................................................


THE PALM SPRINGS INTL AIRPORT CA CLIMATE NORMALS FOR TOMORROW
                         NORMAL    RECORD    YEAR
 MAXIMUM TEMPERATURE (F)   69        95      1971
 MINIMUM TEMPERATURE (F)   46        30      1960
                                             1951
                                             1937


SUNRISE AND SUNSET
JANUARY 17 2018.......SUNRISE   650 AM PST   SUNSET   502 PM PST
JANUARY 18 2018.......SUNRISE   650 AM PST   SUNSET   503 PM PST


-  INDICATES NEGATIVE NUMBERS.
R  INDICATES RECORD WAS SET OR TIED.
MM INDICATES DATA IS MISSING.
T  INDICATES TRACE AMOUNT.




$$
