000
CDUS45 KPUB 301050
CLIPUB


CLIMATE REPORT
NATIONAL WEATHER SERVICE PUEBLO
449 AM MDT THU MAR 30 2017


...................................

...THE PUEBLO CO CLIMATE SUMMARY FOR MARCH 29 2017...

CLIMATE NORMAL PERIOD 1981 TO 2010
CLIMATE RECORD PERIOD 1888 TO 2017


WEATHER ITEM   OBSERVED TIME   RECORD YEAR NORMAL DEPARTURE LAST
                VALUE   (LST)  VALUE       VALUE  FROM      YEAR
                                                  NORMAL
..................................................................
TEMPERATURE (F)
 YESTERDAY
  MAXIMUM         59    433 PM  86    1943  62     -3       77
  MINIMUM         37   1127 PM   7    1975  29      8       37
                                      1926
  AVERAGE         48                        46      2       57

PRECIPITATION (IN)
  YESTERDAY        0.20          0.53 1901   0.03   0.17     0.00
  MONTH TO DATE    0.68                      0.86  -0.18     0.58
  SINCE MAR 1      0.68                      0.86  -0.18     0.58
  SINCE JAN 1      1.60                      1.51   0.09     1.44

SNOWFALL (IN)
  YESTERDAY        0.0           5.0  1901   0.2   -0.2      0.0
  MONTH TO DATE    0.0                       5.3   -5.3      3.9
  SINCE MAR 1      0.0                       5.3   -5.3      3.9
  SINCE JUL 1     14.2                      27.1  -12.9     28.1
  SNOW DEPTH       0

DEGREE DAYS
 HEATING
  YESTERDAY       17                        19     -2        8
  MONTH TO DATE  439                       663   -224      552
  SINCE MAR 1    439                       663   -224      552
  SINCE JUL 1   3939                      4966  -1027     4061

 COOLING
  YESTERDAY        0                         0      0        0
  MONTH TO DATE    0                         0      0        0
  SINCE MAR 1      0                         0      0        0
  SINCE JAN 1      0                         0      0        0
..................................................................


WIND (MPH)
  HIGHEST WIND SPEED    33   HIGHEST WIND DIRECTION     N (20)
  HIGHEST GUST SPEED    39   HIGHEST GUST DIRECTION     N (20)
  AVERAGE WIND SPEED    11.1


SKY COVER
  POSSIBLE SUNSHINE  MM
  AVERAGE SKY COVER 0.6


WEATHER CONDITIONS
 THE FOLLOWING WEATHER WAS RECORDED YESTERDAY.
  LIGHT RAIN
  FOG


RELATIVE HUMIDITY (PERCENT)
 HIGHEST    93          1200 AM
 LOWEST     37           400 PM
 AVERAGE    65

..........................................................


THE PUEBLO CO CLIMATE NORMALS FOR TODAY
                         NORMAL    RECORD    YEAR
 MAXIMUM TEMPERATURE (F)   63        83      2010
                                             1986
                                             1946
 MINIMUM TEMPERATURE (F)   29        -1      1926


SUNRISE AND SUNSET
MARCH 30 2017.........SUNRISE   646 AM MDT   SUNSET   720 PM MDT
MARCH 31 2017.........SUNRISE   644 AM MDT   SUNSET   721 PM MDT


-  INDICATES NEGATIVE NUMBERS.
R  INDICATES RECORD WAS SET OR TIED.
MM INDICATES DATA IS MISSING.
T  INDICATES TRACE AMOUNT.




$$
