468
CDUS45 KPUB 221046
CLIPUB


CLIMATE REPORT
NATIONAL WEATHER SERVICE PUEBLO
446 AM MDT SAT JUL 22 2017


...................................

...THE PUEBLO CO CLIMATE SUMMARY FOR JULY 21 2017...

CLIMATE NORMAL PERIOD 1981 TO 2010
CLIMATE RECORD PERIOD 1888 TO 2017


WEATHER ITEM   OBSERVED TIME   RECORD YEAR NORMAL DEPARTURE LAST
                VALUE   (LST)  VALUE       VALUE  FROM      YEAR
                                                  NORMAL
..................................................................
TEMPERATURE (F)
 YESTERDAY
  MAXIMUM        100    410 PM 106    2005  93      7      103
                                      1981
  MINIMUM         67    457 AM  48    1897  59      8       66
  AVERAGE         84                        76      8       85

PRECIPITATION (IN)
  YESTERDAY        T             0.97 1930   0.07  -0.07      T
  MONTH TO DATE    0.28                      1.30  -1.02     0.46
  SINCE JUN 1      1.85                      2.66  -0.81     1.24
  SINCE JAN 1     10.91                      7.15   3.76     8.41

SNOWFALL (IN)
  YESTERDAY        0.0           0.0  2002   0.0    0.0      0.0
                                      2001
  MONTH TO DATE    0.0                       0.0    0.0       T
  SINCE JUN 1      0.0                       0.0    0.0       T
  SINCE JUL 1      0.0                       0.0    0.0       T
  SNOW DEPTH       0

DEGREE DAYS
 HEATING
  YESTERDAY        0                         0      0        0
  MONTH TO DATE    0                         0      0        0
  SINCE JUN 1      5                        25    -20        1
  SINCE JUL 1      0                         0      0        0

 COOLING
  YESTERDAY       19                        11      8       20
  MONTH TO DATE  274                       226     48      320
  SINCE JUN 1    507                       401    106      659
  SINCE JAN 1    517                       435     82      689
..................................................................


WIND (MPH)
  HIGHEST WIND SPEED    33   HIGHEST WIND DIRECTION     N (350)
  HIGHEST GUST SPEED    41   HIGHEST GUST DIRECTION     N (360)
  AVERAGE WIND SPEED    10.8


SKY COVER
  POSSIBLE SUNSHINE  MM
  AVERAGE SKY COVER 0.1


WEATHER CONDITIONS
 THE FOLLOWING WEATHER WAS RECORDED YESTERDAY.
  THUNDERSTORM
  LIGHT RAIN


RELATIVE HUMIDITY (PERCENT)
 HIGHEST    58           500 AM
 LOWEST     17           400 PM
 AVERAGE    38

..........................................................


THE PUEBLO CO CLIMATE NORMALS FOR TODAY
                         NORMAL    RECORD    YEAR
 MAXIMUM TEMPERATURE (F)   93       104      2016
 MINIMUM TEMPERATURE (F)   59        48      1988


SUNRISE AND SUNSET
JULY 22 2017..........SUNRISE   552 AM MDT   SUNSET   816 PM MDT
JULY 23 2017..........SUNRISE   553 AM MDT   SUNSET   816 PM MDT


-  INDICATES NEGATIVE NUMBERS.
R  INDICATES RECORD WAS SET OR TIED.
MM INDICATES DATA IS MISSING.
T  INDICATES TRACE AMOUNT.




$$
