000
CDUS45 KPUB 221126
CLIPUB


CLIMATE REPORT
NATIONAL WEATHER SERVICE PUEBLO
426 AM MST MON DEC 22 2014


...................................

...THE PUEBLO CO CLIMATE SUMMARY FOR DECEMBER 21 2014...

CLIMATE NORMAL PERIOD 1981 TO 2010
CLIMATE RECORD PERIOD 1888 TO 2014


WEATHER ITEM   OBSERVED TIME   RECORD YEAR NORMAL DEPARTURE LAST
                VALUE   (LST)  VALUE       VALUE  FROM      YEAR
                                                  NORMAL
..................................................................
TEMPERATURE (F)
 YESTERDAY
  MAXIMUM         55    352 PM  69    1955  45     10       39
                                      1933
  MINIMUM         17    506 AM -19    1990  13      4       17
  AVERAGE         36                        29      7       28

PRECIPITATION (IN)
  YESTERDAY        0.00          0.42 1981   0.01  -0.01     0.00
  MONTH TO DATE    0.05                      0.27  -0.22     0.02
  SINCE DEC 1      0.05                      0.27  -0.22     0.02
  SINCE JAN 1     11.64                     12.46  -0.82     9.67

SNOWFALL (IN)
  YESTERDAY        0.0           3.5  1963   0.2   -0.2      0.0
  MONTH TO DATE    0.2                       3.8   -3.6      2.0
  SINCE DEC 1      0.2                       3.8   -3.6      2.0
  SINCE JUL 1     10.1                       9.8    0.3      5.7
  SNOW DEPTH       0

DEGREE DAYS
 HEATING
  YESTERDAY       29                        36     -7       37
  MONTH TO DATE  634                       728    -94      733
  SINCE DEC 1    634                       728    -94      733
  SINCE JUL 1   1796                      2009   -213     1916

 COOLING
  YESTERDAY        0                         0      0        0
  MONTH TO DATE    0                         0      0        0
  SINCE DEC 1      0                         0      0        0
  SINCE JAN 1   1002                       897    105     1230
..................................................................


WIND (MPH)
  HIGHEST WIND SPEED    31   HIGHEST WIND DIRECTION     W (290)
  HIGHEST GUST SPEED    38   HIGHEST GUST DIRECTION     W (290)
  AVERAGE WIND SPEED    10.3


SKY COVER
  POSSIBLE SUNSHINE  MM
  AVERAGE SKY COVER 0.1


WEATHER CONDITIONS
 THE FOLLOWING WEATHER WAS RECORDED YESTERDAY.
  NO SIGNIFICANT WEATHER WAS OBSERVED.


RELATIVE HUMIDITY (PERCENT)
 HIGHEST    84           600 AM
 LOWEST     26           200 PM
 AVERAGE    55

..........................................................


THE PUEBLO CO CLIMATE NORMALS FOR TODAY
                         NORMAL    RECORD    YEAR
 MAXIMUM TEMPERATURE (F)   45        75      1955
 MINIMUM TEMPERATURE (F)   13       -23      1990


SUNRISE AND SUNSET
DECEMBER 22 2014......SUNRISE   712 AM MST   SUNSET   442 PM MST
DECEMBER 23 2014......SUNRISE   712 AM MST   SUNSET   442 PM MST


-  INDICATES NEGATIVE NUMBERS.
R  INDICATES RECORD WAS SET OR TIED.
MM INDICATES DATA IS MISSING.
T  INDICATES TRACE AMOUNT.




$$
