000
CDUS45 KPUB 271042
CLIPUB


CLIMATE REPORT
NATIONAL WEATHER SERVICE PUEBLO
442 AM MDT WED AUG 27 2014


...................................

...THE PUEBLO CO CLIMATE SUMMARY FOR AUGUST 26 2014...

CLIMATE NORMAL PERIOD 1981 TO 2010
CLIMATE RECORD PERIOD 1888 TO 2014


WEATHER ITEM   OBSERVED TIME   RECORD YEAR NORMAL DEPARTURE LAST
                VALUE   (LST)  VALUE       VALUE  FROM      YEAR
                                                  NORMAL
..................................................................
TEMPERATURE (F)
 YESTERDAY
  MAXIMUM         79    339 PM 100    1988  88     -9       94
  MINIMUM         63    536 AM  39    1910  56      7       62
  AVERAGE         71                        72     -1       78

PRECIPITATION (IN)
  YESTERDAY        T             2.31 1946   0.06  -0.06     0.00
  MONTH TO DATE    1.25                      2.03  -0.78     3.92
  SINCE JUN 1      5.39                      5.45  -0.06     5.87
  SINCE JAN 1      9.59                      9.94  -0.35     7.80

SNOWFALL (IN)
  YESTERDAY        0.0           0.0  2002   0.0    0.0      0.0
  MONTH TO DATE    0.0                       0.0    0.0      0.0
  SINCE JUN 1      T                         0.0    0.0       T
  SINCE JUL 1      0.0                       0.0    0.0       T
  SNOW DEPTH       0

DEGREE DAYS
 HEATING
  YESTERDAY        0                         0      0        0
  MONTH TO DATE    0                         0      0        0
  SINCE JUN 1      4                        26    -22       17
  SINCE JUL 1      1                         1      0        0

 COOLING
  YESTERDAY        6                         7     -1       13
  MONTH TO DATE  233                       232      1      250
  SINCE JUN 1    794                       743     51      916
  SINCE JAN 1    846                       777     69      989
..................................................................


WIND (MPH)
  HIGHEST WIND SPEED    21   HIGHEST WIND DIRECTION     E (70)
  HIGHEST GUST SPEED    24   HIGHEST GUST DIRECTION     E (80)
  AVERAGE WIND SPEED     6.9


SKY COVER
  POSSIBLE SUNSHINE  MM
  AVERAGE SKY COVER 0.6


WEATHER CONDITIONS
 THE FOLLOWING WEATHER WAS RECORDED YESTERDAY.
  LIGHT RAIN


RELATIVE HUMIDITY (PERCENT)
 HIGHEST    78           200 AM
 LOWEST     45           300 PM
 AVERAGE    62

..........................................................


THE PUEBLO CO CLIMATE NORMALS FOR TODAY
                         NORMAL    RECORD    YEAR
 MAXIMUM TEMPERATURE (F)   88       100      1960
 MINIMUM TEMPERATURE (F)   56        45      1992


SUNRISE AND SUNSET
AUGUST 27 2014........SUNRISE   623 AM MDT   SUNSET   735 PM MDT
AUGUST 28 2014........SUNRISE   624 AM MDT   SUNSET   734 PM MDT


-  INDICATES NEGATIVE NUMBERS.
R  INDICATES RECORD WAS SET OR TIED.
MM INDICATES DATA IS MISSING.
T  INDICATES TRACE AMOUNT.




$$
