000
CDUS45 KPUB 290021
CLIPUB


CLIMATE REPORT
NATIONAL WEATHER SERVICE PUEBLO
621 PM MDT WED SEP 28 2016


...................................

...THE PUEBLO CO CLIMATE SUMMARY FOR SEPTEMBER 28 2016...
VALID TODAY AS OF 0500 PM LOCAL TIME.

CLIMATE NORMAL PERIOD 1981 TO 2010
CLIMATE RECORD PERIOD 1888 TO 2016


WEATHER ITEM   OBSERVED TIME   RECORD YEAR NORMAL DEPARTURE LAST
                VALUE   (LST)  VALUE       VALUE  FROM      YEAR
                                                  NORMAL
..................................................................
TEMPERATURE (F)
 TODAY
  MAXIMUM         85    310 PM  94    1998  76      9       92
  MINIMUM         48    508 AM  27    1999  42      6       52
  AVERAGE         67                        59      8       72

PRECIPITATION (IN)
  TODAY            0.00          0.75 1936   0.02  -0.02      T
  MONTH TO DATE    0.05                      0.73  -0.68     0.03
  SINCE SEP 1      0.05                      0.73  -0.68     0.03
  SINCE JAN 1     10.37                     10.96  -0.59    15.05

SNOWFALL (IN)
  TODAY            0.0           6.6  1936   0.1   -0.1      0.0
  MONTH TO DATE    0.0                       0.3   -0.3      0.0
  SINCE SEP 1      0.0                       0.3   -0.3      0.0
  SINCE JUL 1      T                         0.3   -0.3      0.0
  SNOW DEPTH       0

DEGREE DAYS
 HEATING
  TODAY            0                         7     -7        0
  MONTH TO DATE   20                        81    -61        0
  SINCE SEP 1     20                        81    -61        0
  SINCE JUL 1     20                        86    -66        0

 COOLING
  TODAY            2                         1      1        7
  MONTH TO DATE  173                        81     92      217
  SINCE SEP 1    173                        81     92      217
  SINCE JAN 1   1338                       892    446     1263
..................................................................


WIND (MPH)
  HIGHEST WIND SPEED    16   HIGHEST WIND DIRECTION     E (110)
  HIGHEST GUST SPEED    21   HIGHEST GUST DIRECTION     E (80)
  AVERAGE WIND SPEED     8.2


SKY COVER
  POSSIBLE SUNSHINE  MM
  AVERAGE SKY COVER 0.0


WEATHER CONDITIONS
 THE FOLLOWING WEATHER WAS RECORDED TODAY.
  NO SIGNIFICANT WEATHER WAS OBSERVED.


RELATIVE HUMIDITY (PERCENT)
 HIGHEST    56           500 AM
 LOWEST     14           300 PM
 AVERAGE    35

..........................................................


THE PUEBLO CO CLIMATE NORMALS FOR TOMORROW
                         NORMAL    RECORD    YEAR
 MAXIMUM TEMPERATURE (F)   76        94      2010
                                             1933
 MINIMUM TEMPERATURE (F)   41        21      1999


SUNRISE AND SUNSET
SEPTEMBER 28 2016.....SUNRISE   652 AM MDT   SUNSET   645 PM MDT
SEPTEMBER 29 2016.....SUNRISE   652 AM MDT   SUNSET   643 PM MDT


-  INDICATES NEGATIVE NUMBERS.
R  INDICATES RECORD WAS SET OR TIED.
MM INDICATES DATA IS MISSING.
T  INDICATES TRACE AMOUNT.




$$
