000
CDUS45 KPUB 021055
CLIPUB


CLIMATE REPORT
NATIONAL WEATHER SERVICE PUEBLO
455 AM MDT WED SEP 2 2015


...................................

...THE PUEBLO CO CLIMATE SUMMARY FOR SEPTEMBER 1 2015...

CLIMATE NORMAL PERIOD 1981 TO 2010
CLIMATE RECORD PERIOD 1888 TO 2015


WEATHER ITEM   OBSERVED TIME   RECORD YEAR NORMAL DEPARTURE LAST
                VALUE   (LST)  VALUE       VALUE  FROM      YEAR
                                                  NORMAL
..................................................................
TEMPERATURE (F)
 YESTERDAY
  MAXIMUM         95    252 PM  99    1995  87      8       90
  MINIMUM         57    537 AM  43    1956  54      3       53
  AVERAGE         76                        70      6       72

PRECIPITATION (IN)
  YESTERDAY        0.02          1.43 1942   0.05  -0.03     0.00
  MONTH TO DATE    0.02                      0.05  -0.03     0.00
  SINCE SEP 1      0.02                      0.05  -0.03     0.00
  SINCE JAN 1     15.04                     10.28   4.76     9.60

SNOWFALL (IN)
  YESTERDAY        0.0           0.0  2002   0.0    0.0      0.0
  MONTH TO DATE    0.0                       0.0    0.0      0.0
  SINCE SEP 1      0.0                       0.0    0.0      0.0
  SINCE JUL 1      0.0                       0.0    0.0       T
  SNOW DEPTH       0

DEGREE DAYS
 HEATING
  YESTERDAY        0                         1     -1        0
  MONTH TO DATE    0                         1     -1        0
  SINCE SEP 1      0                         1     -1        0
  SINCE JUL 1      0                         6     -6        1

 COOLING
  YESTERDAY       11                         6      5        7
  MONTH TO DATE   11                         6      5        7
  SINCE SEP 1     11                         6      5        7
  SINCE JAN 1   1057                       817    240      882
..................................................................


WIND (MPH)
  HIGHEST WIND SPEED    22   HIGHEST WIND DIRECTION     N (20)
  HIGHEST GUST SPEED    29   HIGHEST GUST DIRECTION     N (10)
  AVERAGE WIND SPEED     6.9


SKY COVER
  POSSIBLE SUNSHINE  MM
  AVERAGE SKY COVER 0.1


WEATHER CONDITIONS
 THE FOLLOWING WEATHER WAS RECORDED YESTERDAY.
  THUNDERSTORM
  RAIN
  LIGHT RAIN


RELATIVE HUMIDITY (PERCENT)
 HIGHEST    75           400 AM
 LOWEST     13           300 PM
 AVERAGE    44

..........................................................


THE PUEBLO CO CLIMATE NORMALS FOR TODAY
                         NORMAL    RECORD    YEAR
 MAXIMUM TEMPERATURE (F)   87        98      1995
                                             1983
                                             1964
 MINIMUM TEMPERATURE (F)   54        43      1952


SUNRISE AND SUNSET
SEPTEMBER  2 2015.....SUNRISE   628 AM MDT   SUNSET   727 PM MDT
SEPTEMBER  3 2015.....SUNRISE   629 AM MDT   SUNSET   725 PM MDT


-  INDICATES NEGATIVE NUMBERS.
R  INDICATES RECORD WAS SET OR TIED.
MM INDICATES DATA IS MISSING.
T  INDICATES TRACE AMOUNT.




$$
