000
CDUS46 KOTX 010827
CLIPUW


CLIMATE REPORT
NATIONAL WEATHER SERVICE SPOKANE, WA
1227 AM PST SUN MAR 1 2015


...................................

...THE PULLMAN-MOSCOW  AIRPORT CLIMATE SUMMARY FOR FEBRUARY 28 2015...

CLIMATE NORMAL PERIOD 1981 TO 2010
CLIMATE RECORD PERIOD 9999 TO 9999


WEATHER ITEM   OBSERVED TIME   RECORD YEAR NORMAL DEPARTURE LAST
                VALUE   (LST)  VALUE       VALUE  FROM      YEAR
                                                  NORMAL
..................................................................
TEMPERATURE (F)
 YESTERDAY
  MAXIMUM         45    232 PM  62    1988  45      0       38
  MINIMUM         23   1130 PM   4    1960  29     -6       31
  AVERAGE         34                        37     -3       35

PRECIPITATION (IN)
  YESTERDAY        0.00          0.75 1999   0.05  -0.05     0.07
  MONTH TO DATE    2.14                      1.52   0.62     2.53
  SINCE OCT 1     10.60                      8.54   2.06     7.78
  SINCE JAN 1      3.75                      3.34   0.41     4.44

SNOWFALL (IN)
  YESTERDAY       MM

DEGREE DAYS
 HEATING
  YESTERDAY       31                        28      3       30
  MONTH TO DATE  659                       845   -186     1015
  SINCE DEC 1   2494                      2959   -465     3162
  SINCE JUL 1   3831                      4703   -872     4851

 COOLING
  YESTERDAY        0                         0      0        0
  MONTH TO DATE    0                         0      0        0
  SINCE DEC 1      0                         0      0        0
  SINCE JAN 1      0                         0      0        0
..................................................................


WIND (MPH)
  HIGHEST WIND SPEED    21   HIGHEST WIND DIRECTION    NE (40)
  HIGHEST GUST SPEED    24   HIGHEST GUST DIRECTION    NE (30)
  AVERAGE WIND SPEED     9.2


SKY COVER
  POSSIBLE SUNSHINE  MM
  AVERAGE SKY COVER 0.0


WEATHER CONDITIONS
 THE FOLLOWING WEATHER WAS RECORDED YESTERDAY.
  NO SIGNIFICANT WEATHER WAS OBSERVED.


RELATIVE HUMIDITY (PERCENT)
 HIGHEST    63          1100 PM
 LOWEST     25           400 PM
 AVERAGE    44

..........................................................


THE PULLMAN-MOSCOW  AIRPORT CLIMATE NORMALS FOR TODAY
                         NORMAL    RECORD    YEAR
 MAXIMUM TEMPERATURE (F)   46        66      1968
 MINIMUM TEMPERATURE (F)   29        10      1971


SUNRISE AND SUNSET
MARCH  1 2015.........SUNRISE   628 AM PST   SUNSET   534 PM PST
MARCH  2 2015.........SUNRISE   626 AM PST   SUNSET   535 PM PST


-  INDICATES NEGATIVE NUMBERS.
R  INDICATES RECORD WAS SET OR TIED.
MM INDICATES DATA IS MISSING.
T  INDICATES TRACE AMOUNT.




$$
