000
CDUS46 KOTX 061717
CLIPUW


CLIMATE REPORT
NATIONAL WEATHER SERVICE SPOKANE, WA
1230 AM PST TUE DEC 6 2016


...................................

...THE PULLMAN-MOSCOW  AIRPORT CLIMATE SUMMARY FOR DECEMBER 5 2016...

CLIMATE NORMAL PERIOD 1981 TO 2010


WEATHER ITEM   OBSERVED TIME   RECORD YEAR NORMAL DEPARTURE LAST
                VALUE   (LST)  VALUE       VALUE  FROM      YEAR
                                                  NORMAL
..................................................................
TEMPERATURE (F)
 YESTERDAY
  MAXIMUM         32   1245 PM  50    1965  37     -5       45
  MINIMUM         23    740 AM  -3    2013  26     -3       31
  AVERAGE         28                        31     -3       38

PRECIPITATION (IN)
  YESTERDAY        T                         0.05  -0.05     0.00
  MONTH TO DATE    0.30                      0.30   0.00     0.14
  SINCE OCT 1      7.16                      3.93   3.23     3.67
  SINCE JAN 1     19.48                     15.62   3.86    14.29

SNOWFALL (IN)
  YESTERDAY       MM

DEGREE DAYS
 HEATING
  YESTERDAY       37                        34      3       27
  MONTH TO DATE  159                       167     -8      157
  SINCE DEC 1    159                       167     -8      157
  SINCE JUL 1   1507                      1911   -404     1614

 COOLING
  YESTERDAY        0                         0      0        0
  MONTH TO DATE    0                         0      0        0
  SINCE DEC 1      0                         0      0        0
  SINCE JAN 1    203                       213    -10      416
..................................................................


WIND (MPH)
  HIGHEST WIND SPEED    15   HIGHEST WIND DIRECTION     W (250)
  HIGHEST GUST SPEED    20   HIGHEST GUST DIRECTION     W (260)
  AVERAGE WIND SPEED     8.4


SKY COVER
  POSSIBLE SUNSHINE  MM
  AVERAGE SKY COVER 0.5


WEATHER CONDITIONS
 THE FOLLOWING WEATHER WAS RECORDED YESTERDAY.
  LIGHT SNOW
  FOG


RELATIVE HUMIDITY (PERCENT)
 HIGHEST    88           800 AM
 LOWEST     63          1200 PM
 AVERAGE    76

..........................................................


THE PULLMAN-MOSCOW  AIRPORT CLIMATE NORMALS FOR TODAY
                         NORMAL    RECORD    YEAR
 MAXIMUM TEMPERATURE (F)   36        54      1965
 MINIMUM TEMPERATURE (F)   26        -2      2013
                                             2005


SUNRISE AND SUNSET
DECEMBER  6 2016......SUNRISE   719 AM PST   SUNSET   401 PM PST
DECEMBER  7 2016......SUNRISE   720 AM PST   SUNSET   400 PM PST


-  INDICATES NEGATIVE NUMBERS.
R  INDICATES RECORD WAS SET OR TIED.
MM INDICATES DATA IS MISSING.
T  INDICATES TRACE AMOUNT.




$$
