000
CDUS46 KOTX 030833
CLIPUW


CLIMATE REPORT
NATIONAL WEATHER SERVICE SPOKANE, WA
133 AM PDT WED JUN 3 2015


...................................

...THE PULLMAN-MOSCOW  AIRPORT CLIMATE SUMMARY FOR JUNE 2 2015...

CLIMATE NORMAL PERIOD 1981 TO 2010
CLIMATE RECORD PERIOD 9999 TO 9999


WEATHER ITEM   OBSERVED TIME   RECORD YEAR NORMAL DEPARTURE LAST
                VALUE   (LST)  VALUE       VALUE  FROM      YEAR
                                                  NORMAL
..................................................................
TEMPERATURE (F)
 YESTERDAY
  MAXIMUM         67    356 PM  91    1986  68     -1       81
  MINIMUM         48   1108 PM  33    1976  44      4       51
  AVERAGE         58                        56      2       66

PRECIPITATION (IN)
  YESTERDAY        0.04          1.14 1971   0.04   0.00      T
  MONTH TO DATE    0.45                      0.08   0.37      T
  SINCE OCT 1     16.09                     13.79   2.30    13.02
  SINCE JAN 1      9.24                      8.59   0.65     9.68

SNOWFALL (IN)
  YESTERDAY       MM

DEGREE DAYS
 HEATING
  YESTERDAY        7                         9     -2        0
  MONTH TO DATE    7                        18    -11        6
  SINCE JUN 1      7                        18    -11        6
  SINCE JUL 1   5279                      6418  -1139     6446

 COOLING
  YESTERDAY        0                         0      0        1
  MONTH TO DATE    2                         0      2        1
  SINCE JUN 1      2                         0      2        1
  SINCE JAN 1     14                         5      9        2
..................................................................


WIND (MPH)
  HIGHEST WIND SPEED    24   HIGHEST WIND DIRECTION    SW (240)
  HIGHEST GUST SPEED    32   HIGHEST GUST DIRECTION    SW (240)
  AVERAGE WIND SPEED    10.1


SKY COVER
  POSSIBLE SUNSHINE  MM
  AVERAGE SKY COVER 0.6


WEATHER CONDITIONS
 THE FOLLOWING WEATHER WAS RECORDED YESTERDAY.
  LIGHT RAIN


RELATIVE HUMIDITY (PERCENT)
 HIGHEST    89           600 AM
 LOWEST     40           500 PM
 AVERAGE    65

..........................................................


THE PULLMAN-MOSCOW  AIRPORT CLIMATE NORMALS FOR TODAY
                         NORMAL    RECORD    YEAR
 MAXIMUM TEMPERATURE (F)   68        92      2007
 MINIMUM TEMPERATURE (F)   44        35      1980


SUNRISE AND SUNSET
JUNE  3 2015..........SUNRISE   457 AM PDT   SUNSET   836 PM PDT
JUNE  4 2015..........SUNRISE   457 AM PDT   SUNSET   837 PM PDT


-  INDICATES NEGATIVE NUMBERS.
R  INDICATES RECORD WAS SET OR TIED.
MM INDICATES DATA IS MISSING.
T  INDICATES TRACE AMOUNT.




$$
