000
CDUS46 KOTX 270826
CLIPUW


CLIMATE REPORT
NATIONAL WEATHER SERVICE SPOKANE, WA
126 AM PDT THU AUG 27 2015


...................................

...THE PULLMAN-MOSCOW  AIRPORT CLIMATE SUMMARY FOR AUGUST 26 2015...

CLIMATE NORMAL PERIOD 1981 TO 2010
CLIMATE RECORD PERIOD 9999 TO 9999


WEATHER ITEM   OBSERVED TIME   RECORD YEAR NORMAL DEPARTURE LAST
                VALUE   (LST)  VALUE       VALUE  FROM      YEAR
                                                  NORMAL
..................................................................
TEMPERATURE (F)
 YESTERDAY
  MAXIMUM         91    216 PM  99    1996  80     11       84
  MINIMUM         50    437 AM  34    1980  48      2       44
  AVERAGE         71                        64      7       64

PRECIPITATION (IN)
  YESTERDAY        0.00          1.28 1977   0.02  -0.02     0.00
  MONTH TO DATE    T                         0.53  -0.53     0.50
  SINCE OCT 1     16.63                     16.01   0.62    14.78
  SINCE JAN 1      9.78                     10.81  -1.03    11.44

SNOWFALL (IN)
  YESTERDAY       MM

DEGREE DAYS
 HEATING
  YESTERDAY        0                         3     -3        1
  MONTH TO DATE   26                        48    -22        7
  SINCE JUN 1    124                       318   -194      221
  SINCE JUL 1     45                       112    -67       17

 COOLING
  YESTERDAY        6                         2      4        0
  MONTH TO DATE  122                        81     41      126
  SINCE JUN 1    384                       176    208      316
  SINCE JAN 1    396                       181    215      317
..................................................................


WIND (MPH)
  HIGHEST WIND SPEED    10   HIGHEST WIND DIRECTION     W (280)
  HIGHEST GUST SPEED    14   HIGHEST GUST DIRECTION     W (250)
  AVERAGE WIND SPEED     2.5


SKY COVER
  POSSIBLE SUNSHINE  MM
  AVERAGE SKY COVER 0.4


WEATHER CONDITIONS
 THE FOLLOWING WEATHER WAS RECORDED YESTERDAY.
  HAZE


RELATIVE HUMIDITY (PERCENT)
 HIGHEST    50           500 AM
 LOWEST     16           400 PM
 AVERAGE    33

..........................................................


THE PULLMAN-MOSCOW  AIRPORT CLIMATE NORMALS FOR TODAY
                         NORMAL    RECORD    YEAR
 MAXIMUM TEMPERATURE (F)   80        99      1996
 MINIMUM TEMPERATURE (F)   48        35      1942


SUNRISE AND SUNSET
AUGUST 27 2015........SUNRISE   602 AM PDT   SUNSET   738 PM PDT
AUGUST 28 2015........SUNRISE   603 AM PDT   SUNSET   736 PM PDT


-  INDICATES NEGATIVE NUMBERS.
R  INDICATES RECORD WAS SET OR TIED.
MM INDICATES DATA IS MISSING.
T  INDICATES TRACE AMOUNT.




$$
