000
CDUS46 KOTX 250832
CLIPUW


CLIMATE REPORT
NATIONAL WEATHER SERVICE SPOKANE, WA
132 AM PDT TUE APR 25 2017


...................................

...THE PULLMAN-MOSCOW  AIRPORT CLIMATE SUMMARY FOR APRIL 24 2017...

CLIMATE NORMAL PERIOD 1981 TO 2010
CLIMATE RECORD PERIOD 9999 TO 9999


WEATHER ITEM   OBSERVED TIME   RECORD YEAR NORMAL DEPARTURE LAST
                VALUE   (LST)  VALUE       VALUE  FROM      YEAR
                                                  NORMAL
..................................................................
TEMPERATURE (F)
 YESTERDAY
  MAXIMUM         52    505 PM  85    1977  59     -7       57
  MINIMUM         41    520 AM  22    2002  37      4       42
  AVERAGE         47                        48     -1       50

PRECIPITATION (IN)
  YESTERDAY        0.14                      0.05   0.09      T
  MONTH TO DATE    1.31                      1.27   0.04     1.15
  SINCE OCT 1     19.65                     11.86   7.79    16.62
  SINCE JAN 1     11.24                      6.66   4.58     8.63

SNOWFALL (IN)
  YESTERDAY       MM

DEGREE DAYS
 HEATING
  YESTERDAY       18                        17      1       15
  MONTH TO DATE  447                       471    -24      280
  SINCE MAR 1   1152                      1227    -75      969
  SINCE JUL 1   5929                      5930     -1     5067

 COOLING
  YESTERDAY        0                         0      0        0
  MONTH TO DATE    0                         0      0        0
  SINCE MAR 1      0                         0      0        0
  SINCE JAN 1      0                         0      0        0
..................................................................


WIND (MPH)
  HIGHEST WIND SPEED    15   HIGHEST WIND DIRECTION     W (250)
  HIGHEST GUST SPEED    19   HIGHEST GUST DIRECTION     W (270)
  AVERAGE WIND SPEED     5.6


SKY COVER
  POSSIBLE SUNSHINE  MM
  AVERAGE SKY COVER 1.0


WEATHER CONDITIONS
 THE FOLLOWING WEATHER WAS RECORDED YESTERDAY.
  RAIN
  LIGHT RAIN
  FOG


RELATIVE HUMIDITY (PERCENT)
 HIGHEST    89           300 AM
 LOWEST     59           500 PM
 AVERAGE    74

..........................................................


THE PULLMAN-MOSCOW  AIRPORT CLIMATE NORMALS FOR TODAY
                         NORMAL    RECORD    YEAR
 MAXIMUM TEMPERATURE (F)   59        87      1977
 MINIMUM TEMPERATURE (F)   37         0      2003


SUNRISE AND SUNSET
APRIL 25 2017.........SUNRISE   543 AM PDT   SUNSET   751 PM PDT
APRIL 26 2017.........SUNRISE   541 AM PDT   SUNSET   752 PM PDT


-  INDICATES NEGATIVE NUMBERS.
R  INDICATES RECORD WAS SET OR TIED.
MM INDICATES DATA IS MISSING.
T  INDICATES TRACE AMOUNT.




$$
