000
CDUS46 KOTX 230833
CLIPUW


CLIMATE REPORT
NATIONAL WEATHER SERVICE SPOKANE, WA
132 AM PDT TUE SEP 23 2014


...................................

...THE PULLMAN-MOSCOW  AIRPORT CLIMATE SUMMARY FOR SEPTEMBER 22 2014...

CLIMATE NORMAL PERIOD 1981 TO 2010
CLIMATE RECORD PERIOD 9999 TO 9999


WEATHER ITEM   OBSERVED TIME   RECORD YEAR NORMAL DEPARTURE LAST
                VALUE   (LST)  VALUE       VALUE  FROM      YEAR
                                                  NORMAL
..................................................................
TEMPERATURE (F)
 YESTERDAY
  MAXIMUM         84    304 PM  94    1966  71     13       64
  MINIMUM         49    337 AM  27    1993  41      8       41
  AVERAGE         67                        56     11       53

PRECIPITATION (IN)
  YESTERDAY        0.02          0.73 1945   0.02   0.00     0.14
  MONTH TO DATE    0.05                      0.53  -0.48     0.93
  SINCE OCT 1     14.83                     16.64  -1.81    17.35
  SINCE JAN 1     11.49                     11.44   0.05     9.81

SNOWFALL (IN)
  YESTERDAY       MM            MM      MM  MM     MM       MM
  MONTH TO DATE   MM                        MM     MM       MM
  SINCE SEP 1     MM                        MM     MM       MM
  SINCE JUL 1     MM                        MM     MM       MM
  SNOW DEPTH      MM

DEGREE DAYS
 HEATING
  YESTERDAY        0                         9     -9       12
  MONTH TO DATE   83                       141    -58       65
  SINCE SEP 1     83                       141    -58       65
  SINCE JUL 1    108                       274   -166      105

 COOLING
  YESTERDAY        2                         0      2        0
  MONTH TO DATE   15                        21     -6       72
  SINCE SEP 1     15                        21     -6       72
  SINCE JAN 1    342                       211    131      334
..................................................................


WIND (MPH)
  HIGHEST WIND SPEED    18   HIGHEST WIND DIRECTION    SW (220)
  HIGHEST GUST SPEED    24   HIGHEST GUST DIRECTION    SW (220)
  AVERAGE WIND SPEED     4.9


SKY COVER
  POSSIBLE SUNSHINE  MM
  AVERAGE SKY COVER 0.3


WEATHER CONDITIONS
 THE FOLLOWING WEATHER WAS RECORDED YESTERDAY.
  LIGHT RAIN


RELATIVE HUMIDITY (PERCENT)
 HIGHEST    73           900 PM
 LOWEST     26           100 PM
 AVERAGE    50

..........................................................


THE PULLMAN-MOSCOW  AIRPORT CLIMATE NORMALS FOR TODAY
                         NORMAL    RECORD    YEAR
 MAXIMUM TEMPERATURE (F)   70        93      2009
                                             2001
 MINIMUM TEMPERATURE (F)   41        29      1985


SUNRISE AND SUNSET
SEPTEMBER 23 2014.....SUNRISE   637 AM PDT   SUNSET   644 PM PDT
SEPTEMBER 24 2014.....SUNRISE   638 AM PDT   SUNSET   642 PM PDT


-  INDICATES NEGATIVE NUMBERS.
R  INDICATES RECORD WAS SET OR TIED.
MM INDICATES DATA IS MISSING.
T  INDICATES TRACE AMOUNT.




$$
