000
CDUS46 KOTX 190823
CLIPUW


CLIMATE REPORT
NATIONAL WEATHER SERVICE SPOKANE, WA
1223 AM PST FRI DEC 19 2014


...................................

...THE PULLMAN-MOSCOW  AIRPORT CLIMATE SUMMARY FOR DECEMBER 18 2014...

CLIMATE NORMAL PERIOD 1981 TO 2010
CLIMATE RECORD PERIOD 9999 TO 9999


WEATHER ITEM   OBSERVED TIME   RECORD YEAR NORMAL DEPARTURE LAST
                VALUE   (LST)  VALUE       VALUE  FROM      YEAR
                                                  NORMAL
..................................................................
TEMPERATURE (F)
 YESTERDAY
  MAXIMUM         45    100 PM  48    1980  35     10       41
  MINIMUM         36    327 AM  -5    1964  24     12       30
  AVERAGE         41                        30     11       36

PRECIPITATION (IN)
  YESTERDAY        0.05          0.88 1960   0.05   0.00     0.01
  MONTH TO DATE    1.30                      0.98   0.32     0.81
  SINCE OCT 1      5.10                      4.61   0.49     2.74
  SINCE JAN 1     16.98                     16.30   0.68    14.28

SNOWFALL (IN)
  YESTERDAY       MM

DEGREE DAYS
 HEATING
  YESTERDAY       24                        35    -11       29
  MONTH TO DATE  488                       619   -131      735
  SINCE DEC 1    488                       619   -131      735
  SINCE JUL 1   1825                      2363   -538     2424

 COOLING
  YESTERDAY        0                         0      0        0
  MONTH TO DATE    0                         0      0        0
  SINCE DEC 1      0                         0      0        0
  SINCE JAN 1    346                       213    133      334
..................................................................


WIND (MPH)
  HIGHEST WIND SPEED    14   HIGHEST WIND DIRECTION     E (110)
  HIGHEST GUST SPEED    18   HIGHEST GUST DIRECTION     S (160)
  AVERAGE WIND SPEED     7.9


SKY COVER
  POSSIBLE SUNSHINE  MM
  AVERAGE SKY COVER 1.0


WEATHER CONDITIONS
 THE FOLLOWING WEATHER WAS RECORDED YESTERDAY.
  LIGHT RAIN
  FOG


RELATIVE HUMIDITY (PERCENT)
 HIGHEST   100           300 AM
 LOWEST     76          1200 PM
 AVERAGE    88

..........................................................


THE PULLMAN-MOSCOW  AIRPORT CLIMATE NORMALS FOR TODAY
                         NORMAL    RECORD    YEAR
 MAXIMUM TEMPERATURE (F)   35        53      1941
 MINIMUM TEMPERATURE (F)   24       -10      1984


SUNRISE AND SUNSET
DECEMBER 19 2014......SUNRISE   729 AM PST   SUNSET   402 PM PST
DECEMBER 20 2014......SUNRISE   730 AM PST   SUNSET   402 PM PST


-  INDICATES NEGATIVE NUMBERS.
R  INDICATES RECORD WAS SET OR TIED.
MM INDICATES DATA IS MISSING.
T  INDICATES TRACE AMOUNT.




$$
