089
CDUS41 KBOX 302155
CLIPVD


CLIMATE REPORT
NATIONAL WEATHER SERVICE TAUNTON MA
545 PM EDT THU MAR 30 2017


...................................

...THE PROVIDENCE RI CLIMATE SUMMARY FOR MARCH 30 2017...
VALID AS OF 0500 PM LOCAL TIME.

CLIMATE NORMAL PERIOD 1981 TO 2010
CLIMATE RECORD PERIOD 1904 TO 2017


WEATHER ITEM   OBSERVED TIME   RECORD YEAR NORMAL DEPARTURE LAST
                VALUE   (LST)  VALUE       VALUE  FROM      YEAR
                                                  NORMAL
..................................................................
TEMPERATURE (F)
 TODAY
  MAXIMUM         53    358 PM  79    1998  53      0       57
  MINIMUM         34    558 AM  19    1915  34      0       30
  AVERAGE         44                        43      1       44

PRECIPITATION (IN)
  TODAY            0.00          5.32 2010   0.17  -0.17     0.00
  MONTH TO DATE    3.00                      4.84  -1.84     2.68
  SINCE MAR 1      3.00                      4.84  -1.84     2.68
  SINCE JAN 1     10.18                     11.99  -1.81    11.03

SNOWFALL (IN)
  TODAY            0.0           3.7  1990   0.0    0.0      0.0
  MONTH TO DATE    7.7                       5.4    2.3      2.6
  SINCE MAR 1      7.7                       5.4    2.3      2.6
  SINCE JUL 1     45.9                      33.1   12.8     22.0
  SNOW DEPTH       0

DEGREE DAYS
 HEATING
  TODAY           21                        22     -1       21
  MONTH TO DATE  892                       788    104      639
  SINCE MAR 1    892                       788    104      639
  SINCE JUL 1   4450                      4850   -400     4010

 COOLING
  TODAY            0                         0      0        0
  MONTH TO DATE    0                         0      0        0
  SINCE MAR 1      0                         0      0        0
  SINCE JAN 1      0                         0      0        0
..................................................................


WIND (MPH)
  HIGHEST WIND SPEED    20   HIGHEST WIND DIRECTION     N (360)
  HIGHEST GUST SPEED    25   HIGHEST GUST DIRECTION     N (360)
  AVERAGE WIND SPEED     8.7


SKY COVER
  POSSIBLE SUNSHINE  MM
  AVERAGE SKY COVER 0.1


WEATHER CONDITIONS
 THE FOLLOWING WEATHER WAS RECORDED TODAY.
  NO SIGNIFICANT WEATHER WAS OBSERVED.


RELATIVE HUMIDITY (PERCENT)
 HIGHEST    61           500 AM
 LOWEST     26           300 PM
 AVERAGE    44

..........................................................


THE PROVIDENCE RI CLIMATE NORMALS FOR TOMORROW
                         NORMAL    RECORD    YEAR
 MAXIMUM TEMPERATURE (F)   53        85      1998
 MINIMUM TEMPERATURE (F)   35        15      1923


SUNRISE AND SUNSET
MARCH 30 2017.........SUNRISE   632 AM EDT   SUNSET   709 PM EDT
MARCH 31 2017.........SUNRISE   630 AM EDT   SUNSET   710 PM EDT


-  INDICATES NEGATIVE NUMBERS.
R  INDICATES RECORD WAS SET OR TIED.
MM INDICATES DATA IS MISSING.
T  INDICATES TRACE AMOUNT.




$$
