000
CDUS41 KBOX 300545
CLIPVD


CLIMATE REPORT
NATIONAL WEATHER SERVICE TAUNTON MA
135 AM EDT MON MAY 30 2016


...................................

...THE PROVIDENCE RI CLIMATE SUMMARY FOR MAY 29 2016...

CLIMATE NORMAL PERIOD 1981 TO 2010
CLIMATE RECORD PERIOD 1904 TO 2016


WEATHER ITEM   OBSERVED TIME   RECORD YEAR NORMAL DEPARTURE LAST
                VALUE   (LST)  VALUE       VALUE  FROM      YEAR
                                                  NORMAL
..................................................................
TEMPERATURE (F)
 YESTERDAY
  MAXIMUM         80    201 PM  93    1931  72      8       82
  MINIMUM         57   1159 PM  40    1949  53      4       58
                                      1907
  AVERAGE         69                        62      7       70

PRECIPITATION (IN)
  YESTERDAY        T             1.44 1963   0.12  -0.12     0.00
  MONTH TO DATE    1.68                      3.29  -1.61     0.51
  SINCE MAR 1      8.27                     12.66  -4.39     7.42
  SINCE JAN 1     16.62                     19.81  -3.19    13.77

SNOWFALL (IN)
  YESTERDAY        0.0           0.0  2002   0.0    0.0      0.0
                                      2001
                                      2000
  MONTH TO DATE    0.0                       0.0    0.0      0.0
  SINCE MAR 1      9.3                       6.1    3.2     16.3
  SINCE JUL 1     28.7                      33.8   -5.1     76.2
  SNOW DEPTH       0

DEGREE DAYS
 HEATING
  YESTERDAY        0                         4     -4        0
  MONTH TO DATE  218                       217      1      122
  SINCE MAR 1   1374                      1505   -131     1586
  SINCE JUL 1   4745                      5567   -822     5948

 COOLING
  YESTERDAY        4                         2      2        5
  MONTH TO DATE   39                        17     22       57
  SINCE MAR 1     39                        19     20       57
  SINCE JAN 1     39                        19     20       57
..................................................................


WIND (MPH)
  RESULTANT WIND SPEED   3   RESULTANT WIND DIRECTION   E (100)
  HIGHEST WIND SPEED    14   HIGHEST WIND DIRECTION    SE (150)
  HIGHEST GUST SPEED    17   HIGHEST GUST DIRECTION     S (160)
  AVERAGE WIND SPEED     6.2


SKY COVER
  POSSIBLE SUNSHINE  MM
  AVERAGE SKY COVER 0.6


WEATHER CONDITIONS
 THE FOLLOWING WEATHER WAS RECORDED YESTERDAY.
  LIGHT RAIN
  FOG
  HAZE


RELATIVE HUMIDITY (PERCENT)
 HIGHEST    93           700 PM
 LOWEST     56           300 PM
 AVERAGE    75

..........................................................


THE PROVIDENCE RI CLIMATE NORMALS FOR TODAY
                         NORMAL    RECORD    YEAR
 MAXIMUM TEMPERATURE (F)   73        94      1929
 MINIMUM TEMPERATURE (F)   53        37      1970


SUNRISE AND SUNSET
MAY 30 2016...........SUNRISE   514 AM EDT   SUNSET   813 PM EDT
MAY 31 2016...........SUNRISE   514 AM EDT   SUNSET   814 PM EDT


-  INDICATES NEGATIVE NUMBERS.
R  INDICATES RECORD WAS SET OR TIED.
MM INDICATES DATA IS MISSING.
T  INDICATES TRACE AMOUNT.




$$
