690
CDUS41 KBOX 270542
CLIPVD


CLIMATE REPORT
NATIONAL WEATHER SERVICE TAUNTON MA
141 AM EDT THU JUL 27 2017


...................................

...THE PROVIDENCE RI CLIMATE SUMMARY FOR JULY 26 2017...

CLIMATE NORMAL PERIOD 1981 TO 2010
CLIMATE RECORD PERIOD 1904 TO 2017


WEATHER ITEM   OBSERVED TIME   RECORD YEAR NORMAL DEPARTURE LAST
                VALUE   (LST)  VALUE       VALUE  FROM      YEAR
                                                  NORMAL
..................................................................
TEMPERATURE (F)
 YESTERDAY
  MAXIMUM         79    311 PM  96    2005  83     -4       92
  MINIMUM         54    344 AM  51    1976  65    -11       72
  AVERAGE         67                        74     -7       82

PRECIPITATION (IN)
  YESTERDAY        0.00          1.55 1991   0.12  -0.12     0.00
  MONTH TO DATE    3.26                      2.67   0.59     3.78
  SINCE JUN 1      7.52                      6.31   1.21     4.83
  SINCE JAN 1     32.54                     26.38   6.16    22.95

SNOWFALL (IN)
  YESTERDAY        0.0           0.0  2002   0.0    0.0      0.0
                                      2001
                                      2000
  MONTH TO DATE    0.0                       0.0    0.0      0.0
  SINCE JUN 1      0.0                       0.0    0.0      0.0
  SINCE JUL 1      0.0                       0.0    0.0      0.0
  SNOW DEPTH       0

DEGREE DAYS
 HEATING
  YESTERDAY        0                         0      0        0
  MONTH TO DATE    7                         0      7        0
  SINCE JUN 1     56                        43     13       12
  SINCE JUL 1      7                         0      7        0

 COOLING
  YESTERDAY        2                         9     -7       17
  MONTH TO DATE  231                       222      9      283
  SINCE JUN 1    400                       354     46      418
  SINCE JAN 1    458                       380     78      469
..................................................................


WIND (MPH)
  RESULTANT WIND SPEED   3   RESULTANT WIND DIRECTION   S (170)
  HIGHEST WIND SPEED    15   HIGHEST WIND DIRECTION     S (160)
  HIGHEST GUST SPEED    18   HIGHEST GUST DIRECTION     S (160)
  AVERAGE WIND SPEED     5.5


SKY COVER
  POSSIBLE SUNSHINE  MM
  AVERAGE SKY COVER 0.1


WEATHER CONDITIONS
 THE FOLLOWING WEATHER WAS RECORDED YESTERDAY.
  NO SIGNIFICANT WEATHER WAS OBSERVED.


RELATIVE HUMIDITY (PERCENT)
 HIGHEST   100          1200 AM
 LOWEST     47          1200 PM
 AVERAGE    74

..........................................................


THE PROVIDENCE RI CLIMATE NORMALS FOR TODAY
                         NORMAL    RECORD    YEAR
 MAXIMUM TEMPERATURE (F)   83        97      1940
 MINIMUM TEMPERATURE (F)   65        53      2001


SUNRISE AND SUNSET
JULY 27 2017..........SUNRISE   535 AM EDT   SUNSET   809 PM EDT
JULY 28 2017..........SUNRISE   536 AM EDT   SUNSET   808 PM EDT


-  INDICATES NEGATIVE NUMBERS.
R  INDICATES RECORD WAS SET OR TIED.
MM INDICATES DATA IS MISSING.
T  INDICATES TRACE AMOUNT.




$$
