000
CDUS43 KLOT 260638
CLIPWK


CLIMATE REPORT
NATIONAL WEATHER SERVICE CHICAGO IL
138 AM CDT THU MAY 26 2016


...................................

...THE CHICAGO EXECUTIVE CLIMATE SUMMARY FOR MAY 25 2016...

CLIMATE NORMAL PERIOD 1981 TO 2010
CLIMATE RECORD PERIOD 1996 TO 2016


WEATHER ITEM   OBSERVED TIME   RECORD YEAR NORMAL DEPARTURE LAST
                VALUE   (LST)  VALUE       VALUE  FROM      YEAR
                                                  NORMAL
..................................................................
TEMPERATURE (F)
 YESTERDAY
  MAXIMUM         86R   304 PM  86    2010  72     14       79
  MINIMUM         65   1159 PM  41    2002  50     15       65
  AVERAGE         76                        61     15       72

PRECIPITATION (IN)
  YESTERDAY        0.90R         0.26 2008   0.11   0.79     0.07
  MONTH TO DATE    4.33                      3.07   1.26     2.81
  SINCE MAR 1      9.96                      8.29   1.67     6.28
  SINCE JAN 1     11.62                     10.87   0.75     6.97

DEGREE DAYS
 HEATING
  YESTERDAY        0                         6     -6        0
  MONTH TO DATE  250                       218     32      189
  SINCE MAR 1   1485                      1593   -108     1607
  SINCE JUL 1   5548                      6331   -783     6735

 COOLING
  YESTERDAY       11                         2      9        7
  MONTH TO DATE   18                        25     -7       35
  SINCE MAR 1     20                        29     -9       35
  SINCE JAN 1     20                        29     -9       35
..................................................................


WIND (MPH)
  RESULTANT WIND SPEED   8   RESULTANT WIND DIRECTION   S (170)
  HIGHEST WIND SPEED    20   HIGHEST WIND DIRECTION     W (260)
  HIGHEST GUST SPEED    25   HIGHEST GUST DIRECTION     W (260)
  AVERAGE WIND SPEED     8.7



WEATHER CONDITIONS
 THE FOLLOWING WEATHER WAS RECORDED YESTERDAY.
  THUNDERSTORM
  HEAVY RAIN
  RAIN
  LIGHT RAIN
  FOG


..........................................................


THE CHICAGO EXECUTIVE CLIMATE NORMALS FOR TODAY
                         NORMAL    RECORD    YEAR
 MAXIMUM TEMPERATURE (F)   72        88      2014
 MINIMUM TEMPERATURE (F)   51        40      2002
                                             2001


SUNRISE AND SUNSET
MAY 26 2016...........SUNRISE   521 AM CDT   SUNSET   817 PM CDT
MAY 27 2016...........SUNRISE   521 AM CDT   SUNSET   817 PM CDT


-  INDICATES NEGATIVE NUMBERS.
R  INDICATES RECORD WAS SET OR TIED.
MM INDICATES DATA IS MISSING.
T  INDICATES TRACE AMOUNT.




$$
