000
CDUS43 KLOT 010639
CLIPWK


CLIMATE REPORT
NATIONAL WEATHER SERVICE CHICAGO IL
139 AM CDT WED JUL 1 2015


...................................

...THE CHICAGO EXECUTIVE CLIMATE SUMMARY FOR JUNE 30 2015...

CLIMATE NORMAL PERIOD 1981 TO 2010
CLIMATE RECORD PERIOD 1996 TO 2015


WEATHER ITEM   OBSERVED TIME   RECORD YEAR NORMAL DEPARTURE LAST
                VALUE   (LST)  VALUE       VALUE  FROM      YEAR
                                                  NORMAL
..................................................................
TEMPERATURE (F)
 YESTERDAY
  MAXIMUM         77    223 PM  95    2002  83     -6       89
  MINIMUM         56   1159 PM  50    2007  62     -6       67
  AVERAGE         67                        72     -5       78

PRECIPITATION (IN)
  YESTERDAY        T             2.31 2014   0.07  -0.07     2.31
  MONTH TO DATE    6.10                      3.71   2.39     7.73
  SINCE JUN 1      6.10                      3.71   2.39     7.73
  SINCE JAN 1     14.23                     15.20  -0.97    16.93

DEGREE DAYS
 HEATING
  YESTERDAY        0                         0      0        0
  MONTH TO DATE   56                        53      3       20
  SINCE JUN 1     56                        52      4       20
  SINCE JUL 1   6813                      6410    403     7146

 COOLING
  YESTERDAY        2                         8     -6       13
  MONTH TO DATE  111                       154    -43      178
  SINCE JUN 1    111                       154    -43      178
  SINCE JAN 1    162                       196    -34      236
..................................................................


WIND (MPH)
  RESULTANT WIND SPEED   5   RESULTANT WIND DIRECTION   N (360)
  HIGHEST WIND SPEED    17   HIGHEST WIND DIRECTION    NE (50)
  HIGHEST GUST SPEED    22   HIGHEST GUST DIRECTION    NE (40)
  AVERAGE WIND SPEED     7.3



WEATHER CONDITIONS
 THE FOLLOWING WEATHER WAS RECORDED YESTERDAY.
  LIGHT RAIN
  FOG


..........................................................


THE CHICAGO EXECUTIVE CLIMATE NORMALS FOR TODAY
                         NORMAL    RECORD    YEAR
 MAXIMUM TEMPERATURE (F)   83        95      2002
 MINIMUM TEMPERATURE (F)   62        54      2010
                                             2001


SUNRISE AND SUNSET
JULY  1 2015..........SUNRISE   519 AM CDT   SUNSET   831 PM CDT
JULY  2 2015..........SUNRISE   520 AM CDT   SUNSET   831 PM CDT


-  INDICATES NEGATIVE NUMBERS.
R  INDICATES RECORD WAS SET OR TIED.
MM INDICATES DATA IS MISSING.
T  INDICATES TRACE AMOUNT.




$$
