000
CDUS43 KLOT 060648
CLIPWK


CLIMATE REPORT
NATIONAL WEATHER SERVICE CHICAGO IL
1246 AM CST TUE DEC 6 2016


...................................

...THE CHICAGO EXECUTIVE CLIMATE SUMMARY FOR DECEMBER 5 2016...

CLIMATE NORMAL PERIOD 1981 TO 2010
CLIMATE RECORD PERIOD 1996 TO 2016


WEATHER ITEM   OBSERVED TIME   RECORD YEAR NORMAL DEPARTURE LAST
                VALUE   (LST)  VALUE       VALUE  FROM      YEAR
                                                  NORMAL
..................................................................
TEMPERATURE (F)
 YESTERDAY
  MAXIMUM         34   1159 PM  69    2001  39     -5       46
  MINIMUM         32   1023 PM   2    2007  24      8       30
  AVERAGE         33                        31      2       38

PRECIPITATION (IN)
  YESTERDAY        0.00          0.81 2009   0.08  -0.08     0.00
  MONTH TO DATE    0.46                      0.39   0.07     0.30
  SINCE DEC 1      0.46                      0.39   0.07     0.30
  SINCE JAN 1     32.69                     31.91   0.78    29.62

DEGREE DAYS
 HEATING
  YESTERDAY       32                        34     -2       27
  MONTH TO DATE  152                       165    -13      140
  SINCE DEC 1    152                       165    -13      140
  SINCE JUL 1   1006                      1435   -429     1152

 COOLING
  YESTERDAY        0                         0      0        0
  MONTH TO DATE    0                         0      0        0
  SINCE DEC 1      0                         0      0        0
  SINCE JAN 1   1071                       789    282      769
..................................................................


WIND (MPH)
  RESULTANT WIND SPEED   6   RESULTANT WIND DIRECTION  SW (210)
  HIGHEST WIND SPEED    16   HIGHEST WIND DIRECTION     S (170)
  HIGHEST GUST SPEED    23   HIGHEST GUST DIRECTION     W (280)
  AVERAGE WIND SPEED     7.9



WEATHER CONDITIONS
 THE FOLLOWING WEATHER WAS RECORDED YESTERDAY.
  FOG


..........................................................


THE CHICAGO EXECUTIVE CLIMATE NORMALS FOR TODAY
                         NORMAL    RECORD    YEAR
 MAXIMUM TEMPERATURE (F)   38        60      1998
 MINIMUM TEMPERATURE (F)   24         0      2007


SUNRISE AND SUNSET
DECEMBER  6 2016......SUNRISE   706 AM CST   SUNSET   420 PM CST
DECEMBER  7 2016......SUNRISE   707 AM CST   SUNSET   420 PM CST


-  INDICATES NEGATIVE NUMBERS.
R  INDICATES RECORD WAS SET OR TIED.
MM INDICATES DATA IS MISSING.
T  INDICATES TRACE AMOUNT.




$$
