000
CDUS43 KLOT 290634
CLIPWK


CLIMATE REPORT
NATIONAL WEATHER SERVICE CHICAGO IL
133 AM CDT WED MAR 29 2017


...................................

...THE CHICAGO EXECUTIVE CLIMATE SUMMARY FOR MARCH 28 2017...

CLIMATE NORMAL PERIOD 1981 TO 2010
CLIMATE RECORD PERIOD 1996 TO 2017


WEATHER ITEM   OBSERVED TIME   RECORD YEAR NORMAL DEPARTURE LAST
                VALUE   (LST)  VALUE       VALUE  FROM      YEAR
                                                  NORMAL
..................................................................
TEMPERATURE (F)
 YESTERDAY
  MAXIMUM         47    115 PM  75    2004  51     -4       53
  MINIMUM         34   1151 PM  17    2015  32      2       33
  AVERAGE         41                        41      0       43

PRECIPITATION (IN)
  YESTERDAY        0.00          1.16 2004   0.09  -0.09     0.00
  MONTH TO DATE    1.56                      2.00  -0.44     2.29
  SINCE MAR 1      1.56                      2.00  -0.44     2.29
  SINCE JAN 1      5.01                      4.58   0.43     3.95

DEGREE DAYS
 HEATING
  YESTERDAY       24                        24      0       22
  MONTH TO DATE  766                       783    -17      644
  SINCE MAR 1    766                       783    -17      644
  SINCE JUL 1   4755                      5521   -766     4707

 COOLING
  YESTERDAY        0                         0      0        0
  MONTH TO DATE    0                         0      0        0
  SINCE MAR 1      0                         0      0        0
  SINCE JAN 1      0                         0      0        0
..................................................................


WIND (MPH)
  RESULTANT WIND SPEED   9   RESULTANT WIND DIRECTION  NE (30)
  HIGHEST WIND SPEED    16   HIGHEST WIND DIRECTION    NE (40)
  HIGHEST GUST SPEED    21   HIGHEST GUST DIRECTION    NE (30)
  AVERAGE WIND SPEED     9.1



WEATHER CONDITIONS
 THE FOLLOWING WEATHER WAS RECORDED YESTERDAY.
  FOG


..........................................................


THE CHICAGO EXECUTIVE CLIMATE NORMALS FOR TODAY
                         NORMAL    RECORD    YEAR
 MAXIMUM TEMPERATURE (F)   51        79      1998
 MINIMUM TEMPERATURE (F)   32        23      2008


SUNRISE AND SUNSET
MARCH 29 2017.........SUNRISE   639 AM CDT   SUNSET   714 PM CDT
MARCH 30 2017.........SUNRISE   637 AM CDT   SUNSET   715 PM CDT


-  INDICATES NEGATIVE NUMBERS.
R  INDICATES RECORD WAS SET OR TIED.
MM INDICATES DATA IS MISSING.
T  INDICATES TRACE AMOUNT.




$$
