000
CDUS43 KLOT 270636
CLIPWK


CLIMATE REPORT
NATIONAL WEATHER SERVICE CHICAGO IL
134 AM CDT WED JUL 27 2016


...................................

...THE CHICAGO EXECUTIVE CLIMATE SUMMARY FOR JULY 26 2016...

CLIMATE NORMAL PERIOD 1981 TO 2010
CLIMATE RECORD PERIOD 1996 TO 2016


WEATHER ITEM   OBSERVED TIME   RECORD YEAR NORMAL DEPARTURE LAST
                VALUE   (LST)  VALUE       VALUE  FROM      YEAR
                                                  NORMAL
..................................................................
TEMPERATURE (F)
 YESTERDAY
  MAXIMUM         86    404 PM  97    1997  83      3       79
  MINIMUM         69    511 AM  58    1998  64      5       64
                                      1996
  AVERAGE         78                        74      4       72

PRECIPITATION (IN)
  YESTERDAY        0.00          0.62 2013   0.15  -0.15      T
  MONTH TO DATE    4.47                      2.88   1.59     3.23
  SINCE JUN 1      8.65                      6.59   2.06     9.33
  SINCE JAN 1     21.01                     18.08   2.93    17.46

DEGREE DAYS
 HEATING
  YESTERDAY        0                         0      0        0
  MONTH TO DATE    2                         0      2       20
  SINCE JUN 1     20                        52    -32       76
  SINCE JUL 1      2                         0      2       20

 COOLING
  YESTERDAY       13                         9      4        7
  MONTH TO DATE  273                       228     45      170
  SINCE JUN 1    459                       382     77      281
  SINCE JAN 1    528                       424    104      332
..................................................................


WIND (MPH)
  RESULTANT WIND SPEED   2   RESULTANT WIND DIRECTION   E (80)
  HIGHEST WIND SPEED    10   HIGHEST WIND DIRECTION    NE (50)
  HIGHEST GUST SPEED    14   HIGHEST GUST DIRECTION     E (70)
  AVERAGE WIND SPEED     2.4



WEATHER CONDITIONS
 THE FOLLOWING WEATHER WAS RECORDED YESTERDAY.
  NO SIGNIFICANT WEATHER WAS OBSERVED.


..........................................................


THE CHICAGO EXECUTIVE CLIMATE NORMALS FOR TODAY
                         NORMAL    RECORD    YEAR
 MAXIMUM TEMPERATURE (F)   83        90      2002
                                             1997
 MINIMUM TEMPERATURE (F)   64        57      2013


SUNRISE AND SUNSET
JULY 27 2016..........SUNRISE   540 AM CDT   SUNSET   815 PM CDT
JULY 28 2016..........SUNRISE   541 AM CDT   SUNSET   814 PM CDT


-  INDICATES NEGATIVE NUMBERS.
R  INDICATES RECORD WAS SET OR TIED.
MM INDICATES DATA IS MISSING.
T  INDICATES TRACE AMOUNT.




$$
