983
CDUS41 KGYX 312053
CLIPWM


CLIMATE REPORT
NATIONAL WEATHER SERVICE GRAY ME
453 PM EDT TUE MAY 31 2016


...................................

...THE PORTLAND ME CLIMATE SUMMARY FOR MAY 31 2016...
VALID TODAY AS OF 0400 PM LOCAL TIME.

CLIMATE NORMAL PERIOD 1981 TO 2010
CLIMATE RECORD PERIOD 1941 TO 2016


WEATHER ITEM   OBSERVED TIME   RECORD YEAR NORMAL DEPARTURE LAST
                VALUE   (LST)  VALUE       VALUE  FROM      YEAR
                                                  NORMAL
..................................................................
TEMPERATURE (F)
 TODAY
  MAXIMUM         86    236 PM  94    1987  68     18       73
  MINIMUM         61    450 AM  31    1961  49     12       50
  AVERAGE         74                        58     16       62

PRECIPITATION (IN)
  TODAY            0.00          3.16 1984   0.13  -0.13     0.95
  MONTH TO DATE    2.04                      4.01  -1.97     2.31
  SINCE MAR 1      7.97                     12.57  -4.60     9.13
  SINCE JAN 1     15.51                     19.20  -3.69    16.61

SNOWFALL (IN)
  TODAY            0.0           0.0  2002   0.0    0.0      0.0
                                      2001
                                      2000
  MONTH TO DATE    0.0                       0.0    0.0      0.0
  SINCE MAR 1     10.8                      15.5   -4.7      5.3
  SINCE JUL 1     51.8                      61.9  -10.1     94.5
  SNOW DEPTH       0

DEGREE DAYS
 HEATING
  TODAY            0                         7     -7        3
  MONTH TO DATE  327                       353    -26      206
  SINCE MAR 1   1828                      1959   -131     1878
  SINCE JUL 1   6119                      7001   -882     6932

 COOLING
  TODAY            9                         1      8        0
  MONTH TO DATE   16                         7      9       40
  SINCE MAR 1     16                         7      9       40
  SINCE JAN 1     16                         7      9       40
..................................................................


WIND (MPH)
  HIGHEST WIND SPEED    17   HIGHEST WIND DIRECTION     W (250)
  HIGHEST GUST SPEED    23   HIGHEST GUST DIRECTION    SW (240)
  AVERAGE WIND SPEED     7.9


SKY COVER
  POSSIBLE SUNSHINE  MM
  AVERAGE SKY COVER 0.4


WEATHER CONDITIONS
 THE FOLLOWING WEATHER WAS RECORDED TODAY.
  FOG
  FOG W/VISIBILITY <= 1/4 MILE


RELATIVE HUMIDITY (PERCENT)
 HIGHEST   100           400 AM
 LOWEST     27           200 PM
 AVERAGE    64

..........................................................


THE PORTLAND ME CLIMATE NORMALS FOR TOMORROW
                         NORMAL    RECORD    YEAR
 MAXIMUM TEMPERATURE (F)   69        90      2013
 MINIMUM TEMPERATURE (F)   49        34      1945


SUNRISE AND SUNSET
MAY 31 2016...........SUNRISE   503 AM EDT   SUNSET   816 PM EDT
JUNE  1 2016..........SUNRISE   502 AM EDT   SUNSET   816 PM EDT


-  INDICATES NEGATIVE NUMBERS.
R  INDICATES RECORD WAS SET OR TIED.
MM INDICATES DATA IS MISSING.
T  INDICATES TRACE AMOUNT.




$$
