000
CDUS41 KGYX 192043
CLIPWM


CLIMATE REPORT
NATIONAL WEATHER SERVICE GRAY ME
443 PM EDT SAT APR 19 2014


...................................

...THE PORTLAND ME CLIMATE SUMMARY FOR APRIL 19 2014...
VALID TODAY AS OF 0400 PM LOCAL TIME.

CLIMATE NORMAL PERIOD 1981 TO 2010
CLIMATE RECORD PERIOD 1941 TO 2014


WEATHER ITEM   OBSERVED TIME   RECORD YEAR NORMAL DEPARTURE LAST
                VALUE   (LST)  VALUE       VALUE  FROM      YEAR
                                                  NORMAL
..................................................................
TEMPERATURE (F)
 TODAY
  MAXIMUM         58    142 PM  75    1973  55      3       65
  MINIMUM         31    227 AM  24    1962  36     -5       46
  AVERAGE         45                        45      0       56

PRECIPITATION (IN)
  TODAY            0.00          2.19 1924   0.13  -0.13     0.00
  MONTH TO DATE    2.32                      2.76  -0.44     1.85
  SINCE MAR 1      6.63                      7.00  -0.37     3.54
  SINCE JAN 1     14.95                     13.63   1.32    10.97

SNOWFALL (IN)
  TODAY            0.0           7.5  1925   0.1   -0.1      0.0
  MONTH TO DATE    1.2                       2.5   -1.3      0.2
  SINCE MAR 1      4.9                      15.2  -10.3     13.4
  SINCE JUL 1     83.4                      61.6   21.8     98.0
  SNOW DEPTH       0

DEGREE DAYS
 HEATING
  TODAY           20                        20      0        9
  MONTH TO DATE  436                       435      1      413
  SINCE MAR 1   1606                      1411    195     1341
  SINCE JUL 1   6845                      6453    392     5940

 COOLING
  TODAY            0                         0      0        0
  MONTH TO DATE    0                         0      0        0
  SINCE MAR 1      0                         0      0        0
  SINCE JAN 1      0                         0      0        0
..................................................................


WIND (MPH)
  HIGHEST WIND SPEED    24   HIGHEST WIND DIRECTION    NW (330)
  HIGHEST GUST SPEED    32   HIGHEST GUST DIRECTION     N (340)
  AVERAGE WIND SPEED     8.8


SKY COVER
  POSSIBLE SUNSHINE  MM
  AVERAGE SKY COVER 0.3


WEATHER CONDITIONS
 THE FOLLOWING WEATHER WAS RECORDED TODAY.
  NO SIGNIFICANT WEATHER WAS OBSERVED.


RELATIVE HUMIDITY (PERCENT)
 HIGHEST    89           400 AM
 LOWEST     36          1200 PM
 AVERAGE    63

..........................................................


THE PORTLAND ME CLIMATE NORMALS FOR TOMORROW
                         NORMAL    RECORD    YEAR
 MAXIMUM TEMPERATURE (F)   55        85      2005
 MINIMUM TEMPERATURE (F)   36        24      1960


SUNRISE AND SUNSET
APRIL 19 2014.........SUNRISE   552 AM EDT   SUNSET   729 PM EDT
APRIL 20 2014.........SUNRISE   550 AM EDT   SUNSET   731 PM EDT


-  INDICATES NEGATIVE NUMBERS.
R  INDICATES RECORD WAS SET OR TIED.
MM INDICATES DATA IS MISSING.
T  INDICATES TRACE AMOUNT.




$$
