000
CDUS41 KGYX 280821
CLIPWM


CLIMATE REPORT
NATIONAL WEATHER SERVICE GRAY ME
421 AM EDT TUE MAR 28 2017


...................................

...THE PORTLAND ME CLIMATE SUMMARY FOR MARCH 27 2017...

CLIMATE NORMAL PERIOD 1981 TO 2010
CLIMATE RECORD PERIOD 1941 TO 2017


WEATHER ITEM   OBSERVED TIME   RECORD YEAR NORMAL DEPARTURE LAST
                VALUE   (LST)  VALUE       VALUE  FROM      YEAR
                                                  NORMAL
..................................................................
TEMPERATURE (F)
 YESTERDAY
  MAXIMUM         37    225 PM  74    1998  46     -9       43
  MINIMUM         33   1159 PM  10    1956  28      5       31
  AVERAGE         35                        37     -2       37

PRECIPITATION (IN)
  YESTERDAY        0.75          2.26 1978   0.14   0.61     0.00
  MONTH TO DATE    2.82                      3.67  -0.85     3.45
  SINCE MAR 1      2.82                      3.67  -0.85     3.45
  SINCE JAN 1     11.02                     10.30   0.72    10.99

SNOWFALL (IN)
  YESTERDAY       MM             1.3  1994   0.3   MM        0.0
  MONTH TO DATE   18.2                      11.7    6.5      7.1
  SINCE MAR 1     18.2                      11.7    6.5      7.1
  SINCE JUL 1     84.4                      58.1   26.3     48.1
  SNOW DEPTH       4

DEGREE DAYS
 HEATING
  YESTERDAY       30                        28      2       28
  MONTH TO DATE 1004                       868    136      750
  SINCE MAR 1   1004                       868    136      750
  SINCE JUL 1   5482                      5910   -428     5041

 COOLING
  YESTERDAY        0                         0      0        0
  MONTH TO DATE    0                         0      0        0
  SINCE MAR 1      0                         0      0        0
  SINCE JAN 1      0                         0      0        0
..................................................................


WIND (MPH)
  RESULTANT WIND SPEED   7   RESULTANT WIND DIRECTION   E (80)
  HIGHEST WIND SPEED    18   HIGHEST WIND DIRECTION     E (70)
  HIGHEST GUST SPEED    25   HIGHEST GUST DIRECTION    NE (60)
  AVERAGE WIND SPEED     9.1


SKY COVER
  AVERAGE SKY COVER 0.9


WEATHER CONDITIONS
 THE FOLLOWING WEATHER WAS RECORDED YESTERDAY.
  RAIN
  LIGHT RAIN
  FOG
  HAZE


RELATIVE HUMIDITY (PERCENT)
 HIGHEST   100           800 AM
 LOWEST     82           200 AM
 AVERAGE    91

..........................................................


THE PORTLAND ME CLIMATE NORMALS FOR TODAY
                         NORMAL    RECORD    YEAR
 MAXIMUM TEMPERATURE (F)   46        75      1998
 MINIMUM TEMPERATURE (F)   29        12      1982


SUNRISE AND SUNSET
MARCH 28 2017.........SUNRISE   630 AM EDT   SUNSET   704 PM EDT
MARCH 29 2017.........SUNRISE   628 AM EDT   SUNSET   705 PM EDT


-  INDICATES NEGATIVE NUMBERS.
R  INDICATES RECORD WAS SET OR TIED.
MM INDICATES DATA IS MISSING.
T  INDICATES TRACE AMOUNT.




$$
