000
CDUS46 KSGX 301419
CLIRAL


CLIMATE REPORT
NATIONAL WEATHER SERVICE SAN DIEGO, CA
719 AM PDT SAT JUL 30 2016


...................................

...THE RIVERSIDE MUNI AIRPORT CA CLIMATE SUMMARY FOR JULY 29 2016...

CLIMATE NORMAL PERIOD 1981 TO 2010
CLIMATE RECORD PERIOD 1893 TO 2016


WEATHER ITEM   OBSERVED TIME   RECORD YEAR NORMAL DEPARTURE LAST
                VALUE   (LST)  VALUE       VALUE  FROM      YEAR
                                                  NORMAL
..................................................................
TEMPERATURE (F)
 YESTERDAY
  MAXIMUM        102   1259 PM 109    1980  95      7       97
  MINIMUM         73    513 AM  49    1930  65      8       66
  AVERAGE         88                        80      8       82

PRECIPITATION (IN)
  YESTERDAY        0.00          0.11 1952   0.00   0.00     0.00
  MONTH TO DATE    0.00                      0.06  -0.06     1.94
  SINCE OCT 1      5.45                     12.06  -6.61     7.69
  SINCE JAN 1      4.28                      9.25  -4.97     4.46

DEGREE DAYS
 HEATING
  YESTERDAY        0                         0      0        0
  MONTH TO DATE    0                         0      0        0
  SINCE JUN 1      0                         2     -2        0
  SINCE JUL 1      0                         0      0        0

 COOLING
  YESTERDAY       23                        15      8       17
  MONTH TO DATE  478                       386     92      368
  SINCE JUN 1    863                       606    257      739
  SINCE JAN 1   1144                       783    361     1048
..................................................................


WIND (MPH)
  RESULTANT WIND SPEED   3   RESULTANT WIND DIRECTION   W (280)
  HIGHEST WIND SPEED    15   HIGHEST WIND DIRECTION     W (280)
  HIGHEST GUST SPEED    24   HIGHEST GUST DIRECTION     W (260)
  AVERAGE WIND SPEED     4.8


SKY COVER
  POSSIBLE SUNSHINE  MM
  AVERAGE SKY COVER 0.0


WEATHER CONDITIONS
 THE FOLLOWING WEATHER WAS RECORDED YESTERDAY.
  NO SIGNIFICANT WEATHER WAS OBSERVED.


RELATIVE HUMIDITY (PERCENT)
 HIGHEST    60          1100 PM
 LOWEST     21          1200 PM
 AVERAGE    41

..........................................................


THE RIVERSIDE MUNI AIRPORT CA CLIMATE NORMALS FOR TODAY
                         NORMAL    RECORD    YEAR
 MAXIMUM TEMPERATURE (F)   95       108      1972
 MINIMUM TEMPERATURE (F)   65        49      1913


SUNRISE AND SUNSET
JULY 30 2016..........SUNRISE   600 AM PDT   SUNSET   752 PM PDT
JULY 31 2016..........SUNRISE   601 AM PDT   SUNSET   751 PM PDT


-  INDICATES NEGATIVE NUMBERS.
R  INDICATES RECORD WAS SET OR TIED.
MM INDICATES DATA IS MISSING.
T  INDICATES TRACE AMOUNT.




$$
