000
CDUS46 KSGX 210017
CLIRAL


CLIMATE REPORT
NATIONAL WEATHER SERVICE SAN DIEGO, CA
517 PM PDT MON OCT 20 2014


...................................

...THE RIVERSIDE MUNI AIRPORT CA CLIMATE SUMMARY FOR OCTOBER 20 2014...
VALID TODAY AS OF 0500 PM LOCAL TIME.

CLIMATE NORMAL PERIOD 1981 TO 2010
CLIMATE RECORD PERIOD 1893 TO 2014


WEATHER ITEM   OBSERVED TIME   RECORD YEAR NORMAL DEPARTURE LAST
                VALUE   (LST)  VALUE       VALUE  FROM      YEAR
                                                  NORMAL
..................................................................
TEMPERATURE (F)
 TODAY
  MAXIMUM         81    333 PM 104    1940  81      0       84
  MINIMUM         58    550 AM  33    1949  54      4       51
  AVERAGE         70                        67      3       68

PRECIPITATION (IN)
  TODAY            0.00          1.63 2004   0.01  -0.01     0.00
  MONTH TO DATE    0.00                      0.13  -0.13     0.30
  SINCE JUL 1      0.37                      0.53  -0.16     0.46
  SINCE JAN 1      2.09                      9.72  -7.63     2.67

SNOWFALL (IN)
  TODAY            0.0
  MONTH TO DATE    0.0
  SINCE JAN 1      0.0
  SINCE JUL 1      0.0
  SNOW DEPTH       0

DEGREE DAYS
 HEATING
  TODAY            0                         1     -1        0
  MONTH TO DATE    0                        10    -10       16
  SINCE SEP 1      0                        12    -12       16
  SINCE JUL 1      0                        12    -12       16

 COOLING
  TODAY            5                         4      1        3
  MONTH TO DATE  185                       108     77       81
  SINCE SEP 1    637                       442    195      474
  SINCE JAN 1   2228                      1700    528     1943
..................................................................


WIND (MPH)
  RESULTANT WIND SPEED   1   RESULTANT WIND DIRECTION   W (250)
  HIGHEST WIND SPEED    12   HIGHEST WIND DIRECTION     W (260)
  HIGHEST GUST SPEED    16   HIGHEST GUST DIRECTION     W (250)
  AVERAGE WIND SPEED     1.5


SKY COVER
  POSSIBLE SUNSHINE  MM
  AVERAGE SKY COVER 0.3


WEATHER CONDITIONS
 THE FOLLOWING WEATHER WAS RECORDED TODAY.
  FOG
  HAZE


RELATIVE HUMIDITY (PERCENT)
 HIGHEST    90           700 AM
 LOWEST     45           300 PM
 AVERAGE    68

..........................................................


THE RIVERSIDE MUNI AIRPORT CA CLIMATE NORMALS FOR TOMORROW
                         NORMAL    RECORD    YEAR
 MAXIMUM TEMPERATURE (F)   81       103      2003
 MINIMUM TEMPERATURE (F)   54        32      1949


SUNRISE AND SUNSET
OCTOBER 20 2014.......SUNRISE   659 AM PDT   SUNSET   610 PM PDT
OCTOBER 21 2014.......SUNRISE   700 AM PDT   SUNSET   609 PM PDT


-  INDICATES NEGATIVE NUMBERS.
R  INDICATES RECORD WAS SET OR TIED.
MM INDICATES DATA IS MISSING.
T  INDICATES TRACE AMOUNT.




$$
