000
CDUS46 KSGX 230122
CLIRAL


CLIMATE REPORT
NATIONAL WEATHER SERVICE SAN DIEGO, CA
522 PM PST SUN JAN 22 2017


...................................

...THE RIVERSIDE MUNI AIRPORT CA CLIMATE SUMMARY FOR JANUARY 22 2017...
VALID TODAY AS OF 0500 PM LOCAL TIME.

CLIMATE NORMAL PERIOD 1981 TO 2010
CLIMATE RECORD PERIOD 1893 TO 2017


WEATHER ITEM   OBSERVED TIME   RECORD YEAR NORMAL DEPARTURE LAST
                VALUE   (LST)  VALUE       VALUE  FROM      YEAR
                                                  NORMAL
..................................................................
TEMPERATURE (F)
 TODAY
  MAXIMUM         50    359 PM  85    1994  67    -17       72
  MINIMUM         48    256 PM  21    1937  44      4       45
  AVERAGE         49                        55     -6       59

PRECIPITATION (IN)
  TODAY            1.08          1.32 2010   0.10   0.98     0.00
  MONTH TO DATE    4.49                      2.42   2.07     2.50
  SINCE OCT 1      9.75                      5.23   4.52     3.67
  SINCE JAN 1      4.49                      2.42   2.07     2.50

DEGREE DAYS
 HEATING
  TODAY           16                        10      6        6
  MONTH TO DATE  254                       224     30      228
  SINCE DEC 1    515                       550    -35      559
  SINCE JUL 1    619                       750   -131      721

 COOLING
  TODAY            0                         0      0        0
  MONTH TO DATE    0                         0      0        0
  SINCE DEC 1      0                         2     -2        2
  SINCE JAN 1      0                         0      0        0
..................................................................


WIND (MPH)
  RESULTANT WIND SPEED   5   RESULTANT WIND DIRECTION   E (80)
  HIGHEST WIND SPEED    14   HIGHEST WIND DIRECTION     E (110)
  HIGHEST GUST SPEED    19   HIGHEST GUST DIRECTION     E (80)
  AVERAGE WIND SPEED     5.8


SKY COVER
  POSSIBLE SUNSHINE  MM
  AVERAGE SKY COVER 1.0


WEATHER CONDITIONS
 THE FOLLOWING WEATHER WAS RECORDED TODAY.
  HEAVY RAIN
  RAIN
  LIGHT RAIN
  FOG


RELATIVE HUMIDITY (PERCENT)
 HIGHEST   100           900 AM
 LOWEST     86          1200 AM
 AVERAGE    93

..........................................................


THE RIVERSIDE MUNI AIRPORT CA CLIMATE NORMALS FOR TOMORROW
                         NORMAL    RECORD    YEAR
 MAXIMUM TEMPERATURE (F)   67        88      1948
                                             1946
 MINIMUM TEMPERATURE (F)   44        25      1937


SUNRISE AND SUNSET
JANUARY 22 2017.......SUNRISE   652 AM PST   SUNSET   511 PM PST
JANUARY 23 2017.......SUNRISE   652 AM PST   SUNSET   512 PM PST


-  INDICATES NEGATIVE NUMBERS.
R  INDICATES RECORD WAS SET OR TIED.
MM INDICATES DATA IS MISSING.
T  INDICATES TRACE AMOUNT.




$$
