000
CDUS46 KSGX 241427
CLIRAL


CLIMATE REPORT
NATIONAL WEATHER SERVICE SAN DIEGO, CA
726 AM PDT FRI MAR 24 2017


...................................

...THE RIVERSIDE MUNI AIRPORT CA CLIMATE SUMMARY FOR MARCH 23 2017...

CLIMATE NORMAL PERIOD 1981 TO 2010
CLIMATE RECORD PERIOD 1893 TO 2017


WEATHER ITEM   OBSERVED TIME   RECORD YEAR NORMAL DEPARTURE LAST
                VALUE   (LST)  VALUE       VALUE  FROM      YEAR
                                                  NORMAL
..................................................................
TEMPERATURE (F)
 YESTERDAY
  MAXIMUM         69    218 PM  92    1931  72     -3       78
                                      1927
                                      1926
  MINIMUM         47    618 AM  30    1935  47      0       48
  AVERAGE         58                        60     -2       63

PRECIPITATION (IN)
  YESTERDAY        0.00          1.64 1904   0.03  -0.03     0.00
  MONTH TO DATE    0.16                      1.79  -1.63     0.69
  SINCE OCT 1     13.09                     10.58   2.51     4.69
  SINCE JAN 1      7.83                      7.77   0.06     3.52

DEGREE DAYS
 HEATING
  YESTERDAY        7                         6      1        2
  MONTH TO DATE   73                       162    -89       72
  SINCE MAR 1     73                       162    -89       72
  SINCE JUL 1   1037                      1270   -233      949

 COOLING
  YESTERDAY        0                         0      0        0
  MONTH TO DATE   55                         4     51       23
  SINCE MAR 1     55                         4     51       23
  SINCE JAN 1     55                        13     42       99
..................................................................


WIND (MPH)
  RESULTANT WIND SPEED   3   RESULTANT WIND DIRECTION   W (260)
  HIGHEST WIND SPEED    17   HIGHEST WIND DIRECTION     W (260)
  HIGHEST GUST SPEED    20   HIGHEST GUST DIRECTION     W (260)
  AVERAGE WIND SPEED     4.8


SKY COVER
  POSSIBLE SUNSHINE  MM
  AVERAGE SKY COVER 0.3


WEATHER CONDITIONS
 THE FOLLOWING WEATHER WAS RECORDED YESTERDAY.
  NO SIGNIFICANT WEATHER WAS OBSERVED.


RELATIVE HUMIDITY (PERCENT)
 HIGHEST    93           700 AM
 LOWEST     34           300 PM
 AVERAGE    64

..........................................................


THE RIVERSIDE MUNI AIRPORT CA CLIMATE NORMALS FOR TODAY
                         NORMAL    RECORD    YEAR
 MAXIMUM TEMPERATURE (F)   72        94      1988
 MINIMUM TEMPERATURE (F)   47        30      1916


SUNRISE AND SUNSET
MARCH 24 2017.........SUNRISE   648 AM PDT   SUNSET   705 PM PDT
MARCH 25 2017.........SUNRISE   646 AM PDT   SUNSET   706 PM PDT


-  INDICATES NEGATIVE NUMBERS.
R  INDICATES RECORD WAS SET OR TIED.
MM INDICATES DATA IS MISSING.
T  INDICATES TRACE AMOUNT.




$$
