000
CDUS46 KSGX 211131
CLIRAL


CLIMATE REPORT
NATIONAL WEATHER SERVICE SAN DIEGO, CA
431 AM PDT MON AUG 21 2017


...................................

...THE RIVERSIDE MUNI AIRPORT CA CLIMATE SUMMARY FOR AUGUST 20 2017...

CLIMATE NORMAL PERIOD 1981 TO 2010
CLIMATE RECORD PERIOD 1893 TO 2017


WEATHER ITEM   OBSERVED TIME   RECORD YEAR NORMAL DEPARTURE LAST
                VALUE   (LST)  VALUE       VALUE  FROM      YEAR
                                                  NORMAL
..................................................................
TEMPERATURE (F)
 YESTERDAY
  MAXIMUM         90    144 PM 107    1940  94     -4       93
  MINIMUM         62    349 AM  46    1916  64     -2       65
  AVERAGE         76                        79     -3       79

PRECIPITATION (IN)
  YESTERDAY        0.00          0.09 2014   0.00   0.00     0.00
  MONTH TO DATE    0.04                      0.08  -0.04     0.00
  SINCE OCT 1     13.26                     12.15   1.11     5.45
  SINCE JAN 1      8.00                      9.34  -1.34     4.28

DEGREE DAYS
 HEATING
  YESTERDAY        0                         0      0        0
  MONTH TO DATE    0                         0      0        0
  SINCE JUN 1      0                         2     -2        0
  SINCE JUL 1      0                         0      0        0

 COOLING
  YESTERDAY       11                        14     -3       14
  MONTH TO DATE  306                       295     11      325
  SINCE JUN 1   1167                       930    237     1225
  SINCE JAN 1   1445                      1107    338     1506
..................................................................


WIND (MPH)
  RESULTANT WIND SPEED   6   RESULTANT WIND DIRECTION   W (270)
  HIGHEST WIND SPEED    20   HIGHEST WIND DIRECTION     W (270)
  HIGHEST GUST SPEED    26   HIGHEST GUST DIRECTION     W (270)
  AVERAGE WIND SPEED     6.6


SKY COVER
  POSSIBLE SUNSHINE  MM
  AVERAGE SKY COVER 0.2


WEATHER CONDITIONS
 THE FOLLOWING WEATHER WAS RECORDED YESTERDAY.
  FOG
  HAZE


RELATIVE HUMIDITY (PERCENT)
 HIGHEST    93           200 AM
 LOWEST     37           100 PM
 AVERAGE    65

..........................................................


THE RIVERSIDE MUNI AIRPORT CA CLIMATE NORMALS FOR TODAY
                         NORMAL    RECORD    YEAR
 MAXIMUM TEMPERATURE (F)   94       108      1982
 MINIMUM TEMPERATURE (F)   64        47      1916


SUNRISE AND SUNSET
AUGUST 21 2017........SUNRISE   616 AM PDT   SUNSET   729 PM PDT
AUGUST 22 2017........SUNRISE   617 AM PDT   SUNSET   728 PM PDT


-  INDICATES NEGATIVE NUMBERS.
R  INDICATES RECORD WAS SET OR TIED.
MM INDICATES DATA IS MISSING.
T  INDICATES TRACE AMOUNT.




$$
