000
CDUS46 KSGX 261418
CLIRAL


CLIMATE REPORT
NATIONAL WEATHER SERVICE SAN DIEGO, CA
618 AM PST FRI DEC 26 2014


...................................

...THE RIVERSIDE MUNI AIRPORT CA CLIMATE SUMMARY FOR DECEMBER 25 2014...

CLIMATE NORMAL PERIOD 1981 TO 2010
CLIMATE RECORD PERIOD 1893 TO 2014


WEATHER ITEM   OBSERVED TIME   RECORD YEAR NORMAL DEPARTURE LAST
                VALUE   (LST)  VALUE       VALUE  FROM      YEAR
                                                  NORMAL
..................................................................
TEMPERATURE (F)
 YESTERDAY
  MAXIMUM         62    239 PM  83    1980  66     -4       77
  MINIMUM         49    640 AM  25    1953  42      7       51
                                      1926
  AVERAGE         56                        54      2       64

PRECIPITATION (IN)
  YESTERDAY        0.00          1.14 1940   0.05  -0.05     0.00
  MONTH TO DATE    2.89                      1.02   1.87     0.16
  SINCE JUL 1      3.54                      2.70   0.84     1.15
  SINCE JAN 1      5.26                     11.89  -6.63     3.36

SNOWFALL (IN)
  YESTERDAY        0.0
  MONTH TO DATE    0.0
  SINCE JAN 1      0.0
  SINCE JUL 1      0.0
  SNOW DEPTH       0

DEGREE DAYS
 HEATING
  YESTERDAY        9                        11     -2        1
  MONTH TO DATE  159                       261   -102      211
  SINCE DEC 1    159                       261   -102      211
  SINCE JUL 1    223                       461   -238      354

 COOLING
  YESTERDAY        0                         0      0        0
  MONTH TO DATE    5                         0      5       10
  SINCE DEC 1      5                         0      5       10
  SINCE JAN 1   2348                      1754    594     1996
..................................................................


WIND (MPH)
  RESULTANT WIND SPEED   9   RESULTANT WIND DIRECTION  NE (40)
  HIGHEST WIND SPEED    23   HIGHEST WIND DIRECTION    NE (40)
  HIGHEST GUST SPEED    34   HIGHEST GUST DIRECTION    NE (30)
  AVERAGE WIND SPEED     9.4


SKY COVER
  POSSIBLE SUNSHINE  MM
  AVERAGE SKY COVER 0.2


WEATHER CONDITIONS
 THE FOLLOWING WEATHER WAS RECORDED YESTERDAY.
  NO SIGNIFICANT WEATHER WAS OBSERVED.


RELATIVE HUMIDITY (PERCENT)
 HIGHEST    71          1200 AM
 LOWEST     15           100 PM
 AVERAGE    43

..........................................................


THE RIVERSIDE MUNI AIRPORT CA CLIMATE NORMALS FOR TODAY
                         NORMAL    RECORD    YEAR
 MAXIMUM TEMPERATURE (F)   66        86      1980
 MINIMUM TEMPERATURE (F)   42        21      1911


SUNRISE AND SUNSET
DECEMBER 26 2014......SUNRISE   653 AM PST   SUNSET   448 PM PST
DECEMBER 27 2014......SUNRISE   654 AM PST   SUNSET   448 PM PST


-  INDICATES NEGATIVE NUMBERS.
R  INDICATES RECORD WAS SET OR TIED.
MM INDICATES DATA IS MISSING.
T  INDICATES TRACE AMOUNT.




$$
