000
CDUS46 KSGX 291418
CLIRAL


CLIMATE REPORT
NATIONAL WEATHER SERVICE SAN DIEGO, CA
718 AM PDT SAT AUG 29 2015


...................................

...THE RIVERSIDE MUNI AIRPORT CA CLIMATE SUMMARY FOR AUGUST 28 2015...

CLIMATE NORMAL PERIOD 1981 TO 2010
CLIMATE RECORD PERIOD 1893 TO 2015


WEATHER ITEM   OBSERVED TIME   RECORD YEAR NORMAL DEPARTURE LAST
                VALUE   (LST)  VALUE       VALUE  FROM      YEAR
                                                  NORMAL
..................................................................
TEMPERATURE (F)
 YESTERDAY
  MAXIMUM        105    234 PM 108    1981  94     11       99
  MINIMUM         72    544 AM  45    1902  64      8       67
  AVERAGE         89                        79     10       83

PRECIPITATION (IN)
  YESTERDAY        0.00          0.05 1912   0.00   0.00     0.00
  MONTH TO DATE    0.01                      0.08  -0.07     0.14
  SINCE OCT 1      7.70                     12.15  -4.45     2.85
  SINCE JAN 1      4.47                      9.34  -4.87     1.86

DEGREE DAYS
 HEATING
  YESTERDAY        0                         0      0        0
  MONTH TO DATE    0                         0      0        0
  SINCE JUN 1      0                         2     -2        0
  SINCE JUL 1      0                         0      0        0

 COOLING
  YESTERDAY       24                        14     10       18
  MONTH TO DATE  463                       407     56      398
  SINCE JUN 1   1239                      1042    197     1161
  SINCE JAN 1   1548                      1219    329     1539
..................................................................


WIND (MPH)
  RESULTANT WIND SPEED   3   RESULTANT WIND DIRECTION   W (270)
  HIGHEST WIND SPEED    18   HIGHEST WIND DIRECTION     W (270)
  HIGHEST GUST SPEED    26   HIGHEST GUST DIRECTION     W (280)
  AVERAGE WIND SPEED     4.8


SKY COVER
  POSSIBLE SUNSHINE  MM
  AVERAGE SKY COVER 0.0


WEATHER CONDITIONS
 THE FOLLOWING WEATHER WAS RECORDED YESTERDAY.
  NO SIGNIFICANT WEATHER WAS OBSERVED.


RELATIVE HUMIDITY (PERCENT)
 HIGHEST    61           400 AM
 LOWEST     13           300 PM
 AVERAGE    37

..........................................................


THE RIVERSIDE MUNI AIRPORT CA CLIMATE NORMALS FOR TODAY
                         NORMAL    RECORD    YEAR
 MAXIMUM TEMPERATURE (F)   94       112      1998
 MINIMUM TEMPERATURE (F)   64        45      1917
                                             1902
                                             1895


SUNRISE AND SUNSET
AUGUST 29 2015........SUNRISE   621 AM PDT   SUNSET   720 PM PDT
AUGUST 30 2015........SUNRISE   622 AM PDT   SUNSET   718 PM PDT


-  INDICATES NEGATIVE NUMBERS.
R  INDICATES RECORD WAS SET OR TIED.
MM INDICATES DATA IS MISSING.
T  INDICATES TRACE AMOUNT.




$$
