000
CDUS43 KUNR 130850
CLIRAP


CLIMATE REPORT
NATIONAL WEATHER SERVICE RAPID CITY SD
150 AM MST SAT FEB 13 2016


...................................

...THE RAPID CITY AIRPORT SD CLIMATE SUMMARY FOR FEBRUARY 12 2016...

CLIMATE NORMAL PERIOD 1981 TO 2010
CLIMATE RECORD PERIOD 1942 TO 2016


WEATHER ITEM   OBSERVED TIME   RECORD YEAR NORMAL DEPARTURE LAST
                VALUE   (LST)  VALUE       VALUE  FROM      YEAR
                                                  NORMAL
..................................................................
TEMPERATURE (F)
 YESTERDAY
  MAXIMUM         31    328 AM  72    1983  39     -8       57
  MINIMUM         22    711 PM -11    1949  14      8       14
  AVERAGE         27                        27      0       36

PRECIPITATION (IN)
  YESTERDAY        T             0.30 2007   0.02  -0.02     0.00
  MONTH TO DATE    0.22                      0.14   0.08      T
  SINCE DEC 1      1.06                      0.86   0.20     0.60
  SINCE JAN 1      0.43                      0.44  -0.01     0.18

SNOWFALL (IN)
  YESTERDAY       MM             4.6  1978   0.2   MM        0.0
  MONTH TO DATE    3.4                       2.0    1.4      0.3
  SINCE DEC 1     18.2                      11.8    6.4     13.3
  SINCE JUL 1     24.8                      19.6    5.2     28.8
  SNOW DEPTH       0

DEGREE DAYS
 HEATING
  YESTERDAY       38                        38      0       29
  MONTH TO DATE  393                       468    -75      371
  SINCE DEC 1   2816                      2949   -133     2642
  SINCE JUL 1   4261                      4624   -363     4450

 COOLING
  YESTERDAY        0                         0      0        0
  MONTH TO DATE    0                         0      0        0
  SINCE DEC 1      0                         0      0        0
  SINCE JAN 1      0                         0      0        0
..................................................................


WIND (MPH)
  HIGHEST WIND SPEED    18   HIGHEST WIND DIRECTION    SE (150)
  HIGHEST GUST SPEED    22   HIGHEST GUST DIRECTION     S (160)
  AVERAGE WIND SPEED    10.5


SKY COVER
  AVERAGE SKY COVER 1.0


WEATHER CONDITIONS
 THE FOLLOWING WEATHER WAS RECORDED YESTERDAY.
  LT FREEZING RAIN
  FOG
  FOG W/VISIBILITY <= 1/4 MILE


RELATIVE HUMIDITY (PERCENT)
 HIGHEST   100          1100 AM
 LOWEST     85          1200 AM
 AVERAGE    93

..........................................................


THE RAPID CITY AIRPORT SD CLIMATE NORMALS FOR TODAY
                         NORMAL    RECORD    YEAR
 MAXIMUM TEMPERATURE (F)   39        68      1954
 MINIMUM TEMPERATURE (F)   15       -16      2007


SUNRISE AND SUNSET
FEBRUARY 13 2016......SUNRISE   655 AM MST   SUNSET   519 PM MST
FEBRUARY 14 2016......SUNRISE   654 AM MST   SUNSET   520 PM MST


-  INDICATES NEGATIVE NUMBERS.
R  INDICATES RECORD WAS SET OR TIED.
MM INDICATES DATA IS MISSING.
T  INDICATES TRACE AMOUNT.




$$
