922
CDUS43 KUNR 251832
CLIRAP


CLIMATE REPORT
NATIONAL WEATHER SERVICE RAPID CITY SD
1231 PM MDT TUE APR 25 2017


...................................

...THE RAPID CITY AIRPORT SD CLIMATE SUMMARY FOR APRIL 25 2017...
VALID AS OF 1100 AM LOCAL TIME.

CLIMATE NORMAL PERIOD 1981 TO 2010
CLIMATE RECORD PERIOD 1942 TO 2017


WEATHER ITEM   OBSERVED TIME   RECORD YEAR NORMAL DEPARTURE LAST
                VALUE   (LST)  VALUE       VALUE  FROM      YEAR
                                                  NORMAL
..................................................................
TEMPERATURE (F)
 TODAY
  MAXIMUM         37    136 AM  86    1962  62    -25       53
  MINIMUM         30   1059 AM  22    2002  35     -5       39
  AVERAGE         34                        48    -14       46

PRECIPITATION (IN)
  TODAY            0.30          1.64 1984   0.08   0.22     0.00
  MONTH TO DATE    1.74                      1.37   0.37     0.77
  SINCE MAR 1      2.27                      2.30  -0.03     1.86
  SINCE JAN 1      3.08                      3.04   0.04     2.72

SNOWFALL (IN)
  TODAY            2.5           8.1  1984   0.2    2.3      0.0
  MONTH TO DATE    5.0                       7.0   -2.0      2.0
  SINCE MAR 1      5.5                      15.7  -10.2      8.0
  SINCE JUL 1     36.0                      39.1   -3.1     34.1
  SNOW DEPTH       2

DEGREE DAYS
 HEATING
  TODAY           31                        17     14       19
  MONTH TO DATE  443                       522    -79      398
  SINCE MAR 1   1232                      1440   -208     1150
  SINCE JUL 1   6288                      6650   -362     5845

 COOLING
  TODAY            0                         0      0        0
  MONTH TO DATE    0                         0      0        0
  SINCE MAR 1      0                         0      0        0
  SINCE JAN 1      0                         0      0        0
..................................................................


WIND (MPH)
  HIGHEST WIND SPEED    21   HIGHEST WIND DIRECTION     N (10)
  HIGHEST GUST SPEED    23   HIGHEST GUST DIRECTION     N (10)
  AVERAGE WIND SPEED    14.7


SKY COVER
  AVERAGE SKY COVER 0.7


WEATHER CONDITIONS
 THE FOLLOWING WEATHER WAS RECORDED TODAY.
  LIGHT RAIN
  SNOW
  LIGHT SNOW
  FOG


RELATIVE HUMIDITY (PERCENT)
 HIGHEST    92           400 AM
 LOWEST     92           400 AM
 AVERAGE    92

..........................................................


THE RAPID CITY AIRPORT SD CLIMATE NORMALS FOR TOMORROW
                         NORMAL    RECORD    YEAR
 MAXIMUM TEMPERATURE (F)   62        89      1952
 MINIMUM TEMPERATURE (F)   35        20      1988
                                             1950


SUNRISE AND SUNSET
APRIL 25 2017.........SUNRISE   552 AM MDT   SUNSET   749 PM MDT
APRIL 26 2017.........SUNRISE   551 AM MDT   SUNSET   750 PM MDT


-  INDICATES NEGATIVE NUMBERS.
R  INDICATES RECORD WAS SET OR TIED.
MM INDICATES DATA IS MISSING.
T  INDICATES TRACE AMOUNT.




$$
