000
CDUS43 KUNR 030833
CLIRAP


CLIMATE REPORT
NATIONAL WEATHER SERVICE RAPID CITY SD
232 AM MDT MON AUG 3 2015


...................................

...THE RAPID CITY AIRPORT SD CLIMATE SUMMARY FOR AUGUST 2 2015...

CLIMATE NORMAL PERIOD 1981 TO 2010
CLIMATE RECORD PERIOD 1942 TO 2015


WEATHER ITEM   OBSERVED TIME   RECORD YEAR NORMAL DEPARTURE LAST
                VALUE   (LST)  VALUE       VALUE  FROM      YEAR
                                                  NORMAL
..................................................................
TEMPERATURE (F)
 YESTERDAY
  MAXIMUM         86    433 PM 100    2005  88     -2       88
                                      1996
  MINIMUM         61   1159 PM  47    1971  59      2       59
  AVERAGE         74                        74      0       74

PRECIPITATION (IN)
  YESTERDAY        0.00          1.65 1972   0.07  -0.07     0.00
  MONTH TO DATE    0.01                      0.13  -0.12      T
  SINCE JUN 1     11.14                      4.51   6.63     7.19
  SINCE JAN 1     19.19                     11.20   7.99    12.58

SNOWFALL (IN)
  YESTERDAY        0.0           0.0    MM   0.0    0.0      0.0
  MONTH TO DATE    0.0                       0.0    0.0      0.0
  SINCE JUN 1      0.0                       0.0    0.0      0.0
  SINCE JUL 1      0.0                       0.0    0.0      0.0
  SNOW DEPTH       0

DEGREE DAYS
 HEATING
  YESTERDAY        0                         0      0        0
  MONTH TO DATE    0                         0      0        0
  SINCE JUN 1     28                       114    -86      150
  SINCE JUL 1      1                        15    -14       22

 COOLING
  YESTERDAY        9                         9      0        9
  MONTH TO DATE   21                        18      3       16
  SINCE JUN 1    310                       352    -42      205
  SINCE JAN 1    310                       367    -57      225
..................................................................


WIND (MPH)
  HIGHEST WIND SPEED    17   HIGHEST WIND DIRECTION     N (360)
  HIGHEST GUST SPEED    21   HIGHEST GUST DIRECTION     N (10)
  AVERAGE WIND SPEED     8.1


SKY COVER
  AVERAGE SKY COVER 0.0


WEATHER CONDITIONS
 THE FOLLOWING WEATHER WAS RECORDED YESTERDAY.
  NO SIGNIFICANT WEATHER WAS OBSERVED.


RELATIVE HUMIDITY (PERCENT)
 HIGHEST    73          1200 AM
 LOWEST     32           300 PM
 AVERAGE    53

..........................................................


THE RAPID CITY AIRPORT SD CLIMATE NORMALS FOR TODAY
                         NORMAL    RECORD    YEAR
 MAXIMUM TEMPERATURE (F)   88       103      1947
 MINIMUM TEMPERATURE (F)   59        42      1978


SUNRISE AND SUNSET
AUGUST  3 2015........SUNRISE   542 AM MDT   SUNSET   814 PM MDT
AUGUST  4 2015........SUNRISE   543 AM MDT   SUNSET   813 PM MDT


-  INDICATES NEGATIVE NUMBERS.
R  INDICATES RECORD WAS SET OR TIED.
MM INDICATES DATA IS MISSING.
T  INDICATES TRACE AMOUNT.




$$
