000
CDUS43 KUNR 030834
CLIRAP


CLIMATE REPORT
NATIONAL WEATHER SERVICE RAPID CITY SD
233 AM MDT THU SEP 3 2015


...................................

...THE RAPID CITY AIRPORT SD CLIMATE SUMMARY FOR SEPTEMBER 2 2015...

CLIMATE NORMAL PERIOD 1981 TO 2010
CLIMATE RECORD PERIOD 1942 TO 2015


WEATHER ITEM   OBSERVED TIME   RECORD YEAR NORMAL DEPARTURE LAST
                VALUE   (LST)  VALUE       VALUE  FROM      YEAR
                                                  NORMAL
..................................................................
TEMPERATURE (F)
 YESTERDAY
  MAXIMUM         97    250 PM 104    1960  82     15       81
  MINIMUM         56    508 AM  38    2008  52      4       43
                                      1974
  AVERAGE         77                        67     10       62

PRECIPITATION (IN)
  YESTERDAY        0.00          0.75 1986   0.05  -0.05     0.00
  MONTH TO DATE    0.00                      0.09  -0.09     0.05
  SINCE SEP 1      0.00                      0.09  -0.09     0.05
  SINCE JAN 1     22.59                     12.72   9.87    16.65

SNOWFALL (IN)
  YESTERDAY        0.0           0.0    MM   0.0    0.0      0.0
  MONTH TO DATE    0.0                       0.0    0.0      0.0
  SINCE SEP 1      0.0                       0.0    0.0      0.0
  SINCE JUL 1      0.0                       0.0    0.0      0.0
  SNOW DEPTH       0

DEGREE DAYS
 HEATING
  YESTERDAY        0                         2     -2        3
  MONTH TO DATE    0                         4     -4        9
  SINCE SEP 1      0                         4     -4        9
  SINCE JUL 1     45                        41      4       45

 COOLING
  YESTERDAY       12                         4      8        0
  MONTH TO DATE   16                         8      8        0
  SINCE SEP 1     16                         8      8        0
  SINCE JAN 1    506                       580    -74      363
..................................................................


WIND (MPH)
  HIGHEST WIND SPEED    12   HIGHEST WIND DIRECTION     S (180)
  HIGHEST GUST SPEED    14   HIGHEST GUST DIRECTION     S (190)
  AVERAGE WIND SPEED     4.4


SKY COVER
  AVERAGE SKY COVER 0.0


WEATHER CONDITIONS
 THE FOLLOWING WEATHER WAS RECORDED YESTERDAY.
  NO SIGNIFICANT WEATHER WAS OBSERVED.


RELATIVE HUMIDITY (PERCENT)
 HIGHEST    80           100 AM
 LOWEST     21           200 PM
 AVERAGE    51

..........................................................


THE RAPID CITY AIRPORT SD CLIMATE NORMALS FOR TODAY
                         NORMAL    RECORD    YEAR
 MAXIMUM TEMPERATURE (F)   82       100      2005
                                             1948
 MINIMUM TEMPERATURE (F)   51        36      1974


SUNRISE AND SUNSET
SEPTEMBER  3 2015.....SUNRISE   617 AM MDT   SUNSET   725 PM MDT
SEPTEMBER  4 2015.....SUNRISE   619 AM MDT   SUNSET   723 PM MDT


-  INDICATES NEGATIVE NUMBERS.
R  INDICATES RECORD WAS SET OR TIED.
MM INDICATES DATA IS MISSING.
T  INDICATES TRACE AMOUNT.




$$
