911
CDUS43 KUNR 290832
CLIRAP


CLIMATE REPORT
NATIONAL WEATHER SERVICE RAPID CITY SD
231 AM MDT FRI JUL 29 2016


...................................

...THE RAPID CITY AIRPORT SD CLIMATE SUMMARY FOR JULY 28 2016...

CLIMATE NORMAL PERIOD 1981 TO 2010
CLIMATE RECORD PERIOD 1942 TO 2016


WEATHER ITEM   OBSERVED TIME   RECORD YEAR NORMAL DEPARTURE LAST
                VALUE   (LST)  VALUE       VALUE  FROM      YEAR
                                                  NORMAL
..................................................................
TEMPERATURE (F)
 YESTERDAY
  MAXIMUM         77    225 PM 109    2006  89    -12       79
  MINIMUM         54   1139 PM  41    1971  59     -5       50
  AVERAGE         66                        74     -8       65

PRECIPITATION (IN)
  YESTERDAY        0.04          0.30 1966   0.07  -0.03     0.00
  MONTH TO DATE    1.05                      1.65  -0.60     4.01
  SINCE JUN 1      2.27                      4.18  -1.91    11.13
  SINCE JAN 1      6.91                     10.87  -3.96    19.18

SNOWFALL (IN)
  YESTERDAY        0.0           0.0    MM   0.0    0.0      0.0
  MONTH TO DATE    0.0                       0.0    0.0      0.0
  SINCE JUN 1      0.0                       0.0    0.0      0.0
  SINCE JUL 1      0.0                       0.0    0.0      0.0
  SNOW DEPTH       0

DEGREE DAYS
 HEATING
  YESTERDAY        0                         0      0        0
  MONTH TO DATE    3                        10     -7        1
  SINCE JUN 1     13                       109    -96       28
  SINCE JUL 1      3                        10     -7        1

 COOLING
  YESTERDAY        1                         9     -8        0
  MONTH TO DATE  233                       223     10      180
  SINCE JUN 1    419                       307    112      276
  SINCE JAN 1    419                       322     97      276
..................................................................


WIND (MPH)
  HIGHEST WIND SPEED    16   HIGHEST WIND DIRECTION    NE (40)
  HIGHEST GUST SPEED    20   HIGHEST GUST DIRECTION    NE (30)
  AVERAGE WIND SPEED     6.4


SKY COVER
  AVERAGE SKY COVER 0.4


WEATHER CONDITIONS
 THE FOLLOWING WEATHER WAS RECORDED YESTERDAY.
  RAIN
  FOG
  FOG W/VISIBILITY <= 1/4 MILE


RELATIVE HUMIDITY (PERCENT)
 HIGHEST   100          1100 PM
 LOWEST     49           400 PM
 AVERAGE    75

..........................................................


THE RAPID CITY AIRPORT SD CLIMATE NORMALS FOR TODAY
                         NORMAL    RECORD    YEAR
 MAXIMUM TEMPERATURE (F)   89       108      2006
 MINIMUM TEMPERATURE (F)   59        41      1971


SUNRISE AND SUNSET
JULY 29 2016..........SUNRISE   538 AM MDT   SUNSET   819 PM MDT
JULY 30 2016..........SUNRISE   539 AM MDT   SUNSET   818 PM MDT


-  INDICATES NEGATIVE NUMBERS.
R  INDICATES RECORD WAS SET OR TIED.
MM INDICATES DATA IS MISSING.
T  INDICATES TRACE AMOUNT.




$$
