000
CDUS43 KUNR 290830
CLIRAP


CLIMATE REPORT
NATIONAL WEATHER SERVICE RAPID CITY SD
230 AM MDT SAT JUL 29 2017


...................................

...THE RAPID CITY AIRPORT SD CLIMATE SUMMARY FOR JULY 28 2017...

CLIMATE NORMAL PERIOD 1981 TO 2010
CLIMATE RECORD PERIOD 1942 TO 2017


WEATHER ITEM   OBSERVED TIME   RECORD YEAR NORMAL DEPARTURE LAST
                VALUE   (LST)  VALUE       VALUE  FROM      YEAR
                                                  NORMAL
..................................................................
TEMPERATURE (F)
 YESTERDAY
  MAXIMUM         90    237 PM 109    2006  89      1       77
  MINIMUM         58    357 AM  41    1971  59     -1       54
  AVERAGE         74                        74      0       66

PRECIPITATION (IN)
  YESTERDAY        0.00          0.30 1966   0.07  -0.07     0.04
  MONTH TO DATE    1.00                      1.65  -0.65     1.90
  SINCE JUN 1      2.75                      4.18  -1.43     3.12
  SINCE JAN 1      7.02                     10.87  -3.85     7.76

SNOWFALL (IN)
  YESTERDAY        0.0           0.0    MM   0.0    0.0      0.0
  MONTH TO DATE    0.0                       0.0    0.0      0.0
  SINCE JUN 1      0.0                       0.0    0.0      0.0
  SINCE JUL 1      0.0                       0.0    0.0      0.0
  SNOW DEPTH       0

DEGREE DAYS
 HEATING
  YESTERDAY        0                         0      0        0
  MONTH TO DATE    0                        10    -10        3
  SINCE JUN 1     33                       109    -76       13
  SINCE JUL 1      0                        10    -10        3

 COOLING
  YESTERDAY        9                         9      0        1
  MONTH TO DATE  348                       223    125      233
  SINCE JUN 1    450                       307    143      419
  SINCE JAN 1    462                       322    140      419
..................................................................


WIND (MPH)
  HIGHEST WIND SPEED    18   HIGHEST WIND DIRECTION    SE (120)
  HIGHEST GUST SPEED    23   HIGHEST GUST DIRECTION    SE (120)
  AVERAGE WIND SPEED     4.5


SKY COVER
  AVERAGE SKY COVER 0.1


WEATHER CONDITIONS
 THE FOLLOWING WEATHER WAS RECORDED YESTERDAY.
  NO SIGNIFICANT WEATHER WAS OBSERVED.


RELATIVE HUMIDITY (PERCENT)
 HIGHEST    87           400 AM
 LOWEST     31           600 PM
 AVERAGE    59

..........................................................


THE RAPID CITY AIRPORT SD CLIMATE NORMALS FOR TODAY
                         NORMAL    RECORD    YEAR
 MAXIMUM TEMPERATURE (F)   89       108      2006
 MINIMUM TEMPERATURE (F)   59        41      1971


SUNRISE AND SUNSET
JULY 29 2017..........SUNRISE   537 AM MDT   SUNSET   819 PM MDT
JULY 30 2017..........SUNRISE   538 AM MDT   SUNSET   818 PM MDT


-  INDICATES NEGATIVE NUMBERS.
R  INDICATES RECORD WAS SET OR TIED.
MM INDICATES DATA IS MISSING.
T  INDICATES TRACE AMOUNT.




$$
