000
CDUS43 KUNR 250041
CLIRAP


CLIMATE REPORT
NATIONAL WEATHER SERVICE RAPID CITY SD
541 PM MST FRI NOV 24 2017


...................................

...THE RAPID CITY AIRPORT SD CLIMATE SUMMARY FOR NOVEMBER 24 2017...
VALID TODAY AS OF 0500 PM LOCAL TIME.

CLIMATE NORMAL PERIOD 1981 TO 2010
CLIMATE RECORD PERIOD 1942 TO 2017


WEATHER ITEM   OBSERVED TIME   RECORD YEAR NORMAL DEPARTURE LAST
                VALUE   (LST)  VALUE       VALUE  FROM      YEAR
                                                  NORMAL
..................................................................
TEMPERATURE (F)
 TODAY
  MAXIMUM         60    133 AM  74    1990  43     17       44
  MINIMUM         39    459 PM -10    2010  18     21       18
  AVERAGE         50                        30     20       31

PRECIPITATION (IN)
  TODAY            T             0.16 2014   0.01  -0.01     0.00
  MONTH TO DATE    0.14                      0.46  -0.32     0.20
  SINCE SEP 1      1.86                      3.17  -1.31     1.50
  SINCE JAN 1     11.02                     15.80  -4.78    12.47

SNOWFALL (IN)
  TODAY            0.0           2.5  2014   0.2   -0.2      0.0
  MONTH TO DATE    T                         5.0   -5.0      2.4
  SINCE SEP 1      T                         6.8   -6.8      2.4
  SINCE JUL 1      T                         6.8   -6.8      2.4
  SNOW DEPTH       0

DEGREE DAYS
 HEATING
  TODAY           15                        35    -20       34
  MONTH TO DATE  661                       697    -36      488
  SINCE SEP 1   1404                      1422    -18     1005
  SINCE JUL 1   1411                      1459    -48     1037

 COOLING
  TODAY            0                         0      0        0
  MONTH TO DATE    0                         0      0        0
  SINCE SEP 1     85                        64     21       30
  SINCE JAN 1    709                       636     73      646
..................................................................


WIND (MPH)
  HIGHEST WIND SPEED    45   HIGHEST WIND DIRECTION    NW (330)
  HIGHEST GUST SPEED    59   HIGHEST GUST DIRECTION     W (290)
  AVERAGE WIND SPEED    21.5


SKY COVER
  AVERAGE SKY COVER 0.1


WEATHER CONDITIONS
 THE FOLLOWING WEATHER WAS RECORDED TODAY.
  LIGHT RAIN


RELATIVE HUMIDITY (PERCENT)
 HIGHEST    66           800 AM
 LOWEST     32           100 PM
 AVERAGE    49

..........................................................


THE RAPID CITY AIRPORT SD CLIMATE NORMALS FOR TOMORROW
                         NORMAL    RECORD    YEAR
 MAXIMUM TEMPERATURE (F)   42        75      1960
 MINIMUM TEMPERATURE (F)   18        -8      2010


SUNRISE AND SUNSET
NOVEMBER 24 2017......SUNRISE   659 AM MST   SUNSET   419 PM MST
NOVEMBER 25 2017......SUNRISE   700 AM MST   SUNSET   418 PM MST


-  INDICATES NEGATIVE NUMBERS.
R  INDICATES RECORD WAS SET OR TIED.
MM INDICATES DATA IS MISSING.
T  INDICATES TRACE AMOUNT.




$$
