000
CDUS43 KUNR 280036
CLIRAP


CLIMATE REPORT
NATIONAL WEATHER SERVICE RAPID CITY SD
535 PM MST TUE JAN 27 2015


...................................

...THE RAPID CITY AIRPORT SD CLIMATE SUMMARY FOR JANUARY 27 2015...
VALID TODAY AS OF 0500 PM LOCAL TIME.

CLIMATE NORMAL PERIOD 1981 TO 2010
CLIMATE RECORD PERIOD 1942 TO 2015


WEATHER ITEM   OBSERVED TIME   RECORD YEAR NORMAL DEPARTURE LAST
                VALUE   (LST)  VALUE       VALUE  FROM      YEAR
                                                  NORMAL
..................................................................
TEMPERATURE (F)
 TODAY
  MAXIMUM         73R  1155 AM  63    1989  37     36       15
  MINIMUM         34   1204 AM -19    1963  13     21       -1
  AVERAGE         54                        25     29        7

PRECIPITATION (IN)
  TODAY            0.00          1.26 1944   0.01  -0.01     0.00
  MONTH TO DATE    0.13                      0.26  -0.13     0.22
  SINCE DEC 1      0.55                      0.68  -0.13     0.78
  SINCE JAN 1      0.13                      0.26  -0.13     0.22

SNOWFALL (IN)
  TODAY            0.0          16.3  1944   0.1   -0.1      0.0
  MONTH TO DATE    2.4                       3.8   -1.4      3.2
  SINCE DEC 1     11.5                       9.2    2.3     11.8
  SINCE JUL 1     27.0                      17.0   10.0     36.6
  SNOW DEPTH       0

DEGREE DAYS
 HEATING
  TODAY           11                        40    -29       58
  MONTH TO DATE 1017                      1082    -65     1026
  SINCE DEC 1   2147                      2323   -176     2449
  SINCE JUL 1   3955                      3998    -43     4169

 COOLING
  TODAY            0                         0      0        0
  MONTH TO DATE    0                         0      0        0
  SINCE DEC 1      0                         0      0        0
  SINCE JAN 1      0                         0      0        0
..................................................................


WIND (MPH)
  HIGHEST WIND SPEED    13   HIGHEST WIND DIRECTION    SE (140)
  HIGHEST GUST SPEED    15   HIGHEST GUST DIRECTION     W (290)
  AVERAGE WIND SPEED     7.1


SKY COVER
  AVERAGE SKY COVER 0.0


WEATHER CONDITIONS
 THE FOLLOWING WEATHER WAS RECORDED TODAY.
  NO SIGNIFICANT WEATHER WAS OBSERVED.


RELATIVE HUMIDITY (PERCENT)
 HIGHEST    75          1200 AM
 LOWEST     17           200 PM
 AVERAGE    46

..........................................................


THE RAPID CITY AIRPORT SD CLIMATE NORMALS FOR TOMORROW
                         NORMAL    RECORD    YEAR
 MAXIMUM TEMPERATURE (F)   37        66      1988
 MINIMUM TEMPERATURE (F)   13       -23      1972
                                             1951


SUNRISE AND SUNSET
JANUARY 27 2015.......SUNRISE   715 AM MST   SUNSET   455 PM MST
JANUARY 28 2015.......SUNRISE   714 AM MST   SUNSET   457 PM MST


-  INDICATES NEGATIVE NUMBERS.
R  INDICATES RECORD WAS SET OR TIED.
MM INDICATES DATA IS MISSING.
T  INDICATES TRACE AMOUNT.




$$
