000
CDUS43 KUNR 020116
CLIRAP


CLIMATE REPORT
NATIONAL WEATHER SERVICE RAPID CITY SD
716 PM MDT WED OCT 1 2014


...................................

...THE RAPID CITY AIRPORT SD CLIMATE SUMMARY FOR OCTOBER 1 2014...
VALID TODAY AS OF 0500 PM LOCAL TIME.

CLIMATE NORMAL PERIOD 1981 TO 2010
CLIMATE RECORD PERIOD 1942 TO 2014


WEATHER ITEM   OBSERVED TIME   RECORD YEAR NORMAL DEPARTURE LAST
                VALUE   (LST)  VALUE       VALUE  FROM      YEAR
                                                  NORMAL
..................................................................
TEMPERATURE (F)
 TODAY
  MAXIMUM         60   1034 AM  94    2005  68     -8       71
  MINIMUM         47    531 AM  20    1985  40      7       38
  AVERAGE         54                        54      0       55

PRECIPITATION (IN)
  TODAY            0.15          0.77 1977   0.06   0.09     0.00
  MONTH TO DATE    0.15                      0.06   0.09     0.00
  SINCE SEP 1      3.32                      1.35   1.97     1.18
  SINCE JAN 1     19.92                     13.98   5.94    15.24

SNOWFALL (IN)
  TODAY            0.0                       0.0    0.0      0.0
  MONTH TO DATE    0.0                       0.0    0.0      0.0
  SINCE SEP 1      T                         0.2   -0.2      0.0
  SINCE JUL 1      T                         0.2   -0.2      0.0
  SNOW DEPTH       0

DEGREE DAYS
 HEATING
  TODAY           11                        12     -1       10
  MONTH TO DATE   11                        12     -1       10
  SINCE SEP 1    216                       199     17      112
  SINCE JUL 1    252                       236     16      117

 COOLING
  TODAY            0                         0      0        0
  MONTH TO DATE    0                         0      0        0
  SINCE SEP 1     61                        61      0      133
  SINCE JAN 1    424                       633   -209      724
..................................................................


WIND (MPH)
  HIGHEST WIND SPEED    25   HIGHEST WIND DIRECTION     N (340)
  HIGHEST GUST SPEED    30   HIGHEST GUST DIRECTION    NW (330)
  AVERAGE WIND SPEED    10.2


SKY COVER
  AVERAGE SKY COVER 0.6


WEATHER CONDITIONS
 THE FOLLOWING WEATHER WAS RECORDED TODAY.
  RAIN
  LIGHT RAIN


RELATIVE HUMIDITY (PERCENT)
 HIGHEST    86           600 AM
 LOWEST     55          1000 AM
 AVERAGE    71

..........................................................


THE RAPID CITY AIRPORT SD CLIMATE NORMALS FOR TOMORROW
                         NORMAL    RECORD    YEAR
 MAXIMUM TEMPERATURE (F)   67        96      2011
 MINIMUM TEMPERATURE (F)   39        27      2009
                                             1950


SUNRISE AND SUNSET
OCTOBER  1 2014.......SUNRISE   650 AM MDT   SUNSET   633 PM MDT
OCTOBER  2 2014.......SUNRISE   651 AM MDT   SUNSET   631 PM MDT


-  INDICATES NEGATIVE NUMBERS.
R  INDICATES RECORD WAS SET OR TIED.
MM INDICATES DATA IS MISSING.
T  INDICATES TRACE AMOUNT.




$$
