000
CDUS43 KUNR 200831
CLIRAP


CLIMATE REPORT
NATIONAL WEATHER SERVICE RAPID CITY SD
231 AM MDT WED AUG 20 2014


...................................

...THE RAPID CITY AIRPORT SD CLIMATE SUMMARY FOR AUGUST 19 2014...

CLIMATE NORMAL PERIOD 1981 TO 2010
CLIMATE RECORD PERIOD 1942 TO 2014


WEATHER ITEM   OBSERVED TIME   RECORD YEAR NORMAL DEPARTURE LAST
                VALUE   (LST)  VALUE       VALUE  FROM      YEAR
                                                  NORMAL
..................................................................
TEMPERATURE (F)
 YESTERDAY
  MAXIMUM         85    227 PM 104    1986  86     -1       91
  MINIMUM         56    352 AM  41    1978  56      0       58
  AVERAGE         71                        71      0       75

PRECIPITATION (IN)
  YESTERDAY        T             1.16 1985   0.04  -0.04     0.00
  MONTH TO DATE    2.99                      1.05   1.94     2.04
  SINCE JUN 1     10.18                      5.43   4.75     6.07
  SINCE JAN 1     15.57                     12.12   3.45    13.69

SNOWFALL (IN)
  YESTERDAY        0.0                       0.0    0.0      0.0
  MONTH TO DATE    0.0                       0.0    0.0      0.0
  SINCE JUN 1      0.0                       0.0    0.0      0.0
  SINCE JUL 1      0.0                       0.0    0.0      0.0
  SNOW DEPTH       0

DEGREE DAYS
 HEATING
  YESTERDAY        0                         1     -1        0
  MONTH TO DATE    0                         3     -3        0
  SINCE JUN 1    150                       117     33       85
  SINCE JUL 1     22                        18      4        5

 COOLING
  YESTERDAY        6                         7     -1       10
  MONTH TO DATE  123                       156    -33       94
  SINCE JUN 1    312                       490   -178      432
  SINCE JAN 1    332                       505   -173      440
..................................................................


WIND (MPH)
  HIGHEST WIND SPEED    14   HIGHEST WIND DIRECTION    SE (140)
  HIGHEST GUST SPEED    17   HIGHEST GUST DIRECTION    SE (140)
  AVERAGE WIND SPEED     5.7


SKY COVER
  AVERAGE SKY COVER 0.0


WEATHER CONDITIONS
 THE FOLLOWING WEATHER WAS RECORDED YESTERDAY.
  LIGHT RAIN


RELATIVE HUMIDITY (PERCENT)
 HIGHEST    93           200 AM
 LOWEST     51          1100 AM
 AVERAGE    72

..........................................................


THE RAPID CITY AIRPORT SD CLIMATE NORMALS FOR TODAY
                         NORMAL    RECORD    YEAR
 MAXIMUM TEMPERATURE (F)   86       104      1973
 MINIMUM TEMPERATURE (F)   56        42      1964


SUNRISE AND SUNSET
AUGUST 20 2014........SUNRISE   602 AM MDT   SUNSET   749 PM MDT
AUGUST 21 2014........SUNRISE   603 AM MDT   SUNSET   747 PM MDT


-  INDICATES NEGATIVE NUMBERS.
R  INDICATES RECORD WAS SET OR TIED.
MM INDICATES DATA IS MISSING.
T  INDICATES TRACE AMOUNT.




$$
