000
CDUS46 KMFR 010844
CLIRBG


CLIMATE REPORT
NATIONAL WEATHER SERVICE MEDFORD, OR
144 AM PDT TUE SEP 1 2015


...................................

...THE ROSEBURG OR CLIMATE SUMMARY FOR AUGUST 31 2015...

CLIMATE NORMAL PERIOD 1981 TO 2010
CLIMATE RECORD PERIOD 1931 TO 2015


WEATHER ITEM   OBSERVED TIME   RECORD YEAR NORMAL DEPARTURE LAST
                VALUE   (LST)  VALUE       VALUE  FROM      YEAR
                                                  NORMAL
..................................................................
TEMPERATURE (F)
 YESTERDAY
  MAXIMUM         82    419 PM 103    1987  83     -1       82
  MINIMUM         54    514 AM  42    1975  54      0       52
  AVERAGE         68                        68      0       67

PRECIPITATION (IN)
  YESTERDAY        0.00          0.44 1939   0.03  -0.03     0.00
  MONTH TO DATE    0.23                      0.47  -0.24     0.03
  SINCE OCT 1     25.18                     35.30 -10.12    20.35
  SINCE JAN 1     10.90                     19.65  -8.75    16.65

SNOWFALL (IN)
  YESTERDAY       MM                        MM     MM       MM
  MONTH TO DATE   MM                        MM     MM       MM
  SINCE JUL 1      0.0                      MM     MM       MM
  SNOW DEPTH      MM

DEGREE DAYS
 HEATING
  YESTERDAY        0                         1     -1        0
  MONTH TO DATE    0                         6     -6        0
  SINCE JUN 1     12                       104    -92       42
  SINCE JUL 1      0                        21    -21        7

 COOLING
  YESTERDAY        3                         4     -1        2
  MONTH TO DATE  278                       168    110      309
  SINCE JUN 1    859                       391    468      688
  SINCE JAN 1    889                       411    478      733
..................................................................


WIND (MPH)
  RESULTANT WIND SPEED   2   RESULTANT WIND DIRECTION   N (350)
  HIGHEST WIND SPEED    14   HIGHEST WIND DIRECTION    NW (320)
  HIGHEST GUST SPEED    20   HIGHEST GUST DIRECTION    NW (320)
  AVERAGE WIND SPEED     3.5


SKY COVER
  POSSIBLE SUNSHINE  MM
  AVERAGE SKY COVER 0.3


WEATHER CONDITIONS
 THE FOLLOWING WEATHER WAS RECORDED YESTERDAY.
  FOG


RELATIVE HUMIDITY (PERCENT)
 HIGHEST    93           200 AM
 LOWEST     33           300 PM
 AVERAGE    63

..........................................................


THE ROSEBURG OR CLIMATE NORMALS FOR TODAY
                         NORMAL    RECORD    YEAR
 MAXIMUM TEMPERATURE (F)   82       101      1988
 MINIMUM TEMPERATURE (F)   54        44      1975


SUNRISE AND SUNSET
SEPTEMBER  1 2015.....SUNRISE   637 AM PDT   SUNSET   749 PM PDT
SEPTEMBER  2 2015.....SUNRISE   639 AM PDT   SUNSET   747 PM PDT


-  INDICATES NEGATIVE NUMBERS.
R  INDICATES RECORD WAS SET OR TIED.
MM INDICATES DATA IS MISSING.
T  INDICATES TRACE AMOUNT.




$$
