000
CDUS46 KMFR 270851
CLIRBG


CLIMATE REPORT
NATIONAL WEATHER SERVICE MEDFORD, OR
1250 AM PST THU NOV 27 2014


...................................

...THE ROSEBURG OR CLIMATE SUMMARY FOR NOVEMBER 26 2014...

CLIMATE NORMAL PERIOD 1981 TO 2010
CLIMATE RECORD PERIOD 1931 TO 2014


WEATHER ITEM   OBSERVED TIME   RECORD YEAR NORMAL DEPARTURE LAST
                VALUE   (LST)  VALUE       VALUE  FROM      YEAR
                                                  NORMAL
..................................................................
TEMPERATURE (F)
 YESTERDAY
  MAXIMUM         59    251 PM  66    1998  50      9       50
  MINIMUM         46    309 AM  23    1952  39      7       33
  AVERAGE         53                        44      9       42

PRECIPITATION (IN)
  YESTERDAY        0.00          1.10 1971   0.24  -0.24     0.00
  MONTH TO DATE    2.85                      5.40  -2.55     2.56
  SINCE SEP 1      8.31                      9.03  -0.72     6.83
  SINCE JAN 1     24.96                     28.68  -3.72    15.37

SNOWFALL (IN)
  YESTERDAY       MM                        MM     MM       MM
  MONTH TO DATE   MM                        MM     MM       MM
  SINCE JUL 1     MM                        MM     MM        0.0
  SNOW DEPTH      MM

DEGREE DAYS
 HEATING
  YESTERDAY       12                        21     -9       23
  MONTH TO DATE  385                       459    -74      461
  SINCE SEP 1    511                       824   -313      859
  SINCE JUL 1    518                       845   -327      860

 COOLING
  YESTERDAY        0                         0      0        0
  MONTH TO DATE    0                         0      0        0
  SINCE SEP 1    181                        69    112      121
  SINCE JAN 1    914                       480    434      823
..................................................................


WIND (MPH)
  RESULTANT WIND SPEED   1   RESULTANT WIND DIRECTION  SE (150)
  HIGHEST WIND SPEED    10   HIGHEST WIND DIRECTION     S (160)
  HIGHEST GUST SPEED    12   HIGHEST GUST DIRECTION     S (160)
  AVERAGE WIND SPEED     1.0


SKY COVER
  POSSIBLE SUNSHINE  MM
  AVERAGE SKY COVER 0.4


WEATHER CONDITIONS
 THE FOLLOWING WEATHER WAS RECORDED YESTERDAY.
  FOG
  FOG W/VISIBILITY <= 1/4 MILE


RELATIVE HUMIDITY (PERCENT)
 HIGHEST   100           500 AM
 LOWEST     62           200 PM
 AVERAGE    81

..........................................................


THE ROSEBURG OR CLIMATE NORMALS FOR TODAY
                         NORMAL    RECORD    YEAR
 MAXIMUM TEMPERATURE (F)   50        64      1932
 MINIMUM TEMPERATURE (F)   39        23      1976


SUNRISE AND SUNSET
NOVEMBER 27 2014......SUNRISE   721 AM PST   SUNSET   441 PM PST
NOVEMBER 28 2014......SUNRISE   722 AM PST   SUNSET   440 PM PST


-  INDICATES NEGATIVE NUMBERS.
R  INDICATES RECORD WAS SET OR TIED.
MM INDICATES DATA IS MISSING.
T  INDICATES TRACE AMOUNT.




$$
