000
CDUS46 KMFR 260836
CLIRBG


CLIMATE REPORT
NATIONAL WEATHER SERVICE MEDFORD, OR
136 AM PDT TUE SEP 26 2017


...................................

...THE ROSEBURG OR CLIMATE SUMMARY FOR SEPTEMBER 25 2017...

CLIMATE NORMAL PERIOD 1981 TO 2010
CLIMATE RECORD PERIOD 1931 TO 2017


WEATHER ITEM   OBSERVED TIME   RECORD YEAR NORMAL DEPARTURE LAST
                VALUE   (LST)  VALUE       VALUE  FROM      YEAR
                                                  NORMAL
..................................................................
TEMPERATURE (F)
 YESTERDAY
  MAXIMUM         77    440 PM  91    1952  76      1       88
  MINIMUM         50    610 AM  36    1955  49      1       49
  AVERAGE         64                        62      2       69

PRECIPITATION (IN)
  YESTERDAY        0.00          0.42 1986   0.04  -0.04     0.00
  MONTH TO DATE    0.76                      0.74   0.02     0.07
  SINCE OCT 1     43.14                     36.04   7.10    38.52
  SINCE JAN 1     24.22                     20.39   3.83    19.33

SNOWFALL (IN)
  YESTERDAY       MM                        MM     MM       MM
  MONTH TO DATE   MM                        MM     MM       MM
  SINCE JUL 1     MM                        MM     MM       MM
  SNOW DEPTH      MM

DEGREE DAYS
 HEATING
  YESTERDAY        1                         4     -3        0
  MONTH TO DATE   56                        45     11       27
  SINCE SEP 1     56                        45     11       27
  SINCE JUL 1     56                        66    -10       30

 COOLING
  YESTERDAY        0                         1     -1        4
  MONTH TO DATE  124                        61     63       51
  SINCE SEP 1    124                        61     63       51
  SINCE JAN 1    849                       472    377      712
..................................................................


WIND (MPH)
  RESULTANT WIND SPEED   2   RESULTANT WIND DIRECTION   N (360)
  HIGHEST WIND SPEED    12   HIGHEST WIND DIRECTION     N (10)
  HIGHEST GUST SPEED    18   HIGHEST GUST DIRECTION     N (20)
  AVERAGE WIND SPEED     2.0


SKY COVER
  POSSIBLE SUNSHINE  MM
  AVERAGE SKY COVER 0.2


WEATHER CONDITIONS
 THE FOLLOWING WEATHER WAS RECORDED YESTERDAY.
  NO SIGNIFICANT WEATHER WAS OBSERVED.


RELATIVE HUMIDITY (PERCENT)
 HIGHEST    89           200 AM
 LOWEST     38           300 PM
 AVERAGE    64

..........................................................


THE ROSEBURG OR CLIMATE NORMALS FOR TODAY
                         NORMAL    RECORD    YEAR
 MAXIMUM TEMPERATURE (F)   75        95      2016
 MINIMUM TEMPERATURE (F)   49        35      1934


SUNRISE AND SUNSET
SEPTEMBER 26 2017.....SUNRISE   706 AM PDT   SUNSET   703 PM PDT
SEPTEMBER 27 2017.....SUNRISE   707 AM PDT   SUNSET   701 PM PDT


-  INDICATES NEGATIVE NUMBERS.
R  INDICATES RECORD WAS SET OR TIED.
MM INDICATES DATA IS MISSING.
T  INDICATES TRACE AMOUNT.




$$
