000
CDUS46 KMFR 290836
CLIRBG


CLIMATE REPORT
NATIONAL WEATHER SERVICE MEDFORD, OR
136 AM PDT FRI MAY 29 2015


...................................

...THE ROSEBURG OR CLIMATE SUMMARY FOR MAY 28 2015...

CLIMATE NORMAL PERIOD 1981 TO 2010
CLIMATE RECORD PERIOD 1931 TO 2015


WEATHER ITEM   OBSERVED TIME   RECORD YEAR NORMAL DEPARTURE LAST
                VALUE   (LST)  VALUE       VALUE  FROM      YEAR
                                                  NORMAL
..................................................................
TEMPERATURE (F)
 YESTERDAY
  MAXIMUM         88    431 PM  90    2009  72     16       64
                                      2005
  MINIMUM         55    514 AM  36    1976  49      6       48
  AVERAGE         72                        61     11       56

PRECIPITATION (IN)
  YESTERDAY        0.00          0.84 2005   0.07  -0.07     0.16
  MONTH TO DATE    0.18                      2.09  -1.91     1.45
  SINCE OCT 1     24.66                     33.10  -8.44    19.16
  SINCE JAN 1     10.38                     17.45  -7.07    15.46

SNOWFALL (IN)
  YESTERDAY       MM                        MM     MM       MM
  MONTH TO DATE   MM                        MM     MM       MM
  SINCE JUL 1      0.0                      MM     MM        0.0
  SNOW DEPTH      MM

DEGREE DAYS
 HEATING
  YESTERDAY        0                         5     -5        9
  MONTH TO DATE  114                       203    -89      116
  SINCE MAR 1    777                      1098   -321      803
  SINCE JUL 1   2834                      3967  -1133     3730

 COOLING
  YESTERDAY        7                         1      6        0
  MONTH TO DATE   11                        16     -5       39
  SINCE MAR 1     12                        17     -5       45
  SINCE JAN 1     12                        17     -5       45
..................................................................


WIND (MPH)
  RESULTANT WIND SPEED   2   RESULTANT WIND DIRECTION   N (340)
  HIGHEST WIND SPEED    15   HIGHEST WIND DIRECTION    NW (320)
  HIGHEST GUST SPEED    19   HIGHEST GUST DIRECTION    NW (300)
  AVERAGE WIND SPEED     3.2


SKY COVER
  POSSIBLE SUNSHINE  MM
  AVERAGE SKY COVER 0.0


WEATHER CONDITIONS
 THE FOLLOWING WEATHER WAS RECORDED YESTERDAY.
  NO SIGNIFICANT WEATHER WAS OBSERVED.


RELATIVE HUMIDITY (PERCENT)
 HIGHEST    86           400 AM
 LOWEST     28           500 PM
 AVERAGE    57

..........................................................


THE ROSEBURG OR CLIMATE NORMALS FOR TODAY
                         NORMAL    RECORD    YEAR
 MAXIMUM TEMPERATURE (F)   72        93      1931
 MINIMUM TEMPERATURE (F)   49        36      1976


SUNRISE AND SUNSET
MAY 29 2015...........SUNRISE   538 AM PDT   SUNSET   844 PM PDT
MAY 30 2015...........SUNRISE   537 AM PDT   SUNSET   845 PM PDT


-  INDICATES NEGATIVE NUMBERS.
R  INDICATES RECORD WAS SET OR TIED.
MM INDICATES DATA IS MISSING.
T  INDICATES TRACE AMOUNT.




$$
