000
CDUS46 KMFR 300836
CLIRBG


CLIMATE REPORT
NATIONAL WEATHER SERVICE MEDFORD, OR
1236 AM PST FRI JAN 30 2015


...................................

...THE ROSEBURG OR CLIMATE SUMMARY FOR JANUARY 29 2015...

CLIMATE NORMAL PERIOD 1981 TO 2010
CLIMATE RECORD PERIOD 1931 TO 2015


WEATHER ITEM   OBSERVED TIME   RECORD YEAR NORMAL DEPARTURE LAST
                VALUE   (LST)  VALUE       VALUE  FROM      YEAR
                                                  NORMAL
..................................................................
TEMPERATURE (F)
 YESTERDAY
  MAXIMUM         49    551 PM  67    1992  51     -2       59
  MINIMUM         44   1224 AM   9    1980  37      7       45
  AVERAGE         47                        44      3       52

PRECIPITATION (IN)
  YESTERDAY        0.00          0.96 1958   0.11  -0.11     0.06
  MONTH TO DATE    1.38                      4.86  -3.48     1.64
  SINCE OCT 1     15.66                     20.51  -4.85     5.34
  SINCE JAN 1      1.38                      4.86  -3.48     1.64

SNOWFALL (IN)
  YESTERDAY       MM                        MM     MM       MM
  MONTH TO DATE   MM                        MM     MM       MM
  SINCE JUL 1     MM                        MM     MM        0.0
  SNOW DEPTH      MM

DEGREE DAYS
 HEATING
  YESTERDAY       18                        21     -3       13
  MONTH TO DATE  530                       637   -107      625
  SINCE DEC 1   1023                      1348   -325     1449
  SINCE JUL 1   1613                      2277   -664     2408

 COOLING
  YESTERDAY        0                         0      0        0
  MONTH TO DATE    0                         0      0        0
  SINCE DEC 1      0                         0      0        0
  SINCE JAN 1      0                         0      0        0
..................................................................


WIND (MPH)
  RESULTANT WIND SPEED   1   RESULTANT WIND DIRECTION   E (100)
  HIGHEST WIND SPEED     6   HIGHEST WIND DIRECTION     N (10)
  HIGHEST GUST SPEED     8   HIGHEST GUST DIRECTION     N (10)
  AVERAGE WIND SPEED     1.6


SKY COVER
  POSSIBLE SUNSHINE  MM
  AVERAGE SKY COVER 1.0


WEATHER CONDITIONS
 THE FOLLOWING WEATHER WAS RECORDED YESTERDAY.
  FOG
  FOG W/VISIBILITY <= 1/4 MILE


RELATIVE HUMIDITY (PERCENT)
 HIGHEST   100           200 AM
 LOWEST     86           100 PM
 AVERAGE    93

..........................................................


THE ROSEBURG OR CLIMATE NORMALS FOR TODAY
                         NORMAL    RECORD    YEAR
 MAXIMUM TEMPERATURE (F)   51        67      1995
 MINIMUM TEMPERATURE (F)   37        13      1957


SUNRISE AND SUNSET
JANUARY 30 2015.......SUNRISE   731 AM PST   SUNSET   523 PM PST
JANUARY 31 2015.......SUNRISE   730 AM PST   SUNSET   524 PM PST


-  INDICATES NEGATIVE NUMBERS.
R  INDICATES RECORD WAS SET OR TIED.
MM INDICATES DATA IS MISSING.
T  INDICATES TRACE AMOUNT.




$$
