000
CDUS46 KMFR 080842
CLIRBG


CLIMATE REPORT
NATIONAL WEATHER SERVICE MEDFORD, OR
1241 AM PST THU DEC 8 2016


...................................

...THE ROSEBURG OR CLIMATE SUMMARY FOR DECEMBER 7 2016...

CLIMATE NORMAL PERIOD 1981 TO 2010
CLIMATE RECORD PERIOD 1931 TO 2016


WEATHER ITEM   OBSERVED TIME   RECORD YEAR NORMAL DEPARTURE LAST
                VALUE   (LST)  VALUE       VALUE  FROM      YEAR
                                                  NORMAL
..................................................................
TEMPERATURE (F)
 YESTERDAY
  MAXIMUM         38    205 PM  64    1939  48    -10       63
  MINIMUM         29    929 AM  17    2009  37     -8       53
  AVERAGE         34                        42     -8       58

PRECIPITATION (IN)
  YESTERDAY        0.00          1.70 2004   0.20  -0.20     0.73
  MONTH TO DATE    0.65                      1.33  -0.68     3.04
  SINCE OCT 1     13.48                     10.46   3.02     8.04
  SINCE JAN 1     32.81                     31.07   1.74    19.31

SNOWFALL (IN)
  YESTERDAY       MM                        MM     MM       MM
  MONTH TO DATE   MM                        MM     MM       MM
  SINCE JUL 1     MM                        MM     MM        0.0
  SNOW DEPTH      MM

DEGREE DAYS
 HEATING
  YESTERDAY       31                        23      8        7
  MONTH TO DATE  160                       155      5       93
  SINCE DEC 1    160                       155      5       93
  SINCE JUL 1    799                      1084   -285      821

 COOLING
  YESTERDAY        0                         0      0        0
  MONTH TO DATE    0                         0      0        0
  SINCE DEC 1      0                         0      0        0
  SINCE JAN 1    732                       480    252      999
..................................................................


WIND (MPH)
  RESULTANT WIND SPEED   1   RESULTANT WIND DIRECTION   N (350)
  HIGHEST WIND SPEED     7   HIGHEST WIND DIRECTION    SW (240)
  HIGHEST GUST SPEED     9   HIGHEST GUST DIRECTION    SW (230)
  AVERAGE WIND SPEED     0.8


SKY COVER
  POSSIBLE SUNSHINE  MM
  AVERAGE SKY COVER 0.3


WEATHER CONDITIONS
 THE FOLLOWING WEATHER WAS RECORDED YESTERDAY.
  FOG
  FOG W/VISIBILITY <= 1/4 MILE


RELATIVE HUMIDITY (PERCENT)
 HIGHEST   100           400 AM
 LOWEST     75          1200 PM
 AVERAGE    88

..........................................................


THE ROSEBURG OR CLIMATE NORMALS FOR TODAY
                         NORMAL    RECORD    YEAR
 MAXIMUM TEMPERATURE (F)   48        66      2015
 MINIMUM TEMPERATURE (F)   37        14      2009


SUNRISE AND SUNSET
DECEMBER  8 2016......SUNRISE   733 AM PST   SUNSET   438 PM PST
DECEMBER  9 2016......SUNRISE   734 AM PST   SUNSET   438 PM PST


-  INDICATES NEGATIVE NUMBERS.
R  INDICATES RECORD WAS SET OR TIED.
MM INDICATES DATA IS MISSING.
T  INDICATES TRACE AMOUNT.




$$
