000
CDUS46 KMFR 170837
CLIRBG


CLIMATE REPORT
NATIONAL WEATHER SERVICE MEDFORD, OR
137 AM PDT WED SEP 17 2014


...................................

...THE ROSEBURG OR CLIMATE SUMMARY FOR SEPTEMBER 16 2014...

CLIMATE NORMAL PERIOD 1981 TO 2010
CLIMATE RECORD PERIOD 1931 TO 2014


WEATHER ITEM   OBSERVED TIME   RECORD YEAR NORMAL DEPARTURE LAST
                VALUE   (LST)  VALUE       VALUE  FROM      YEAR
                                                  NORMAL
..................................................................
TEMPERATURE (F)
 YESTERDAY
  MAXIMUM         85    340 PM  98    1994  79      6       76
  MINIMUM         54    658 AM  39    1936  51      3       61
  AVERAGE         70                        65      5       69

PRECIPITATION (IN)
  YESTERDAY        0.00          0.38 1996   0.02  -0.02     0.00
  MONTH TO DATE    0.00                      0.40  -0.40     0.10
  SINCE SEP 1      0.00                      0.40  -0.40     0.10
  SINCE JAN 1     16.65                     20.05  -3.40     8.64

SNOWFALL (IN)
  YESTERDAY       MM                        MM     MM       MM
  MONTH TO DATE   MM                        MM     MM       MM
  SINCE JUL 1     MM                        MM     MM       MM
  SNOW DEPTH      MM

DEGREE DAYS
 HEATING
  YESTERDAY        0                         2     -2        0
  MONTH TO DATE    0                        20    -20        0
  SINCE SEP 1      0                        20    -20        0
  SINCE JUL 1      7                        41    -34        1

 COOLING
  YESTERDAY        5                         2      3        4
  MONTH TO DATE  107                        48     59      120
  SINCE SEP 1    107                        48     59      120
  SINCE JAN 1    840                       459    381      822
..................................................................


WIND (MPH)
  RESULTANT WIND SPEED   3   RESULTANT WIND DIRECTION   N (360)
  HIGHEST WIND SPEED    10   HIGHEST WIND DIRECTION     N (10)
  HIGHEST GUST SPEED    14   HIGHEST GUST DIRECTION    NW (330)
  AVERAGE WIND SPEED     3.0


SKY COVER
  POSSIBLE SUNSHINE  MM
  AVERAGE SKY COVER 0.0


WEATHER CONDITIONS
 THE FOLLOWING WEATHER WAS RECORDED YESTERDAY.
  HAZE


RELATIVE HUMIDITY (PERCENT)
 HIGHEST    77           600 AM
 LOWEST     27           300 PM
 AVERAGE    52

..........................................................


THE ROSEBURG OR CLIMATE NORMALS FOR TODAY
                         NORMAL    RECORD    YEAR
 MAXIMUM TEMPERATURE (F)   79       100      1991
 MINIMUM TEMPERATURE (F)   51        33      1965


SUNRISE AND SUNSET
SEPTEMBER 17 2014.....SUNRISE   655 AM PDT   SUNSET   720 PM PDT
SEPTEMBER 18 2014.....SUNRISE   656 AM PDT   SUNSET   718 PM PDT


-  INDICATES NEGATIVE NUMBERS.
R  INDICATES RECORD WAS SET OR TIED.
MM INDICATES DATA IS MISSING.
T  INDICATES TRACE AMOUNT.




$$
