000
CDUS46 KMFR 230838
CLIRBG


CLIMATE REPORT
NATIONAL WEATHER SERVICE MEDFORD, OR
138 AM PDT SUN JUL 23 2017


...................................

...THE ROSEBURG OR CLIMATE SUMMARY FOR JULY 22 2017...

CLIMATE NORMAL PERIOD 1981 TO 2010
CLIMATE RECORD PERIOD 1931 TO 2017


WEATHER ITEM   OBSERVED TIME   RECORD YEAR NORMAL DEPARTURE LAST
                VALUE   (LST)  VALUE       VALUE  FROM      YEAR
                                                  NORMAL
..................................................................
TEMPERATURE (F)
 YESTERDAY
  MAXIMUM         94    436 PM 106    2006  86      8       83
  MINIMUM         56    512 AM  45    1934  57     -1       60
  AVERAGE         75                        71      4       72

PRECIPITATION (IN)
  YESTERDAY        0.00          0.58 1993   0.01  -0.01     0.00
  MONTH TO DATE    0.00                      0.33  -0.33     0.77
  SINCE OCT 1     42.38                     34.74   7.64    38.45
  SINCE JAN 1     23.46                     19.09   4.37    19.26

SNOWFALL (IN)
  YESTERDAY       MM                        MM     MM       MM
  MONTH TO DATE   MM                        MM     MM       MM
  SINCE JUL 1     MM                        MM     MM       MM
  SNOW DEPTH      MM

DEGREE DAYS
 HEATING
  YESTERDAY        0                         0      0        0
  MONTH TO DATE    0                         8     -8        3
  SINCE JUN 1     64                        91    -27       67
  SINCE JUL 1      0                         8     -8        3

 COOLING
  YESTERDAY       10                         6      4        7
  MONTH TO DATE  134                       113     21       98
  SINCE JUN 1    239                       163     76      234
  SINCE JAN 1    288                       183    105      277
..................................................................


WIND (MPH)
  RESULTANT WIND SPEED   5   RESULTANT WIND DIRECTION   N (10)
  HIGHEST WIND SPEED    21   HIGHEST WIND DIRECTION     N (10)
  HIGHEST GUST SPEED    28   HIGHEST GUST DIRECTION     N (360)
  AVERAGE WIND SPEED     6.1


SKY COVER
  POSSIBLE SUNSHINE  MM
  AVERAGE SKY COVER 0.0


WEATHER CONDITIONS
 THE FOLLOWING WEATHER WAS RECORDED YESTERDAY.
  NO SIGNIFICANT WEATHER WAS OBSERVED.


RELATIVE HUMIDITY (PERCENT)
 HIGHEST    77           500 AM
 LOWEST     28           200 PM
 AVERAGE    53

..........................................................


THE ROSEBURG OR CLIMATE NORMALS FOR TODAY
                         NORMAL    RECORD    YEAR
 MAXIMUM TEMPERATURE (F)   86       106      2006
 MINIMUM TEMPERATURE (F)   57        44      1963


SUNRISE AND SUNSET
JULY 23 2017..........SUNRISE   555 AM PDT   SUNSET   844 PM PDT
JULY 24 2017..........SUNRISE   556 AM PDT   SUNSET   843 PM PDT


-  INDICATES NEGATIVE NUMBERS.
R  INDICATES RECORD WAS SET OR TIED.
MM INDICATES DATA IS MISSING.
T  INDICATES TRACE AMOUNT.




$$
