000
CDUS46 KSTO 240844
CLIRDD

CLIMATE REPORT
NATIONAL WEATHER SERVICE SACRAMENTO, CA
144 AM PDT FRI MAR 24 2017


...................................

...THE REDDING AIRPORT CA CLIMATE SUMMARY FOR MARCH 23 2017...

CLIMATE NORMAL PERIOD 1981 TO 2010
CLIMATE RECORD PERIOD 1986 TO 2017


WEATHER ITEM   OBSERVED RECORD YEAR NORMAL DEPARTURE LAST
                VALUE   VALUE       VALUE  FROM      YEAR
                                           NORMAL
...........................................................
TEMPERATURE (F)
 YESTERDAY
  MAXIMUM         61     84    2007  66     -5       70
  MINIMUM         37     32    2009  44     -7       41
                               1995
  AVERAGE         49

PRECIPITATION (IN)
  YESTERDAY        0.09   1.92 1993   0.11  -0.02     0.00
  MONTH TO DATE    2.76               3.56  -0.80    10.36
  SINCE OCT 1     40.52              27.88  12.64    33.81
  SINCE JAN 1     21.79              15.03   6.76    23.95

SNOWFALL (IN)
  YESTERDAY        0.0   MM      MM  MM               0.0
  MONTH TO DATE    0.0               MM               0.0
  SINCE MAR 1      0.0               MM               0.0
  SINCE JUL 1      3.0               MM               0.0

DEGREE DAYS
 HEATING
  YESTERDAY       16

 COOLING
  YESTERDAY        0
...........................................................


WIND (MPH)
  RESULTANT WIND SPEED   4   RESULTANT WIND DIRECTION   S (190)
  HIGHEST WIND SPEED    20   HIGHEST WIND DIRECTION     S (190)
  HIGHEST GUST SPEED    26   HIGHEST GUST DIRECTION     S (190)


SKY COVER
  POSSIBLE SUNSHINE  MM
  AVERAGE SKY COVER 0.7


WEATHER CONDITIONS
 THE FOLLOWING WEATHER WAS RECORDED YESTERDAY.
  LIGHT RAIN
  FOG
  FOG W/VISIBILITY <= 1/4 MILE


RELATIVE HUMIDITY (PERCENT)
 HIGHEST   100
 LOWEST     55
 AVERAGE    78

..........................................................


THE REDDING AIRPORT CA CLIMATE NORMALS FOR TODAY
                         NORMAL    RECORD    YEAR
 MAXIMUM TEMPERATURE (F)   66        80      1997
 MINIMUM TEMPERATURE (F)   44        29      1995


SUNRISE AND SUNSET
MARCH 24 2017.........SUNRISE   705 AM PDT   SUNSET   726 PM PDT
MARCH 25 2017.........SUNRISE   704 AM PDT   SUNSET   727 PM PDT


-  INDICATES NEGATIVE NUMBERS.
R  INDICATES RECORD WAS SET OR TIED.
MM INDICATES DATA IS MISSING.
T  INDICATES TRACE AMOUNT.




&&
....................................................................

REDDING CITY CLIMATE DATA FOR MARCH 23

CLIMATE RECORD PERIOD 1897-1986

RECORD HIGH..............     91 IN 1960
RECORD LOW...............     31 IN 1945

RECORD RAINFALL..........   2.54 IN 1948

$$

NNNN
