960
CDUS46 KSTO 210041 RRA
CLIRDD

CLIMATE REPORT
NATIONAL WEATHER SERVICE SACRAMENTO, CA
540 PM PDT FRI OCT 20 2017


...................................

...THE REDDING AIRPORT CA CLIMATE SUMMARY FOR OCTOBER 20 2017...
VALID TODAY AS OF 0500 PM LOCAL TIME.

CLIMATE NORMAL PERIOD 1981 TO 2010
CLIMATE RECORD PERIOD 1986 TO 2017


WEATHER ITEM   OBSERVED RECORD YEAR NORMAL DEPARTURE LAST
                VALUE   VALUE       VALUE  FROM      YEAR
                                           NORMAL
...........................................................
TEMPERATURE (F)
 TODAY
  MAXIMUM         62     96    1988  76    -14       82
  MINIMUM         44     40    1996  48     -4       47
  AVERAGE         53

PRECIPITATION (IN)
  TODAY            0.05   0.93 1992   0.08  -0.03     0.00
  MONTH TO DATE    0.33               1.04  -0.71     3.23
  SINCE OCT 1      0.33               1.04  -0.71     3.23
  SINCE JAN 1     29.34              22.81   6.53    33.86

SNOWFALL (IN)
  TODAY           MM      0.0  2002  MM               0.0
                               2001
  MONTH TO DATE    0.0               MM               0.0
  SINCE SEP 1      0.0               MM               0.0
  SINCE JUL 1      0.0               MM               0.0

DEGREE DAYS
 HEATING
  TODAY           12

 COOLING
  TODAY            0
...........................................................


WIND (MPH)
  RESULTANT WIND SPEED   4   RESULTANT WIND DIRECTION   S (180)
  HIGHEST WIND SPEED    17   HIGHEST WIND DIRECTION     S (190)
  HIGHEST GUST SPEED    24   HIGHEST GUST DIRECTION     S (190)


SKY COVER
  POSSIBLE SUNSHINE  MM
  AVERAGE SKY COVER 0.5


WEATHER CONDITIONS
 THE FOLLOWING WEATHER WAS RECORDED TODAY.
  LIGHT RAIN


RELATIVE HUMIDITY (PERCENT)
 HIGHEST   100
 LOWEST     49
 AVERAGE    75

..........................................................


THE REDDING AIRPORT CA CLIMATE NORMALS FOR TOMORROW
                         NORMAL    RECORD    YEAR
 MAXIMUM TEMPERATURE (F)   75        91      2013
                                             1988
 MINIMUM TEMPERATURE (F)   48        39      2004
                                             1996


SUNRISE AND SUNSET
OCTOBER 20 2017.......SUNRISE   726 AM PDT   SUNSET   621 PM PDT
OCTOBER 21 2017.......SUNRISE   727 AM PDT   SUNSET   620 PM PDT


-  INDICATES NEGATIVE NUMBERS.
R  INDICATES RECORD WAS SET OR TIED.
MM INDICATES DATA IS MISSING.
T  INDICATES TRACE AMOUNT.

&&
....................................................................

REDDING CITY CLIMATE DATA FOR OCTOBER 20

CLIMATE RECORD PERIOD 1897-1986

RECORD HIGH..............     93 IN 1913
RECORD LOW...............     34 IN 1945

RECORD RAINFALL..........   1.04 IN 1894

$$

NNNN
