000
CDUS46 KSTO 110836
CLIRDD

CLIMATE REPORT
NATIONAL WEATHER SERVICE SACRAMENTO, CA
1234 AM PST THU FEB 11 2016


...................................

...THE REDDING AIRPORT CA CLIMATE SUMMARY FOR FEBRUARY 10 2016...

CLIMATE NORMAL PERIOD 1981 TO 2010
CLIMATE RECORD PERIOD 1986 TO 2016


WEATHER ITEM   OBSERVED RECORD YEAR NORMAL DEPARTURE LAST
                VALUE   VALUE       VALUE  FROM      YEAR
                                           NORMAL
...........................................................
TEMPERATURE (F)
 YESTERDAY
  MAXIMUM         76     77    2006  59     17       67
  MINIMUM         41     27    2009  39      2       40
                               1999
  AVERAGE         59

PRECIPITATION (IN)
  YESTERDAY        0.00   2.36 2007   0.19  -0.19     0.00
  MONTH TO DATE    0.09               2.01  -1.92     3.38
  SINCE OCT 1     22.63              20.82   1.81    19.89
  SINCE JAN 1     12.77               7.97   4.80     3.64

SNOWFALL (IN)
  YESTERDAY        0.0    0.0  2002  MM               0.0
  MONTH TO DATE    0.0               MM               0.0
  SINCE DEC 1      0.0               MM               0.0
  SINCE JUL 1      0.0               MM               0.0

DEGREE DAYS
 HEATING
  YESTERDAY        6

 COOLING
  YESTERDAY        0
...........................................................


WIND (MPH)
  RESULTANT WIND SPEED   1   RESULTANT WIND DIRECTION  NW (320)
  HIGHEST WIND SPEED     7   HIGHEST WIND DIRECTION    NW (320)
  HIGHEST GUST SPEED     9   HIGHEST GUST DIRECTION    NW (310)


SKY COVER
  POSSIBLE SUNSHINE  MM
  AVERAGE SKY COVER 0.0


WEATHER CONDITIONS
 THE FOLLOWING WEATHER WAS RECORDED YESTERDAY.
  NO SIGNIFICANT WEATHER WAS OBSERVED.


RELATIVE HUMIDITY (PERCENT)
 HIGHEST    83
 LOWEST     31
 AVERAGE    57

..........................................................


THE REDDING AIRPORT CA CLIMATE NORMALS FOR TODAY
                         NORMAL    RECORD    YEAR
 MAXIMUM TEMPERATURE (F)   59        79      1996
 MINIMUM TEMPERATURE (F)   39        26      1999


SUNRISE AND SUNSET
FEBRUARY 11 2016......SUNRISE   708 AM PST   SUNSET   539 PM PST
FEBRUARY 12 2016......SUNRISE   707 AM PST   SUNSET   540 PM PST


-  INDICATES NEGATIVE NUMBERS.
R  INDICATES RECORD WAS SET OR TIED.
MM INDICATES DATA IS MISSING.
T  INDICATES TRACE AMOUNT.




&&
....................................................................

REDDING CITY CLIMATE DATA FOR FEBRUARY 10

CLIMATE RECORD PERIOD 1897-1986

RECORD HIGH..............     80 IN 1971
RECORD LOW...............     27 IN 1929

RECORD RAINFALL..........   2.55 IN 1925

$$
JCLAPP
