000
CDUS46 KSTO 210041
CLIRDD

CLIMATE REPORT
NATIONAL WEATHER SERVICE SACRAMENTO, CA
430 PM PST FRI JAN 20 2017

...........................................................

...THE REDDING AIRPORT CA CLIMATE SUMMARY FOR JANUARY 20 2017...
VALID TODAY AS OF 0400 PM LOCAL TIME.

CLIMATE NORMAL PERIOD 1981 TO 2010
CLIMATE RECORD PERIOD 1986 TO 2017


WEATHER ITEM   OBSERVED RECORD YEAR NORMAL DEPARTURE LAST
                VALUE   VALUE       VALUE  FROM      YEAR
                                           NORMAL
...........................................................
TEMPERATURE (F)
 TODAY
  MAXIMUM         48     77    2014  55     -7       58
  MINIMUM         43     25    1990  37      6       47
  AVERAGE         46

PRECIPITATION (IN)
  TODAY            1.12   2.57 1993   0.20   0.92     0.00
  MONTH TO DATE    9.99               3.96   6.03     9.52
  SINCE OCT 1     28.72              16.81  11.91    19.38
  SINCE JAN 1      9.99               3.96   6.03     9.52

SNOWFALL (IN)
  TODAY           MM      0.0  2002  MM               0.0
  MONTH TO DATE    3.0               MM               0.0
  SINCE DEC 1      3.0               MM               0.0
  SINCE JUL 1      3.0               MM               0.0

DEGREE DAYS
 HEATING
  TODAY           19

 COOLING
  TODAY            0
...........................................................


WIND (MPH)
  RESULTANT WIND SPEED  18   RESULTANT WIND DIRECTION   S (170)
  HIGHEST WIND SPEED    39   HIGHEST WIND DIRECTION     S (170)
  HIGHEST GUST SPEED    51   HIGHEST GUST DIRECTION     S (170)


SKY COVER
  POSSIBLE SUNSHINE  MM
  AVERAGE SKY COVER 1.0


WEATHER CONDITIONS
 THE FOLLOWING WEATHER WAS RECORDED TODAY.
  RAIN
  LIGHT RAIN
  FOG


RELATIVE HUMIDITY (PERCENT)
 HIGHEST   100
 LOWEST     86
 AVERAGE    93

..........................................................


THE REDDING AIRPORT CA CLIMATE NORMALS FOR TOMORROW
                         NORMAL    RECORD    YEAR
 MAXIMUM TEMPERATURE (F)   56        77      2011
 MINIMUM TEMPERATURE (F)   37        25      1990
                                             1987


SUNRISE AND SUNSET
JANUARY 20 2017.......SUNRISE   728 AM PST   SUNSET   513 PM PST
JANUARY 21 2017.......SUNRISE   727 AM PST   SUNSET   514 PM PST


-  INDICATES NEGATIVE NUMBERS.
R  INDICATES RECORD WAS SET OR TIED.
MM INDICATES DATA IS MISSING.
T  INDICATES TRACE AMOUNT.

&&
....................................................................

REDDING CITY CLIMATE DATA FOR JANUARY 20

CLIMATE RECORD PERIOD 1897-1986

RECORD HIGH..............     78 IN 1968
RECORD LOW...............     17 IN 1937

RECORD RAINFALL..........   4.11 IN 1943

$$
POWELL
