000
CDUS46 KSTO 200844
CLIRDD

CLIMATE REPORT
NATIONAL WEATHER SERVICE SACRAMENTO, CA
1242 AM PST SAT JAN 20 2018

...................................

...THE REDDING AIRPORT CA CLIMATE SUMMARY FOR JANUARY 19 2018...

CLIMATE NORMAL PERIOD 1981 TO 2010
CLIMATE RECORD PERIOD 1986 TO 2018


WEATHER ITEM   OBSERVED RECORD YEAR NORMAL DEPARTURE LAST
                VALUE   VALUE       VALUE  FROM      YEAR
                                           NORMAL
...........................................................
TEMPERATURE (F)
 YESTERDAY
  MAXIMUM         55     73    2009  55      0       52
                               1989
  MINIMUM         36     25    1987  37     -1       45
  AVERAGE         46

PRECIPITATION (IN)
  YESTERDAY        T      1.45 2012   0.19  -0.19     0.39
  MONTH TO DATE    3.08               3.76  -0.68     8.87
  SINCE OCT 1      8.75              16.61  -7.86    27.60
  SINCE JAN 1      3.08               3.76  -0.68     8.87

SNOWFALL (IN)
  YESTERDAY       MM      0.0  2002  MM               0.0
  MONTH TO DATE    0.0               MM               3.0
  SINCE DEC 1      0.0               MM               3.0
  SINCE JUL 1      0.0               MM               3.0

DEGREE DAYS
 HEATING
  YESTERDAY       19

 COOLING
  YESTERDAY        0
...........................................................

WIND (MPH)
  RESULTANT WIND SPEED   1   RESULTANT WIND DIRECTION   N (340)
  HIGHEST WIND SPEED    10   HIGHEST WIND DIRECTION     N (10)
  HIGHEST GUST SPEED    14   HIGHEST GUST DIRECTION     N (360)

SKY COVER
  POSSIBLE SUNSHINE  MM
  AVERAGE SKY COVER 0.3

WEATHER CONDITIONS
 THE FOLLOWING WEATHER WAS RECORDED YESTERDAY.
  LIGHT RAIN

RELATIVE HUMIDITY (PERCENT)
 HIGHEST   100
 LOWEST     46
 AVERAGE    73

..........................................................

THE REDDING AIRPORT CA CLIMATE NORMALS FOR TODAY
                         NORMAL    RECORD    YEAR
 MAXIMUM TEMPERATURE (F)   55        77      2014
 MINIMUM TEMPERATURE (F)   37        25      1990

SUNRISE AND SUNSET
JANUARY 20 2018.......SUNRISE   728 AM PST   SUNSET   513 PM PST
JANUARY 21 2018.......SUNRISE   727 AM PST   SUNSET   514 PM PST

-  INDICATES NEGATIVE NUMBERS.
R  INDICATES RECORD WAS SET OR TIED.
MM INDICATES DATA IS MISSING.
T  INDICATES TRACE AMOUNT.

&&
....................................................................

REDDING CITY CLIMATE DATA FOR JANUARY 19

CLIMATE RECORD PERIOD 1897-1986

RECORD HIGH..............     79 IN 1975
RECORD LOW...............     24 IN 1937

RECORD RAINFALL..........   1.67 IN 1962

$$
