000
CDUS41 KPHI 110635
CLIRDG


CLIMATE REPORT
NATIONAL WEATHER SERVICE MOUNT HOLLY NJ
131 AM EST THU FEB 11 2016


...................................

...THE READING PA CLIMATE SUMMARY FOR FEBRUARY 10 2016...

CLIMATE NORMAL PERIOD 1981 TO 2010
CLIMATE RECORD PERIOD 1869 TO 2016


WEATHER ITEM   OBSERVED TIME   RECORD YEAR NORMAL DEPARTURE LAST
                VALUE   (LST)  VALUE       VALUE  FROM      YEAR
                                                  NORMAL
..................................................................
TEMPERATURE (F)
 YESTERDAY
  MAXIMUM         33    229 PM  61    1960  40     -7       34
                                      1909
  MINIMUM         24   1159 PM -13    1899  22      2       26
  AVERAGE         29                        31     -2       30

PRECIPITATION (IN)
  YESTERDAY        T             1.50 2010   0.09  -0.09     0.00
  MONTH TO DATE    1.19                      0.83   0.36     0.87
  SINCE DEC 1      8.28                      7.17   1.11     6.08
  SINCE JAN 1      4.72                      3.88   0.84     3.18

SNOWFALL (IN)
  YESTERDAY       MM            MM      MM  MM     MM       MM
  MONTH TO DATE   MM                        MM     MM       MM
  SINCE DEC 1     MM                        MM     MM       MM
  SINCE JUL 1     MM                        MM     MM       MM
  SNOW DEPTH      MM

DEGREE DAYS
 HEATING
  YESTERDAY       36                        34      2       35
  MONTH TO DATE  281                       346    -65      380
  SINCE DEC 1   1933                      2404   -471     2429
  SINCE JUL 1   2752                      3471   -719     3444

 COOLING
  YESTERDAY        0                         0      0        0
  MONTH TO DATE    0                         0      0        0
  SINCE DEC 1      0                         0      0        0
  SINCE JAN 1      0                         0      0        0
..................................................................


WIND (MPH)
  HIGHEST WIND SPEED    21   HIGHEST WIND DIRECTION     W (270)
  HIGHEST GUST SPEED    26   HIGHEST GUST DIRECTION     W (290)
  AVERAGE WIND SPEED    11.5


SKY COVER
  POSSIBLE SUNSHINE  MM
  AVERAGE SKY COVER 0.9


WEATHER CONDITIONS
 THE FOLLOWING WEATHER WAS RECORDED YESTERDAY.
  LIGHT SNOW
  FOG
  HAZE


RELATIVE HUMIDITY (PERCENT)
 HIGHEST    85           100 AM
 LOWEST     49           300 PM
 AVERAGE    67

..........................................................


THE READING PA CLIMATE NORMALS FOR TODAY
                         NORMAL    RECORD    YEAR
 MAXIMUM TEMPERATURE (F)   40        66      2009
 MINIMUM TEMPERATURE (F)   22        -9      1899


SUNRISE AND SUNSET
FEBRUARY 11 2016......SUNRISE   703 AM EST   SUNSET   534 PM EST
FEBRUARY 12 2016......SUNRISE   702 AM EST   SUNSET   535 PM EST


-  INDICATES NEGATIVE NUMBERS.
R  INDICATES RECORD WAS SET OR TIED.
MM INDICATES DATA IS MISSING.
T  INDICATES TRACE AMOUNT.




$$
