000
CDUS41 KPHI 182133
CLIRDG


CLIMATE REPORT
NATIONAL WEATHER SERVICE MOUNT HOLLY NJ
432 PM EST SUN FEB 18 2018


...................................

...THE READING PA CLIMATE SUMMARY FOR FEBRUARY 18 2018...
VALID TODAY AS OF 0400 PM LOCAL TIME.

CLIMATE NORMAL PERIOD 1981 TO 2010
CLIMATE RECORD PERIOD 1869 TO 2018


WEATHER ITEM   OBSERVED TIME   RECORD YEAR NORMAL DEPARTURE LAST
                VALUE   (LST)  VALUE       VALUE  FROM      YEAR
                                                  NORMAL
..................................................................
TEMPERATURE (F)
 TODAY
  MAXIMUM         43    355 PM  71    2011  42      1       69
  MINIMUM         27    542 AM  -8    1979  24      3       25
  AVERAGE         35                        33      2       47

PRECIPITATION (IN)
  TODAY            T             3.50 1871   0.09  -0.09     0.00
  MONTH TO DATE    4.13                      1.58   2.55     0.75
  SINCE DEC 1      8.90                      7.92   0.98     5.24
  SINCE JAN 1      7.38                      4.63   2.75     3.11

DEGREE DAYS
 HEATING
  TODAY           30                        32     -2       18
  MONTH TO DATE  551                       610    -59      530
  SINCE DEC 1   2694                      2668     26     2357
  SINCE JUL 1   3598                      3735   -137     3211

 COOLING
  TODAY            0                         0      0        0
  MONTH TO DATE    0                         0      0        0
  SINCE DEC 1      0                         0      0        0
  SINCE JAN 1      0                         0      0        0
..................................................................


WIND (MPH)
  HIGHEST WIND SPEED    25   HIGHEST WIND DIRECTION    NW (330)
  HIGHEST GUST SPEED    32   HIGHEST GUST DIRECTION    NW (330)
  AVERAGE WIND SPEED     9.8


SKY COVER
  POSSIBLE SUNSHINE  MM
  AVERAGE SKY COVER 0.4


WEATHER CONDITIONS
 THE FOLLOWING WEATHER WAS RECORDED TODAY.
  LIGHT SNOW
  FOG


RELATIVE HUMIDITY (PERCENT)
 HIGHEST   100          1200 AM
 LOWEST     53           200 PM
 AVERAGE    77

..........................................................


THE READING PA CLIMATE NORMALS FOR TOMORROW
                         NORMAL    RECORD    YEAR
 MAXIMUM TEMPERATURE (F)   42        68      2017
 MINIMUM TEMPERATURE (F)   24        -2      1903


SUNRISE AND SUNSET
FEBRUARY 18 2018......SUNRISE   653 AM EST   SUNSET   543 PM EST
FEBRUARY 19 2018......SUNRISE   652 AM EST   SUNSET   544 PM EST


-  INDICATES NEGATIVE NUMBERS.
R  INDICATES RECORD WAS SET OR TIED.
MM INDICATES DATA IS MISSING.
T  INDICATES TRACE AMOUNT.




$$
