000
CDUS41 KPHI 240628
CLIRDG


CLIMATE REPORT
NATIONAL WEATHER SERVICE MOUNT HOLLY NJ
228 AM EDT SAT JUN 24 2017


...................................

...THE READING PA CLIMATE SUMMARY FOR JUNE 23 2017...

CLIMATE NORMAL PERIOD 1981 TO 2010
CLIMATE RECORD PERIOD 1869 TO 2017


WEATHER ITEM   OBSERVED TIME   RECORD YEAR NORMAL DEPARTURE LAST
                VALUE   (LST)  VALUE       VALUE  FROM      YEAR
                                                  NORMAL
..................................................................
TEMPERATURE (F)
 YESTERDAY
  MAXIMUM         88    245 PM  96    1908  83      5       84
  MINIMUM         71    506 AM  44    1992  62      9       65
  AVERAGE         80                        73      7       75

PRECIPITATION (IN)
  YESTERDAY        0.98          6.49 1972   0.09   0.89      T
  MONTH TO DATE    3.39                      3.01   0.38     1.48
  SINCE JUN 1      3.39                      3.01   0.38     1.48
  SINCE JAN 1     16.81                     20.03  -3.22    15.48

DEGREE DAYS
 HEATING
  YESTERDAY        0                         0      0        0
  MONTH TO DATE   16                        23     -7        9
  SINCE JUN 1     16                        23     -7        9
  SINCE JUL 1   4581                      5391   -810     4503

 COOLING
  YESTERDAY       15                         8      7       10
  MONTH TO DATE  176                       129     47      162
  SINCE JUN 1    176                       129     47      162
  SINCE JAN 1    251                       189     62      256
..................................................................


WIND (MPH)
  HIGHEST WIND SPEED    24   HIGHEST WIND DIRECTION     W (250)
  HIGHEST GUST SPEED    37   HIGHEST GUST DIRECTION     W (280)
  AVERAGE WIND SPEED     6.1


SKY COVER
  POSSIBLE SUNSHINE  MM
  AVERAGE SKY COVER 0.3


WEATHER CONDITIONS
 THE FOLLOWING WEATHER WAS RECORDED YESTERDAY.
  THUNDERSTORM
  HEAVY RAIN
  RAIN
  LIGHT RAIN
  FOG


RELATIVE HUMIDITY (PERCENT)
 HIGHEST   100          1200 AM
 LOWEST     65           300 PM
 AVERAGE    83

..........................................................


THE READING PA CLIMATE NORMALS FOR TODAY
                         NORMAL    RECORD    YEAR
 MAXIMUM TEMPERATURE (F)   84        98      1943
                                             1923
                                             1908
 MINIMUM TEMPERATURE (F)   62        46      1902


SUNRISE AND SUNSET
JUNE 24 2017..........SUNRISE   535 AM EDT   SUNSET   838 PM EDT
JUNE 25 2017..........SUNRISE   535 AM EDT   SUNSET   838 PM EDT


-  INDICATES NEGATIVE NUMBERS.
R  INDICATES RECORD WAS SET OR TIED.
MM INDICATES DATA IS MISSING.
T  INDICATES TRACE AMOUNT.




$$
