000
CDUS41 KPHI 300630
CLIRDG


CLIMATE REPORT
NATIONAL WEATHER SERVICE MOUNT HOLLY NJ
230 AM EDT MON MAY 30 2016


...................................

...THE READING PA CLIMATE SUMMARY FOR MAY 29 2016...

CLIMATE NORMAL PERIOD 1981 TO 2010
CLIMATE RECORD PERIOD 1869 TO 2016


WEATHER ITEM   OBSERVED TIME   RECORD YEAR NORMAL DEPARTURE LAST
                VALUE   (LST)  VALUE       VALUE  FROM      YEAR
                                                  NORMAL
..................................................................
TEMPERATURE (F)
 YESTERDAY
  MAXIMUM         89    244 PM  95    1969  76     13       88
  MINIMUM         66    447 AM  37    1902  54     12       59
  AVERAGE         78                        65     13       74

PRECIPITATION (IN)
  YESTERDAY        0.34          1.46 1933   0.17   0.17     0.00
  MONTH TO DATE    3.46                      3.92  -0.46     0.63
  SINCE MAR 1      6.27                     11.17  -4.90     7.14
  SINCE JAN 1     13.08                     16.70  -3.62    10.88

SNOWFALL (IN)
  YESTERDAY       MM            MM      MM  MM     MM       MM
  MONTH TO DATE   MM                        MM     MM       MM
  SINCE MAR 1     MM                        MM     MM       MM
  SINCE JUL 1     MM                        MM     MM       MM
  SNOW DEPTH      MM

DEGREE DAYS
 HEATING
  YESTERDAY        0                         3     -3        0
  MONTH TO DATE  192                       165     27       68
  SINCE MAR 1   1147                      1321   -174     1357
  SINCE JUL 1   4494                      5363   -869     5662

 COOLING
  YESTERDAY       13                         3     10        9
  MONTH TO DATE   59                        47     12      131
  SINCE MAR 1     72                        56     16      131
  SINCE JAN 1     72                        56     16      131
..................................................................


WIND (MPH)
  HIGHEST WIND SPEED    15   HIGHEST WIND DIRECTION    SW (210)
  HIGHEST GUST SPEED    20   HIGHEST GUST DIRECTION     S (190)
  AVERAGE WIND SPEED     6.0


SKY COVER
  POSSIBLE SUNSHINE  MM
  AVERAGE SKY COVER 0.2


WEATHER CONDITIONS
 THE FOLLOWING WEATHER WAS RECORDED YESTERDAY.
  HEAVY RAIN
  RAIN
  LIGHT RAIN
  FOG


RELATIVE HUMIDITY (PERCENT)
 HIGHEST    93          1000 PM
 LOWEST     31           400 PM
 AVERAGE    62

..........................................................


THE READING PA CLIMATE NORMALS FOR TODAY
                         NORMAL    RECORD    YEAR
 MAXIMUM TEMPERATURE (F)   77        94      1969
 MINIMUM TEMPERATURE (F)   55        41      1996
                                             1949


SUNRISE AND SUNSET
MAY 30 2016...........SUNRISE   537 AM EDT   SUNSET   827 PM EDT
MAY 31 2016...........SUNRISE   536 AM EDT   SUNSET   827 PM EDT


-  INDICATES NEGATIVE NUMBERS.
R  INDICATES RECORD WAS SET OR TIED.
MM INDICATES DATA IS MISSING.
T  INDICATES TRACE AMOUNT.




$$
