000
CDUS41 KPHI 280627
CLIRDG


CLIMATE REPORT
NATIONAL WEATHER SERVICE MOUNT HOLLY NJ
227 AM EDT THU AUG 28 2014


...................................

...THE READING PA CLIMATE SUMMARY FOR AUGUST 27 2014...

CLIMATE NORMAL PERIOD 1981 TO 2010
CLIMATE RECORD PERIOD 1869 TO 2014


WEATHER ITEM   OBSERVED TIME   RECORD YEAR NORMAL DEPARTURE LAST
                VALUE   (LST)  VALUE       VALUE  FROM      YEAR
                                                  NORMAL
..................................................................
TEMPERATURE (F)
 YESTERDAY
  MAXIMUM         89    402 PM 101    1948  82      7       88
  MINIMUM         63    554 AM  46    1904  61      2       70
  AVERAGE         76                        72      4       79

PRECIPITATION (IN)
  YESTERDAY        T             2.41 2006   0.12  -0.12     0.00
  MONTH TO DATE    2.53                      3.20  -0.67     3.71
  SINCE JUN 1     11.27                     11.50  -0.23    15.34
  SINCE JAN 1     30.09                     28.52   1.57    28.38

SNOWFALL (IN)
  YESTERDAY       MM            MM      MM  MM     MM       MM
  MONTH TO DATE   MM                        MM     MM       MM
  SINCE JUN 1     MM                        MM     MM       MM
  SINCE JUL 1     MM                        MM     MM       MM
  SNOW DEPTH      MM

DEGREE DAYS
 HEATING
  YESTERDAY        0                         0      0        0
  MONTH TO DATE    1                         0      1        0
  SINCE JUN 1      2                        25    -23        2
  SINCE JUL 1      1                         1      0        0

 COOLING
  YESTERDAY       11                         7      4       14
  MONTH TO DATE  196                       225    -29      188
  SINCE JUN 1    733                       717     16      838
  SINCE JAN 1    795                       777     18      937
..................................................................


WIND (MPH)
  HIGHEST WIND SPEED    12   HIGHEST WIND DIRECTION     N (360)
  HIGHEST GUST SPEED    15   HIGHEST GUST DIRECTION     N (10)
  AVERAGE WIND SPEED     3.5


SKY COVER
  POSSIBLE SUNSHINE  MM
  AVERAGE SKY COVER 0.1


WEATHER CONDITIONS
 THE FOLLOWING WEATHER WAS RECORDED YESTERDAY.
  LIGHT RAIN
  FOG


RELATIVE HUMIDITY (PERCENT)
 HIGHEST    93           600 AM
 LOWEST     50           100 PM
 AVERAGE    72

..........................................................


THE READING PA CLIMATE NORMALS FOR TODAY
                         NORMAL    RECORD    YEAR
 MAXIMUM TEMPERATURE (F)   82        99      1948
 MINIMUM TEMPERATURE (F)   61        47      1986


SUNRISE AND SUNSET
AUGUST 28 2014........SUNRISE   627 AM EDT   SUNSET   742 PM EDT
AUGUST 29 2014........SUNRISE   628 AM EDT   SUNSET   740 PM EDT


-  INDICATES NEGATIVE NUMBERS.
R  INDICATES RECORD WAS SET OR TIED.
MM INDICATES DATA IS MISSING.
T  INDICATES TRACE AMOUNT.




$$
