000
CDUS41 KPHI 220630
CLIRDG


CLIMATE REPORT
NATIONAL WEATHER SERVICE MOUNT HOLLY NJ
229 AM EDT TUE JUL 22 2014


...................................

...THE READING PA CLIMATE SUMMARY FOR JULY 21 2014...

CLIMATE NORMAL PERIOD 1981 TO 2010
CLIMATE RECORD PERIOD 1869 TO 2014


WEATHER ITEM   OBSERVED TIME   RECORD YEAR NORMAL DEPARTURE LAST
                VALUE   (LST)  VALUE       VALUE  FROM      YEAR
                                                  NORMAL
..................................................................
TEMPERATURE (F)
 YESTERDAY
  MAXIMUM         83    147 PM 102    2011  85     -2       87
                                      1926
  MINIMUM         65    500 AM  50    1971  65      0       73
  AVERAGE         74                        75     -1       80

PRECIPITATION (IN)
  YESTERDAY        0.00          5.28 1916   0.15  -0.15     0.00
  MONTH TO DATE    4.31                      3.07   1.24     2.81
  SINCE JUN 1      8.10                      6.85   1.25     9.02
  SINCE JAN 1     26.92                     23.87   3.05    22.06

SNOWFALL (IN)
  YESTERDAY       MM            MM      MM  MM     MM       MM
  MONTH TO DATE   MM                        MM     MM       MM
  SINCE JUN 1     MM                        MM     MM       MM
  SINCE JUL 1     MM                        MM     MM       MM
  SNOW DEPTH      MM

DEGREE DAYS
 HEATING
  YESTERDAY        0                         0      0        0
  MONTH TO DATE    0                         0      0        0
  SINCE JUN 1      1                        24    -23        2
  SINCE JUL 1      0                         0      0        0

 COOLING
  YESTERDAY        9                        10     -1       15
  MONTH TO DATE  231                       207     24      332
  SINCE JUN 1    459                       396     63      573
  SINCE JAN 1    521                       456     65      672
..................................................................


WIND (MPH)
  HIGHEST WIND SPEED    10   HIGHEST WIND DIRECTION    SW (240)
  HIGHEST GUST SPEED    14   HIGHEST GUST DIRECTION    SW (230)
  AVERAGE WIND SPEED     2.9


SKY COVER
  POSSIBLE SUNSHINE  MM
  AVERAGE SKY COVER 0.5


WEATHER CONDITIONS
 THE FOLLOWING WEATHER WAS RECORDED YESTERDAY.
  HAZE


RELATIVE HUMIDITY (PERCENT)
 HIGHEST    87           300 AM
 LOWEST     47           200 PM
 AVERAGE    67

..........................................................


THE READING PA CLIMATE NORMALS FOR TODAY
                         NORMAL    RECORD    YEAR
 MAXIMUM TEMPERATURE (F)   85       106      2011
 MINIMUM TEMPERATURE (F)   64        55      1974
                                             1971


SUNRISE AND SUNSET
JULY 22 2014..........SUNRISE   552 AM EDT   SUNSET   828 PM EDT
JULY 23 2014..........SUNRISE   553 AM EDT   SUNSET   827 PM EDT


-  INDICATES NEGATIVE NUMBERS.
R  INDICATES RECORD WAS SET OR TIED.
MM INDICATES DATA IS MISSING.
T  INDICATES TRACE AMOUNT.




$$
