000
CDUS41 KPHI 012145
CLIRDG


CLIMATE REPORT
NATIONAL WEATHER SERVICE MOUNT HOLLY NJ
545 PM EDT WED JUL 1 2015


...................................

...THE READING PA CLIMATE SUMMARY FOR JULY 1 2015...
VALID TODAY AS OF 0500 PM LOCAL TIME.

CLIMATE NORMAL PERIOD 1981 TO 2010
CLIMATE RECORD PERIOD 1869 TO 2015


WEATHER ITEM   OBSERVED TIME   RECORD YEAR NORMAL DEPARTURE LAST
                VALUE   (LST)  VALUE       VALUE  FROM      YEAR
                                                  NORMAL
..................................................................
TEMPERATURE (F)
 TODAY
  MAXIMUM         82    348 PM 101    1901  85     -3       92
  MINIMUM         67    620 AM  46    1988  64      3       71
  AVERAGE         75                        74      1       82

PRECIPITATION (IN)
  TODAY            0.20          1.18 1922   0.13   0.07     0.00
  MONTH TO DATE    0.20                      0.13   0.07     0.00
  SINCE JUN 1      6.42                      3.91   2.51     3.79
  SINCE JAN 1     18.33                     20.93  -2.60    22.61

SNOWFALL (IN)
  TODAY            0.0          MM      MM  MM     MM       MM
  MONTH TO DATE    0.0                      MM     MM       MM
  SINCE JUN 1      0.0                      MM     MM       MM
  SINCE JUL 1      0.0                      MM     MM       MM
  SNOW DEPTH       0

DEGREE DAYS
 HEATING
  TODAY            0                         0      0        0
  MONTH TO DATE    0                         0      0        0
  SINCE JUN 1     21                        24     -3        1
  SINCE JUL 1      0                         0      0        0

 COOLING
  TODAY           10                         9      1       17
  MONTH TO DATE   10                         9      1       17
  SINCE JUN 1    235                       198     37      245
  SINCE JAN 1    394                       258    136      307
..................................................................


WIND (MPH)
  HIGHEST WIND SPEED    18   HIGHEST WIND DIRECTION     W (290)
  HIGHEST GUST SPEED    27   HIGHEST GUST DIRECTION     W (280)
  AVERAGE WIND SPEED     7.3


SKY COVER
  POSSIBLE SUNSHINE  MM
  AVERAGE SKY COVER 0.4


WEATHER CONDITIONS
 THE FOLLOWING WEATHER WAS RECORDED TODAY.
  THUNDERSTORM
  RAIN
  LIGHT RAIN
  FOG
  HAZE


RELATIVE HUMIDITY (PERCENT)
 HIGHEST    93           400 AM
 LOWEST     45           400 PM
 AVERAGE    69

..........................................................


THE READING PA CLIMATE NORMALS FOR TOMORROW
                         NORMAL    RECORD    YEAR
 MAXIMUM TEMPERATURE (F)   85       102      1966
 MINIMUM TEMPERATURE (F)   64        50      2007
                                             1982


SUNRISE AND SUNSET
JULY  1 2015..........SUNRISE   537 AM EDT   SUNSET   838 PM EDT
JULY  2 2015..........SUNRISE   538 AM EDT   SUNSET   838 PM EDT


-  INDICATES NEGATIVE NUMBERS.
R  INDICATES RECORD WAS SET OR TIED.
MM INDICATES DATA IS MISSING.
T  INDICATES TRACE AMOUNT.




$$
