894
CDUS41 KPHI 220627
CLIRDG


CLIMATE REPORT
NATIONAL WEATHER SERVICE MOUNT HOLLY NJ
226 AM EDT FRI MAY 22 2015


...................................

...THE READING PA CLIMATE SUMMARY FOR MAY 21 2015...

CLIMATE NORMAL PERIOD 1981 TO 2010
CLIMATE RECORD PERIOD 1869 TO 2015


WEATHER ITEM   OBSERVED TIME   RECORD YEAR NORMAL DEPARTURE LAST
                VALUE   (LST)  VALUE       VALUE  FROM      YEAR
                                                  NORMAL
..................................................................
TEMPERATURE (F)
 YESTERDAY
  MAXIMUM         59    321 PM  94    1996  74    -15       63
  MINIMUM         49    524 AM  33    2002  52     -3       58
  AVERAGE         54                        63     -9       61

PRECIPITATION (IN)
  YESTERDAY        T             4.61 1894   0.14  -0.14     0.09
  MONTH TO DATE    0.44                      2.58  -2.14     2.10
  SINCE MAR 1      6.95                      9.83  -2.88    10.74
  SINCE JAN 1     10.69                     15.36  -4.67    17.42

SNOWFALL (IN)
  YESTERDAY       MM            MM      MM  MM     MM       MM
  MONTH TO DATE   MM                        MM     MM       MM
  SINCE MAR 1     MM                        MM     MM       MM
  SINCE JUL 1     MM                        MM     MM       MM
  SNOW DEPTH      MM

DEGREE DAYS
 HEATING
  YESTERDAY       11                         4      7        4
  MONTH TO DATE   53                       137    -84       94
  SINCE MAR 1   1342                      1293     49     1424
  SINCE JUL 1   5647                      5335    312     5734

 COOLING
  YESTERDAY        0                         2     -2        0
  MONTH TO DATE   77                        27     50       26
  SINCE MAR 1     77                        36     41       35
  SINCE JAN 1     77                        36     41       35
..................................................................


WIND (MPH)
  HIGHEST WIND SPEED    14   HIGHEST WIND DIRECTION    NW (310)
  HIGHEST GUST SPEED    16   HIGHEST GUST DIRECTION    NW (310)
  AVERAGE WIND SPEED     3.3


SKY COVER
  POSSIBLE SUNSHINE  MM
  AVERAGE SKY COVER 0.8


WEATHER CONDITIONS
 THE FOLLOWING WEATHER WAS RECORDED YESTERDAY.
  LIGHT RAIN


RELATIVE HUMIDITY (PERCENT)
 HIGHEST    71           500 AM
 LOWEST     39           300 PM
 AVERAGE    55

..........................................................


THE READING PA CLIMATE NORMALS FOR TODAY
                         NORMAL    RECORD    YEAR
 MAXIMUM TEMPERATURE (F)   74        95      1941
 MINIMUM TEMPERATURE (F)   52        35      2002


SUNRISE AND SUNSET
MAY 22 2015...........SUNRISE   542 AM EDT   SUNSET   820 PM EDT
MAY 23 2015...........SUNRISE   541 AM EDT   SUNSET   820 PM EDT


-  INDICATES NEGATIVE NUMBERS.
R  INDICATES RECORD WAS SET OR TIED.
MM INDICATES DATA IS MISSING.
T  INDICATES TRACE AMOUNT.




$$
