000
CDUS41 KPHI 130553
CLIRDG


CLIMATE REPORT
NATIONAL WEATHER SERVICE MOUNT HOLLY NJ
1252 AM EST WED DEC 13 2017


...................................

...THE READING PA CLIMATE SUMMARY FOR DECEMBER 12 2017...

CLIMATE NORMAL PERIOD 1981 TO 2010
CLIMATE RECORD PERIOD 1869 TO 2017


WEATHER ITEM   OBSERVED TIME   RECORD YEAR NORMAL DEPARTURE LAST
                VALUE   (LST)  VALUE       VALUE  FROM      YEAR
                                                  NORMAL
..................................................................
TEMPERATURE (F)
 YESTERDAY
  MAXIMUM         43    254 PM  66    1911  43      0       43
  MINIMUM         20   1159 PM   1    1977  27     -7       32
  AVERAGE         32                        35     -3       38

PRECIPITATION (IN)
  YESTERDAY        0.00          1.39 1959   0.12  -0.12     0.54
  MONTH TO DATE    0.52                      1.40  -0.88     1.25
  SINCE DEC 1      0.52                      1.40  -0.88     1.25
  SINCE JAN 1     42.29                     41.38   0.91    33.94

DEGREE DAYS
 HEATING
  YESTERDAY       33                        30      3       27
  MONTH TO DATE  337                       342     -5      319
  SINCE DEC 1    337                       342     -5      319
  SINCE JUL 1   1241                      1409   -168     1173

 COOLING
  YESTERDAY        0                         0      0        0
  MONTH TO DATE    0                         0      0        0
  SINCE DEC 1      0                         0      0        0
  SINCE JAN 1   1086                       896    190     1356
..................................................................


WIND (MPH)
  HIGHEST WIND SPEED    32   HIGHEST WIND DIRECTION    NW (300)
  HIGHEST GUST SPEED    40   HIGHEST GUST DIRECTION    NW (300)
  AVERAGE WIND SPEED    12.8


SKY COVER
  POSSIBLE SUNSHINE  MM
  AVERAGE SKY COVER 0.6


WEATHER CONDITIONS
 THE FOLLOWING WEATHER WAS RECORDED YESTERDAY.
  NO SIGNIFICANT WEATHER WAS OBSERVED.


RELATIVE HUMIDITY (PERCENT)
 HIGHEST    85           900 AM
 LOWEST     44          1000 PM
 AVERAGE    65

..........................................................


THE READING PA CLIMATE NORMALS FOR TODAY
                         NORMAL    RECORD    YEAR
 MAXIMUM TEMPERATURE (F)   42        68      2015
 MINIMUM TEMPERATURE (F)   27         7      1960


SUNRISE AND SUNSET
DECEMBER 13 2017......SUNRISE   718 AM EST   SUNSET   438 PM EST
DECEMBER 14 2017......SUNRISE   719 AM EST   SUNSET   438 PM EST


-  INDICATES NEGATIVE NUMBERS.
R  INDICATES RECORD WAS SET OR TIED.
MM INDICATES DATA IS MISSING.
T  INDICATES TRACE AMOUNT.




$$
