000
CDUS46 KPDT 300900
CLIRDM

CLIMATE REPORT
NATIONAL WEATHER SERVICE PENDLETON OR
159 AM PDT SAT JUL 30 2016


...................................

...THE REDMOND OR CLIMATE SUMMARY FOR JULY 29 2016...

CLIMATE NORMAL PERIOD 1981 TO 2010
CLIMATE RECORD PERIOD 1949 TO 2016


WEATHER ITEM   OBSERVED TIME   RECORD YEAR NORMAL DEPARTURE LAST
                VALUE   (LST)  VALUE       VALUE  FROM      YEAR
                                                  NORMAL
..................................................................
TEMPERATURE (F)
 YESTERDAY
  MAXIMUM        100    321 PM 101    1999  88     12       92
  MINIMUM         55    511 AM  34    1950  47      8       46
  AVERAGE         78                        68     10       69

PRECIPITATION (IN)
  YESTERDAY        0.00          0.63 1964   0.01  -0.01     0.00
  MONTH TO DATE    0.64                      0.51   0.13     0.44
  SINCE OCT 1      9.04                      7.95   1.09     8.75
  SINCE JAN 1      5.47                      5.19   0.28     4.47

DEGREE DAYS
 HEATING
  YESTERDAY        0                         1     -1        0
  MONTH TO DATE   49                        66    -17       48
  SINCE JUN 1    226                       283    -57      125
  SINCE JUL 1     49                        66    -17       48

 COOLING
  YESTERDAY       13                         4      9        4
  MONTH TO DATE   67                        92    -25      112
  SINCE JUN 1    131                       116     15      219
  SINCE JAN 1    134                       121     13      228
..................................................................


WIND (MPH)
  RESULTANT WIND SPEED   4   RESULTANT WIND DIRECTION  NW (310)
  HIGHEST WIND SPEED    22   HIGHEST WIND DIRECTION    NW (300)
  HIGHEST GUST SPEED    27   HIGHEST GUST DIRECTION     W (290)
  AVERAGE WIND SPEED     7.2


SKY COVER
  POSSIBLE SUNSHINE  MM
  AVERAGE SKY COVER 0.0


WEATHER CONDITIONS
 THE FOLLOWING WEATHER WAS RECORDED YESTERDAY.
  NO SIGNIFICANT WEATHER WAS OBSERVED.


RELATIVE HUMIDITY (PERCENT)
 HIGHEST    57           300 AM
 LOWEST     10           400 PM
 AVERAGE    34

..........................................................


THE REDMOND OR CLIMATE NORMALS FOR TODAY
                         NORMAL    RECORD    YEAR
 MAXIMUM TEMPERATURE (F)   88       101      2015
 MINIMUM TEMPERATURE (F)   47        33      1981


SUNRISE AND SUNSET
JULY 30 2016..........SUNRISE   551 AM PDT   SUNSET   831 PM PDT
JULY 31 2016..........SUNRISE   552 AM PDT   SUNSET   830 PM PDT


-  INDICATES NEGATIVE NUMBERS.
R  INDICATES RECORD WAS SET OR TIED.
MM INDICATES DATA IS MISSING.
T  INDICATES TRACE AMOUNT.




$$
