000
CDUS46 KPDT 060841
CLIRDM

CLIMATE REPORT
NATIONAL WEATHER SERVICE PENDLETON OR
1225 AM PST FRI MAR 6 2015


...................................

...THE REDMOND OR CLIMATE SUMMARY FOR MARCH 5 2015...

CLIMATE NORMAL PERIOD 1981 TO 2010
CLIMATE RECORD PERIOD 1949 TO 2015


WEATHER ITEM   OBSERVED TIME   RECORD YEAR NORMAL DEPARTURE LAST
                VALUE   (LST)  VALUE       VALUE  FROM      YEAR
                                                  NORMAL
..................................................................
TEMPERATURE (F)
 YESTERDAY
  MAXIMUM         65    332 PM  70    1986  51     14       59
  MINIMUM         16    638 AM  -1    1955  25     -9       47
  AVERAGE         41                        38      3       53

PRECIPITATION (IN)
  YESTERDAY        0.00          0.49 1989   0.02  -0.02     0.01
  MONTH TO DATE    0.00                      0.10  -0.10     0.15
  SINCE OCT 1      5.26                      4.48   0.78     2.77
  SINCE JAN 1      0.98                      1.72  -0.74     2.06

DEGREE DAYS
 HEATING
  YESTERDAY       24                        27     -3       12
  MONTH TO DATE  153                       137     16      113
  SINCE MAR 1    153                       137     16      113
  SINCE JUL 1   4186                      4810   -624     4906

 COOLING
  YESTERDAY        0                         0      0        0
  MONTH TO DATE    0                         0      0        0
  SINCE MAR 1      0                         0      0        0
  SINCE JAN 1      0                         0      0        0
..................................................................


WIND (MPH)
  RESULTANT WIND SPEED   1   RESULTANT WIND DIRECTION   S (160)
  HIGHEST WIND SPEED    10   HIGHEST WIND DIRECTION     W (290)
  HIGHEST GUST SPEED    13   HIGHEST GUST DIRECTION     W (290)
  AVERAGE WIND SPEED     3.0


SKY COVER
  POSSIBLE SUNSHINE  MM
  AVERAGE SKY COVER 0.0


WEATHER CONDITIONS
 THE FOLLOWING WEATHER WAS RECORDED YESTERDAY.
  NO SIGNIFICANT WEATHER WAS OBSERVED.


RELATIVE HUMIDITY (PERCENT)
 HIGHEST    80           600 AM
 LOWEST     16           300 PM
 AVERAGE    48

..........................................................


THE REDMOND OR CLIMATE NORMALS FOR TODAY
                         NORMAL    RECORD    YEAR
 MAXIMUM TEMPERATURE (F)   52        68      2005
 MINIMUM TEMPERATURE (F)   25        14      2012
                                             1995


SUNRISE AND SUNSET
MARCH  6 2015.........SUNRISE   633 AM PST   SUNSET   559 PM PST
MARCH  7 2015.........SUNRISE   632 AM PST   SUNSET   600 PM PST


-  INDICATES NEGATIVE NUMBERS.
R  INDICATES RECORD WAS SET OR TIED.
MM INDICATES DATA IS MISSING.
T  INDICATES TRACE AMOUNT.




$$
