000
CDUS46 KPDT 260920
CLIRDM

CLIMATE REPORT
NATIONAL WEATHER SERVICE PENDLETON OR
220 AM PDT FRI MAY 26 2017


...................................

...THE REDMOND OR CLIMATE SUMMARY FOR MAY 25 2017...

CLIMATE NORMAL PERIOD 1981 TO 2010
CLIMATE RECORD PERIOD 1949 TO 2017


WEATHER ITEM   OBSERVED TIME   RECORD YEAR NORMAL DEPARTURE LAST
                VALUE   (LST)  VALUE       VALUE  FROM      YEAR
                                                  NORMAL
..................................................................
TEMPERATURE (F)
 YESTERDAY
  MAXIMUM         69    414 PM  92    1986  70     -1       69
  MINIMUM         32    350 AM  20    1975  38     -6       40
  AVERAGE         51                        54     -3       55

PRECIPITATION (IN)
  YESTERDAY        0.00          0.59 1993   0.04  -0.04     0.00
  MONTH TO DATE    0.13                      0.80  -0.67     1.98
  SINCE OCT 1      8.10                      6.57   1.53     7.75
  SINCE JAN 1      4.35                      3.81   0.54     4.18

DEGREE DAYS
 HEATING
  YESTERDAY       14                        12      2       10
  MONTH TO DATE  333                       362    -29      254
  SINCE MAR 1   1653                      1760   -107     1424
  SINCE JUL 1   6530                      6433     97     5555

 COOLING
  YESTERDAY        0                         0      0        0
  MONTH TO DATE    4                         0      4        3
  SINCE MAR 1      4                         0      4        3
  SINCE JAN 1      4                         0      4        3
..................................................................


WIND (MPH)
  RESULTANT WIND SPEED   5   RESULTANT WIND DIRECTION   N (20)
  HIGHEST WIND SPEED    21   HIGHEST WIND DIRECTION    NE (30)
  HIGHEST GUST SPEED    28   HIGHEST GUST DIRECTION     N (360)
  AVERAGE WIND SPEED     6.7


SKY COVER
  POSSIBLE SUNSHINE  MM
  AVERAGE SKY COVER 0.2


WEATHER CONDITIONS
 THE FOLLOWING WEATHER WAS RECORDED YESTERDAY.
  NO SIGNIFICANT WEATHER WAS OBSERVED.


RELATIVE HUMIDITY (PERCENT)
 HIGHEST    82           100 AM
 LOWEST     22           400 PM
 AVERAGE    52

..........................................................


THE REDMOND OR CLIMATE NORMALS FOR TODAY
                         NORMAL    RECORD    YEAR
 MAXIMUM TEMPERATURE (F)   70        88      1950
 MINIMUM TEMPERATURE (F)   38        22      1964


SUNRISE AND SUNSET
MAY 26 2017...........SUNRISE   527 AM PDT   SUNSET   837 PM PDT
MAY 27 2017...........SUNRISE   527 AM PDT   SUNSET   837 PM PDT


-  INDICATES NEGATIVE NUMBERS.
R  INDICATES RECORD WAS SET OR TIED.
MM INDICATES DATA IS MISSING.
T  INDICATES TRACE AMOUNT.

$$
