498
CDUS46 KPDT 250900 RRA
CLIRDM

CLIMATE REPORT
NATIONAL WEATHER SERVICE PENDLETON OR
145 AM PDT SUN SEP 25 2016


...................................

...THE REDMOND OR CLIMATE SUMMARY FOR SEPTEMBER 24 2016...

CLIMATE NORMAL PERIOD 1981 TO 2010
CLIMATE RECORD PERIOD 1949 TO 2016


WEATHER ITEM   OBSERVED TIME   RECORD YEAR NORMAL DEPARTURE LAST
                VALUE   (LST)  VALUE       VALUE  FROM      YEAR
                                                  NORMAL
..................................................................
TEMPERATURE (F)
 YESTERDAY
  MAXIMUM         72    407 PM  94    2011  73     -1       82
  MINIMUM         31    554 AM  16    1961  36     -5       40
  AVERAGE         52                        55     -3       61

PRECIPITATION (IN)
  YESTERDAY        0.00          0.27 2014   0.01  -0.01     0.00
  MONTH TO DATE    0.04                      0.32  -0.28     0.07
  SINCE OCT 1      9.10                      8.81   0.29     8.84
  SINCE JAN 1      5.53                      6.05  -0.52     4.56

DEGREE DAYS
 HEATING
  YESTERDAY       13                        11      2        4
  MONTH TO DATE  245                       181     64      213
  SINCE SEP 1    245                       181     64      213
  SINCE JUL 1    334                       330      4      304

 COOLING
  YESTERDAY        0                         0      0        0
  MONTH TO DATE    0                        14    -14        8
  SINCE SEP 1      0                        14    -14        8
  SINCE JAN 1    239                       220     19      363
..................................................................


WIND (MPH)
  RESULTANT WIND SPEED   1   RESULTANT WIND DIRECTION   S (190)
  HIGHEST WIND SPEED    12   HIGHEST WIND DIRECTION    NW (330)
  HIGHEST GUST SPEED    14   HIGHEST GUST DIRECTION     N (350)
  AVERAGE WIND SPEED     3.0


SKY COVER
  POSSIBLE SUNSHINE  MM
  AVERAGE SKY COVER 0.0


WEATHER CONDITIONS
 THE FOLLOWING WEATHER WAS RECORDED YESTERDAY.
  FOG


RELATIVE HUMIDITY (PERCENT)
 HIGHEST    92           500 AM
 LOWEST      9           300 PM
 AVERAGE    51

..........................................................


THE REDMOND OR CLIMATE NORMALS FOR TODAY
                         NORMAL    RECORD    YEAR
 MAXIMUM TEMPERATURE (F)   73        95      1952
 MINIMUM TEMPERATURE (F)   36        21      2005
                                             1970


SUNRISE AND SUNSET
SEPTEMBER 25 2016.....SUNRISE   656 AM PDT   SUNSET   655 PM PDT
SEPTEMBER 26 2016.....SUNRISE   657 AM PDT   SUNSET   653 PM PDT


-  INDICATES NEGATIVE NUMBERS.
R  INDICATES RECORD WAS SET OR TIED.
MM INDICATES DATA IS MISSING.
T  INDICATES TRACE AMOUNT.




$$
