422
CDUS46 KPDT 070827
CLIRDM

CLIMATE REPORT
NATIONAL WEATHER SERVICE PENDLETON OR
1226 AM PST SUN FEB 7 2016


...................................

...THE REDMOND OR CLIMATE SUMMARY FOR FEBRUARY 6 2016...

CLIMATE NORMAL PERIOD 1981 TO 2010
CLIMATE RECORD PERIOD 1949 TO 2016


WEATHER ITEM   OBSERVED TIME   RECORD YEAR NORMAL DEPARTURE LAST
                VALUE   (LST)  VALUE       VALUE  FROM      YEAR
                                                  NORMAL
..................................................................
TEMPERATURE (F)
 YESTERDAY
  MAXIMUM         53    324 PM  66    1987  45      8       55
  MINIMUM         29    455 AM -13    1989  24      5       43
  AVERAGE         41                        34      7       49

PRECIPITATION (IN)
  YESTERDAY        0.00          0.15 1994   0.03  -0.03     0.03
  MONTH TO DATE    T                         0.15  -0.15     0.44
  SINCE OCT 1      4.79                      3.88   0.91     5.00
  SINCE JAN 1      1.22                      1.12   0.10     0.72

DEGREE DAYS
 HEATING
  YESTERDAY       24                        31     -7       16
  MONTH TO DATE  173                       186    -13      128
  SINCE DEC 1   1900                      2252   -352     1897
  SINCE JUL 1   3618                      4026   -408     3484

 COOLING
  YESTERDAY        0                         0      0        0
  MONTH TO DATE    0                         0      0        0
  SINCE DEC 1      0                         0      0        0
  SINCE JAN 1      0                         0      0        0
..................................................................


WIND (MPH)
  RESULTANT WIND SPEED   2   RESULTANT WIND DIRECTION  NE (50)
  HIGHEST WIND SPEED     9   HIGHEST WIND DIRECTION    NE (50)
  HIGHEST GUST SPEED    11   HIGHEST GUST DIRECTION    NE (50)
  AVERAGE WIND SPEED     3.8


SKY COVER
  POSSIBLE SUNSHINE  MM
  AVERAGE SKY COVER 0.3


WEATHER CONDITIONS
 THE FOLLOWING WEATHER WAS RECORDED YESTERDAY.
  NO SIGNIFICANT WEATHER WAS OBSERVED.


RELATIVE HUMIDITY (PERCENT)
 HIGHEST    92           400 AM
 LOWEST     46           300 PM
 AVERAGE    69

..........................................................


THE REDMOND OR CLIMATE NORMALS FOR TODAY
                         NORMAL    RECORD    YEAR
 MAXIMUM TEMPERATURE (F)   45        62      2006
                                             1991
 MINIMUM TEMPERATURE (F)   24        -9      1989


SUNRISE AND SUNSET
FEBRUARY  7 2016......SUNRISE   716 AM PST   SUNSET   522 PM PST
FEBRUARY  8 2016......SUNRISE   714 AM PST   SUNSET   524 PM PST


-  INDICATES NEGATIVE NUMBERS.
R  INDICATES RECORD WAS SET OR TIED.
MM INDICATES DATA IS MISSING.
T  INDICATES TRACE AMOUNT.




$$
