000
CDUS46 KPDT 240837 RRA
CLIRDM

CLIMATE REPORT
NATIONAL WEATHER SERVICE PENDLETON OR
137 AM PDT TUE MAY 24 2016


...................................

...THE REDMOND OR CLIMATE SUMMARY FOR MAY 23 2016...

CLIMATE NORMAL PERIOD 1981 TO 2010
CLIMATE RECORD PERIOD 1949 TO 2016


WEATHER ITEM   OBSERVED TIME   RECORD YEAR NORMAL DEPARTURE LAST
                VALUE   (LST)  VALUE       VALUE  FROM      YEAR
                                                  NORMAL
..................................................................
TEMPERATURE (F)
 YESTERDAY
  MAXIMUM         64    339 PM  88    1983  70     -6       68
  MINIMUM         33    501 AM  18    1964  37     -4       44
  AVERAGE         49                        53     -4       56

PRECIPITATION (IN)
  YESTERDAY        0.00          0.33 1987   0.04  -0.04     0.03
  MONTH TO DATE    1.98                      0.73   1.25     2.39
  SINCE OCT 1      7.75                      6.50   1.25     8.20
  SINCE JAN 1      4.18                      3.74   0.44     3.92

DEGREE DAYS
 HEATING
  YESTERDAY       16                        12      4        9
  MONTH TO DATE  231                       338   -107      325
  SINCE MAR 1   1401                      1736   -335     1603
  SINCE JUL 1   5532                      6409   -877     5636

 COOLING
  YESTERDAY        0                         0      0        0
  MONTH TO DATE    3                         0      3        0
  SINCE MAR 1      3                         0      3        0
  SINCE JAN 1      3                         0      3        0
..................................................................


WIND (MPH)
  RESULTANT WIND SPEED   1   RESULTANT WIND DIRECTION   N (360)
  HIGHEST WIND SPEED    16   HIGHEST WIND DIRECTION    NW (310)
  HIGHEST GUST SPEED    21   HIGHEST GUST DIRECTION     N (340)
  AVERAGE WIND SPEED     5.2


SKY COVER
  POSSIBLE SUNSHINE  MM
  AVERAGE SKY COVER 0.4


WEATHER CONDITIONS
 THE FOLLOWING WEATHER WAS RECORDED YESTERDAY.
  NO SIGNIFICANT WEATHER WAS OBSERVED.


RELATIVE HUMIDITY (PERCENT)
 HIGHEST    89           500 AM
 LOWEST     35           200 PM
 AVERAGE    62

..........................................................


THE REDMOND OR CLIMATE NORMALS FOR TODAY
                         NORMAL    RECORD    YEAR
 MAXIMUM TEMPERATURE (F)   70        93      1999
 MINIMUM TEMPERATURE (F)   37        25      1978


SUNRISE AND SUNSET
MAY 24 2016...........SUNRISE   529 AM PDT   SUNSET   835 PM PDT
MAY 25 2016...........SUNRISE   528 AM PDT   SUNSET   836 PM PDT


-  INDICATES NEGATIVE NUMBERS.
R  INDICATES RECORD WAS SET OR TIED.
MM INDICATES DATA IS MISSING.
T  INDICATES TRACE AMOUNT.

$$
