000
CDUS46 KPDT 010040
CLIRDM

CLIMATE REPORT
NATIONAL WEATHER SERVICE PENDLETON OR
540 PM PDT WED AUG 31 2016

...................................

...THE REDMOND OR CLIMATE SUMMARY FOR AUGUST 31 2016...
VALID TODAY AS OF 0500 PM LOCAL TIME.

CLIMATE NORMAL PERIOD 1981 TO 2010
CLIMATE RECORD PERIOD 1949 TO 2016


WEATHER ITEM   OBSERVED TIME   RECORD YEAR NORMAL DEPARTURE LAST
                VALUE   (LST)  VALUE       VALUE  FROM      YEAR
                                                  NORMAL
..................................................................
TEMPERATURE (F)
 TODAY
  MAXIMUM         81    318 PM 100    1967  81      0       79
  MINIMUM         43    548 AM  28    2006  42      1       35
  AVERAGE         62                        62      0       57

PRECIPITATION (IN)
  TODAY            0.00          0.23 1983   0.02  -0.02     0.00
  MONTH TO DATE    0.02                      0.50  -0.48     0.02
  SINCE OCT 1      9.06                      8.49   0.57     8.77
  SINCE JAN 1      5.49                      5.73  -0.24     4.49

DEGREE DAYS
 HEATING
  TODAY            3                         5     -2        8
  MONTH TO DATE   40                        81    -41       43
  SINCE JUN 1    266                       366   -100      168
  SINCE JUL 1     89                       149    -60       91

COOLING
  TODAY            0                         1     -1        0
  MONTH TO DATE   96                        80     16      105
  SINCE JUN 1    236                       201     35      346
  SINCE JAN 1    239                       206     33      355
..................................................................


WIND (MPH)
  RESULTANT WIND SPEED   1   RESULTANT WIND DIRECTION   N (20)
  HIGHEST WIND SPEED    21   HIGHEST WIND DIRECTION    NW (330)
  HIGHEST GUST SPEED    26   HIGHEST GUST DIRECTION    NW (330)
  AVERAGE WIND SPEED     4.8


SKY COVER
  POSSIBLE SUNSHINE  MM
  AVERAGE SKY COVER 0.0


WEATHER CONDITIONS
 THE FOLLOWING WEATHER WAS RECORDED TODAY.
  NO SIGNIFICANT WEATHER WAS OBSERVED.


RELATIVE HUMIDITY (PERCENT)
 HIGHEST    76           300 AM
 LOWEST     20           300 PM
 AVERAGE    48

..........................................................


THE REDMOND OR CLIMATE NORMALS FOR TOMORROW
                         NORMAL    RECORD    YEAR
 MAXIMUM TEMPERATURE (F)   81       104      1998
 MINIMUM TEMPERATURE (F)   42        28      1973


SUNRISE AND SUNSET
AUGUST 31 2016........SUNRISE   627 AM PDT   SUNSET   741 PM PDT
SEPTEMBER  1 2016.....SUNRISE   628 AM PDT   SUNSET   740 PM PDT


-  INDICATES NEGATIVE NUMBERS.
R  INDICATES RECORD WAS SET OR TIED.
MM INDICATES DATA IS MISSING.
T  INDICATES TRACE AMOUNT.

$$
