000
CDUS46 KPDT 100905
CLIRDM

CLIMATE REPORT
NATIONAL WEATHER SERVICE PENDLETON OR
205 AM PDT THU JUL 10 2014


...................................

...THE REDMOND OR CLIMATE SUMMARY FOR JULY 9 2014...

CLIMATE NORMAL PERIOD 1981 TO 2010
CLIMATE RECORD PERIOD 1949 TO 2014


WEATHER ITEM   OBSERVED TIME   RECORD YEAR NORMAL DEPARTURE LAST
                VALUE   (LST)  VALUE       VALUE  FROM      YEAR
                                                  NORMAL
..................................................................
TEMPERATURE (F)
 YESTERDAY
  MAXIMUM         97    252 PM  98    2010  84     13       96
                                      1985
  MINIMUM         56   1159 PM  30    1964  45     11       47
  AVERAGE         77                        65     12       72

PRECIPITATION (IN)
  YESTERDAY        T             0.69 1995   0.02  -0.02     0.00
  MONTH TO DATE    0.06                      0.16  -0.10     0.00
  SINCE OCT 1      4.52                      7.60  -3.08     5.83
  SINCE JAN 1      3.81                      4.84  -1.03     1.92

DEGREE DAYS
 HEATING
  YESTERDAY        0                         3     -3        0
  MONTH TO DATE    0                        31    -31        8
  SINCE JUN 1    223                       248    -25      193
  SINCE JUL 1      0                        31    -31        8

 COOLING
  YESTERDAY       12                         3      9        7
  MONTH TO DATE   59                        20     39       53
  SINCE JUN 1     60                        44     16       92
  SINCE JAN 1     60                        49     11      101
..................................................................


WIND (MPH)
  RESULTANT WIND SPEED   5   RESULTANT WIND DIRECTION  NW (320)
  HIGHEST WIND SPEED    21   HIGHEST WIND DIRECTION     N (350)
  HIGHEST GUST SPEED    27   HIGHEST GUST DIRECTION     N (350)
  AVERAGE WIND SPEED     7.3


SKY COVER
  POSSIBLE SUNSHINE  MM
  AVERAGE SKY COVER 0.0


WEATHER CONDITIONS
THE FOLLOWING WEATHER WAS RECORDED YESTERDAY.
  LIGHT RAIN


RELATIVE HUMIDITY (PERCENT)
 HIGHEST    78           500 AM
 LOWEST     11          1100 AM
 AVERAGE    45

..........................................................


THE REDMOND OR CLIMATE NORMALS FOR TODAY
                         NORMAL    RECORD    YEAR
 MAXIMUM TEMPERATURE (F)   85       100      2002
 MINIMUM TEMPERATURE (F)   46        32      1971


SUNRISE AND SUNSET
JULY 10 2014..........SUNRISE   531 AM PDT   SUNSET   849 PM PDT
JULY 11 2014..........SUNRISE   532 AM PDT   SUNSET   848 PM PDT


-  INDICATES NEGATIVE NUMBERS.
R  INDICATES RECORD WAS SET OR TIED.
MM INDICATES DATA IS MISSING.
T  INDICATES TRACE AMOUNT.

$$
