000
CDUS46 KPDT 220831
CLIRDM

CLIMATE REPORT
NATIONAL WEATHER SERVICE PENDLETON OR
130 AM PDT MON SEP 22 2014


...................................

...THE REDMOND OR CLIMATE SUMMARY FOR SEPTEMBER 21 2014...

CLIMATE NORMAL PERIOD 1981 TO 2010
CLIMATE RECORD PERIOD 1949 TO 2014


WEATHER ITEM   OBSERVED TIME   RECORD YEAR NORMAL DEPARTURE LAST
                VALUE   (LST)  VALUE       VALUE  FROM      YEAR
                                                  NORMAL
..................................................................
TEMPERATURE (F)
 YESTERDAY
  MAXIMUM         87    409 PM  96    1967  75     12       65
  MINIMUM         44    627 AM  23    1955  37      7       43
  AVERAGE         66                        56     10       54

PRECIPITATION (IN)
  YESTERDAY        0.00          0.12 1953   0.01  -0.01     0.02
  MONTH TO DATE    0.03                      0.28  -0.25     0.14
  SINCE OCT 1      5.74                      8.77  -3.03     7.13
  SINCE JAN 1      5.03                      6.01  -0.98     3.22

DEGREE DAYS
 HEATING
  YESTERDAY        0                        10    -10       11
  MONTH TO DATE  119                       150    -31       78
  SINCE SEP 1    119                       150    -31       78
  SINCE JUL 1    193                       299   -106      114

 COOLING
  YESTERDAY        1                         0      1        0
  MONTH TO DATE    7                        14     -7       36
  SINCE SEP 1      7                        14     -7       36
  SINCE JAN 1    304                       220     84      350
..................................................................


WIND (MPH)
  RESULTANT WIND SPEED   2   RESULTANT WIND DIRECTION  NW (330)
  HIGHEST WIND SPEED    14   HIGHEST WIND DIRECTION    NW (330)
  HIGHEST GUST SPEED    18   HIGHEST GUST DIRECTION    NW (330)
  AVERAGE WIND SPEED     4.4


SKY COVER
  POSSIBLE SUNSHINE  MM
  AVERAGE SKY COVER 0.0


WEATHER CONDITIONS
 THE FOLLOWING WEATHER WAS RECORDED YESTERDAY.
  NO SIGNIFICANT WEATHER WAS OBSERVED.


RELATIVE HUMIDITY (PERCENT)
 HIGHEST    76           400 AM
 LOWEST     21           200 PM
 AVERAGE    49

..........................................................


THE REDMOND OR CLIMATE NORMALS FOR TODAY
                         NORMAL    RECORD    YEAR
 MAXIMUM TEMPERATURE (F)   74        93      1999
 MINIMUM TEMPERATURE (F)   37        19      1961


SUNRISE AND SUNSET
SEPTEMBER 22 2014.....SUNRISE   652 AM PDT   SUNSET   702 PM PDT
SEPTEMBER 23 2014.....SUNRISE   653 AM PDT   SUNSET   700 PM PDT


-  INDICATES NEGATIVE NUMBERS.
R  INDICATES RECORD WAS SET OR TIED.
MM INDICATES DATA IS MISSING.
T  INDICATES TRACE AMOUNT.




$$
