882
CDUS46 KPDT 220841 RRA
CLIRDM

CLIMATE REPORT
NATIONAL WEATHER SERVICE PENDLETON OR
140 AM PDT FRI SEP 22 2017


...................................

...THE REDMOND OR CLIMATE SUMMARY FOR SEPTEMBER 21 2017...

CLIMATE NORMAL PERIOD 1981 TO 2010
CLIMATE RECORD PERIOD 1949 TO 2017


WEATHER ITEM   OBSERVED TIME   RECORD YEAR NORMAL DEPARTURE LAST
                VALUE   (LST)  VALUE       VALUE  FROM      YEAR
                                                  NORMAL
..................................................................
TEMPERATURE (F)
 YESTERDAY
  MAXIMUM         55    422 PM  96    1967  75    -20       66
  MINIMUM         29    500 AM  23    1955  37     -8       32
  AVERAGE         42                        56    -14       49

PRECIPITATION (IN)
  YESTERDAY        0.00          0.12 1953   0.01  -0.01     0.00
  MONTH TO DATE    0.43                      0.28   0.15     0.02
  SINCE OCT 1      9.22                      8.77   0.45     9.08
  SINCE JAN 1      5.47                      6.01  -0.54     5.51

DEGREE DAYS
 HEATING
  YESTERDAY       23                        10     13       16
  MONTH TO DATE  117                       150    -33      195
  SINCE SEP 1    117                       150    -33      195
  SINCE JUL 1    140                       299   -159      284

 COOLING
  YESTERDAY        0                         0      0        0
  MONTH TO DATE   56                        14     42        0
  SINCE SEP 1     56                        14     42        0
  SINCE JAN 1    434                       220    214      239
..................................................................


WIND (MPH)
  RESULTANT WIND SPEED   3   RESULTANT WIND DIRECTION  NW (330)
  HIGHEST WIND SPEED    15   HIGHEST WIND DIRECTION     N (350)
  HIGHEST GUST SPEED    20   HIGHEST GUST DIRECTION     N (350)
  AVERAGE WIND SPEED     5.3


SKY COVER
  POSSIBLE SUNSHINE  MM
  AVERAGE SKY COVER 0.4


WEATHER CONDITIONS
 THE FOLLOWING WEATHER WAS RECORDED YESTERDAY.
  NO SIGNIFICANT WEATHER WAS OBSERVED.


RELATIVE HUMIDITY (PERCENT)
 HIGHEST    92           500 AM
 LOWEST     35           400 PM
 AVERAGE    64

..........................................................


THE REDMOND OR CLIMATE NORMALS FOR TODAY
                         NORMAL    RECORD    YEAR
 MAXIMUM TEMPERATURE (F)   74        93      1999
 MINIMUM TEMPERATURE (F)   37        19      1961


SUNRISE AND SUNSET
SEPTEMBER 22 2017.....SUNRISE   652 AM PDT   SUNSET   701 PM PDT
SEPTEMBER 23 2017.....SUNRISE   653 AM PDT   SUNSET   659 PM PDT


-  INDICATES NEGATIVE NUMBERS.
R  INDICATES RECORD WAS SET OR TIED.
MM INDICATES DATA IS MISSING.
T  INDICATES TRACE AMOUNT.




$$
