000
CDUS46 KPDT 250039
CLIRDM

CLIMATE REPORT
NATIONAL WEATHER SERVICE PENDLETON OR
538 PM PDT FRI MAR 24 2017


...................................

...THE REDMOND OR CLIMATE SUMMARY FOR MARCH 24 2017...
VALID TODAY AS OF 0500 PM LOCAL TIME.

CLIMATE NORMAL PERIOD 1981 TO 2010
CLIMATE RECORD PERIOD 1949 TO 2017


WEATHER ITEM   OBSERVED TIME   RECORD YEAR NORMAL DEPARTURE LAST
                VALUE   (LST)  VALUE       VALUE  FROM      YEAR
                                                  NORMAL
..................................................................
TEMPERATURE (F)
 TODAY
  MAXIMUM         56    220 PM  76    1960  56      0       50
  MINIMUM         44    719 AM  15    1969  27     17       32
  AVERAGE         50                        41      9       41

PRECIPITATION (IN)
  TODAY            0.00          0.48 1975   0.02  -0.02     0.00
  MONTH TO DATE    0.18                      0.50  -0.32     0.57
  SINCE OCT 1      6.69                      4.88   1.81     5.48
  SINCE JAN 1      2.94                      2.12   0.82     1.91

DEGREE DAYS
 HEATING
  TODAY           15                        24     -9       24
  MONTH TO DATE  521                       615    -94      561
  SINCE MAR 1    521                       615    -94      561
  SINCE JUL 1   5398                      5288    110     4692

 COOLING
  TODAY            0                         0      0        0
  MONTH TO DATE    0                         0      0        0
  SINCE MAR 1      0                         0      0        0
  SINCE JAN 1      0                         0      0        0
..................................................................


WIND (MPH)
  RESULTANT WIND SPEED  11   RESULTANT WIND DIRECTION   S (190)
  HIGHEST WIND SPEED    26   HIGHEST WIND DIRECTION    SW (210)
  HIGHEST GUST SPEED    40   HIGHEST GUST DIRECTION    SW (210)
  AVERAGE WIND SPEED    12.5


SKY COVER
  POSSIBLE SUNSHINE  MM
  AVERAGE SKY COVER 0.8


WEATHER CONDITIONS
 THE FOLLOWING WEATHER WAS RECORDED TODAY.
  NO SIGNIFICANT WEATHER WAS OBSERVED.


RELATIVE HUMIDITY (PERCENT)
 HIGHEST    62           100 AM
 LOWEST     35           200 PM
 AVERAGE    49

..........................................................


THE REDMOND OR CLIMATE NORMALS FOR TOMORROW
                         NORMAL    RECORD    YEAR
 MAXIMUM TEMPERATURE (F)   56        79      1960
 MINIMUM TEMPERATURE (F)   27        12      1964


SUNRISE AND SUNSET
MARCH 24 2017.........SUNRISE   700 AM PDT   SUNSET   722 PM PDT
MARCH 25 2017.........SUNRISE   658 AM PDT   SUNSET   724 PM PDT


-  INDICATES NEGATIVE NUMBERS.
R  INDICATES RECORD WAS SET OR TIED.
MM INDICATES DATA IS MISSING.
T  INDICATES TRACE AMOUNT.




$$
