000
CDUS46 KPDT 030033
CLIRDM

CLIMATE REPORT
NATIONAL WEATHER SERVICE PENDLETON OR
529 PM PDT THU JUL 2 2015


...................................

...THE REDMOND OR CLIMATE SUMMARY FOR JULY 2 2015...
VALID TODAY AS OF 0500 PM LOCAL TIME.

CLIMATE NORMAL PERIOD 1981 TO 2010
CLIMATE RECORD PERIOD 1949 TO 2015


WEATHER ITEM   OBSERVED TIME   RECORD YEAR NORMAL DEPARTURE LAST
                VALUE   (LST)  VALUE       VALUE  FROM      YEAR
                                                  NORMAL
..................................................................
TEMPERATURE (F)
 TODAY
  MAXIMUM        100    359 PM 102    2013  82     18       91
  MINIMUM         60    510 AM  29    1962  44     16       58
  AVERAGE         80                        63     17       75

PRECIPITATION (IN)
  TODAY            0.00          0.86 1982   0.01  -0.01     0.06
  MONTH TO DATE    0.00                      0.03  -0.03     0.06
  SINCE OCT 1      8.31                      7.47   0.84     4.52
  SINCE JAN 1      4.03                      4.71  -0.68     3.81

DEGREE DAYS
 HEATING
  TODAY            0                         4     -4        0
  MONTH TO DATE    0                         8     -8        0
  SINCE JUN 1     77                       225   -148      223
  SINCE JUL 1      0                         8     -8        0

 COOLING
  TODAY           15                         2     13       10
  MONTH TO DATE   27                         4     23       14
  SINCE JUN 1    134                        28    106       15
  SINCE JAN 1    143                        33    110       15
..................................................................


WIND (MPH)
  RESULTANT WIND SPEED   2   RESULTANT WIND DIRECTION  NW (330)
  HIGHEST WIND SPEED    16   HIGHEST WIND DIRECTION     N (340)
  HIGHEST GUST SPEED    22   HIGHEST GUST DIRECTION    NW (310)
  AVERAGE WIND SPEED     4.4


SKY COVER
  POSSIBLE SUNSHINE  MM
  AVERAGE SKY COVER 0.0


WEATHER CONDITIONS
 THE FOLLOWING WEATHER WAS RECORDED TODAY.
  NO SIGNIFICANT WEATHER WAS OBSERVED.


RELATIVE HUMIDITY (PERCENT)
 HIGHEST    60           400 AM
 LOWEST     16           400 PM
 AVERAGE    38

..........................................................


THE REDMOND OR CLIMATE NORMALS FOR TOMORROW
                         NORMAL    RECORD    YEAR
 MAXIMUM TEMPERATURE (F)   82       104      1968
 MINIMUM TEMPERATURE (F)   44        31      1962


SUNRISE AND SUNSET
JULY  2 2015..........SUNRISE   525 AM PDT   SUNSET   852 PM PDT
JULY  3 2015..........SUNRISE   526 AM PDT   SUNSET   852 PM PDT


-  INDICATES NEGATIVE NUMBERS.
R  INDICATES RECORD WAS SET OR TIED.
MM INDICATES DATA IS MISSING.
T  INDICATES TRACE AMOUNT.




$$
