000
CDUS46 KPDT 200838 RRA
CLIRDM

CLIMATE REPORT
NATIONAL WEATHER SERVICE PENDLETON OR
1238 AM PST MON FEB 20 2017


...................................

...THE REDMOND OR CLIMATE SUMMARY FOR FEBRUARY 19 2017...

CLIMATE NORMAL PERIOD 1981 TO 2010
CLIMATE RECORD PERIOD 1949 TO 2017


WEATHER ITEM   OBSERVED TIME   RECORD YEAR NORMAL DEPARTURE LAST
                VALUE   (LST)  VALUE       VALUE  FROM      YEAR
                                                  NORMAL
..................................................................
TEMPERATURE (F)
 YESTERDAY
  MAXIMUM         47    138 PM  69    1995  48     -1       51
  MINIMUM         29    237 AM  -5    2006  24      5       30
  AVERAGE         38                        36      2       41

PRECIPITATION (IN)
  YESTERDAY        0.12          0.21 1993   0.02   0.10      T
  MONTH TO DATE    0.83                      0.45   0.38     0.04
  SINCE OCT 1      6.20                      4.18   2.02     4.83
  SINCE JAN 1      2.45                      1.42   1.03     1.26

DEGREE DAYS
 HEATING
  YESTERDAY       27                        29     -2       24
  MONTH TO DATE  543                       576    -33      430
  SINCE DEC 1   3122                      2642    480     2157
  SINCE JUL 1   4586                      4416    170     3875

 COOLING
  YESTERDAY        0                         0      0        0
  MONTH TO DATE    0                         0      0        0
  SINCE DEC 1      0                         0      0        0
  SINCE JAN 1      0                         0      0        0
..................................................................


WIND (MPH)
  RESULTANT WIND SPEED   9   RESULTANT WIND DIRECTION   S (190)
  HIGHEST WIND SPEED    21   HIGHEST WIND DIRECTION     S (190)
  HIGHEST GUST SPEED    27   HIGHEST GUST DIRECTION     S (200)
  AVERAGE WIND SPEED     8.9


SKY COVER
  POSSIBLE SUNSHINE  MM
  AVERAGE SKY COVER 0.6


WEATHER CONDITIONS
 THE FOLLOWING WEATHER WAS RECORDED YESTERDAY.
  LIGHT RAIN
  LIGHT SNOW
  FOG


RELATIVE HUMIDITY (PERCENT)
 HIGHEST    89           800 AM
 LOWEST     49           100 PM
 AVERAGE    69

..........................................................


THE REDMOND OR CLIMATE NORMALS FOR TODAY
                         NORMAL    RECORD    YEAR
 MAXIMUM TEMPERATURE (F)   48        73      1995
 MINIMUM TEMPERATURE (F)   24         2      1993


SUNRISE AND SUNSET
FEBRUARY 20 2017......SUNRISE   656 AM PST   SUNSET   541 PM PST
FEBRUARY 21 2017......SUNRISE   654 AM PST   SUNSET   543 PM PST


-  INDICATES NEGATIVE NUMBERS.
R  INDICATES RECORD WAS SET OR TIED.
MM INDICATES DATA IS MISSING.
T  INDICATES TRACE AMOUNT.


$$
