000
CDUS46 KPDT 300144 RRA
CLIRDM

CLIMATE REPORT
NATIONAL WEATHER SERVICE PENDLETON OR
626 PM PDT FRI MAY 29 2015


...................................

...THE REDMOND OR CLIMATE SUMMARY FOR MAY 29 2015...
VALID TODAY AS OF 0500 PM LOCAL TIME.

CLIMATE NORMAL PERIOD 1981 TO 2010
CLIMATE RECORD PERIOD 1949 TO 2015


WEATHER ITEM   OBSERVED TIME   RECORD YEAR NORMAL DEPARTURE LAST
                VALUE   (LST)  VALUE       VALUE  FROM      YEAR
                                                  NORMAL
..................................................................
TEMPERATURE (F)
 TODAY
  MAXIMUM         85    116 PM  94    1986  71     14       70
  MINIMUM         46    408 AM  26    1979  38      8       29
  AVERAGE         66                        55     11       50

PRECIPITATION (IN)
  TODAY            T             1.12 1998   0.04  -0.04     0.00
  MONTH TO DATE    2.39                      0.95   1.44     0.36
  SINCE OCT 1      8.20                      6.72   1.48     4.16
  SINCE JAN 1      3.92                      3.96  -0.04     3.45

DEGREE DAYS
 HEATING
  TODAY            0                        11    -11       15
  MONTH TO DATE  359                       406    -47      355
  SINCE MAR 1   1637                      1804   -167     1657
  SINCE JUL 1   5670                      6477   -807     6450

 COOLING
  TODAY            1                         0      1        0
  MONTH TO DATE    1                         0      1        0
  SINCE MAR 1      1                         0      1        0
  SINCE JAN 1      1                         0      1        0
..................................................................


WIND (MPH)
  RESULTANT WIND SPEED   1   RESULTANT WIND DIRECTION   N (340)
  HIGHEST WIND SPEED    14   HIGHEST WIND DIRECTION    NW (320)
  HIGHEST GUST SPEED    18   HIGHEST GUST DIRECTION     N (350)
  AVERAGE WIND SPEED     6.0


SKY COVER
  POSSIBLE SUNSHINE  MM
  AVERAGE SKY COVER 0.2


WEATHER CONDITIONS
 THE FOLLOWING WEATHER WAS RECORDED TODAY.
  THUNDERSTORM


RELATIVE HUMIDITY (PERCENT)
 HIGHEST    86           500 AM
 LOWEST     26           200 PM
 AVERAGE    56

..........................................................


THE REDMOND OR CLIMATE NORMALS FOR TOMORROW
                         NORMAL    RECORD    YEAR
 MAXIMUM TEMPERATURE (F)   71        99      1986
 MINIMUM TEMPERATURE (F)   38        25      1988


SUNRISE AND SUNSET
MAY 29 2015...........SUNRISE   526 AM PDT   SUNSET   839 PM PDT
MAY 30 2015...........SUNRISE   525 AM PDT   SUNSET   840 PM PDT


-  INDICATES NEGATIVE NUMBERS.
R  INDICATES RECORD WAS SET OR TIED.
MM INDICATES DATA IS MISSING.
T  INDICATES TRACE AMOUNT.




$$
