000
CDUS46 KPDT 220033 RRA
CLIRDM

CLIMATE REPORT
NATIONAL WEATHER SERVICE PENDLETON OR
432 PM PST TUE NOV 21 2017


...................................

...THE REDMOND OR CLIMATE SUMMARY FOR NOVEMBER 21 2017...
VALID TODAY AS OF 0400 PM LOCAL TIME.

CLIMATE NORMAL PERIOD 1981 TO 2010
CLIMATE RECORD PERIOD 1949 TO 2017


WEATHER ITEM   OBSERVED TIME   RECORD YEAR NORMAL DEPARTURE LAST
                VALUE   (LST)  VALUE       VALUE  FROM      YEAR
                                                  NORMAL
..................................................................
TEMPERATURE (F)
 TODAY
  MAXIMUM         62    359 PM  71    1954  46     16       50
  MINIMUM         44    235 AM   0    2013  25     19       23
  AVERAGE         53                        36     17       37

PRECIPITATION (IN)
  TODAY            T             0.70 1998   0.03  -0.03     0.00
  MONTH TO DATE    0.42                      0.65  -0.23     0.19
  SINCE OCT 1      0.94                      1.29  -0.35     1.93
  SINCE JAN 1      6.41                      7.43  -1.02     7.47

DEGREE DAYS
 HEATING
  TODAY           12                        30    -18       28
  MONTH TO DATE  536                       549    -13      376
  SINCE SEP 1   1347                      1345      2     1140
  SINCE JUL 1   1370                      1494   -124     1229

 COOLING
  TODAY            0                         0      0        0
  MONTH TO DATE    0                         0      0        0
  SINCE SEP 1     56                        16     40        1
  SINCE JAN 1    434                       222    212      240
..................................................................


WIND (MPH)
  RESULTANT WIND SPEED   4   RESULTANT WIND DIRECTION   S (170)
  HIGHEST WIND SPEED    15   HIGHEST WIND DIRECTION     S (160)
  HIGHEST GUST SPEED    20   HIGHEST GUST DIRECTION     S (170)
  AVERAGE WIND SPEED     4.8


SKY COVER
  POSSIBLE SUNSHINE  MM
  AVERAGE SKY COVER 1.0


WEATHER CONDITIONS
 THE FOLLOWING WEATHER WAS RECORDED TODAY.
  NO SIGNIFICANT WEATHER WAS OBSERVED.


RELATIVE HUMIDITY (PERCENT)
 HIGHEST    92           200 AM
 LOWEST     60           200 PM
 AVERAGE    76

..........................................................


THE REDMOND OR CLIMATE NORMALS FOR TOMORROW
                         NORMAL    RECORD    YEAR
 MAXIMUM TEMPERATURE (F)   46        71      1954
 MINIMUM TEMPERATURE (F)   24        -3      1985


SUNRISE AND SUNSET
NOVEMBER 21 2017......SUNRISE   709 AM PST   SUNSET   432 PM PST
NOVEMBER 22 2017......SUNRISE   710 AM PST   SUNSET   432 PM PST


-  INDICATES NEGATIVE NUMBERS.
R  INDICATES RECORD WAS SET OR TIED.
MM INDICATES DATA IS MISSING.
T  INDICATES TRACE AMOUNT.




$$
