234
CDUS46 KPDT 210905
CLIRDM

CLIMATE REPORT
NATIONAL WEATHER SERVICE PENDLETON OR
205 AM PDT FRI JUL 21 2017


...................................

...THE REDMOND OR CLIMATE SUMMARY FOR JULY 20 2017...

CLIMATE NORMAL PERIOD 1981 TO 2010
CLIMATE RECORD PERIOD 1949 TO 2017


WEATHER ITEM   OBSERVED TIME   RECORD YEAR NORMAL DEPARTURE LAST
                VALUE   (LST)  VALUE       VALUE  FROM      YEAR
                                                  NORMAL
..................................................................
TEMPERATURE (F)
 YESTERDAY
  MAXIMUM         83    335 PM 102    1959  87     -4       86
  MINIMUM         43    432 AM  35    1966  47     -4       45
  AVERAGE         63                        67     -4       66

PRECIPITATION (IN)
  YESTERDAY        0.00          0.63 1987   0.01  -0.01     0.00
  MONTH TO DATE    0.00                      0.36  -0.36     0.64
  SINCE OCT 1      8.50                      7.80   0.70     9.04
  SINCE JAN 1      4.75                      5.04  -0.29     5.47

DEGREE DAYS
 HEATING
  YESTERDAY        2                         2      0        0
  MONTH TO DATE    6                        55    -49       48
  SINCE JUN 1    171                       272   -101      225
  SINCE JUL 1      6                        55    -49       48

 COOLING
  YESTERDAY        0                         4     -4        1
  MONTH TO DATE   98                        56     42       12
  SINCE JUN 1    139                        80     59       76
  SINCE JAN 1    149                        85     64       79
..................................................................


WIND (MPH)
  RESULTANT WIND SPEED   4   RESULTANT WIND DIRECTION  NW (330)
  HIGHEST WIND SPEED    18   HIGHEST WIND DIRECTION    NW (310)
  HIGHEST GUST SPEED    23   HIGHEST GUST DIRECTION    NW (310)
  AVERAGE WIND SPEED     6.2


SKY COVER
  POSSIBLE SUNSHINE  MM
  AVERAGE SKY COVER 0.0


WEATHER CONDITIONS
 THE FOLLOWING WEATHER WAS RECORDED YESTERDAY.
  NO SIGNIFICANT WEATHER WAS OBSERVED.


RELATIVE HUMIDITY (PERCENT)
 HIGHEST    83           500 AM
 LOWEST     12           600 PM
 AVERAGE    48

..........................................................


THE REDMOND OR CLIMATE NORMALS FOR TODAY
                         NORMAL    RECORD    YEAR
 MAXIMUM TEMPERATURE (F)   87       102      2006
 MINIMUM TEMPERATURE (F)   47        36      1954


SUNRISE AND SUNSET
JULY 21 2017..........SUNRISE   541 AM PDT   SUNSET   841 PM PDT
JULY 22 2017..........SUNRISE   542 AM PDT   SUNSET   840 PM PDT


-  INDICATES NEGATIVE NUMBERS.
R  INDICATES RECORD WAS SET OR TIED.
MM INDICATES DATA IS MISSING.
T  INDICATES TRACE AMOUNT.

$$
