000
CDUS42 KRAH 200759
CLIRDU


CLIMATE REPORT
NATIONAL WEATHER SERVICE RALEIGH NC
358 AM EDT THU JUL 20 2017


...................................

...THE RALEIGH-DURHAM INTL AIRPORT NC CLIMATE SUMMARY FOR JULY 19 2017...

CLIMATE NORMAL PERIOD 1981 TO 2010
CLIMATE RECORD PERIOD 1887 TO 2017


WEATHER ITEM   OBSERVED TIME   RECORD YEAR NORMAL DEPARTURE LAST
                VALUE   (LST)  VALUE       VALUE  FROM      YEAR
                                                  NORMAL
..................................................................
TEMPERATURE (F)
 YESTERDAY
  MAXIMUM         94    149 PM 101    1902  90      4       93
  MINIMUM         67    438 AM  60    1946  70     -3       74
  AVERAGE         81                        80      1       84

PRECIPITATION (IN)
  YESTERDAY        0.00          2.34 1949   0.16  -0.16     0.00
  MONTH TO DATE    1.58                      2.82  -1.24     7.82
  SINCE JUN 1      7.74                      6.34   1.40    13.84
  SINCE JAN 1     29.60                     23.37   6.23    33.45

DEGREE DAYS
 HEATING
  YESTERDAY        0                         0      0        0
  MONTH TO DATE    0                         0      0        0
  SINCE JUN 1      1                         4     -3        0
  SINCE JUL 1      0                         0      0        0

 COOLING
  YESTERDAY       16                        15      1       19
  MONTH TO DATE  330                       285     45      306
  SINCE JUN 1    655                       632     23      665
  SINCE JAN 1    994                       841    153      901
..................................................................


WIND (MPH)
  HIGHEST WIND SPEED    12   HIGHEST WIND DIRECTION     E (70)
  HIGHEST GUST SPEED    16   HIGHEST GUST DIRECTION    NE (30)
  AVERAGE WIND SPEED     2.6


SKY COVER
  POSSIBLE SUNSHINE  MM
  AVERAGE SKY COVER 0.4


WEATHER CONDITIONS
 THE FOLLOWING WEATHER WAS RECORDED YESTERDAY.
  NO SIGNIFICANT WEATHER WAS OBSERVED.


RELATIVE HUMIDITY (PERCENT)
 HIGHEST    97           200 AM
 LOWEST     38           100 PM
 AVERAGE    68

..........................................................


THE RALEIGH-DURHAM INTL AIRPORT NC CLIMATE NORMALS FOR TODAY
                         NORMAL    RECORD    YEAR
 MAXIMUM TEMPERATURE (F)   90       102      1942
                                             1932
 MINIMUM TEMPERATURE (F)   70        60      1910
                                             1909


SUNRISE AND SUNSET
JULY 20 2017..........SUNRISE   614 AM EDT   SUNSET   829 PM EDT
JULY 21 2017..........SUNRISE   615 AM EDT   SUNSET   828 PM EDT


-  INDICATES NEGATIVE NUMBERS.
R  INDICATES RECORD WAS SET OR TIED.
MM INDICATES DATA IS MISSING.
T  INDICATES TRACE AMOUNT.

&&

CLIMATE REPORT
NWS FORECAST OFFICE
NCSU CENTENNIAL CAMPUS
RALEIGH NC

MAXIMUM TEMPERATURE...93

MINIMUM TEMPERATURE...68

PRECIPITATION... 0.00

$$
