000
CDUS42 KRAH 212145
CLIRDU


CLIMATE REPORT
NATIONAL WEATHER SERVICE RALEIGH NC
441 PM EST WED FEB 21 2018


...................................

...THE RALEIGH-DURHAM INTL AIRPORT NC CLIMATE SUMMARY FOR FEBRUARY 21 2018...
VALID TODAY AS OF 0440 PM LOCAL TIME.

CLIMATE NORMAL PERIOD 1981 TO 2010
CLIMATE RECORD PERIOD 1887 TO 2018


WEATHER ITEM   OBSERVED TIME   RECORD YEAR NORMAL DEPARTURE LAST
                VALUE   (LST)  VALUE       VALUE  FROM      YEAR
                                                  NORMAL
..................................................................
TEMPERATURE (F)
 TODAY
  MAXIMUM         77R  1246 PM  76    2011  57     20       66
                                      1930
  MINIMUM         63    513 AM   8    1896  35     28       44
  AVERAGE         70                        46     24       55

PRECIPITATION (IN)
  TODAY            T             1.19 1961   0.12  -0.12     0.00
  MONTH TO DATE    1.54                      2.37  -0.83     0.66
  SINCE DEC 1      7.75                      8.94  -1.19     6.62
  SINCE JAN 1      5.46                      5.87  -0.41     4.43

SNOWFALL (IN)
  TODAY            0.0          10.0  1899   0.0    0.0      0.0
  MONTH TO DATE    0.0                       1.5   -1.5       T
  SINCE DEC 1      7.3                       5.0    2.3      0.5
  SINCE JUL 1      7.3                       5.1    2.2      0.5
  SNOW DEPTH       0

DEGREE DAYS
 HEATING
  TODAY            0                        19    -19       10
  MONTH TO DATE  318                       446   -128      288
  SINCE DEC 1   1880                      1862     18     1479
  SINCE JUL 1   2462                      2443     19     1934

 COOLING
  TODAY            5                         0      5        0
  MONTH TO DATE   12                         0     12        6
  SINCE DEC 1     12                         2     10        6
  SINCE JAN 1     12                         0     12        6
..................................................................


WIND (MPH)
  HIGHEST WIND SPEED    21   HIGHEST WIND DIRECTION    SW (230)
  HIGHEST GUST SPEED    24   HIGHEST GUST DIRECTION    SW (230)
  AVERAGE WIND SPEED    10.2


SKY COVER
  POSSIBLE SUNSHINE  MM
  AVERAGE SKY COVER 0.7


WEATHER CONDITIONS
 THE FOLLOWING WEATHER WAS RECORDED TODAY.
  LIGHT RAIN
  FOG


RELATIVE HUMIDITY (PERCENT)
 HIGHEST   100           200 AM
 LOWEST     64           100 PM
 AVERAGE    82

..........................................................


THE RALEIGH-DURHAM INTL AIRPORT NC CLIMATE NORMALS FOR TOMORROW
                         NORMAL    RECORD    YEAR
 MAXIMUM TEMPERATURE (F)   57        75      1897
 MINIMUM TEMPERATURE (F)   35        11      1968


SUNRISE AND SUNSET
FEBRUARY 21 2018......SUNRISE   655 AM EST   SUNSET   603 PM EST
FEBRUARY 22 2018......SUNRISE   654 AM EST   SUNSET   604 PM EST


-  INDICATES NEGATIVE NUMBERS.
R  INDICATES RECORD WAS SET OR TIED.
MM INDICATES DATA IS MISSING.
T  INDICATES TRACE AMOUNT.

&&

CLIMATE REPORT
NWS FORECAST OFFICE
NCSU CENTENNIAL CAMPUS
RALEIGH NC

MAXIMUM TEMPERATURE...78

MINIMUM TEMPERATURE... 63

PRECIPITATION... T

$$
