000
CDUS42 KRAH 010725 CCA
CLIRDU

CLIMATE REPORT
NATIONAL WEATHER SERVICE RALEIGH NC
322 AM EDT SAT NOV 1 2014


...................................

...THE RALEIGH-DURHAM INTL AIRPORT NC CLIMATE SUMMARY FOR OCTOBER 31 2014...

CLIMATE NORMAL PERIOD 1981 TO 2010
CLIMATE RECORD PERIOD 1887 TO 2014


WEATHER ITEM   OBSERVED TIME   RECORD YEAR NORMAL DEPARTURE LAST
                VALUE   (LST)  VALUE       VALUE  FROM      YEAR
                                                  NORMAL
..................................................................
TEMPERATURE (F)
 YESTERDAY
  MAXIMUM         62    106 PM  85    1961  69     -7       76
                                      1950
  MINIMUM         42    654 AM  30    1963  45     -3       58
                                      1917
  AVERAGE         52                        57     -5       67

PRECIPITATION (IN)
  YESTERDAY        0.00          4.18 1887   0.10  -0.10     0.00
  MONTH TO DATE    2.18                      3.25  -1.07     1.41
  SINCE SEP 1      8.09                      7.61   0.48     4.32
  SINCE JAN 1     46.50                     37.15   9.35    41.79

DEGREE DAYS
 HEATING
  YESTERDAY       13                         9      4        0
  MONTH TO DATE  118                       168    -50      148
  SINCE SEP 1    128                       188    -60      159
  SINCE JUL 1    128                       189    -61      159

 COOLING
  YESTERDAY        0                         1     -1        2
  MONTH TO DATE   64                        52     12       55
  SINCE SEP 1    298                       279     19      244
  SINCE JAN 1   1656                      1720    -64     1550
..................................................................


WIND (MPH)
  HIGHEST WIND SPEED    13   HIGHEST WIND DIRECTION     E (90)
  HIGHEST GUST SPEED    16   HIGHEST GUST DIRECTION     E (80)
  AVERAGE WIND SPEED     5.1


SKY COVER
  POSSIBLE SUNSHINE  MM
  AVERAGE SKY COVER 0.6


WEATHER CONDITIONS
 THE FOLLOWING WEATHER WAS RECORDED YESTERDAY.
  NO SIGNIFICANT WEATHER WAS OBSERVED.


RELATIVE HUMIDITY (PERCENT)
 HIGHEST    89           200 AM
 LOWEST     49          1200 PM
 AVERAGE    69

..........................................................


THE RALEIGH-DURHAM INTL AIRPORT NC CLIMATE NORMALS FOR TODAY
                         NORMAL    RECORD    YEAR
 MAXIMUM TEMPERATURE (F)   68        88      1950
 MINIMUM TEMPERATURE (F)   45        26      1954


SUNRISE AND SUNSET
NOVEMBER  1 2014......SUNRISE   737 AM EDT   SUNSET   620 PM EDT
NOVEMBER  2 2014......SUNRISE   638 AM EST   SUNSET   519 PM EST


-  INDICATES NEGATIVE NUMBERS.
R  INDICATES RECORD WAS SET OR TIED.
MM INDICATES DATA IS MISSING.
T  INDICATES TRACE AMOUNT.

&&

CLIMATE REPORT NWS FORECAST OFFICE
NCSU CENTENNIAL CAMPUS
RALEIGH, NC

MAXIMUM TEMPERATURE...61

MINIMUM TEMPERATURE...43

PRECIPITATION...0.00

$$
