000
CDUS42 KRAH 050736
CLIRDU


CLIMATE REPORT
NATIONAL WEATHER SERVICE RALEIGH NC
235 AM EST THU MAR 5 2015


...................................

...THE RALEIGH-DURHAM INTL AIRPORT NC CLIMATE SUMMARY FOR MARCH 4 2015...

CLIMATE NORMAL PERIOD 1981 TO 2010
CLIMATE RECORD PERIOD 1887 TO 2015


WEATHER ITEM   OBSERVED TIME   RECORD YEAR NORMAL DEPARTURE LAST
                VALUE   (LST)  VALUE       VALUE  FROM      YEAR
                                                  NORMAL
..................................................................
TEMPERATURE (F)
 YESTERDAY
  MAXIMUM         75    519 PM  87    1976  60     15       38
  MINIMUM         38    118 AM  13    1943  37      1       16
  AVERAGE         57                        48      9       27

PRECIPITATION (IN)
  YESTERDAY        0.02          2.00 2008   0.13  -0.11     0.00
  MONTH TO DATE    0.76                      0.52   0.24     0.36
  SINCE MAR 1      0.76                      0.52   0.24     0.36
  SINCE JAN 1      7.02                      7.25  -0.23     5.32

SNOWFALL (IN)
  YESTERDAY        0.0           0.5  1931   0.0    0.0      0.0
  MONTH TO DATE    0.0                       0.1   -0.1      0.2
  SINCE MAR 1      0.0                       0.1   -0.1      0.2
  SINCE JUL 1      7.9                       5.6    2.3      5.8
  SNOW DEPTH       0

DEGREE DAYS
 HEATING
  YESTERDAY        8                        17     -9       38
  MONTH TO DATE   84                        69     15       97
  SINCE MAR 1     84                        69     15       97
  SINCE JUL 1   2981                      2641    340     2798

 COOLING
  YESTERDAY        0                         0      0        0
  MONTH TO DATE    0                         0      0        0
  SINCE MAR 1      0                         0      0        0
  SINCE JAN 1      0                         1     -1        0
..................................................................


WIND (MPH)
  HIGHEST WIND SPEED    30   HIGHEST WIND DIRECTION    SW (230)
  HIGHEST GUST SPEED    39   HIGHEST GUST DIRECTION    SW (230)
  AVERAGE WIND SPEED    13.8


SKY COVER
  POSSIBLE SUNSHINE  MM
  AVERAGE SKY COVER 0.8


WEATHER CONDITIONS
 THE FOLLOWING WEATHER WAS RECORDED YESTERDAY.
  LIGHT RAIN
  FOG
  FOG W/VISIBILITY <= 1/4 MILE


RELATIVE HUMIDITY (PERCENT)
 HIGHEST    93           500 AM
 LOWEST     53           600 PM
 AVERAGE    73

..........................................................


THE RALEIGH-DURHAM INTL AIRPORT NC CLIMATE NORMALS FOR TODAY
                         NORMAL    RECORD    YEAR
 MAXIMUM TEMPERATURE (F)   60        83      1967
 MINIMUM TEMPERATURE (F)   37        15      1960


SUNRISE AND SUNSET
MARCH  5 2015.........SUNRISE   640 AM EST   SUNSET   614 PM EST
MARCH  6 2015.........SUNRISE   639 AM EST   SUNSET   615 PM EST


-  INDICATES NEGATIVE NUMBERS.
R  INDICATES RECORD WAS SET OR TIED.
MM INDICATES DATA IS MISSING.
T  INDICATES TRACE AMOUNT.

&&

CLIMATE REPORT NWS FORECAST OFFICE
NCSU CENTENNIAL CAMPUS
RALEIGH, NC

MAXIMUM TEMPERATURE...76

MINIMUM TEMPERATURE...38

PRECIPITATION...0.01

$$
