000
CDUS42 KRAH 210538
CLIRDU

CLIMATE REPORT
NATIONAL WEATHER SERVICE RALEIGH NC
136 AM EDT SUN SEP 21 2014


...................................

...THE RALEIGH-DURHAM INTL AIRPORT NC CLIMATE SUMMARY FOR SEPTEMBER 20 2014...

CLIMATE NORMAL PERIOD 1981 TO 2010
CLIMATE RECORD PERIOD 1887 TO 2014


WEATHER ITEM   OBSERVED TIME   RECORD YEAR NORMAL DEPARTURE LAST
                VALUE   (LST)  VALUE       VALUE  FROM      YEAR
                                                  NORMAL
..................................................................
TEMPERATURE (F)
 YESTERDAY
  MAXIMUM         81    319 PM  96    1895  81      0       72
  MINIMUM         58    612 AM  44    1959  60     -2       62
                                      1929
  AVERAGE         70                        70      0       67

PRECIPITATION (IN)
  YESTERDAY        0.00          2.21 1969   0.14  -0.14     0.19
  MONTH TO DATE    2.42                      3.11  -0.69     1.71
  SINCE SEP 1      2.42                      3.11  -0.69     1.71
  SINCE JAN 1     40.83                     32.65   8.18    39.18

DEGREE DAYS
 HEATING
  YESTERDAY        0                         1     -1        0
  MONTH TO DATE    0                         4     -4        2
  SINCE SEP 1      0                         4     -4        2
  SINCE JUL 1      0                         5     -5        2

 COOLING
  YESTERDAY        5                         6     -1        2
  MONTH TO DATE  207                       178     29      179
  SINCE SEP 1    207                       178     29      179
  SINCE JAN 1   1565                      1619    -54     1485
..................................................................


WIND (MPH)
  HIGHEST WIND SPEED    14   HIGHEST WIND DIRECTION    NE (40)
  HIGHEST GUST SPEED    17   HIGHEST GUST DIRECTION    NE (40)
  AVERAGE WIND SPEED     5.7


SKY COVER
  POSSIBLE SUNSHINE  MM
  AVERAGE SKY COVER 0.5


WEATHER CONDITIONS
 THE FOLLOWING WEATHER WAS RECORDED YESTERDAY.
  NO SIGNIFICANT WEATHER WAS OBSERVED.


RELATIVE HUMIDITY (PERCENT)
 HIGHEST    93           500 AM
 LOWEST     42           300 PM
 AVERAGE    68

..........................................................


THE RALEIGH-DURHAM INTL AIRPORT NC CLIMATE NORMALS FOR TODAY
                         NORMAL    RECORD    YEAR
 MAXIMUM TEMPERATURE (F)   81        98      1895
 MINIMUM TEMPERATURE (F)   60        41      1962


SUNRISE AND SUNSET
SEPTEMBER 21 2014.....SUNRISE   702 AM EDT   SUNSET   713 PM EDT
SEPTEMBER 22 2014.....SUNRISE   703 AM EDT   SUNSET   712 PM EDT


-  INDICATES NEGATIVE NUMBERS.
R  INDICATES RECORD WAS SET OR TIED.
MM INDICATES DATA IS MISSING.
T  INDICATES TRACE AMOUNT.

&&

CLIMATE REPORT NWS FORECAST OFFICE NCSU CENTENNIAL CAMPUS RALEIGH, NC

MAXIMUM TEMPERATURE...79

MINIMUM TEMPERATURE...61

PRECIPITATION...0.00

$$
