000
CDUS42 KRAH 272039
CLIRDU


CLIMATE REPORT
NATIONAL WEATHER SERVICE RALEIGH NC
437 PM EDT MON MAR 27 2017


...................................

...THE RALEIGH-DURHAM INTL AIRPORT NC CLIMATE SUMMARY FOR MARCH 27 2017...
VALID TODAY AS OF 0437 PM LOCAL TIME.

CLIMATE NORMAL PERIOD 1981 TO 2010
CLIMATE RECORD PERIOD 1887 TO 2017


WEATHER ITEM   OBSERVED TIME   RECORD YEAR NORMAL DEPARTURE LAST
                VALUE   (LST)  VALUE       VALUE  FROM      YEAR
                                                  NORMAL
..................................................................
TEMPERATURE (F)
 TODAY
  MAXIMUM         79    330 PM  87    2007  67     12       59
  MINIMUM         59    737 AM  20    1955  43     16       54
  AVERAGE         69                        55     14       57

PRECIPITATION (IN)
  TODAY            0.06          1.46 1891   0.13  -0.07     0.73
  MONTH TO DATE    2.65                      3.59  -0.94     3.96
  SINCE MAR 1      2.65                      3.59  -0.94     3.96
  SINCE JAN 1      7.08                     10.32  -3.24    10.37

SNOWFALL (IN)
  TODAY            0.0           2.0  1947   0.0    0.0      0.0
  MONTH TO DATE    0.3                       0.5   -0.2       T
  SINCE MAR 1      0.3                       0.5   -0.2       T
  SINCE JUL 1      0.8                       6.0   -5.2      1.4
  SNOW DEPTH       0

DEGREE DAYS
 HEATING
  TODAY            0                        11    -11        8
  MONTH TO DATE  409                       385     24      216
  SINCE MAR 1    409                       385     24      216
  SINCE JUL 1   2382                      2957   -575     2359

 COOLING
  TODAY            4                         0      4        0
  MONTH TO DATE    9                         0      9       37
  SINCE MAR 1      9                         0      9       37
  SINCE JAN 1     17                         1     16       37
..................................................................


WIND (MPH)
  HIGHEST WIND SPEED    18   HIGHEST WIND DIRECTION    SW (230)
  HIGHEST GUST SPEED    21   HIGHEST GUST DIRECTION    SW (230)
  AVERAGE WIND SPEED     9.5


SKY COVER
  POSSIBLE SUNSHINE  MM
  AVERAGE SKY COVER 0.8


WEATHER CONDITIONS
 THE FOLLOWING WEATHER WAS RECORDED TODAY.
  LIGHT RAIN
  FOG


RELATIVE HUMIDITY (PERCENT)
 HIGHEST    90           800 AM
 LOWEST     48           300 PM
 AVERAGE    69

..........................................................


THE RALEIGH-DURHAM INTL AIRPORT NC CLIMATE NORMALS FOR TOMORROW
                         NORMAL    RECORD    YEAR
 MAXIMUM TEMPERATURE (F)   67        91      1907
 MINIMUM TEMPERATURE (F)   43        20      1969


SUNRISE AND SUNSET
MARCH 27 2017.........SUNRISE   708 AM EDT   SUNSET   733 PM EDT
MARCH 28 2017.........SUNRISE   707 AM EDT   SUNSET   734 PM EDT


-  INDICATES NEGATIVE NUMBERS.
R  INDICATES RECORD WAS SET OR TIED.
MM INDICATES DATA IS MISSING.
T  INDICATES TRACE AMOUNT.


&&

CLIMATE REPORT
NWS FORECAST OFFICE
NCSU CENTENNIAL CAMPUS
RALEIGH NC

MAXIMUM TEMPERATURE... 77

MINIMUM TEMPERATURE... 59

PRECIPITATION... 0.06

$$
