351
CDUS42 KRAH 230633
CLIRDU


CLIMATE REPORT
NATIONAL WEATHER SERVICE RALEIGH NC
132 AM EST THU FEB 23 2017


...................................

...THE RALEIGH-DURHAM INTL AIRPORT NC CLIMATE SUMMARY FOR FEBRUARY 22 2017...

CLIMATE NORMAL PERIOD 1981 TO 2010
CLIMATE RECORD PERIOD 1887 TO 2017


WEATHER ITEM   OBSERVED TIME   RECORD YEAR NORMAL DEPARTURE LAST
                VALUE   (LST)  VALUE       VALUE  FROM      YEAR
                                                  NORMAL
..................................................................
TEMPERATURE (F)
 YESTERDAY
  MAXIMUM         70    437 PM  75    1897  57     13       57
  MINIMUM         51    450 AM  11    1968  35     16       45
  AVERAGE         61                        46     15       51

PRECIPITATION (IN)
  YESTERDAY        T             1.40 1889   0.13  -0.13     0.87
  MONTH TO DATE    0.66                      2.50  -1.84     4.03
  SINCE DEC 1      6.62                      9.07  -2.45    11.83
  SINCE JAN 1      4.43                      6.00  -1.57     5.76

SNOWFALL (IN)
  YESTERDAY        0.0           3.2  1978   0.1   -0.1      0.0
  MONTH TO DATE    T                         1.6   -1.6      0.2
  SINCE DEC 1      0.5                       5.1   -4.6      1.4
  SINCE JUL 1      0.5                       5.2   -4.7      1.4
  SNOW DEPTH       0

DEGREE DAYS
 HEATING
  YESTERDAY        4                        19    -15       14
  MONTH TO DATE  292                       465   -173      491
  SINCE DEC 1   1483                      1881   -398     1577
  SINCE JUL 1   1938                      2462   -524     2028

 COOLING
  YESTERDAY        0                         0      0        0
  MONTH TO DATE    6                         0      6        0
  SINCE DEC 1      6                         2      4       27
  SINCE JAN 1      6                         0      6        0
..................................................................


WIND (MPH)
  HIGHEST WIND SPEED    12   HIGHEST WIND DIRECTION    SW (220)
  HIGHEST GUST SPEED    15   HIGHEST GUST DIRECTION    SE (130)
  AVERAGE WIND SPEED     3.7


SKY COVER
  POSSIBLE SUNSHINE   0 PERCENT
  AVERAGE SKY COVER 0.0


WEATHER CONDITIONS
 THE FOLLOWING WEATHER WAS RECORDED YESTERDAY.
  LIGHT RAIN


RELATIVE HUMIDITY (PERCENT)
 HIGHEST    MM
 LOWEST     MM
 AVERAGE    MM

..........................................................


THE RALEIGH-DURHAM INTL AIRPORT NC CLIMATE NORMALS FOR TODAY
                         NORMAL    RECORD    YEAR
 MAXIMUM TEMPERATURE (F)   57        79      1980
 MINIMUM TEMPERATURE (F)   35         7      1978


SUNRISE AND SUNSET
FEBRUARY 23 2017......SUNRISE   652 AM EST   SUNSET   605 PM EST
FEBRUARY 24 2017......SUNRISE   651 AM EST   SUNSET   606 PM EST


-  INDICATES NEGATIVE NUMBERS.
R  INDICATES RECORD WAS SET OR TIED.
MM INDICATES DATA IS MISSING.
T  INDICATES TRACE AMOUNT.

&&

CLIMATE REPORT
NWS FORECAST OFFICE
NCSU CENTENNIAL CAMPUS
RALEIGH NC

MAXIMUM TEMPERATURE... 69

MINIMUM TEMPERATURE... 49

PRECIPITATION... 0.00

$$
