000
CDUS42 KRAH 120600
CLIRDU


CLIMATE REPORT
NATIONAL WEATHER SERVICE RALEIGH NC
1256 AM EST FRI FEB 12 2016


...................................

...THE RALEIGH-DURHAM INTL AIRPORT NC CLIMATE SUMMARY FOR FEBRUARY 11 2016...

CLIMATE NORMAL PERIOD 1981 TO 2010
CLIMATE RECORD PERIOD 1887 TO 2016


WEATHER ITEM   OBSERVED TIME   RECORD YEAR NORMAL DEPARTURE LAST
                VALUE   (LST)  VALUE       VALUE  FROM      YEAR
                                                  NORMAL
..................................................................
TEMPERATURE (F)
 YESTERDAY
  MAXIMUM         41    420 PM  80    1932  54    -13       51
  MINIMUM         19    725 AM  10    1899  33    -14       30
  AVERAGE         30                        44    -14       41

PRECIPITATION (IN)
  YESTERDAY        0.00          1.03 1903   0.11  -0.11     0.00
  MONTH TO DATE    1.63                      1.21   0.42     0.96
  SINCE DEC 1      9.43                      7.78   1.65     9.28
  SINCE JAN 1      3.36                      4.71  -1.35     4.31

SNOWFALL (IN)
  YESTERDAY        0.0           6.1  1912   0.1   -0.1      0.0
  MONTH TO DATE    0.0                       0.9   -0.9      0.0
  SINCE DEC 1      1.2                       4.4   -3.2       T
  SINCE JUL 1      1.2                       4.5   -3.3       T
  SNOW DEPTH       0

DEGREE DAYS
 HEATING
  YESTERDAY       35                        21     14       24
  MONTH TO DATE  228                       243    -15      246
  SINCE DEC 1   1314                      1659   -345     1643
  SINCE JUL 1   1765                      2240   -475     2307

 COOLING
  YESTERDAY        0                         0      0        0
  MONTH TO DATE    0                         0      0        0
  SINCE DEC 1     27                         2     25        0
  SINCE JAN 1      0                         0      0        0
..................................................................


WIND (MPH)
  HIGHEST WIND SPEED    16   HIGHEST WIND DIRECTION     W (280)
  HIGHEST GUST SPEED    24   HIGHEST GUST DIRECTION     W (260)
  AVERAGE WIND SPEED     5.9


SKY COVER
  POSSIBLE SUNSHINE  MM
  AVERAGE SKY COVER 0.1


WEATHER CONDITIONS
 THE FOLLOWING WEATHER WAS RECORDED YESTERDAY.
  NO SIGNIFICANT WEATHER WAS OBSERVED.


RELATIVE HUMIDITY (PERCENT)
 HIGHEST    56           700 AM
 LOWEST     23           300 PM
 AVERAGE    40

..........................................................


THE RALEIGH-DURHAM INTL AIRPORT NC CLIMATE NORMALS FOR TODAY
                         NORMAL    RECORD    YEAR
 MAXIMUM TEMPERATURE (F)   55        75      1999
 MINIMUM TEMPERATURE (F)   33         6      1973


SUNRISE AND SUNSET
FEBRUARY 12 2016......SUNRISE   706 AM EST   SUNSET   553 PM EST
FEBRUARY 13 2016......SUNRISE   705 AM EST   SUNSET   554 PM EST


-  INDICATES NEGATIVE NUMBERS.
R  INDICATES RECORD WAS SET OR TIED.
MM INDICATES DATA IS MISSING.
T  INDICATES TRACE AMOUNT.

&&

CLIMATE REPORT NWS FORECAST OFFICE
NCSU CENTENNIAL CAMPUS
RALEIGH...NC

MAXIMUM TEMPERATURE... 42

MINIMUM TEMPERATURE... 20

PRECIPITATION... 0.00


$$
