000
CDUS42 KRAH 250735
CLIRDU


CLIMATE REPORT
NATIONAL WEATHER SERVICE RALEIGH NC
334 AM EDT MON MAY 25 2015


...................................

...THE RALEIGH-DURHAM INTL AIRPORT NC CLIMATE SUMMARY FOR MAY 24 2015...

CLIMATE NORMAL PERIOD 1981 TO 2010
CLIMATE RECORD PERIOD 1887 TO 2015


WEATHER ITEM   OBSERVED TIME   RECORD YEAR NORMAL DEPARTURE LAST
                VALUE   (LST)  VALUE       VALUE  FROM      YEAR
                                                  NORMAL
..................................................................
TEMPERATURE (F)
 YESTERDAY
  MAXIMUM         83    408 PM  95    1944  82      1       79
                                      1903
  MINIMUM         54    445 AM  42    1931  59     -5       53
  AVERAGE         69                        70     -1       66

PRECIPITATION (IN)
  YESTERDAY        0.00          1.62 1939   0.11  -0.11     0.00
  MONTH TO DATE    2.59                      2.43   0.16     3.63
  SINCE MAR 1     11.13                      9.46   1.67    13.92
  SINCE JAN 1     17.39                     16.19   1.20    18.88

DEGREE DAYS
 HEATING
  YESTERDAY        0                         1     -1        0
  MONTH TO DATE   20                        48    -28       27
  SINCE MAR 1    587                       665    -78      777
  SINCE JUL 1   3484                      3237    247     3478

 COOLING
  YESTERDAY        4                         6     -2        1
  MONTH TO DATE  132                        99     33      127
  SINCE MAR 1    188                       159     29      158
  SINCE JAN 1    188                       160     28      158
..................................................................


WIND (MPH)
  HIGHEST WIND SPEED    12   HIGHEST WIND DIRECTION     S (200)
  HIGHEST GUST SPEED    16   HIGHEST GUST DIRECTION    SW (210)
  AVERAGE WIND SPEED     4.6


SKY COVER
  POSSIBLE SUNSHINE  MM
  AVERAGE SKY COVER 0.4


WEATHER CONDITIONS
 THE FOLLOWING WEATHER WAS RECORDED YESTERDAY.
  NO SIGNIFICANT WEATHER WAS OBSERVED.


RELATIVE HUMIDITY (PERCENT)
 HIGHEST    93           400 AM
 LOWEST     39           200 PM
 AVERAGE    66

..........................................................


THE RALEIGH-DURHAM INTL AIRPORT NC CLIMATE NORMALS FOR TODAY
                         NORMAL    RECORD    YEAR
 MAXIMUM TEMPERATURE (F)   82        93      2011
                                             2004
                                             1936
 MINIMUM TEMPERATURE (F)   59        41      2013


SUNRISE AND SUNSET
MAY 25 2015...........SUNRISE   603 AM EDT   SUNSET   821 PM EDT
MAY 26 2015...........SUNRISE   603 AM EDT   SUNSET   822 PM EDT


-  INDICATES NEGATIVE NUMBERS.
R  INDICATES RECORD WAS SET OR TIED.
MM INDICATES DATA IS MISSING.
T  INDICATES TRACE AMOUNT.


&&

CLIMATE REPORT NWS FORECAST OFFICE
NCSU CENTENNIAL CAMPUS
RALEIGH, NC

MAXIMUM TEMPERATURE... 81

MINIMUM TEMPERATURE... 55

PRECIPITATION... 0.00

$$
