000
CDUS46 KBOI 050931
CLIREO


CLIMATE REPORT
NATIONAL WEATHER SERVICE BOISE ID
231 AM MST THU MAR 5 2015


...................................

...THE ROME OR CLIMATE SUMMARY FOR MARCH 4 2015...

CLIMATE NORMAL PERIOD 1981 TO 2010
CLIMATE RECORD PERIOD 9999 TO 9999


WEATHER ITEM   OBSERVED TIME   NORMAL DEPARTURE LAST
                VALUE   (LST)  VALUE  FROM      YEAR
                                      NORMAL
......................................................
TEMPERATURE (F)
 YESTERDAY
  MAXIMUM         48    404 PM  51     -3       58
  MINIMUM         11    632 AM  24    -13       40
  AVERAGE         30            38     -8       49

PRECIPITATION (IN)
  YESTERDAY        0.00          0.03  -0.03     0.02
  MONTH TO DATE    0.00          0.10  -0.10     0.07
  SINCE OCT 1      2.62          3.70  -1.08     1.01
  SINCE JAN 1      0.62          1.51  -0.89     0.82

DEGREE DAYS
 HEATING
  YESTERDAY       35            28      7       16
  MONTH TO DATE  133           112     21       79
  SINCE MAR 1    133           112     21       79
  SINCE JUL 1   3940          4846   -906     4501

 COOLING
  YESTERDAY        0             0      0        0
  MONTH TO DATE    0             0      0        0
  SINCE MAR 1      0             0      0        0
  SINCE JAN 1      0             0      0        0
......................................................


WIND (MPH)
  RESULTANT WIND SPEED   2   RESULTANT WIND DIRECTION   E (90)
  HIGHEST WIND SPEED    12   HIGHEST WIND DIRECTION     S (160)
  HIGHEST GUST SPEED    13   HIGHEST GUST DIRECTION     S (160)
  AVERAGE WIND SPEED     4.4


SKY COVER
  AVERAGE SKY COVER 0.0


WEATHER CONDITIONS
 THE FOLLOWING WEATHER WAS RECORDED YESTERDAY.
  NO SIGNIFICANT WEATHER WAS OBSERVED.


RELATIVE HUMIDITY (PERCENT)
 HIGHEST    80           700 AM
 LOWEST     19           400 PM
 AVERAGE    50

..........................................................


THE ROME OR CLIMATE NORMALS FOR TODAY
                         NORMAL    RECORD    YEAR
 MAXIMUM TEMPERATURE (F)   51        MM        MM
 MINIMUM TEMPERATURE (F)   25        MM        MM


SUNRISE AND SUNSET
MARCH  5 2015.........SUNRISE   621 AM PST   SUNSET   546 PM PST
MARCH  6 2015.........SUNRISE   619 AM PST   SUNSET   547 PM PST


-  INDICATES NEGATIVE NUMBERS.
R  INDICATES RECORD WAS SET OR TIED.
MM INDICATES DATA IS MISSING.
T  INDICATES TRACE AMOUNT.




$$
