000
CDUS46 KBOI 300932
CLIREO


CLIMATE REPORT
NATIONAL WEATHER SERVICE BOISE ID
332 AM MDT SAT MAY 30 2015


...................................

...THE ROME OR CLIMATE SUMMARY FOR MAY 29 2015...

CLIMATE NORMAL PERIOD 1981 TO 2010
CLIMATE RECORD PERIOD 9999 TO 9999


WEATHER ITEM   OBSERVED TIME   NORMAL DEPARTURE LAST
                VALUE   (LST)  VALUE  FROM      YEAR
                                      NORMAL
......................................................
TEMPERATURE (F)
 YESTERDAY
  MAXIMUM         85    314 PM  74     11       71
  MINIMUM         46    412 AM  40      6       30
  AVERAGE         66            57      9       51

PRECIPITATION (IN)
  YESTERDAY        0.00          0.05  -0.05     0.00
  MONTH TO DATE    3.48          1.34   2.14     0.11
  SINCE OCT 1      7.10          6.90   0.20     1.91
  SINCE JAN 1      5.10          4.71   0.39     1.72

DEGREE DAYS
 HEATING
  YESTERDAY        0             9     -9       14
  MONTH TO DATE  231           346   -115      235
  SINCE MAR 1   1341          1706   -365     1412
  SINCE JUL 1   5148          6440  -1292     5834

 COOLING
  YESTERDAY        1             1      0        0
  MONTH TO DATE    1             3     -2       11
  SINCE MAR 1      1             3     -2       11
  SINCE JAN 1      1             3     -2       11
......................................................


WIND (MPH)
  RESULTANT WIND SPEED   3   RESULTANT WIND DIRECTION   E (100)
  HIGHEST WIND SPEED    16   HIGHEST WIND DIRECTION    SE (130)
  HIGHEST GUST SPEED    19   HIGHEST GUST DIRECTION    SE (130)
  AVERAGE WIND SPEED     5.9


SKY COVER
  AVERAGE SKY COVER 0.0


WEATHER CONDITIONS
 THE FOLLOWING WEATHER WAS RECORDED YESTERDAY.
  NO SIGNIFICANT WEATHER WAS OBSERVED.


RELATIVE HUMIDITY (PERCENT)
 HIGHEST    82           500 AM
 LOWEST     17          1200 PM
 AVERAGE    50

..........................................................


THE ROME OR CLIMATE NORMALS FOR TODAY
                         NORMAL    RECORD    YEAR
 MAXIMUM TEMPERATURE (F)   74        MM        MM
 MINIMUM TEMPERATURE (F)   41        MM        MM


SUNRISE AND SUNSET
MAY 30 2015...........SUNRISE   518 AM PDT   SUNSET   821 PM PDT
MAY 31 2015...........SUNRISE   517 AM PDT   SUNSET   822 PM PDT


-  INDICATES NEGATIVE NUMBERS.
R  INDICATES RECORD WAS SET OR TIED.
MM INDICATES DATA IS MISSING.
T  INDICATES TRACE AMOUNT.




$$
