000
CDUS43 KLOT 010632
CLIRFD


CLIMATE REPORT
NATIONAL WEATHER SERVICE CHICAGO IL
131 AM CDT FRI AUG 1 2014


...................................

...THE ROCKFORD IL CLIMATE SUMMARY FOR JULY 31 2014...

CLIMATE NORMAL PERIOD 1981 TO 2010
CLIMATE RECORD PERIOD 1905 TO 2014


WEATHER ITEM   OBSERVED TIME   RECORD YEAR NORMAL DEPARTURE LAST
                VALUE   (LST)  VALUE       VALUE  FROM      YEAR
                                                  NORMAL
..................................................................
TEMPERATURE (F)
 YESTERDAY
  MAXIMUM         83    154 PM 105    1916  84     -1       80
  MINIMUM         56    429 AM  43    1918  63     -7       62
  AVERAGE         70                        73     -3       71

PRECIPITATION (IN)
  YESTERDAY        0.00          2.01 1965   0.14  -0.14      T
  MONTH TO DATE    2.46                      3.95  -1.49     1.92
  SINCE JUN 1     10.52                      8.60   1.92     9.64
  SINCE JAN 1     20.49                     21.07  -0.58    29.08

SNOWFALL (IN)
  YESTERDAY        0.0           0.0    MM   0.0    0.0      0.0
  MONTH TO DATE    0.0                       0.0    0.0      0.0
  SINCE JUN 1      0.0                       0.0    0.0      0.0
  SINCE JUL 1      0.0                       0.0    0.0      0.0
  SNOW DEPTH       0

DEGREE DAYS
 HEATING
  YESTERDAY        0                         0      0        0
  MONTH TO DATE   10                         0     10        9
  SINCE JUN 1     21                        34    -13       43
  SINCE JUL 1     10                         3      7        9

 COOLING
  YESTERDAY        5                         8     -3        6
  MONTH TO DATE  147                       274   -127      256
  SINCE JUN 1    342                       449   -107      425
  SINCE JAN 1    425                       504    -79      517
..................................................................


WIND (MPH)
  HIGHEST WIND SPEED    17   HIGHEST WIND DIRECTION     W (290)
  HIGHEST GUST SPEED    22   HIGHEST GUST DIRECTION     W (290)
  AVERAGE WIND SPEED     6.6


SKY COVER
  POSSIBLE SUNSHINE  MM
  AVERAGE SKY COVER 0.1


WEATHER CONDITIONS
 THE FOLLOWING WEATHER WAS RECORDED YESTERDAY.
  NO SIGNIFICANT WEATHER WAS OBSERVED.


RELATIVE HUMIDITY (PERCENT)
 HIGHEST    93           600 AM
 LOWEST     40           100 PM
 AVERAGE    67

..........................................................


THE ROCKFORD IL CLIMATE NORMALS FOR TODAY
                         NORMAL    RECORD    YEAR
 MAXIMUM TEMPERATURE (F)   84       101      1988
 MINIMUM TEMPERATURE (F)   63        48      1924


SUNRISE AND SUNSET
AUGUST  1 2014........SUNRISE   549 AM CDT   SUNSET   815 PM CDT
AUGUST  2 2014........SUNRISE   550 AM CDT   SUNSET   814 PM CDT


-  INDICATES NEGATIVE NUMBERS.
R  INDICATES RECORD WAS SET OR TIED.
MM INDICATES DATA IS MISSING.
T  INDICATES TRACE AMOUNT.




$$
