000
CDUS43 KGRB 292147
CLIRHI


CLIMATE REPORT
NATIONAL WEATHER SERVICE GREEN BAY
447 PM CDT MON JUN 29 2015


...................................

...THE RHINELANDER WI CLIMATE SUMMARY FOR JUNE 29 2015...
VALID TODAY AS OF 0400 PM LOCAL TIME.

CLIMATE NORMAL PERIOD 1981 TO 2010
CLIMATE RECORD PERIOD 1908 TO 2015


WEATHER ITEM   OBSERVED TIME   RECORD YEAR NORMAL DEPARTURE LAST
                VALUE   (LST)  VALUE       VALUE  FROM      YEAR
                                                  NORMAL
..................................................................
TEMPERATURE (F)
 TODAY
  MAXIMUM         79    113 PM 104    1931  78      1       79
  MINIMUM         50    448 AM  33    1925  54     -4       64
  AVERAGE         65                        66     -1       72

PRECIPITATION (IN)
  TODAY            0.12          1.14 1961   0.12   0.00     0.06
  MONTH TO DATE    3.55                      3.76  -0.21     6.73
  SINCE JUN 1      3.55                      3.76  -0.21     6.73
  SINCE JAN 1     12.15                     13.44  -1.29    17.84

SNOWFALL (IN)
  TODAY            0.0           0.0    MM  MM     MM        0.0
  MONTH TO DATE    0.0                      MM     MM        0.0
  SINCE JUN 1      0.0                      MM     MM        0.0
  SINCE JUL 1     89.3                      MM     MM      110.3
  SNOW DEPTH       0

DEGREE DAYS
 HEATING
  TODAY            0                         2     -2        0
  MONTH TO DATE  119                       132    -13       93
  SINCE JUN 1    119                       132    -13       93
  SINCE JUL 1   9592                      9018    574    10431

 COOLING
  TODAY            0                         3     -3        7
  MONTH TO DATE    3                        50    -47       54
  SINCE JUN 1      3                        50    -47       54
  SINCE JAN 1      8                        62    -54       61
..................................................................


WIND (MPH)
  HIGHEST WIND SPEED    26   HIGHEST WIND DIRECTION     W (280)
  HIGHEST GUST SPEED    35   HIGHEST GUST DIRECTION     W (270)
  AVERAGE WIND SPEED     2.2


SKY COVER
  POSSIBLE SUNSHINE  MM
  AVERAGE SKY COVER 0.3


WEATHER CONDITIONS
 THE FOLLOWING WEATHER WAS RECORDED TODAY.
  THUNDERSTORM
  HEAVY RAIN
  LIGHT RAIN
  FOG
  FOG W/VISIBILITY <= 1/4 MILE


RELATIVE HUMIDITY (PERCENT)
 HIGHEST   100           300 AM
 LOWEST     50          1200 PM
 AVERAGE    75

..........................................................


THE RHINELANDER WI CLIMATE NORMALS FOR TOMORROW
                         NORMAL    RECORD    YEAR
 MAXIMUM TEMPERATURE (F)   78        97      1963
 MINIMUM TEMPERATURE (F)   54        40      2010
                                             1925


SUNRISE AND SUNSET
JUNE 29 2015..........SUNRISE   511 AM CDT   SUNSET   851 PM CDT
JUNE 30 2015..........SUNRISE   512 AM CDT   SUNSET   851 PM CDT


-  INDICATES NEGATIVE NUMBERS.
R  INDICATES RECORD WAS SET OR TIED.
MM INDICATES DATA IS MISSING.
T  INDICATES TRACE AMOUNT.




$$
