000
CDUS43 KGRB 270639
CLIRHI


CLIMATE REPORT
NATIONAL WEATHER SERVICE GREEN BAY
1237 AM CST TUE JAN 27 2015


...................................

...THE RHINELANDER WI CLIMATE SUMMARY FOR JANUARY 26 2015...

CLIMATE NORMAL PERIOD 1981 TO 2010
CLIMATE RECORD PERIOD 1908 TO 2015


WEATHER ITEM   OBSERVED TIME   RECORD YEAR NORMAL DEPARTURE LAST
                VALUE   (LST)  VALUE       VALUE  FROM      YEAR
                                                  NORMAL
..................................................................
TEMPERATURE (F)
 YESTERDAY
  MAXIMUM         20   1117 PM  51    1944  21     -1        4
  MINIMUM         10    159 AM -32    1927   3      7       -8
  AVERAGE         15                        12      3       -2

PRECIPITATION (IN)
  YESTERDAY        0.14          0.32 1971   0.04   0.10     0.09
  MONTH TO DATE    0.67                      0.94  -0.27     0.94
  SINCE DEC 1      2.69                      2.38   0.31     2.60
  SINCE JAN 1      0.67                      0.94  -0.27     0.94

SNOWFALL (IN)
  YESTERDAY        2.3           4.0  1996  MM     MM        1.0
                                      1908
  MONTH TO DATE    9.3                      MM     MM       16.6
  SINCE DEC 1     28.3                      MM     MM       39.7
  SINCE JUL 1     63.4                      MM     MM       49.5
  SNOW DEPTH      15

DEGREE DAYS
 HEATING
  YESTERDAY       50                        53     -3       67
  MONTH TO DATE 1433                      1373     60     1593
  SINCE DEC 1   2865                      2865      0     3371
  SINCE JUL 1   5386                      4999    387     5598

 COOLING
  YESTERDAY        0                         0      0        0
  MONTH TO DATE    0                         0      0        0
  SINCE DEC 1      0                         0      0        0
  SINCE JAN 1      0                         0      0        0
..................................................................


WIND (MPH)
  HIGHEST WIND SPEED    12   HIGHEST WIND DIRECTION     S (180)
  HIGHEST GUST SPEED    16   HIGHEST GUST DIRECTION    SW (210)
  AVERAGE WIND SPEED     5.8


SKY COVER
  POSSIBLE SUNSHINE  MM
  AVERAGE SKY COVER 0.9


WEATHER CONDITIONS
 THE FOLLOWING WEATHER WAS RECORDED YESTERDAY.
  SNOW
  LIGHT SNOW
  FOG
  HAZE


RELATIVE HUMIDITY (PERCENT)
 HIGHEST    91          1100 PM
 LOWEST     67          1200 AM
 AVERAGE    79

..........................................................


THE RHINELANDER WI CLIMATE NORMALS FOR TODAY
                         NORMAL    RECORD    YEAR
 MAXIMUM TEMPERATURE (F)   22        46      2006
 MINIMUM TEMPERATURE (F)    3       -35      1950
                                             1935


SUNRISE AND SUNSET
JANUARY 27 2015.......SUNRISE   725 AM CST   SUNSET   457 PM CST
JANUARY 28 2015.......SUNRISE   724 AM CST   SUNSET   458 PM CST


-  INDICATES NEGATIVE NUMBERS.
R  INDICATES RECORD WAS SET OR TIED.
MM INDICATES DATA IS MISSING.
T  INDICATES TRACE AMOUNT.




$$
