000
CDUS43 KGRB 200737
CLIRHI


CLIMATE REPORT
NATIONAL WEATHER SERVICE GREEN BAY
237 AM CDT WED AUG 20 2014


...................................

...THE RHINELANDER WI CLIMATE SUMMARY FOR AUGUST 19 2014...

CLIMATE NORMAL PERIOD 1981 TO 2010
CLIMATE RECORD PERIOD 1908 TO 2014


WEATHER ITEM   OBSERVED TIME   RECORD YEAR NORMAL DEPARTURE LAST
                VALUE   (LST)  VALUE       VALUE  FROM      YEAR
                                                  NORMAL
..................................................................
TEMPERATURE (F)
 YESTERDAY
  MAXIMUM         73    217 PM  93    1916  77     -4       80
  MINIMUM         58    813 PM  36    2004  53      5       55
  AVERAGE         66                        65      1       68

PRECIPITATION (IN)
  YESTERDAY        T             1.14 1938   0.10  -0.10     0.00
  MONTH TO DATE    2.77                      2.01   0.76     1.39
  SINCE JUN 1     13.49                      9.92   3.57     9.43
  SINCE JAN 1     24.60                     19.60   5.00    22.76

SNOWFALL (IN)
  YESTERDAY        0.0           0.0    MM  MM     MM        0.0
  MONTH TO DATE    0.0                      MM     MM        0.0
  SINCE JUN 1      0.0                      MM     MM        0.0
  SINCE JUL 1      0.0                      MM     MM        0.0
  SNOW DEPTH       0

DEGREE DAYS
 HEATING
  YESTERDAY        0                         2     -2        0
  MONTH TO DATE   47                        36     11      105
  SINCE JUN 1    264                       221     43      363
  SINCE JUL 1    171                        87     84      189

 COOLING
  YESTERDAY        1                         2     -1        3
  MONTH TO DATE    5                        54    -49        5
  SINCE JUN 1    116                       212    -96      177
  SINCE JAN 1    123                       224   -101      191
..................................................................


WIND (MPH)
  HIGHEST WIND SPEED    14   HIGHEST WIND DIRECTION    NW (310)
  HIGHEST GUST SPEED    19   HIGHEST GUST DIRECTION    NW (330)
  AVERAGE WIND SPEED     5.3


SKY COVER
  POSSIBLE SUNSHINE  MM
  AVERAGE SKY COVER 0.8


WEATHER CONDITIONS
 THE FOLLOWING WEATHER WAS RECORDED YESTERDAY.
  LIGHT RAIN
  FOG


RELATIVE HUMIDITY (PERCENT)
 HIGHEST   100           100 AM
 LOWEST     68           100 PM
 AVERAGE    84

..........................................................


THE RHINELANDER WI CLIMATE NORMALS FOR TODAY
                         NORMAL    RECORD    YEAR
 MAXIMUM TEMPERATURE (F)   77        94      1916
 MINIMUM TEMPERATURE (F)   53        34      1908


SUNRISE AND SUNSET
AUGUST 20 2014........SUNRISE   604 AM CDT   SUNSET   757 PM CDT
AUGUST 21 2014........SUNRISE   605 AM CDT   SUNSET   755 PM CDT


-  INDICATES NEGATIVE NUMBERS.
R  INDICATES RECORD WAS SET OR TIED.
MM INDICATES DATA IS MISSING.
T  INDICATES TRACE AMOUNT.




$$
