000
CDUS43 KGRB 100747
CLIRHI


CLIMATE REPORT
NATIONAL WEATHER SERVICE GREEN BAY
145 AM CST SAT DEC 10 2016


...................................

...THE RHINELANDER WI CLIMATE SUMMARY FOR DECEMBER 9 2016...

CLIMATE NORMAL PERIOD 1981 TO 2010
CLIMATE RECORD PERIOD 1908 TO 2016


WEATHER ITEM   OBSERVED TIME   RECORD YEAR NORMAL DEPARTURE LAST
                VALUE   (LST)  VALUE       VALUE  FROM      YEAR
                                                  NORMAL
..................................................................
TEMPERATURE (F)
 YESTERDAY
  MAXIMUM         19   1256 AM  54    1946  27     -8       39
  MINIMUM          8    808 AM -26    1927  11     -3       34
  AVERAGE         14                        19     -5       37

PRECIPITATION (IN)
  YESTERDAY        T             0.44 2009   0.05  -0.05     0.01
  MONTH TO DATE    0.36                      0.47  -0.11     0.43
  SINCE DEC 1      0.36                      0.47  -0.11     0.43
  SINCE JAN 1     41.24                     30.43  10.81    27.85

SNOWFALL (IN)
  YESTERDAY        T             6.9  2009  MM     MM        0.0
  MONTH TO DATE    5.2                      MM     MM        3.3
  SINCE DEC 1      5.2                      MM     MM        3.3
  SINCE JUL 1     11.8                      MM     MM        7.4
  SNOW DEPTH       3

DEGREE DAYS
 HEATING
  YESTERDAY       51                        46      5       28
  MONTH TO DATE  353                       401    -48      283
  SINCE DEC 1    353                       401    -48      283
  SINCE JUL 1   1835                      2535   -700     2000

 COOLING
  YESTERDAY        0                         0      0        0
  MONTH TO DATE    0                         0      0        0
  SINCE DEC 1      0                         0      0        0
  SINCE JAN 1    321                       261     60      233
..................................................................


WIND (MPH)
  HIGHEST WIND SPEED    17   HIGHEST WIND DIRECTION     W (270)
  HIGHEST GUST SPEED    22   HIGHEST GUST DIRECTION     W (270)
  AVERAGE WIND SPEED     7.4


SKY COVER
  POSSIBLE SUNSHINE  MM
  AVERAGE SKY COVER 0.9


WEATHER CONDITIONS
 THE FOLLOWING WEATHER WAS RECORDED YESTERDAY.
  LIGHT SNOW


RELATIVE HUMIDITY (PERCENT)
 HIGHEST    84           600 AM
 LOWEST     61          1200 PM
 AVERAGE    73

..........................................................


THE RHINELANDER WI CLIMATE NORMALS FOR TODAY
                         NORMAL    RECORD    YEAR
 MAXIMUM TEMPERATURE (F)   27        49      2015
 MINIMUM TEMPERATURE (F)   10       -24      1927
                                             1919


SUNRISE AND SUNSET
DECEMBER 10 2016......SUNRISE   728 AM CST   SUNSET   414 PM CST
DECEMBER 11 2016......SUNRISE   729 AM CST   SUNSET   414 PM CST


-  INDICATES NEGATIVE NUMBERS.
R  INDICATES RECORD WAS SET OR TIED.
MM INDICATES DATA IS MISSING.
T  INDICATES TRACE AMOUNT.

$$
