000
CDUS43 KGRB 250721
CLIRHI


CLIMATE REPORT
NATIONAL WEATHER SERVICE GREEN BAY
220 AM CDT TUE JUL 25 2017


...................................

...THE RHINELANDER WI CLIMATE SUMMARY FOR JULY 24 2017...

CLIMATE NORMAL PERIOD 1981 TO 2010
CLIMATE RECORD PERIOD 1908 TO 2017


WEATHER ITEM   OBSERVED TIME   RECORD YEAR NORMAL DEPARTURE LAST
                VALUE   (LST)  VALUE       VALUE  FROM      YEAR
                                                  NORMAL
..................................................................
TEMPERATURE (F)
 YESTERDAY
  MAXIMUM         77    514 PM  95    1934  79     -2       85
  MINIMUM         51    451 AM  41    2013  55     -4       63
                                      1953
  AVERAGE         64                        67     -3       74

PRECIPITATION (IN)
  YESTERDAY        0.00          3.78 1929   0.12  -0.12     0.08
  MONTH TO DATE    1.37                      3.20  -1.83     2.72
  SINCE JUN 1      8.64                      7.09   1.55     9.74
  SINCE JAN 1     26.36                     16.77   9.59    20.82

SNOWFALL (IN)
  YESTERDAY        0.0           0.0    MM  MM     MM        0.0
  MONTH TO DATE    0.0                      MM     MM        0.0
  SINCE JUN 1      0.0                      MM     MM        0.0
  SINCE JUL 1      0.0                      MM     MM        0.0
  SNOW DEPTH       0

DEGREE DAYS
 HEATING
  YESTERDAY        1                         2     -1        0
  MONTH TO DATE   32                        48    -16       28
  SINCE JUN 1    130                       182    -52      120
  SINCE JUL 1     32                        48    -16       28

 COOLING
  YESTERDAY        0                         3     -3        9
  MONTH TO DATE   61                        83    -22      111
  SINCE JUN 1    124                       136    -12      164
  SINCE JAN 1    126                       148    -22      179
..................................................................


WIND (MPH)
  HIGHEST WIND SPEED    10   HIGHEST WIND DIRECTION     S (190)
  HIGHEST GUST SPEED    14   HIGHEST GUST DIRECTION     E (100)
  AVERAGE WIND SPEED     3.5


SKY COVER
  POSSIBLE SUNSHINE  MM
  AVERAGE SKY COVER 0.2


WEATHER CONDITIONS
 THE FOLLOWING WEATHER WAS RECORDED YESTERDAY.
  FOG


RELATIVE HUMIDITY (PERCENT)
 HIGHEST   100          1200 AM
 LOWEST     40           300 PM
 AVERAGE    70

..........................................................


THE RHINELANDER WI CLIMATE NORMALS FOR TODAY
                         NORMAL    RECORD    YEAR
 MAXIMUM TEMPERATURE (F)   79        92      1999
                                             1917
 MINIMUM TEMPERATURE (F)   55        37      1915


SUNRISE AND SUNSET
JULY 25 2017..........SUNRISE   534 AM CDT   SUNSET   834 PM CDT
JULY 26 2017..........SUNRISE   535 AM CDT   SUNSET   833 PM CDT


-  INDICATES NEGATIVE NUMBERS.
R  INDICATES RECORD WAS SET OR TIED.
MM INDICATES DATA IS MISSING.
T  INDICATES TRACE AMOUNT.




$$
