000
CDUS43 KGRB 220755
CLIRHI


CLIMATE REPORT
NATIONAL WEATHER SERVICE GREEN BAY
154 AM CST SUN JAN 22 2017


...................................

...THE RHINELANDER WI CLIMATE SUMMARY FOR JANUARY 21 2017...

CLIMATE NORMAL PERIOD 1981 TO 2010
CLIMATE RECORD PERIOD 1908 TO 2017


WEATHER ITEM   OBSERVED TIME   RECORD YEAR NORMAL DEPARTURE LAST
                VALUE   (LST)  VALUE       VALUE  FROM      YEAR
                                                  NORMAL
..................................................................
TEMPERATURE (F)
 YESTERDAY
  MAXIMUM         37    458 PM  46    1908  21     16       20
  MINIMUM         33    502 AM -30    1924   3     30       15
  AVERAGE         35                        12     23       18

PRECIPITATION (IN)
  YESTERDAY        0.05          0.39 1975   0.03   0.02     0.01
  MONTH TO DATE    1.59                      0.76   0.83     0.49
  SINCE DEC 1      3.66                      2.20   1.46     4.45
  SINCE JAN 1      1.59                      0.76   0.83     0.49

SNOWFALL (IN)
  YESTERDAY        0.0           4.0  1995  MM     MM        0.5
                                      1962
  MONTH TO DATE   13.6                      MM     MM        4.8
  SINCE DEC 1     33.2                      MM     MM       17.4
  SINCE JUL 1     39.8                      MM     MM       21.5
  SNOW DEPTH      15

DEGREE DAYS
 HEATING
  YESTERDAY       30                        53    -23       47
  MONTH TO DATE 1077                      1108    -31     1116
  SINCE DEC 1   2527                      2600    -73     2225
  SINCE JUL 1   4009                      4734   -725     3942

 COOLING
  YESTERDAY        0                         0      0        0
  MONTH TO DATE    0                         0      0        0
  SINCE DEC 1      0                         0      0        0
  SINCE JAN 1      0                         0      0        0
..................................................................


WIND (MPH)
  HIGHEST WIND SPEED    13   HIGHEST WIND DIRECTION     E (90)
  HIGHEST GUST SPEED    16   HIGHEST GUST DIRECTION     E (100)
  AVERAGE WIND SPEED     6.9


SKY COVER
  POSSIBLE SUNSHINE  MM
  AVERAGE SKY COVER 1.0


WEATHER CONDITIONS
 THE FOLLOWING WEATHER WAS RECORDED YESTERDAY.
  LIGHT RAIN
  FOG
  FOG W/VISIBILITY <= 1/4 MILE


RELATIVE HUMIDITY (PERCENT)
 HIGHEST   100          1200 AM
 LOWEST    100          1200 AM
 AVERAGE   100

..........................................................


THE RHINELANDER WI CLIMATE NORMALS FOR TODAY
                         NORMAL    RECORD    YEAR
 MAXIMUM TEMPERATURE (F)   21        45      2002
                                             1989
                                             1942
 MINIMUM TEMPERATURE (F)    3       -29      1924


SUNRISE AND SUNSET
JANUARY 22 2017.......SUNRISE   729 AM CST   SUNSET   450 PM CST
JANUARY 23 2017.......SUNRISE   728 AM CST   SUNSET   452 PM CST


-  INDICATES NEGATIVE NUMBERS.
R  INDICATES RECORD WAS SET OR TIED.
MM INDICATES DATA IS MISSING.
T  INDICATES TRACE AMOUNT.




$$
