000
CDUS43 KGRB 300712
CLIRHI


CLIMATE REPORT
NATIONAL WEATHER SERVICE GREEN BAY
210 AM CDT MON MAY 30 2016


...................................

...THE RHINELANDER WI CLIMATE SUMMARY FOR MAY 29 2016...

CLIMATE NORMAL PERIOD 1981 TO 2010
CLIMATE RECORD PERIOD 1908 TO 2016


WEATHER ITEM   OBSERVED TIME   RECORD YEAR NORMAL DEPARTURE LAST
                VALUE   (LST)  VALUE       VALUE  FROM      YEAR
                                                  NORMAL
..................................................................
TEMPERATURE (F)
 YESTERDAY
  MAXIMUM         73    324 PM  92    1919  69      4       72
  MINIMUM         51   1036 PM  30    1965  45      6       55
  AVERAGE         62                        57      5       64

PRECIPITATION (IN)
  YESTERDAY        0.03          2.51 1994   0.12  -0.09     0.27
  MONTH TO DATE    2.58                      3.23  -0.65     3.66
  SINCE MAR 1      9.03                      7.38   1.65     7.68
  SINCE JAN 1     10.76                      9.42   1.34     8.57

SNOWFALL (IN)
  YESTERDAY        0.0           T    1947  MM     MM        0.0
  MONTH TO DATE    T                        MM     MM         T
  SINCE MAR 1     21.2                      MM     MM       20.4
  SINCE JUL 1     55.7                      MM     MM       89.3
  SNOW DEPTH       0

DEGREE DAYS
 HEATING
  YESTERDAY        3                         9     -6        1
  MONTH TO DATE  339                       370    -31      280
  SINCE MAR 1   2014                      2248   -234     2095
  SINCE JUL 1   7697                      8870  -1173     9436

 COOLING
  YESTERDAY        0                         1     -1        0
  MONTH TO DATE   15                         7      8        5
  SINCE MAR 1     15                         8      7        5
  SINCE JAN 1     15                         8      7        5
..................................................................


WIND (MPH)
  HIGHEST WIND SPEED    25   HIGHEST WIND DIRECTION     W (280)
  HIGHEST GUST SPEED    32   HIGHEST GUST DIRECTION     W (270)
  AVERAGE WIND SPEED    10.3


SKY COVER
  POSSIBLE SUNSHINE  MM
  AVERAGE SKY COVER 0.8


WEATHER CONDITIONS
 THE FOLLOWING WEATHER WAS RECORDED YESTERDAY.
  LIGHT RAIN
  FOG
  FOG W/VISIBILITY <= 1/4 MILE


RELATIVE HUMIDITY (PERCENT)
 HIGHEST   100          1000 PM
 LOWEST     59           500 PM
 AVERAGE    80

..........................................................


THE RHINELANDER WI CLIMATE NORMALS FOR TODAY
                         NORMAL    RECORD    YEAR
 MAXIMUM TEMPERATURE (F)   69        90      1939
 MINIMUM TEMPERATURE (F)   45        29      1915


SUNRISE AND SUNSET
MAY 30 2016...........SUNRISE   513 AM CDT   SUNSET   838 PM CDT
MAY 31 2016...........SUNRISE   512 AM CDT   SUNSET   839 PM CDT


-  INDICATES NEGATIVE NUMBERS.
R  INDICATES RECORD WAS SET OR TIED.
MM INDICATES DATA IS MISSING.
T  INDICATES TRACE AMOUNT.

$$
