000
CDUS43 KGRB 290828
CLIRHI


CLIMATE REPORT
NATIONAL WEATHER SERVICE GREEN BAY
326 AM CDT WED MAR 29 2017


...................................

...THE RHINELANDER WI CLIMATE SUMMARY FOR MARCH 28 2017...

CLIMATE NORMAL PERIOD 1981 TO 2010
CLIMATE RECORD PERIOD 1908 TO 2017


WEATHER ITEM   OBSERVED TIME   RECORD YEAR NORMAL DEPARTURE LAST
                VALUE   (LST)  VALUE       VALUE  FROM      YEAR
                                                  NORMAL
..................................................................
TEMPERATURE (F)
 YESTERDAY
  MAXIMUM         60    347 PM  74    1946  43     17       49
                                      1910
  MINIMUM         21    510 AM  -9    1923  22     -1       26
  AVERAGE         41                        32      9       38

PRECIPITATION (IN)
  YESTERDAY        0.00          0.44 1956   0.06  -0.06     0.00
  MONTH TO DATE    1.21                      1.39  -0.18     3.09
  SINCE MAR 1      1.21                      1.39  -0.18     3.09
  SINCE JAN 1      4.57                      3.43   1.14     4.82

SNOWFALL (IN)
  YESTERDAY        0.0           2.0  1965  MM     MM        0.0
                                      1924
  MONTH TO DATE    3.8                      MM     MM        7.9
  SINCE MAR 1      3.8                      MM     MM        7.9
  SINCE JUL 1     55.3                      MM     MM       42.4
  SNOW DEPTH       0

DEGREE DAYS
 HEATING
  YESTERDAY       24                        32     -8       27
  MONTH TO DATE 1074                      1078     -4      866
  SINCE MAR 1   1074                      1078     -4      866
  SINCE JUL 1   6585                      7700  -1115     6549

 COOLING
  YESTERDAY        0                         0      0        0
  MONTH TO DATE    0                         0      0        0
  SINCE MAR 1      0                         0      0        0
  SINCE JAN 1      0                         0      0        0
..................................................................


WIND (MPH)
  HIGHEST WIND SPEED     9   HIGHEST WIND DIRECTION     E (90)
  HIGHEST GUST SPEED    14   HIGHEST GUST DIRECTION    SE (150)
  AVERAGE WIND SPEED     2.3


SKY COVER
  POSSIBLE SUNSHINE  MM
  AVERAGE SKY COVER 0.0


WEATHER CONDITIONS
 THE FOLLOWING WEATHER WAS RECORDED YESTERDAY.
  FOG
  FOG W/VISIBILITY <= 1/4 MILE


RELATIVE HUMIDITY (PERCENT)
 HIGHEST   100          1200 AM
 LOWEST     24           600 PM
 AVERAGE    62

..........................................................


THE RHINELANDER WI CLIMATE NORMALS FOR TODAY
                         NORMAL    RECORD    YEAR
 MAXIMUM TEMPERATURE (F)   43        79      1910
 MINIMUM TEMPERATURE (F)   23        -8      1923


SUNRISE AND SUNSET
MARCH 29 2017.........SUNRISE   643 AM CDT   SUNSET   723 PM CDT
MARCH 30 2017.........SUNRISE   641 AM CDT   SUNSET   724 PM CDT


-  INDICATES NEGATIVE NUMBERS.
R  INDICATES RECORD WAS SET OR TIED.
MM INDICATES DATA IS MISSING.
T  INDICATES TRACE AMOUNT.

$$
