000
CDUS43 KGRB 250736
CLIRHI


CLIMATE REPORT
NATIONAL WEATHER SERVICE GREEN BAY
235 AM CDT THU MAY 25 2017


...................................

...THE RHINELANDER WI CLIMATE SUMMARY FOR MAY 24 2017...

CLIMATE NORMAL PERIOD 1981 TO 2010
CLIMATE RECORD PERIOD 1908 TO 2017


WEATHER ITEM   OBSERVED TIME   RECORD YEAR NORMAL DEPARTURE LAST
                VALUE   (LST)  VALUE       VALUE  FROM      YEAR
                                                  NORMAL
..................................................................
TEMPERATURE (F)
 YESTERDAY
  MAXIMUM         57    451 PM  90    2010  68    -11       78
  MINIMUM         47    616 AM  27    2013  43      4       51
  AVERAGE         52                        55     -3       65

PRECIPITATION (IN)
  YESTERDAY        0.06          1.79 2006   0.12  -0.06     0.25
  MONTH TO DATE    5.44                      2.66   2.78     0.89
  SINCE MAR 1     13.58                      6.81   6.77     7.34
  SINCE JAN 1     16.94                      8.85   8.09     9.07

SNOWFALL (IN)
  YESTERDAY        0.0           0.0    MM  MM     MM        0.0
  MONTH TO DATE    0.0                      MM     MM         T
  SINCE MAR 1     14.3                      MM     MM       21.2
  SINCE JUL 1     65.8                      MM     MM       55.7
  SNOW DEPTH       0

DEGREE DAYS
 HEATING
  YESTERDAY       13                        10      3        0
  MONTH TO DATE  350                       323     27      333
  SINCE MAR 1   2118                      2201    -83     2008
  SINCE JUL 1   7629                      8823  -1194     7691

 COOLING
  YESTERDAY        0                         1     -1        0
  MONTH TO DATE    1                         2     -1       10
  SINCE MAR 1      1                         3     -2       10
  SINCE JAN 1      1                         3     -2       10
..................................................................


WIND (MPH)
  HIGHEST WIND SPEED    12   HIGHEST WIND DIRECTION    NE (40)
  HIGHEST GUST SPEED    17   HIGHEST GUST DIRECTION     E (80)
  AVERAGE WIND SPEED     5.8


SKY COVER
  POSSIBLE SUNSHINE  MM
  AVERAGE SKY COVER 1.0


WEATHER CONDITIONS
 THE FOLLOWING WEATHER WAS RECORDED YESTERDAY.
  RAIN
  LIGHT RAIN
  FOG


RELATIVE HUMIDITY (PERCENT)
 HIGHEST    93           100 AM
 LOWEST     72           500 PM
 AVERAGE    83

..........................................................


THE RHINELANDER WI CLIMATE NORMALS FOR TODAY
                         NORMAL    RECORD    YEAR
 MAXIMUM TEMPERATURE (F)   68        89      1911
 MINIMUM TEMPERATURE (F)   43        25      1913


SUNRISE AND SUNSET
MAY 25 2017...........SUNRISE   517 AM CDT   SUNSET   833 PM CDT
MAY 26 2017...........SUNRISE   516 AM CDT   SUNSET   834 PM CDT


-  INDICATES NEGATIVE NUMBERS.
R  INDICATES RECORD WAS SET OR TIED.
MM INDICATES DATA IS MISSING.
T  INDICATES TRACE AMOUNT.

$$
