000
CDUS43 KGRB 192230
CLIRHI


CLIMATE REPORT
NATIONAL WEATHER SERVICE GREEN BAY
429 PM CST MON FEB 19 2018


...................................

...THE RHINELANDER WI CLIMATE SUMMARY FOR FEBRUARY 19 2018...
VALID TODAY AS OF 0400 PM LOCAL TIME.

CLIMATE NORMAL PERIOD 1981 TO 2010
CLIMATE RECORD PERIOD 1908 TO 2018


WEATHER ITEM   OBSERVED TIME   RECORD YEAR NORMAL DEPARTURE LAST
                VALUE   (LST)  VALUE       VALUE  FROM      YEAR
                                                  NORMAL
..................................................................
TEMPERATURE (F)
 TODAY
  MAXIMUM         32    149 AM  58    2017  28      4       58
  MINIMUM         20    359 PM -32    1929   8     12       28
  AVERAGE         26                        18      8       43

PRECIPITATION (IN)
  TODAY           MM             0.43 1971   0.03  MM        0.00
  MONTH TO DATE    0.23                      0.59  -0.36     0.25
  SINCE DEC 1      3.15                      3.14   0.01     4.25
  SINCE JAN 1      1.42                      1.70  -0.28     2.18

SNOWFALL (IN)
  TODAY           MM             4.0  1933  MM     MM        0.0
                                      1925
  MONTH TO DATE    4.0                      MM     MM        1.5
  SINCE DEC 1     32.7                      MM     MM       38.2
  SINCE JUL 1     46.5                      MM     MM       44.8
  SNOW DEPTH      MM

DEGREE DAYS
 HEATING
  TODAY           39                        47     -8       22
  MONTH TO DATE 1060                       949    111      816
  SINCE DEC 1   4235                      4076    159     3731
  SINCE JUL 1   6208                      6210     -2     5213

 COOLING
  TODAY            0                         0      0        0
  MONTH TO DATE    0                         0      0        0
  SINCE DEC 1      0                         0      0        0
  SINCE JAN 1      0                         0      0        0
..................................................................


WIND (MPH)
  HIGHEST WIND SPEED    15   HIGHEST WIND DIRECTION    NE (50)
  HIGHEST GUST SPEED    26   HIGHEST GUST DIRECTION    NE (60)
  AVERAGE WIND SPEED     7.9


SKY COVER
  POSSIBLE SUNSHINE  MM
  AVERAGE SKY COVER 0.9


WEATHER CONDITIONS
 THE FOLLOWING WEATHER WAS RECORDED TODAY.
  LT FREEZING RAIN
  LIGHT SNOW
  FOG


RELATIVE HUMIDITY (PERCENT)
 HIGHEST    96           800 AM
 LOWEST     78          1200 AM
 AVERAGE    87

..........................................................


THE RHINELANDER WI CLIMATE NORMALS FOR TOMORROW
                         NORMAL    RECORD    YEAR
 MAXIMUM TEMPERATURE (F)   28        58      1930
 MINIMUM TEMPERATURE (F)    8       -34      1929


SUNRISE AND SUNSET
FEBRUARY 19 2018......SUNRISE   653 AM CST   SUNSET   531 PM CST
FEBRUARY 20 2018......SUNRISE   652 AM CST   SUNSET   532 PM CST


-  INDICATES NEGATIVE NUMBERS.
R  INDICATES RECORD WAS SET OR TIED.
MM INDICATES DATA IS MISSING.
T  INDICATES TRACE AMOUNT.




$$
