000
CDUS43 KGRB 022205
CLIRHI


CLIMATE REPORT
NATIONAL WEATHER SERVICE GREEN BAY
504 PM CDT SUN AUG 2 2015


...................................

...THE RHINELANDER WI CLIMATE SUMMARY FOR AUGUST 2 2015...
VALID TODAY AS OF 0500 PM LOCAL TIME.

CLIMATE NORMAL PERIOD 1981 TO 2010
CLIMATE RECORD PERIOD 1908 TO 2015


WEATHER ITEM   OBSERVED TIME   RECORD YEAR NORMAL DEPARTURE LAST
                VALUE   (LST)  VALUE       VALUE  FROM      YEAR
                                                  NORMAL
..................................................................
TEMPERATURE (F)
 TODAY
  MAXIMUM         72    300 PM  97    1964  79     -7       80
  MINIMUM         62        MM  40    1927  54      8       48
  AVERAGE         67                        66      1       64

PRECIPITATION (IN)
  TODAY            0.45          2.30 1955   0.10   0.35      T
  MONTH TO DATE    0.45                      0.21   0.24      T
  SINCE JUN 1      7.07                      8.12  -1.05    10.72
  SINCE JAN 1     15.67                     17.80  -2.13    21.83

SNOWFALL (IN)
  TODAY            0.0           0.0    MM  MM     MM        0.0
  MONTH TO DATE    0.0                      MM     MM        0.0
  SINCE JUN 1      0.0                      MM     MM        0.0
  SINCE JUL 1      0.0                      MM     MM        0.0
  SNOW DEPTH       0

DEGREE DAYS
 HEATING
  TODAY            0                         1     -1        1
  MONTH TO DATE    0                         2     -2        3
  SINCE JUN 1    181                       187     -6      220
  SINCE JUL 1     49                        53     -4      127

 COOLING
  TODAY            2                         3     -1        0
  MONTH TO DATE    2                         6     -4        0
  SINCE JUN 1    100                       164    -64      111
  SINCE JAN 1    105                       176    -71      118
..................................................................


WIND (MPH)
  HIGHEST WIND SPEED    12   HIGHEST WIND DIRECTION    SW (230)
  HIGHEST GUST SPEED    MM   HIGHEST GUST DIRECTION    MM
  AVERAGE WIND SPEED     7.2


SKY COVER
  POSSIBLE SUNSHINE  MM
  AVERAGE SKY COVER 0.5


WEATHER CONDITIONS
 THE FOLLOWING WEATHER WAS RECORDED TODAY.
  THUNDERSTORM
  HEAVY RAIN
  RAIN
  LIGHT RAIN
  FOG


RELATIVE HUMIDITY (PERCENT)
 HIGHEST    93           500 AM
 LOWEST     73          1200 AM
 AVERAGE    83

..........................................................


THE RHINELANDER WI CLIMATE NORMALS FOR TOMORROW
                         NORMAL    RECORD    YEAR
 MAXIMUM TEMPERATURE (F)   79        92      1988
                                             1964
 MINIMUM TEMPERATURE (F)   54        41      1912


SUNRISE AND SUNSET
AUGUST  2 2015........SUNRISE   542 AM CDT   SUNSET   825 PM CDT
AUGUST  3 2015........SUNRISE   543 AM CDT   SUNSET   824 PM CDT


-  INDICATES NEGATIVE NUMBERS.
R  INDICATES RECORD WAS SET OR TIED.
MM INDICATES DATA IS MISSING.
T  INDICATES TRACE AMOUNT.




$$
