000
CDUS43 KGRB 170643
CLIRHI


CLIMATE REPORT
NATIONAL WEATHER SERVICE GREEN BAY
142 AM CDT WED SEP 17 2014


...................................

...THE RHINELANDER WI CLIMATE SUMMARY FOR SEPTEMBER 16 2014...

CLIMATE NORMAL PERIOD 1981 TO 2010
CLIMATE RECORD PERIOD 1908 TO 2014


WEATHER ITEM   OBSERVED TIME   RECORD YEAR NORMAL DEPARTURE LAST
                VALUE   (LST)  VALUE       VALUE  FROM      YEAR
                                                  NORMAL
..................................................................
TEMPERATURE (F)
 YESTERDAY
  MAXIMUM         66    156 PM  86    1955  66      0       62
  MINIMUM         31    447 AM  27    2011  44    -13       29
  AVERAGE         49                        55     -6       46

PRECIPITATION (IN)
  YESTERDAY        0.00          1.40 1992   0.15  -0.15     0.00
  MONTH TO DATE    5.67                      2.21   3.46     0.53
  SINCE SEP 1      5.67                      2.21   3.46     0.53
  SINCE JAN 1     32.13                     23.09   9.04    27.37

SNOWFALL (IN)
  YESTERDAY        0.0           0.0    MM  MM     MM        0.0
  MONTH TO DATE    T                        MM     MM        0.0
  SINCE SEP 1      T                        MM     MM        0.0
  SINCE JUL 1      T                        MM     MM        0.0
  SNOW DEPTH       0

DEGREE DAYS
 HEATING
  YESTERDAY       16                        10      6       19
  MONTH TO DATE  173                       120     53      121
  SINCE SEP 1    173                       120     53      121
  SINCE JUL 1    373                       247    126      311

 COOLING
  YESTERDAY        0                         1     -1        0
  MONTH TO DATE    1                        16    -15       15
  SINCE SEP 1      1                        16    -15       15
  SINCE JAN 1    148                       257   -109      279
..................................................................


WIND (MPH)
  HIGHEST WIND SPEED    18   HIGHEST WIND DIRECTION     W (270)
  HIGHEST GUST SPEED    25   HIGHEST GUST DIRECTION     W (270)
  AVERAGE WIND SPEED     8.2


SKY COVER
  POSSIBLE SUNSHINE  MM
  AVERAGE SKY COVER 0.0


WEATHER CONDITIONS
 THE FOLLOWING WEATHER WAS RECORDED YESTERDAY.
  NO SIGNIFICANT WEATHER WAS OBSERVED.


RELATIVE HUMIDITY (PERCENT)
 HIGHEST   100           400 AM
 LOWEST     40           100 PM
 AVERAGE    70

..........................................................


THE RHINELANDER WI CLIMATE NORMALS FOR TODAY
                         NORMAL    RECORD    YEAR
 MAXIMUM TEMPERATURE (F)   66        87      1998
 MINIMUM TEMPERATURE (F)   44        28      1943
                                             1916


SUNRISE AND SUNSET
SEPTEMBER 17 2014.....SUNRISE   639 AM CDT   SUNSET   705 PM CDT
SEPTEMBER 18 2014.....SUNRISE   640 AM CDT   SUNSET   703 PM CDT


-  INDICATES NEGATIVE NUMBERS.
R  INDICATES RECORD WAS SET OR TIED.
MM INDICATES DATA IS MISSING.
T  INDICATES TRACE AMOUNT.




$$
