000
CDUS41 KAKQ 270546
CLIRIC


CLIMATE REPORT
NATIONAL WEATHER SERVICE WAKEFIELD, VA
145 AM EDT TUE SEP 27 2016


...................................

...THE RICHMOND VA CLIMATE SUMMARY FOR SEPTEMBER 26 2016...

CLIMATE NORMAL PERIOD 1981 TO 2010
CLIMATE RECORD PERIOD 1871 TO 2016


WEATHER ITEM   OBSERVED TIME   RECORD YEAR NORMAL DEPARTURE LAST
                VALUE   (LST)  VALUE       VALUE  FROM      YEAR
                                                  NORMAL
..................................................................
TEMPERATURE (F)
 YESTERDAY
  MAXIMUM         71    246 PM  96    1930  78     -7       71
  MINIMUM         63    622 AM  40    1967  56      7       63
  AVERAGE         67                        67      0       67

PRECIPITATION (IN)
  YESTERDAY        0.20          1.97 1985   0.12   0.08     0.35
  MONTH TO DATE    4.16                      3.63   0.53     2.54
  SINCE SEP 1      4.16                      3.63   0.53     2.54
  SINCE JAN 1     37.60                     33.62   3.98    35.09

SNOWFALL (IN)
  YESTERDAY        0.0           0.0  2002   0.0    0.0
                                      2001
  MONTH TO DATE    0.0                       0.0    0.0
  SINCE NOV 1     15.1                      10.3    4.8
  SINCE JUL 1      0.0                       0.0    0.0
  SNOW DEPTH       0

DEGREE DAYS
 HEATING
  YESTERDAY        0                         2     -2        0
  MONTH TO DATE    0                        16    -16        0
  SINCE SEP 1      0                        16    -16        0
  SINCE JUL 1      0                        17    -17        0

 COOLING
  YESTERDAY        2                         4     -2        2
  MONTH TO DATE  257                       184     73      253
  SINCE SEP 1    257                       184     73      253
  SINCE JAN 1   1611                      1491    120     1760
..................................................................


WIND (MPH)
  HIGHEST WIND SPEED    13   HIGHEST WIND DIRECTION    SE (140)
  HIGHEST GUST SPEED    17   HIGHEST GUST DIRECTION     S (180)
  AVERAGE WIND SPEED     5.9


SKY COVER
  POSSIBLE SUNSHINE  MM
  AVERAGE SKY COVER 1.0


WEATHER CONDITIONS
 THE FOLLOWING WEATHER WAS RECORDED YESTERDAY.
  THUNDERSTORM
  HEAVY RAIN
  RAIN
  LIGHT RAIN
  FOG


RELATIVE HUMIDITY (PERCENT)
 HIGHEST    84           100 AM
 LOWEST     66          1100 AM
 AVERAGE    75

..........................................................


THE RICHMOND VA CLIMATE NORMALS FOR TODAY
                         NORMAL    RECORD    YEAR
 MAXIMUM TEMPERATURE (F)   77        96      1998
 MINIMUM TEMPERATURE (F)   56        39      1940


SUNRISE AND SUNSET
SEPTEMBER 27 2016.....SUNRISE   702 AM EDT   SUNSET   658 PM EDT
SEPTEMBER 28 2016.....SUNRISE   703 AM EDT   SUNSET   656 PM EDT


-  INDICATES NEGATIVE NUMBERS.
R  INDICATES RECORD WAS SET OR TIED.
MM INDICATES DATA IS MISSING.
T  INDICATES TRACE AMOUNT.




$$
