000
CDUS41 KAKQ 272127
CLIRIC


CLIMATE REPORT
NATIONAL WEATHER SERVICE WAKEFIELD, VA
527 PM EDT WED AUG 27 2014


...................................

...THE RICHMOND VA CLIMATE SUMMARY FOR AUGUST 27 2014...
VALID TODAY AS OF 0500 PM LOCAL TIME.

CLIMATE NORMAL PERIOD 1981 TO 2010
CLIMATE RECORD PERIOD 1871 TO 2014


WEATHER ITEM   OBSERVED TIME   RECORD YEAR NORMAL DEPARTURE LAST
                VALUE   (LST)  VALUE       VALUE  FROM      YEAR
                                                  NORMAL
..................................................................
TEMPERATURE (F)
 TODAY
  MAXIMUM         91    246 PM  98    1948  87      4       92
  MINIMUM         60    551 AM  53    1919  66     -6       65
  AVERAGE         76

PRECIPITATION (IN)
  TODAY            0.00          5.36 2011   0.15  -0.15     0.01
  MONTH TO DATE    3.61                      4.12  -0.51     5.54
  SINCE JUN 1      9.63                     12.56  -2.93    17.92
  SINCE JAN 1     25.67                     29.45  -3.78    36.80

SNOWFALL (IN)
  TODAY            0.0
  MONTH TO DATE    0.0
  SINCE NOV 1     14.5
  SINCE JUL 1      0.0
  SNOW DEPTH       0

DEGREE DAYS
 HEATING
  TODAY            0                         0      0        0
  MONTH TO DATE    0                         0      0        0
  SINCE JUN 1      0                         7     -7        0
  SINCE JUL 1      0                         0      0        0

 COOLING
  TODAY           11                        11      0       14
  MONTH TO DATE  298                       344    -46      291
  SINCE JUN 1   1112                      1102     10     1139
  SINCE JAN 1   1320                      1263     57     1352
..................................................................


WIND (MPH)
  RESULTANT WIND SPEED   2   RESULTANT WIND DIRECTION   N (10)
  HIGHEST WIND SPEED    13   HIGHEST WIND DIRECTION     N (10)
  HIGHEST GUST SPEED    17   HIGHEST GUST DIRECTION     N (10)


SKY COVER
  POSSIBLE SUNSHINE  MM
  AVERAGE SKY COVER 0.1


WEATHER CONDITIONS
 THE FOLLOWING WEATHER WAS RECORDED TODAY.
  NO SIGNIFICANT WEATHER WAS OBSERVED.


RELATIVE HUMIDITY (PERCENT)
 HIGHEST    90
 LOWEST     34
 AVERAGE    62

..........................................................


THE RICHMOND VA CLIMATE NORMALS FOR TOMORROW
                         NORMAL    RECORD    YEAR
 MAXIMUM TEMPERATURE (F)   86       100      1948
 MINIMUM TEMPERATURE (F)   66        50      1986


SUNRISE AND SUNSET
AUGUST 27 2014........SUNRISE   635 AM EDT   SUNSET   746 PM EDT
AUGUST 28 2014........SUNRISE   636 AM EDT   SUNSET   744 PM EDT


-  INDICATES NEGATIVE NUMBERS.
R  INDICATES RECORD WAS SET OR TIED.
MM INDICATES DATA IS MISSING.
T  INDICATES TRACE AMOUNT.




$$
