000
CDUS41 KAKQ 200645
CLIRIC


CLIMATE REPORT
NATIONAL WEATHER SERVICE WAKEFIELD, VA
145 AM EST MON FEB 20 2017


...................................

...THE RICHMOND VA CLIMATE SUMMARY FOR FEBRUARY 19 2017...

CLIMATE NORMAL PERIOD 1981 TO 2010
CLIMATE RECORD PERIOD 1871 TO 2017


WEATHER ITEM   OBSERVED TIME   RECORD YEAR NORMAL DEPARTURE LAST
                VALUE   (LST)  VALUE       VALUE  FROM      YEAR
                                                  NORMAL
..................................................................
TEMPERATURE (F)
 YESTERDAY
  MAXIMUM         74    321 PM  78    1961  52     22       48
                                      1939
  MINIMUM         49    749 AM   9    2015  31     18       23
  AVERAGE         62                        42     20       36

PRECIPITATION (IN)
  YESTERDAY        0.00          1.28 1927   0.09  -0.09     0.00
  MONTH TO DATE    0.52                      1.84  -1.32     2.47
  SINCE DEC 1      7.61                      8.14  -0.53    11.71
  SINCE JAN 1      4.81                      4.88  -0.07     5.77

SNOWFALL (IN)
  YESTERDAY        0.0           4.4  1972   0.1   -0.1
  MONTH TO DATE    0.0                       2.5   -2.5
  SINCE NOV 1      7.1                       8.7   -1.6
  SINCE JUL 1      7.1                       8.7   -1.6
  SNOW DEPTH       0

DEGREE DAYS
 HEATING
  YESTERDAY        3                        23    -20       29
  MONTH TO DATE  349                       475   -126      526
  SINCE DEC 1   1801                      2060   -259     1830
  SINCE JUL 1   2391                      2736   -345     2422

 COOLING
  YESTERDAY        0                         0      0        0
  MONTH TO DATE    0                         0      0        0
  SINCE DEC 1      0                         1     -1        8
  SINCE JAN 1      0                         0      0        0
..................................................................


WIND (MPH)
  HIGHEST WIND SPEED    18   HIGHEST WIND DIRECTION    NW (330)
  HIGHEST GUST SPEED    22   HIGHEST GUST DIRECTION     N (350)
  AVERAGE WIND SPEED     6.7


SKY COVER
  POSSIBLE SUNSHINE  MM
  AVERAGE SKY COVER 0.3


WEATHER CONDITIONS
 THE FOLLOWING WEATHER WAS RECORDED YESTERDAY.
  NO SIGNIFICANT WEATHER WAS OBSERVED.


RELATIVE HUMIDITY (PERCENT)
 HIGHEST    74           800 AM
 LOWEST     38           200 PM
 AVERAGE    56

..........................................................


THE RICHMOND VA CLIMATE NORMALS FOR TODAY
                         NORMAL    RECORD    YEAR
 MAXIMUM TEMPERATURE (F)   53        77      1930
 MINIMUM TEMPERATURE (F)   31         3      1979


SUNRISE AND SUNSET
FEBRUARY 20 2017......SUNRISE   652 AM EST   SUNSET   554 PM EST
FEBRUARY 21 2017......SUNRISE   651 AM EST   SUNSET   555 PM EST


-  INDICATES NEGATIVE NUMBERS.
R  INDICATES RECORD WAS SET OR TIED.
MM INDICATES DATA IS MISSING.
T  INDICATES TRACE AMOUNT.




$$
