805
CDUS41 KAKQ 300534
CLIRIC


CLIMATE REPORT
NATIONAL WEATHER SERVICE WAKEFIELD, VA
133 AM EDT TUE AUG 30 2016


...................................

...THE RICHMOND VA CLIMATE SUMMARY FOR AUGUST 29 2016...

CLIMATE NORMAL PERIOD 1981 TO 2010
CLIMATE RECORD PERIOD 1871 TO 2016


WEATHER ITEM   OBSERVED TIME   RECORD YEAR NORMAL DEPARTURE LAST
                VALUE   (LST)  VALUE       VALUE  FROM      YEAR
                                                  NORMAL
..................................................................
TEMPERATURE (F)
 YESTERDAY
  MAXIMUM         91    344 PM 101    1953  86      5       89
  MINIMUM         64    338 AM  47    1986  66     -2       62
  AVERAGE         78                        76      2       76

PRECIPITATION (IN)
  YESTERDAY        0.00          2.88 2008   0.14  -0.14     0.00
  MONTH TO DATE    0.53                      4.40  -3.87     2.77
  SINCE JUN 1     12.81                     12.84  -0.03    14.57
  SINCE JAN 1     33.44                     29.73   3.71    32.55

SNOWFALL (IN)
  YESTERDAY        0.0           0.0  2002   0.0    0.0
                                      2001
  MONTH TO DATE    0.0                       0.0    0.0
  SINCE NOV 1     15.1                      10.3    4.8
  SINCE JUL 1      0.0                       0.0    0.0
  SNOW DEPTH       0

DEGREE DAYS
 HEATING
  YESTERDAY        0                         0      0        0
  MONTH TO DATE    0                         0      0        0
  SINCE JUN 1      0                         7     -7        6
  SINCE JUL 1      0                         0      0        0

 COOLING
  YESTERDAY       13                        11      2       11
  MONTH TO DATE  450                       366     84      368
  SINCE JUN 1   1213                      1124     89     1218
  SINCE JAN 1   1322                      1285     37     1480
..................................................................


WIND (MPH)
  HIGHEST WIND SPEED    14   HIGHEST WIND DIRECTION     N (360)
  HIGHEST GUST SPEED    18   HIGHEST GUST DIRECTION    NE (30)
  AVERAGE WIND SPEED     4.9


SKY COVER
  POSSIBLE SUNSHINE  MM
  AVERAGE SKY COVER 0.4


WEATHER CONDITIONS
 THE FOLLOWING WEATHER WAS RECORDED YESTERDAY.
  NO SIGNIFICANT WEATHER WAS OBSERVED.


RELATIVE HUMIDITY (PERCENT)
 HIGHEST    93           200 AM
 LOWEST     38           100 PM
 AVERAGE    66

..........................................................


THE RICHMOND VA CLIMATE NORMALS FOR TODAY
                         NORMAL    RECORD    YEAR
 MAXIMUM TEMPERATURE (F)   86       101      1953
 MINIMUM TEMPERATURE (F)   65        47      1965


SUNRISE AND SUNSET
AUGUST 30 2016........SUNRISE   638 AM EDT   SUNSET   740 PM EDT
AUGUST 31 2016........SUNRISE   639 AM EDT   SUNSET   739 PM EDT


-  INDICATES NEGATIVE NUMBERS.
R  INDICATES RECORD WAS SET OR TIED.
MM INDICATES DATA IS MISSING.
T  INDICATES TRACE AMOUNT.




$$
