000
CDUS41 KAKQ 240826
CLIRIC


CLIMATE REPORT
NATIONAL WEATHER SERVICE WAKEFIELD, VA
426 AM EDT THU APR 24 2014


...................................

...THE RICHMOND VA CLIMATE SUMMARY FOR APRIL 23 2014...

CLIMATE NORMAL PERIOD 1981 TO 2010
CLIMATE RECORD PERIOD 1871 TO 2014


WEATHER ITEM   OBSERVED TIME   RECORD YEAR NORMAL DEPARTURE LAST
                VALUE   (LST)  VALUE       VALUE  FROM      YEAR
                                                  NORMAL
..................................................................
TEMPERATURE (F)
 YESTERDAY
  MAXIMUM         68    351 PM  95    1985  73     -5       62
  MINIMUM         49   1135 PM  31    1940  48      1       46
  AVERAGE         59                        60     -1       54

PRECIPITATION (IN)
  YESTERDAY        0.00          1.80 1892   0.11  -0.11     0.03
  MONTH TO DATE    1.54                      2.52  -0.98     1.87
  SINCE MAR 1      4.78                      6.56  -1.78     7.44
  SINCE JAN 1     11.09                     12.36  -1.27    15.37

SNOWFALL (IN)
  YESTERDAY        0.0           0.0  2002   0.0    0.0
  MONTH TO DATE    0.0                       0.1   -0.1
  SINCE NOV 1     14.5                      10.3    4.2
  SINCE JUL 1     14.5                      10.3    4.2
  SNOW DEPTH       0

DEGREE DAYS
 HEATING
  YESTERDAY        6                         6      0       11
  MONTH TO DATE  164                       203    -39      174
  SINCE MAR 1    777                       719     58      838
  SINCE JUL 1   3730                      3655     75     3566

 COOLING
  YESTERDAY        0                         2     -2        0
  MONTH TO DATE   21                        24     -3       65
  SINCE MAR 1     23                        30     -7       65
  SINCE JAN 1     23                        30     -7       66
..................................................................


WIND (MPH)
  HIGHEST WIND SPEED    24   HIGHEST WIND DIRECTION     N (350)
  HIGHEST GUST SPEED    32   HIGHEST GUST DIRECTION     N (340)
  AVERAGE WIND SPEED    13.4


SKY COVER
  POSSIBLE SUNSHINE  MM
  AVERAGE SKY COVER 0.2


WEATHER CONDITIONS
 THE FOLLOWING WEATHER WAS RECORDED YESTERDAY.
  NO SIGNIFICANT WEATHER WAS OBSERVED.


RELATIVE HUMIDITY (PERCENT)
 HIGHEST    78          1200 AM
 LOWEST     24           100 PM
 AVERAGE    51

..........................................................


THE RICHMOND VA CLIMATE NORMALS FOR TODAY
                         NORMAL    RECORD    YEAR
 MAXIMUM TEMPERATURE (F)   73        94      1925
 MINIMUM TEMPERATURE (F)   49        30      1930


SUNRISE AND SUNSET
APRIL 24 2014.........SUNRISE   623 AM EDT   SUNSET   753 PM EDT
APRIL 25 2014.........SUNRISE   621 AM EDT   SUNSET   754 PM EDT


-  INDICATES NEGATIVE NUMBERS.
R  INDICATES RECORD WAS SET OR TIED.
MM INDICATES DATA IS MISSING.
T  INDICATES TRACE AMOUNT.




$$
