000
CDUS41 KAKQ 180545
CLIRIC


CLIMATE REPORT
NATIONAL WEATHER SERVICE WAKEFIELD, VA
145 AM EDT FRI AUG 18 2017


...................................

...THE RICHMOND VA CLIMATE SUMMARY FOR AUGUST 17 2017...

CLIMATE NORMAL PERIOD 1981 TO 2010
CLIMATE RECORD PERIOD 1871 TO 2017


WEATHER ITEM   OBSERVED TIME   RECORD YEAR NORMAL DEPARTURE LAST
                VALUE   (LST)  VALUE       VALUE  FROM      YEAR
                                                  NORMAL
..................................................................
TEMPERATURE (F)
 YESTERDAY
  MAXIMUM         86    346 PM  99    1988  88     -2       97
                                      1987
  MINIMUM         73    605 AM  56    1979  68      5       76
                                      1963
                                      1902
  AVERAGE         80                        78      2       87

PRECIPITATION (IN)
  YESTERDAY        T             3.17 1977   0.15  -0.15      T
  MONTH TO DATE    2.50                      2.60  -0.10     0.53
  SINCE JUN 1      7.08                     11.04  -3.96    12.81
  SINCE JAN 1     25.61                     27.93  -2.32    33.44

SNOWFALL (IN)
  YESTERDAY        0.0           0.0  2002   0.0    0.0
                                      2001
  MONTH TO DATE    0.0                       0.0    0.0
  SINCE NOV 1      7.1                      10.3   -3.2
  SINCE JUL 1      0.0                       0.0    0.0
  SNOW DEPTH       0

DEGREE DAYS
 HEATING
  YESTERDAY        0                         0      0        0
  MONTH TO DATE    0                         0      0        0
  SINCE JUN 1      2                         7     -5        0
  SINCE JUL 1      0                         0      0        0

 COOLING
  YESTERDAY       15                        13      2       22
  MONTH TO DATE  210                       226    -16      276
  SINCE JUN 1   1039                       984     55     1039
  SINCE JAN 1   1262                      1145    117     1148
..................................................................


WIND (MPH)
  HIGHEST WIND SPEED    22   HIGHEST WIND DIRECTION     S (190)
  HIGHEST GUST SPEED    25   HIGHEST GUST DIRECTION     S (190)
  AVERAGE WIND SPEED     6.6


SKY COVER
  POSSIBLE SUNSHINE  MM
  AVERAGE SKY COVER 0.5


WEATHER CONDITIONS
 THE FOLLOWING WEATHER WAS RECORDED YESTERDAY.
  LIGHT RAIN
  FOG


RELATIVE HUMIDITY (PERCENT)
 HIGHEST   100           400 AM
 LOWEST     70           300 PM
 AVERAGE    85

..........................................................


THE RICHMOND VA CLIMATE NORMALS FOR TODAY
                         NORMAL    RECORD    YEAR
 MAXIMUM TEMPERATURE (F)   88        97      2002
 MINIMUM TEMPERATURE (F)   67        54      1941


SUNRISE AND SUNSET
AUGUST 18 2017........SUNRISE   628 AM EDT   SUNSET   757 PM EDT
AUGUST 19 2017........SUNRISE   629 AM EDT   SUNSET   756 PM EDT


-  INDICATES NEGATIVE NUMBERS.
R  INDICATES RECORD WAS SET OR TIED.
MM INDICATES DATA IS MISSING.
T  INDICATES TRACE AMOUNT.




$$
