000
CDUS41 KAKQ 242236
CLIRIC


CLIMATE REPORT
NATIONAL WEATHER SERVICE WAKEFIELD, VA
535 PM EST FRI NOV 24 2017


...................................

...THE RICHMOND VA CLIMATE SUMMARY FOR NOVEMBER 24 2017...
VALID TODAY AS OF 0500 PM LOCAL TIME.

CLIMATE NORMAL PERIOD 1981 TO 2010
CLIMATE RECORD PERIOD 1871 TO 2017


WEATHER ITEM   OBSERVED TIME   RECORD YEAR NORMAL DEPARTURE LAST
                VALUE   (LST)  VALUE       VALUE  FROM      YEAR
                                                  NORMAL
..................................................................
TEMPERATURE (F)
 TODAY
  MAXIMUM         56    315 PM  76    1979  58     -2       63
  MINIMUM         26    730 AM  16    1976  37    -11       37
  AVERAGE         41

PRECIPITATION (IN)
  TODAY            0.00          3.00 1959   0.11  -0.11      T
  MONTH TO DATE    1.43                      2.58  -1.15     0.82
  SINCE SEP 1      7.86                      9.69  -1.83    16.25
  SINCE JAN 1     36.91                     39.68  -2.77    49.69

SNOWFALL (IN)
  TODAY            0.0
  MONTH TO DATE    0.0
  SINCE NOV 1      0.0
  SINCE JUL 1      0.0
  SNOW DEPTH       0

DEGREE DAYS
 HEATING
  TODAY           24                        17      7       15
  MONTH TO DATE  383                       330     53      367
  SINCE SEP 1    517                       562    -45      503
  SINCE JUL 1    517                       563    -46      503

 COOLING
  TODAY            0                         0      0        0
  MONTH TO DATE    6                         0      6        4
  SINCE SEP 1    293                       236     57      345
  SINCE JAN 1   1706                      1543    163     1699
..................................................................


WIND (MPH)
  RESULTANT WIND SPEED   1   RESULTANT WIND DIRECTION  SE (150)
  HIGHEST WIND SPEED     7   HIGHEST WIND DIRECTION     S (190)
  HIGHEST GUST SPEED    10   HIGHEST GUST DIRECTION     W (280)


SKY COVER
  POSSIBLE SUNSHINE  MM
  AVERAGE SKY COVER 0.1


WEATHER CONDITIONS
 THE FOLLOWING WEATHER WAS RECORDED TODAY.
  NO SIGNIFICANT WEATHER WAS OBSERVED.


RELATIVE HUMIDITY (PERCENT)
 HIGHEST    92
 LOWEST     30
 AVERAGE    61

..........................................................


THE RICHMOND VA CLIMATE NORMALS FOR TOMORROW
                         NORMAL    RECORD    YEAR
 MAXIMUM TEMPERATURE (F)   58        80      1973
 MINIMUM TEMPERATURE (F)   37        14      1970


SUNRISE AND SUNSET
NOVEMBER 24 2017......SUNRISE   659 AM EST   SUNSET   453 PM EST
NOVEMBER 25 2017......SUNRISE   700 AM EST   SUNSET   453 PM EST


-  INDICATES NEGATIVE NUMBERS.
R  INDICATES RECORD WAS SET OR TIED.
MM INDICATES DATA IS MISSING.
T  INDICATES TRACE AMOUNT.




$$
