000
CDUS41 KAKQ 300529
CLIRIC


CLIMATE REPORT
NATIONAL WEATHER SERVICE WAKEFIELD, VA
129 AM EDT SUN APR 30 2017


...................................

...THE RICHMOND VA CLIMATE SUMMARY FOR APRIL 29 2017...

CLIMATE NORMAL PERIOD 1981 TO 2010
CLIMATE RECORD PERIOD 1871 TO 2017


WEATHER ITEM   OBSERVED TIME   RECORD YEAR NORMAL DEPARTURE LAST
                VALUE   (LST)  VALUE       VALUE  FROM      YEAR
                                                  NORMAL
..................................................................
TEMPERATURE (F)
 YESTERDAY
  MAXIMUM         88    421 PM  94    1974  74     14       61
  MINIMUM         73   1159 PM  33    1934  50     23       50
  AVERAGE         81                        62     19       56

PRECIPITATION (IN)
  YESTERDAY        0.00          1.46 1994   0.11  -0.11      T
  MONTH TO DATE    2.28                      3.17  -0.89     2.17
  SINCE MAR 1      5.96                      7.21  -1.25     3.19
  SINCE JAN 1     10.96                     13.01  -2.05    10.84

SNOWFALL (IN)
  YESTERDAY        0.0           0.0  2002   0.0    0.0
  MONTH TO DATE    0.0                       0.1   -0.1
  SINCE NOV 1      7.1                      10.3   -3.2
  SINCE JUL 1      7.1                      10.3   -3.2
  SNOW DEPTH       0

DEGREE DAYS
 HEATING
  YESTERDAY        0                         5     -5        9
  MONTH TO DATE  111                       235   -124      260
  SINCE MAR 1    604                       751   -147      618
  SINCE JUL 1   3086                      3687   -601     3206

 COOLING
  YESTERDAY       16                         2     14        0
  MONTH TO DATE   84                        36     48       24
  SINCE MAR 1     92                        42     50       30
  SINCE JAN 1     92                        42     50       30
..................................................................


WIND (MPH)
  HIGHEST WIND SPEED    17   HIGHEST WIND DIRECTION    SW (220)
  HIGHEST GUST SPEED    23   HIGHEST GUST DIRECTION     S (180)
  AVERAGE WIND SPEED    10.6


SKY COVER
  POSSIBLE SUNSHINE  MM
  AVERAGE SKY COVER 0.7


WEATHER CONDITIONS
 THE FOLLOWING WEATHER WAS RECORDED YESTERDAY.
  FOG
  HAZE


RELATIVE HUMIDITY (PERCENT)
 HIGHEST    93           300 AM
 LOWEST     59           200 PM
 AVERAGE    76

..........................................................


THE RICHMOND VA CLIMATE NORMALS FOR TODAY
                         NORMAL    RECORD    YEAR
 MAXIMUM TEMPERATURE (F)   74        93      1974
 MINIMUM TEMPERATURE (F)   50        30      1897


SUNRISE AND SUNSET
APRIL 30 2017.........SUNRISE   615 AM EDT   SUNSET   759 PM EDT
MAY  1 2017...........SUNRISE   614 AM EDT   SUNSET   759 PM EDT


-  INDICATES NEGATIVE NUMBERS.
R  INDICATES RECORD WAS SET OR TIED.
MM INDICATES DATA IS MISSING.
T  INDICATES TRACE AMOUNT.




$$
