000
CDUS41 KAKQ 250629
CLIRIC


CLIMATE REPORT
NATIONAL WEATHER SERVICE WAKEFIELD, VA
128 AM EST SUN FEB 25 2018


...................................

...THE RICHMOND VA CLIMATE SUMMARY FOR FEBRUARY 24 2018...

CLIMATE NORMAL PERIOD 1981 TO 2010
CLIMATE RECORD PERIOD 1871 TO 2018


WEATHER ITEM   OBSERVED TIME   RECORD YEAR NORMAL DEPARTURE LAST
                VALUE   (LST)  VALUE       VALUE  FROM      YEAR
                                                  NORMAL
..................................................................
TEMPERATURE (F)
 YESTERDAY
  MAXIMUM         76    349 PM  82    1985  54     22       76
  MINIMUM         46   1233 AM  11    1914  32     14       51
  AVERAGE         61                        43     18       64

PRECIPITATION (IN)
  YESTERDAY        T             2.64 1979   0.10  -0.10     0.00
  MONTH TO DATE    2.01                      2.35  -0.34     0.54
  SINCE DEC 1      6.47                      8.65  -2.18     7.63
  SINCE JAN 1      5.42                      5.39   0.03     4.83

SNOWFALL (IN)
  YESTERDAY        0.0           5.4  1952   0.1   -0.1
  MONTH TO DATE    0.0                       3.1   -3.1
  SINCE NOV 1      8.4                       9.3   -0.9
  SINCE JUL 1      8.4                       9.3   -0.9
  SNOW DEPTH       0

DEGREE DAYS
 HEATING
  YESTERDAY        4                        22    -18        1
  MONTH TO DATE  428                       588   -160      392
  SINCE DEC 1   2102                      2173    -71     1844
  SINCE JUL 1   2714                      2849   -135     2434

 COOLING
  YESTERDAY        0                         0      0        0
  MONTH TO DATE    6                         0      6        0
  SINCE DEC 1      6                         1      5        0
  SINCE JAN 1      6                         0      6        0
..................................................................


WIND (MPH)
  HIGHEST WIND SPEED    20   HIGHEST WIND DIRECTION    SW (240)
  HIGHEST GUST SPEED    28   HIGHEST GUST DIRECTION    SW (240)
  AVERAGE WIND SPEED     8.7


SKY COVER
  POSSIBLE SUNSHINE  MM
  AVERAGE SKY COVER 0.8


WEATHER CONDITIONS
 THE FOLLOWING WEATHER WAS RECORDED YESTERDAY.
  LIGHT RAIN
  FOG
  FOG W/VISIBILITY <= 1/4 MILE


RELATIVE HUMIDITY (PERCENT)
 HIGHEST   100          1200 AM
 LOWEST     58           200 PM
 AVERAGE    79

..........................................................


THE RICHMOND VA CLIMATE NORMALS FOR TODAY
                         NORMAL    RECORD    YEAR
 MAXIMUM TEMPERATURE (F)   54        83      1930
 MINIMUM TEMPERATURE (F)   32         8      1914


SUNRISE AND SUNSET
FEBRUARY 25 2018......SUNRISE   646 AM EST   SUNSET   559 PM EST
FEBRUARY 26 2018......SUNRISE   645 AM EST   SUNSET   600 PM EST


-  INDICATES NEGATIVE NUMBERS.
R  INDICATES RECORD WAS SET OR TIED.
MM INDICATES DATA IS MISSING.
T  INDICATES TRACE AMOUNT.




$$
