000
CDUS45 KRIW 250045
CLIRIW


CLIMATE REPORT
NATIONAL WEATHER SERVICE RIVERTON WY
645 PM MDT THU APR 24 2014


...................................

...THE RIVERTON WY CLIMATE SUMMARY FOR APRIL 24 2014...
VALID TODAY AS OF 0500 PM LOCAL TIME.

CLIMATE NORMAL PERIOD 1981 TO 2010
CLIMATE RECORD PERIOD 1995 TO 2014


WEATHER ITEM   OBSERVED TIME   RECORD YEAR NORMAL DEPARTURE LAST
                VALUE   (LST)  VALUE       VALUE  FROM      YEAR
                                                  NORMAL
..................................................................
TEMPERATURE (F)
 TODAY
  MAXIMUM         64        MM  85    2012  60      4       52
  MINIMUM         28        MM  22    2013  33     -5       22
                                      2011
                                      2002
  AVERAGE         46                        47     -1       37

PRECIPITATION (IN)
  TODAY            0.00          0.26 2008   0.05  -0.05     0.00
  MONTH TO DATE    0.07                      0.96  -0.89     1.17
  SINCE MAR 1      0.57                      1.51  -0.94     1.28
  SINCE JAN 1      1.47                      2.02  -0.55     1.93

SNOWFALL (IN)
  TODAY            0.0                                       0.0
  MONTH TO DATE    0.4                                      13.7
  SINCE MAR 1      3.8                                      14.8
  SINCE JUL 1     53.0                                      33.6
  SNOW DEPTH       0

DEGREE DAYS
 HEATING
  TODAY           19                        18      1       28
  MONTH TO DATE  493                       520    -27      683
  SINCE MAR 1   1409                      1438    -29     1559
  SINCE JUL 1   7290                      7292     -2     7125

 COOLING
  TODAY            0                         0      0        0
  MONTH TO DATE    0                         0      0        0
  SINCE MAR 1      0                         0      0        0
  SINCE JAN 1      0                         0      0        0
..................................................................


WIND (MPH)
  HIGHEST WIND SPEED    28   HIGHEST WIND DIRECTION     W (270)
  HIGHEST GUST SPEED    38   HIGHEST GUST DIRECTION     W (290)
  AVERAGE WIND SPEED     9.7


SKY COVER
  POSSIBLE SUNSHINE  MM
  AVERAGE SKY COVER 0.1


WEATHER CONDITIONS
 THE FOLLOWING WEATHER WAS RECORDED TODAY.
  NO SIGNIFICANT WEATHER WAS OBSERVED.


RELATIVE HUMIDITY (PERCENT)
 HIGHEST    53           100 AM
 LOWEST     17           300 PM
 AVERAGE    35

..........................................................


THE RIVERTON WY CLIMATE NORMALS FOR TOMORROW
                         NORMAL    RECORD    YEAR
 MAXIMUM TEMPERATURE (F)   60        78      2012
 MINIMUM TEMPERATURE (F)   34        23      2002


SUNRISE AND SUNSET
APRIL 24 2014.........SUNRISE   618 AM MDT   SUNSET   807 PM MDT
APRIL 25 2014.........SUNRISE   616 AM MDT   SUNSET   808 PM MDT


-  INDICATES NEGATIVE NUMBERS.
R  INDICATES RECORD WAS SET OR TIED.
MM INDICATES DATA IS MISSING.
T  INDICATES TRACE AMOUNT.




$$
