000
CDUS45 KRIW 230736
CLIRIW


CLIMATE REPORT
NATIONAL WEATHER SERVICE RIVERTON WY
134 AM MDT THU MAR 23 2017


...................................

...THE RIVERTON WY CLIMATE SUMMARY FOR MARCH 22 2017...

CLIMATE NORMAL PERIOD 1981 TO 2010
CLIMATE RECORD PERIOD 1995 TO 2017


WEATHER ITEM   OBSERVED TIME   RECORD YEAR NORMAL DEPARTURE LAST
                VALUE   (LST)  VALUE       VALUE  FROM      YEAR
                                                  NORMAL
..................................................................
TEMPERATURE (F)
 YESTERDAY
  MAXIMUM         62    245 PM  66    2012  50     12       47
  MINIMUM         33    548 AM  16    2014  26      7       31
                                      2000
  AVERAGE         48                        38     10       39

PRECIPITATION (IN)
  YESTERDAY        T             0.35 2016   0.02  -0.02     0.35
  MONTH TO DATE    0.02                      0.32  -0.30     0.76
  SINCE MAR 1      0.02                      0.32  -0.30     0.76
  SINCE JAN 1      1.88                      0.83   1.05     1.44

SNOWFALL (IN)
  YESTERDAY        0.0                                       1.5
  MONTH TO DATE    T                                         3.4
  SINCE MAR 1      T                                         3.4
  SINCE JUL 1     47.7                                      31.6
  SNOW DEPTH       0

DEGREE DAYS
 HEATING
  YESTERDAY       17                        27    -10       26
  MONTH TO DATE  511                       684   -173      549
  SINCE MAR 1    511                       684   -173      549
  SINCE JUL 1   6385                      6538   -153     5870

 COOLING
  YESTERDAY        0                         0      0        0
  MONTH TO DATE    0                         0      0        0
  SINCE MAR 1      0                         0      0        0
  SINCE JAN 1      0                         0      0        0
..................................................................


WIND (MPH)
  HIGHEST WIND SPEED    30   HIGHEST WIND DIRECTION     S (200)
  HIGHEST GUST SPEED    40   HIGHEST GUST DIRECTION     S (200)
  AVERAGE WIND SPEED     7.4


SKY COVER
  POSSIBLE SUNSHINE  MM
  AVERAGE SKY COVER 0.3


WEATHER CONDITIONS
 THE FOLLOWING WEATHER WAS RECORDED YESTERDAY.
  LIGHT RAIN


RELATIVE HUMIDITY (PERCENT)
 HIGHEST    92           300 AM
 LOWEST     36           300 PM
 AVERAGE    64

..........................................................


THE RIVERTON WY CLIMATE NORMALS FOR TODAY
                         NORMAL    RECORD    YEAR
 MAXIMUM TEMPERATURE (F)   50        75      2012
 MINIMUM TEMPERATURE (F)   26        12      2014
                                             1996


SUNRISE AND SUNSET
MARCH 23 2017.........SUNRISE   711 AM MDT   SUNSET   730 PM MDT
MARCH 24 2017.........SUNRISE   709 AM MDT   SUNSET   731 PM MDT


-  INDICATES NEGATIVE NUMBERS.
R  INDICATES RECORD WAS SET OR TIED.
MM INDICATES DATA IS MISSING.
T  INDICATES TRACE AMOUNT.




$$
