000
CDUS45 KRIW 080035
CLIRIW


CLIMATE REPORT
NATIONAL WEATHER SERVICE RIVERTON WY
635 PM MDT TUE JUL 7 2015


...................................

...THE RIVERTON WY CLIMATE SUMMARY FOR JULY 7 2015...
VALID TODAY AS OF 0500 PM LOCAL TIME.

CLIMATE NORMAL PERIOD 1981 TO 2010
CLIMATE RECORD PERIOD 1995 TO 2015


WEATHER ITEM   OBSERVED TIME   RECORD YEAR NORMAL DEPARTURE LAST
                VALUE   (LST)  VALUE       VALUE  FROM      YEAR
                                                  NORMAL
..................................................................
TEMPERATURE (F)
 TODAY
  MAXIMUM         78        MM  94    2007  86     -8       86
  MINIMUM         56        MM  40    2010  55      1       59
  AVERAGE         67                        70     -3       73

PRECIPITATION (IN)
  TODAY            T             0.03 2007   0.04  -0.04     0.00
  MONTH TO DATE    0.15                      0.27  -0.12     0.16
  SINCE JUN 1      0.94                      1.55  -0.61     1.28
  SINCE JAN 1      7.79                      5.63   2.16     3.60

SNOWFALL (IN)
  TODAY           MM                                         0.0
  MONTH TO DATE    0.0                                       0.0
  SINCE JUN 1      T                                         0.0
  SINCE JUL 1      0.0                                       0.0
  SNOW DEPTH       0

DEGREE DAYS
 HEATING
  TODAY            0                         1     -1        0
  MONTH TO DATE    2                         7     -5        4
  SINCE JUN 1     25                       126   -101      130
  SINCE JUL 1      2                         7     -5        4

 COOLING
  TODAY            2                         6     -4        8
  MONTH TO DATE   47                        37     10       48
  SINCE JUN 1    178                       103     75       71
  SINCE JAN 1    178                       112     66       86
..................................................................


WIND (MPH)
  HIGHEST WIND SPEED    13   HIGHEST WIND DIRECTION     N (350)
  HIGHEST GUST SPEED    MM   HIGHEST GUST DIRECTION    MM
  AVERAGE WIND SPEED     4.8


SKY COVER
  POSSIBLE SUNSHINE  MM
  AVERAGE SKY COVER 0.6


WEATHER CONDITIONS
 THE FOLLOWING WEATHER WAS RECORDED TODAY.
  THUNDERSTORM
  LIGHT RAIN


RELATIVE HUMIDITY (PERCENT)
 HIGHEST    93           200 AM
 LOWEST     36           200 PM
 AVERAGE    65

..........................................................


THE RIVERTON WY CLIMATE NORMALS FOR TOMORROW
                         NORMAL    RECORD    YEAR
 MAXIMUM TEMPERATURE (F)   86       100      2002
 MINIMUM TEMPERATURE (F)   55        45      2010


SUNRISE AND SUNSET
JULY  7 2015..........SUNRISE   542 AM MDT   SUNSET   855 PM MDT
JULY  8 2015..........SUNRISE   543 AM MDT   SUNSET   855 PM MDT


-  INDICATES NEGATIVE NUMBERS.
R  INDICATES RECORD WAS SET OR TIED.
MM INDICATES DATA IS MISSING.
T  INDICATES TRACE AMOUNT.




$$
