000
CDUS45 KRIW 230032
CLIRIW


CLIMATE REPORT
NATIONAL WEATHER SERVICE RIVERTON WY
632 PM MDT SUN OCT 22 2017


...................................

...THE RIVERTON WY CLIMATE SUMMARY FOR OCTOBER 22 2017...
VALID TODAY AS OF 0500 PM LOCAL TIME.

CLIMATE NORMAL PERIOD 1981 TO 2010
CLIMATE RECORD PERIOD 1995 TO 2017


WEATHER ITEM   OBSERVED TIME   RECORD YEAR NORMAL DEPARTURE LAST
                VALUE   (LST)  VALUE       VALUE  FROM      YEAR
                                                  NORMAL
..................................................................
TEMPERATURE (F)
 TODAY
  MAXIMUM         65        MM  73    2003  55     10       67
  MINIMUM         32        MM  18    2006  30      2       32
  AVERAGE         49                        43      6       50

PRECIPITATION (IN)
  TODAY            0.00          0.35 2004   0.01  -0.01     0.00
                                      2000
  MONTH TO DATE    0.57                      0.79  -0.22     1.36
  SINCE SEP 1      2.30                      1.69   0.61     3.34
  SINCE JAN 1     13.75                      8.51   5.24    13.06

SNOWFALL (IN)
  TODAY            0.0                                       0.0
  MONTH TO DATE    2.4                                       0.1
  SINCE SEP 1      2.4                                       0.1
  SINCE JUL 1      2.4                                       0.1
  SNOW DEPTH       0

DEGREE DAYS
 HEATING
  TODAY           16                        22     -6       15
  MONTH TO DATE  443                       395     48      368
  SINCE SEP 1    727                       621    106      576
  SINCE JUL 1    734                       659     75      627

 COOLING
  TODAY            0                         0      0        0
  MONTH TO DATE    0                         0      0        0
  SINCE SEP 1     67                        26     41       35
  SINCE JAN 1    547                       494     53      605
..................................................................


WIND (MPH)
  HIGHEST WIND SPEED    29   HIGHEST WIND DIRECTION     W (270)
  HIGHEST GUST SPEED    41   HIGHEST GUST DIRECTION     W (280)
  AVERAGE WIND SPEED    11.7


SKY COVER
  POSSIBLE SUNSHINE  MM
  AVERAGE SKY COVER 0.0


WEATHER CONDITIONS
 THE FOLLOWING WEATHER WAS RECORDED TODAY.
  NO SIGNIFICANT WEATHER WAS OBSERVED.


RELATIVE HUMIDITY (PERCENT)
 HIGHEST    56           400 AM
 LOWEST     26           200 PM
 AVERAGE    41

..........................................................


THE RIVERTON WY CLIMATE NORMALS FOR TOMORROW
                         NORMAL    RECORD    YEAR
 MAXIMUM TEMPERATURE (F)   55        73      2003
 MINIMUM TEMPERATURE (F)   30        15      1995


SUNRISE AND SUNSET
OCTOBER 22 2017.......SUNRISE   736 AM MDT   SUNSET   619 PM MDT
OCTOBER 23 2017.......SUNRISE   737 AM MDT   SUNSET   618 PM MDT


-  INDICATES NEGATIVE NUMBERS.
R  INDICATES RECORD WAS SET OR TIED.
MM INDICATES DATA IS MISSING.
T  INDICATES TRACE AMOUNT.




$$
