000
CDUS45 KRIW 250753
CLIRIW


CLIMATE REPORT
NATIONAL WEATHER SERVICE RIVERTON WY
146 AM MDT SAT OCT 25 2014


...................................

...THE RIVERTON WY CLIMATE SUMMARY FOR OCTOBER 24 2014...

CLIMATE NORMAL PERIOD 1981 TO 2010
CLIMATE RECORD PERIOD 1995 TO 2014


WEATHER ITEM   OBSERVED TIME   RECORD YEAR NORMAL DEPARTURE LAST
                VALUE   (LST)  VALUE       VALUE  FROM      YEAR
                                                  NORMAL
..................................................................
TEMPERATURE (F)
 YESTERDAY
  MAXIMUM         74R   353 PM  68    2011  54     20       57
  MINIMUM         37    642 AM  19    1995  30      7       30
  AVERAGE         56                        42     14       44

PRECIPITATION (IN)
  YESTERDAY        0.00          T    2012   0.01  -0.01     0.00
                                      2010
                                      2009
  MONTH TO DATE    0.16                      0.82  -0.66     1.28
  SINCE SEP 1      0.97                      1.72  -0.75     4.29
  SINCE JAN 1      6.34                      8.54  -2.20     8.35

SNOWFALL (IN)
  YESTERDAY        0.0                                       0.0
  MONTH TO DATE    T                                         9.5
  SINCE SEP 1      0.3                                      16.8
  SINCE JUL 1      0.3                                      16.8
  SNOW DEPTH       0

DEGREE DAYS
 HEATING
  YESTERDAY        9                        23    -14       21
  MONTH TO DATE  317                       441   -124      565
  SINCE SEP 1    489                       667   -178      752
  SINCE JUL 1    539                       705   -166      752

 COOLING
  YESTERDAY        0                         0      0        0
  MONTH TO DATE    0                         0      0        0
  SINCE SEP 1     31                        26      5       68
  SINCE JAN 1    431                       494    -63      798
..................................................................


WIND (MPH)
  HIGHEST WIND SPEED    22   HIGHEST WIND DIRECTION     W (270)
  HIGHEST GUST SPEED    28   HIGHEST GUST DIRECTION     W (260)
  AVERAGE WIND SPEED     5.7


SKY COVER
  POSSIBLE SUNSHINE  MM
  AVERAGE SKY COVER 0.0


WEATHER CONDITIONS
 THE FOLLOWING WEATHER WAS RECORDED YESTERDAY.
  NO SIGNIFICANT WEATHER WAS OBSERVED.


RELATIVE HUMIDITY (PERCENT)
 HIGHEST    51           500 AM
 LOWEST     13           400 PM
 AVERAGE    32

..........................................................


THE RIVERTON WY CLIMATE NORMALS FOR TODAY
                         NORMAL    RECORD    YEAR
 MAXIMUM TEMPERATURE (F)   54        68      1999
 MINIMUM TEMPERATURE (F)   29        12      1997


SUNRISE AND SUNSET
OCTOBER 25 2014.......SUNRISE   740 AM MDT   SUNSET   615 PM MDT
OCTOBER 26 2014.......SUNRISE   741 AM MDT   SUNSET   614 PM MDT


-  INDICATES NEGATIVE NUMBERS.
R  INDICATES RECORD WAS SET OR TIED.
MM INDICATES DATA IS MISSING.
T  INDICATES TRACE AMOUNT.




$$
