000
CDUS45 KRIW 300030
CLIRIW


CLIMATE REPORT
NATIONAL WEATHER SERVICE RIVERTON WY
629 PM MDT FRI AUG 29 2014


...................................

...THE RIVERTON WY CLIMATE SUMMARY FOR AUGUST 29 2014...
VALID TODAY AS OF 0500 PM LOCAL TIME.

CLIMATE NORMAL PERIOD 1981 TO 2010
CLIMATE RECORD PERIOD 1995 TO 2014


WEATHER ITEM   OBSERVED TIME   RECORD YEAR NORMAL DEPARTURE LAST
                VALUE   (LST)  VALUE       VALUE  FROM      YEAR
                                                  NORMAL
..................................................................
TEMPERATURE (F)
 TODAY
  MAXIMUM         81        MM  96    2012  81      0       90
  MINIMUM         53        MM  47    2007  51      2       60
  AVERAGE         67                        66      1       75

PRECIPITATION (IN)
  TODAY            0.00          0.01 2011   0.02  -0.02     0.01
                                      2011
                                      2013
  MONTH TO DATE    1.12                      0.53   0.59     0.03
  SINCE JUN 1      3.02                      2.70   0.32     0.62
  SINCE JAN 1      5.34                      6.78  -1.44     4.06

SNOWFALL (IN)
  TODAY            0.0                                       0.0
  MONTH TO DATE    0.0                                       0.0
  SINCE JUN 1      0.0                                       0.0
  SINCE JUL 1      0.0                                       0.0
  SNOW DEPTH       0

DEGREE DAYS
 HEATING
  TODAY            0                         2     -2        0
  MONTH TO DATE   39                        22     17        0
  SINCE JUN 1    169                       153     16       52
  SINCE JUL 1     43                        34      9        0

 COOLING
  TODAY            2                         3     -1       10
  MONTH TO DATE  120                       168    -48      254
  SINCE JUN 1    381                       454    -73      698
  SINCE JAN 1    396                       463    -67      711
..................................................................


WIND (MPH)
  HIGHEST WIND SPEED    23   HIGHEST WIND DIRECTION    NW (300)
  HIGHEST GUST SPEED    30   HIGHEST GUST DIRECTION    NW (300)
  AVERAGE WIND SPEED     7.9


SKY COVER
  POSSIBLE SUNSHINE  MM
  AVERAGE SKY COVER 0.1


WEATHER CONDITIONS
 THE FOLLOWING WEATHER WAS RECORDED TODAY.
  NO SIGNIFICANT WEATHER WAS OBSERVED.


RELATIVE HUMIDITY (PERCENT)
 HIGHEST    71           600 AM
 LOWEST     23           400 PM
 AVERAGE    47

..........................................................


THE RIVERTON WY CLIMATE NORMALS FOR TOMORROW
                         NORMAL    RECORD    YEAR
 MAXIMUM TEMPERATURE (F)   81        92      2013
                                             2008
 MINIMUM TEMPERATURE (F)   51        45      2002


SUNRISE AND SUNSET
AUGUST 29 2014........SUNRISE   635 AM MDT   SUNSET   754 PM MDT
AUGUST 30 2014........SUNRISE   636 AM MDT   SUNSET   752 PM MDT


-  INDICATES NEGATIVE NUMBERS.
R  INDICATES RECORD WAS SET OR TIED.
MM INDICATES DATA IS MISSING.
T  INDICATES TRACE AMOUNT.




$$
