000
CDUS45 KRIW 200734
CLIRIW


CLIMATE REPORT
NATIONAL WEATHER SERVICE RIVERTON WY
1232 AM MST MON FEB 20 2017


...................................

...THE RIVERTON WY CLIMATE SUMMARY FOR FEBRUARY 19 2017...

CLIMATE NORMAL PERIOD 1981 TO 2010
CLIMATE RECORD PERIOD 1995 TO 2017


WEATHER ITEM   OBSERVED TIME   RECORD YEAR NORMAL DEPARTURE LAST
                VALUE   (LST)  VALUE       VALUE  FROM      YEAR
                                                  NORMAL
..................................................................
TEMPERATURE (F)
 YESTERDAY
  MAXIMUM         50    226 PM  51    2016  37     13       51
                                      2015
                                      1996
  MINIMUM         27    439 AM -14    2006  14     13       30
  AVERAGE         39                        26     13       41

PRECIPITATION (IN)
  YESTERDAY        0.00          0.08 2012   0.02  -0.02     0.00
                                      2011
  MONTH TO DATE    0.10                      0.17  -0.07     0.28
  SINCE DEC 1      1.88                      0.73   1.15     0.76
  SINCE JAN 1      1.11                      0.41   0.70     0.68

SNOWFALL (IN)
  YESTERDAY        0.0                                       0.0
  MONTH TO DATE    1.4                                       2.6
  SINCE DEC 1     30.4                                      10.1
  SINCE JUL 1     34.8                                      28.2
  SNOW DEPTH       1

DEGREE DAYS
 HEATING
  YESTERDAY       26                        40    -14       24
  MONTH TO DATE  754                       803    -49      655
  SINCE DEC 1   3907                      3602    305     3497
  SINCE JUL 1   5503                      5518    -15     5036

 COOLING
  YESTERDAY        0                         0      0        0
  MONTH TO DATE    0                         0      0        0
  SINCE DEC 1      0                         0      0        0
  SINCE JAN 1      0                         0      0        0
..................................................................


WIND (MPH)
  HIGHEST WIND SPEED    28   HIGHEST WIND DIRECTION    NW (300)
  HIGHEST GUST SPEED    35   HIGHEST GUST DIRECTION     W (280)
  AVERAGE WIND SPEED     6.9


SKY COVER
  POSSIBLE SUNSHINE  MM
  AVERAGE SKY COVER 0.1


WEATHER CONDITIONS
 THE FOLLOWING WEATHER WAS RECORDED YESTERDAY.
  NO SIGNIFICANT WEATHER WAS OBSERVED.


RELATIVE HUMIDITY (PERCENT)
 HIGHEST   100           300 AM
 LOWEST     54           300 PM
 AVERAGE    77

..........................................................


THE RIVERTON WY CLIMATE NORMALS FOR TODAY
                         NORMAL    RECORD    YEAR
 MAXIMUM TEMPERATURE (F)   38        52      1996
 MINIMUM TEMPERATURE (F)   14       -13      2006


SUNRISE AND SUNSET
FEBRUARY 20 2017......SUNRISE   703 AM MST   SUNSET   552 PM MST
FEBRUARY 21 2017......SUNRISE   702 AM MST   SUNSET   553 PM MST


-  INDICATES NEGATIVE NUMBERS.
R  INDICATES RECORD WAS SET OR TIED.
MM INDICATES DATA IS MISSING.
T  INDICATES TRACE AMOUNT.




$$
