000
CDUS45 KRIW 260745
CLIRKS


CLIMATE REPORT
NATIONAL WEATHER SERVICE RIVERTON WY
138 AM MDT THU MAR 26 2015


...................................

...THE ROCK SPRINGS WY CLIMATE SUMMARY FOR MARCH 25 2015...

CLIMATE NORMAL PERIOD 1981 TO 2010
CLIMATE RECORD PERIOD 1948 TO 2015


WEATHER ITEM   OBSERVED TIME   RECORD YEAR NORMAL DEPARTURE LAST
                VALUE   (LST)  VALUE       VALUE  FROM      YEAR
                                                  NORMAL
..................................................................
TEMPERATURE (F)
 YESTERDAY
  MAXIMUM         45    452 PM  67    2012  47     -2       59
  MINIMUM         24    649 AM  -4    1996  25     -1       27
  AVERAGE         35                        36     -1       43

PRECIPITATION (IN)
  YESTERDAY        0.00          0.19 1950   0.03  -0.03     0.00
  MONTH TO DATE    0.22                      0.53  -0.31     0.37
  SINCE MAR 1      0.22                      0.53  -0.31     0.37
  SINCE JAN 1      0.31                      1.46  -1.15     0.52

DEGREE DAYS
 HEATING
  YESTERDAY       30                        29      1       22
  MONTH TO DATE  675                       810   -135      722
  SINCE MAR 1    675                       810   -135      722
  SINCE JUL 1   5788                      6662   -874     6174

 COOLING
  YESTERDAY        0                         0      0        0
  MONTH TO DATE    0                         0      0        0
  SINCE MAR 1      0                         0      0        0
  SINCE JAN 1      0                         0      0        0
..................................................................


WIND (MPH)
  HIGHEST WIND SPEED    28   HIGHEST WIND DIRECTION     W (270)
  HIGHEST GUST SPEED    35   HIGHEST GUST DIRECTION     W (260)
  AVERAGE WIND SPEED    15.8


SKY COVER
  POSSIBLE SUNSHINE  MM
  AVERAGE SKY COVER 0.4


WEATHER CONDITIONS
 THE FOLLOWING WEATHER WAS RECORDED YESTERDAY.
  NO SIGNIFICANT WEATHER WAS OBSERVED.


RELATIVE HUMIDITY (PERCENT)
 HIGHEST    74           600 AM
 LOWEST     25           500 PM
 AVERAGE    50

..........................................................


THE ROCK SPRINGS WY CLIMATE NORMALS FOR TODAY
                         NORMAL    RECORD    YEAR
 MAXIMUM TEMPERATURE (F)   48        64      1971
 MINIMUM TEMPERATURE (F)   26        -2      1955


SUNRISE AND SUNSET
MARCH 26 2015.........SUNRISE   710 AM MDT   SUNSET   735 PM MDT
MARCH 27 2015.........SUNRISE   708 AM MDT   SUNSET   736 PM MDT


-  INDICATES NEGATIVE NUMBERS.
R  INDICATES RECORD WAS SET OR TIED.
MM INDICATES DATA IS MISSING.
T  INDICATES TRACE AMOUNT.




$$
