000
CDUS45 KRIW 080035
CLIRKS


CLIMATE REPORT
NATIONAL WEATHER SERVICE RIVERTON WY
635 PM MDT TUE JUL 7 2015


...................................

...THE ROCK SPRINGS WY CLIMATE SUMMARY FOR JULY 7 2015...
VALID TODAY AS OF 0500 PM LOCAL TIME.

CLIMATE NORMAL PERIOD 1981 TO 2010
CLIMATE RECORD PERIOD 1948 TO 2015


WEATHER ITEM   OBSERVED TIME   RECORD YEAR NORMAL DEPARTURE LAST
                VALUE   (LST)  VALUE       VALUE  FROM      YEAR
                                                  NORMAL
..................................................................
TEMPERATURE (F)
 TODAY
  MAXIMUM         70        MM  95    1989  83    -13       92
  MINIMUM         52        MM  38    1952  53     -1       58
  AVERAGE         61                        68     -7       75

PRECIPITATION (IN)
  TODAY            0.23                      0.02   0.21     0.00
  MONTH TO DATE    1.30                      0.13   1.17      T
  SINCE JUN 1      2.41                      0.92   1.49     0.29
  SINCE JAN 1      6.49                      4.65   1.84     1.60

DEGREE DAYS
 HEATING
  TODAY            4                         1      3        0
  MONTH TO DATE    6                        10     -4        3
  SINCE JUN 1     55                       177   -122      150
  SINCE JUL 1      6                        10     -4        3

 COOLING
  TODAY            0                         4     -4       10
  MONTH TO DATE   33                        24      9       44
  SINCE JUN 1    121                        59     62       61
  SINCE JAN 1    121                        60     61       68
..................................................................


WIND (MPH)
  HIGHEST WIND SPEED    10   HIGHEST WIND DIRECTION     S (180)
  HIGHEST GUST SPEED    MM   HIGHEST GUST DIRECTION    MM
  AVERAGE WIND SPEED     4.6


SKY COVER
  POSSIBLE SUNSHINE  MM
  AVERAGE SKY COVER 0.6


WEATHER CONDITIONS
 THE FOLLOWING WEATHER WAS RECORDED TODAY.
  THUNDERSTORM
  HEAVY RAIN
  RAIN
  LIGHT RAIN
  FOG
  FOG W/VISIBILITY <= 1/4 MILE


RELATIVE HUMIDITY (PERCENT)
 HIGHEST    93           100 AM
 LOWEST     55          1200 PM
 AVERAGE    74

..........................................................


THE ROCK SPRINGS WY CLIMATE NORMALS FOR TOMORROW
                         NORMAL    RECORD    YEAR
 MAXIMUM TEMPERATURE (F)   83        96      2002
 MINIMUM TEMPERATURE (F)   53        41      1959


SUNRISE AND SUNSET
JULY  7 2015..........SUNRISE   549 AM MDT   SUNSET   853 PM MDT
JULY  8 2015..........SUNRISE   550 AM MDT   SUNSET   852 PM MDT


-  INDICATES NEGATIVE NUMBERS.
R  INDICATES RECORD WAS SET OR TIED.
MM INDICATES DATA IS MISSING.
T  INDICATES TRACE AMOUNT.




$$
