000
CDUS45 KRIW 280732
CLIRKS


CLIMATE REPORT
NATIONAL WEATHER SERVICE RIVERTON WY
131 AM MDT TUE JUL 28 2015


...................................

...THE ROCK SPRINGS WY CLIMATE SUMMARY FOR JULY 27 2015...

CLIMATE NORMAL PERIOD 1981 TO 2010
CLIMATE RECORD PERIOD 1948 TO 2015


WEATHER ITEM   OBSERVED TIME   RECORD YEAR NORMAL DEPARTURE LAST
                VALUE   (LST)  VALUE       VALUE  FROM      YEAR
                                                  NORMAL
..................................................................
TEMPERATURE (F)
 YESTERDAY
  MAXIMUM         83   1249 PM  91    2008  85     -2       88
                                      1978
  MINIMUM         55   1159 PM  39    1981  55      0       55
  AVERAGE         69                        70     -1       72

PRECIPITATION (IN)
  YESTERDAY        T             0.14 2004   0.02  -0.02     0.00
  MONTH TO DATE    2.12                      0.55   1.57     0.12
  SINCE JUN 1      3.23                      1.34   1.89     0.41
  SINCE JAN 1      7.31                      5.07   2.24     1.72

DEGREE DAYS
 HEATING
  YESTERDAY        0                         0      0        0
  MONTH TO DATE   16                        19     -3        3
  SINCE JUN 1     65                       186   -121      150
  SINCE JUL 1     16                        19     -3        3

 COOLING
  YESTERDAY        4                         5     -1        7
  MONTH TO DATE   76                       120    -44      195
  SINCE JUN 1    164                       155      9      212
  SINCE JAN 1    164                       156      8      219
..................................................................


WIND (MPH)
  HIGHEST WIND SPEED    41   HIGHEST WIND DIRECTION     W (270)
  HIGHEST GUST SPEED    51   HIGHEST GUST DIRECTION     W (280)
  AVERAGE WIND SPEED    20.7


SKY COVER
  POSSIBLE SUNSHINE  MM
  AVERAGE SKY COVER 0.1


WEATHER CONDITIONS
 THE FOLLOWING WEATHER WAS RECORDED YESTERDAY.
  THUNDERSTORM
  LIGHT RAIN


RELATIVE HUMIDITY (PERCENT)
 HIGHEST    40           500 AM
 LOWEST     14          1200 PM
 AVERAGE    27

..........................................................


THE ROCK SPRINGS WY CLIMATE NORMALS FOR TODAY
                         NORMAL    RECORD    YEAR
 MAXIMUM TEMPERATURE (F)   85        93      2006
                                             1975
 MINIMUM TEMPERATURE (F)   55        45      1993


SUNRISE AND SUNSET
JULY 28 2015..........SUNRISE   607 AM MDT   SUNSET   838 PM MDT
JULY 29 2015..........SUNRISE   608 AM MDT   SUNSET   837 PM MDT


-  INDICATES NEGATIVE NUMBERS.
R  INDICATES RECORD WAS SET OR TIED.
MM INDICATES DATA IS MISSING.
T  INDICATES TRACE AMOUNT.




$$
