000
CDUS45 KRIW 020742
CLIRKS


CLIMATE REPORT
NATIONAL WEATHER SERVICE RIVERTON WY
1241 AM MST MON MAR 2 2015


...................................

...THE ROCK SPRINGS WY CLIMATE SUMMARY FOR MARCH 1 2015...

CLIMATE NORMAL PERIOD 1981 TO 2010
CLIMATE RECORD PERIOD 1948 TO 2015


WEATHER ITEM   OBSERVED TIME   RECORD YEAR NORMAL DEPARTURE LAST
                VALUE   (LST)  VALUE       VALUE  FROM      YEAR
                                                  NORMAL
..................................................................
TEMPERATURE (F)
 YESTERDAY
  MAXIMUM         30    534 PM  57    1986  38     -8       36
  MINIMUM          6    717 AM  -5    1993  19    -13       13
  AVERAGE         18                        28    -10       25

PRECIPITATION (IN)
  YESTERDAY        0.00          0.29 1964   0.02  -0.02     0.01
  MONTH TO DATE    0.00                      0.02  -0.02     0.01
  SINCE MAR 1      0.00                      0.02  -0.02     0.01
  SINCE JAN 1      0.09                      0.95  -0.86     0.16

DEGREE DAYS
 HEATING
  YESTERDAY       47                        37     10       40
  MONTH TO DATE   47                        37     10       40
  SINCE MAR 1     47                        37     10       40
  SINCE JUL 1   5160                      5889   -729     5492

 COOLING
  YESTERDAY        0                         0      0        0
  MONTH TO DATE    0                         0      0        0
  SINCE MAR 1      0                         0      0        0
  SINCE JAN 1      0                         0      0        0
..................................................................


WIND (MPH)
  HIGHEST WIND SPEED    17   HIGHEST WIND DIRECTION    NE (60)
  HIGHEST GUST SPEED    21   HIGHEST GUST DIRECTION     E (70)
  AVERAGE WIND SPEED     6.6


SKY COVER
  POSSIBLE SUNSHINE  MM
  AVERAGE SKY COVER 0.2


WEATHER CONDITIONS
 THE FOLLOWING WEATHER WAS RECORDED YESTERDAY.
  NO SIGNIFICANT WEATHER WAS OBSERVED.


RELATIVE HUMIDITY (PERCENT)
 HIGHEST    88           400 AM
 LOWEST     53           200 PM
 AVERAGE    71

..........................................................


THE ROCK SPRINGS WY CLIMATE NORMALS FOR TODAY
                         NORMAL    RECORD    YEAR
 MAXIMUM TEMPERATURE (F)   38        58      2009
 MINIMUM TEMPERATURE (F)   19       -10      1960


SUNRISE AND SUNSET
MARCH  2 2015.........SUNRISE   650 AM MST   SUNSET   608 PM MST
MARCH  3 2015.........SUNRISE   648 AM MST   SUNSET   609 PM MST


-  INDICATES NEGATIVE NUMBERS.
R  INDICATES RECORD WAS SET OR TIED.
MM INDICATES DATA IS MISSING.
T  INDICATES TRACE AMOUNT.




$$
