000
CDUS42 KFFC 200022
CLIRMG


CLIMATE REPORT
NATIONAL WEATHER SERVICE PEACHTREE CITY GA
822 PM EDT SAT APR 19 2014


...................................

...THE ROME  CLIMATE SUMMARY FOR APRIL 19 2014...
VALID AS OF 0800 PM LOCAL TIME.

CLIMATE NORMAL PERIOD 1981 TO 2010
CLIMATE RECORD PERIOD 9999 TO 9999


WEATHER ITEM   OBSERVED TIME   RECORD YEAR NORMAL DEPARTURE LAST
                VALUE   (LST)  VALUE       VALUE  FROM      YEAR
                                                  NORMAL
..................................................................
TEMPERATURE (F)
 TODAY
  MAXIMUM         71    200 PM  MM      MM  73     -2       73
  MINIMUM         51    625 AM  MM      MM  48      3       43
  AVERAGE         61                        61      0       58

PRECIPITATION (IN)
  TODAY            0.01         MM      MM   0.14  -0.13     0.89
  MONTH TO DATE    4.59                      2.31   2.28     3.05
  SINCE MAR 1      9.27                      7.26   2.01     3.58

SNOWFALL (IN)
  TODAY            0.0          MM      MM  MM     MM       MM
  MONTH TO DATE    0.0                      MM     MM        0.0
  SINCE MAR 1      0.0                      MM     MM        0.0
  SINCE JUL 1      T                        MM     MM        0.0

DEGREE DAYS
 HEATING
  TODAY            4                         6     -2        7
  MONTH TO DATE  126                       140    -14      109
  SINCE MAR 1    574                       545     29      136
  SINCE JUL 1   3401                      3167    234      136

 COOLING
  TODAY            0                         1     -1        0
  MONTH TO DATE    5                        15    -10       24
  SINCE MAR 1      5                        19    -14       24
  SINCE JAN 1      5                        19    -14       24
..................................................................


WIND (MPH)
  RESULTANT WIND SPEED   5   RESULTANT WIND DIRECTION  NE (30)
  HIGHEST WIND SPEED    17   HIGHEST WIND DIRECTION     N (10)
  HIGHEST GUST SPEED    22   HIGHEST GUST DIRECTION     N (350)
  AVERAGE WIND SPEED     6.8


SKY COVER
  AVERAGE SKY COVER 1.0


WEATHER CONDITIONS
 THE FOLLOWING WEATHER WAS RECORDED TODAY.
  LIGHT RAIN
  FOG


RELATIVE HUMIDITY (PERCENT)
 HIGHEST   100           100 AM
 LOWEST     44          1200 PM
 AVERAGE    72

..........................................................


THE ROME  CLIMATE NORMALS FOR TOMORROW
                         NORMAL    RECORD    YEAR
 MAXIMUM TEMPERATURE (F)   74        MM        MM
 MINIMUM TEMPERATURE (F)   48        MM        MM


SUNRISE AND SUNSET
APRIL 19 2014.........SUNRISE   704 AM EDT   SUNSET   816 PM EDT
APRIL 20 2014.........SUNRISE   703 AM EDT   SUNSET   816 PM EDT


-  INDICATES NEGATIVE NUMBERS.
R  INDICATES RECORD WAS SET OR TIED.
MM INDICATES DATA IS MISSING.
T  INDICATES TRACE AMOUNT.




$$
