000
CDUS42 KFFC 020821
CLIRMG


CLIMATE REPORT
NATIONAL WEATHER SERVICE PEACHTREE CITY GA
420 AM EDT MON MAY 2 2016


...................................

...THE ROME  CLIMATE SUMMARY FOR MAY 1 2016...

CLIMATE NORMAL PERIOD 1981 TO 2010
CLIMATE RECORD PERIOD 9999 TO 9999


WEATHER ITEM   OBSERVED TIME   RECORD YEAR NORMAL DEPARTURE LAST
                VALUE   (LST)  VALUE       VALUE  FROM      YEAR
                                                  NORMAL
..................................................................
TEMPERATURE (F)
 YESTERDAY
  MAXIMUM         81    106 PM  MM      MM  77      4       71
  MINIMUM         61   1142 PM  MM      MM  51     10       43
  AVERAGE         71                        64      7       57

PRECIPITATION (IN)
  YESTERDAY        0.05         MM      MM   0.13  -0.08     0.00
  MONTH TO DATE    0.05                      0.13  -0.08     0.00
  SINCE MAR 1      6.81                      9.13  -2.32     8.57
  SINCE JAN 1     15.82                     18.82  -3.00    16.65

SNOWFALL (IN)
  YESTERDAY        0.0          MM      MM  MM     MM       MM
  MONTH TO DATE    0.0                      MM     MM       MM
  SINCE MAR 1      0.0                      MM     MM        0.0
  SINCE JUL 1      T                        MM     MM         T
  SNOW DEPTH      MM

DEGREE DAYS
 HEATING
  YESTERDAY        0                         3     -3        8
  MONTH TO DATE    0                         3     -3        8
  SINCE MAR 1    396                       594   -198      412
  SINCE JUL 1   2454                      3216   -762     3231

 COOLING
  YESTERDAY        6                         2      4        0
  MONTH TO DATE    6                         2      4        0
  SINCE MAR 1     66                        35     31       54
  SINCE JAN 1     66                        35     31       54
..................................................................


WIND (MPH)
  RESULTANT WIND SPEED   1   RESULTANT WIND DIRECTION   S (200)
  HIGHEST WIND SPEED    13   HIGHEST WIND DIRECTION    SW (240)
  HIGHEST GUST SPEED    18   HIGHEST GUST DIRECTION     W (250)
  AVERAGE WIND SPEED     3.5


SKY COVER
  AVERAGE SKY COVER 0.4


WEATHER CONDITIONS
 THE FOLLOWING WEATHER WAS RECORDED YESTERDAY.
  THUNDERSTORM
  LIGHT RAIN
  FOG


RELATIVE HUMIDITY (PERCENT)
 HIGHEST    93           200 AM
 LOWEST     62          1200 PM
 AVERAGE    78

..........................................................


THE ROME  CLIMATE NORMALS FOR TODAY
                         NORMAL    RECORD    YEAR
 MAXIMUM TEMPERATURE (F)   77        MM        MM
 MINIMUM TEMPERATURE (F)   51        MM        MM


SUNRISE AND SUNSET
MAY  2 2016...........SUNRISE   649 AM EDT   SUNSET   826 PM EDT
MAY  3 2016...........SUNRISE   648 AM EDT   SUNSET   827 PM EDT


-  INDICATES NEGATIVE NUMBERS.
R  INDICATES RECORD WAS SET OR TIED.
MM INDICATES DATA IS MISSING.
T  INDICATES TRACE AMOUNT.




$$
