000
CDUS42 KFFC 262038
CLIRMG


CLIMATE REPORT
NATIONAL WEATHER SERVICE PEACHTREE CITY GA
438 PM EDT TUE SEP 26 2017


...................................

...THE ROME  CLIMATE SUMMARY FOR SEPTEMBER 26 2017...
VALID TODAY AS OF 0400 PM LOCAL TIME.

CLIMATE NORMAL PERIOD 1981 TO 2010
CLIMATE RECORD PERIOD 9999 TO 9999


WEATHER ITEM   OBSERVED TIME   RECORD YEAR NORMAL DEPARTURE LAST
                VALUE   (LST)  VALUE       VALUE  FROM      YEAR
                                                  NORMAL
..................................................................
TEMPERATURE (F)
 TODAY
  MAXIMUM         90    330 PM  MM      MM  80     10       92
  MINIMUM         62    630 AM  MM      MM  56      6       65
  AVERAGE         76                        68      8       79

PRECIPITATION (IN)
  TODAY            0.00         MM      MM   0.14  -0.14     0.19
  MONTH TO DATE    4.60                      2.85   1.75     0.24
  SINCE SEP 1      4.60                      2.85   1.75     0.24
  SINCE JAN 1     43.08                     38.27   4.81    27.51

DEGREE DAYS
 HEATING
  TODAY            0                         1     -1        0
  MONTH TO DATE    9                         7      2        0
  SINCE SEP 1      9                         7      2        0
  SINCE JUL 1      9                         7      2        0

 COOLING
  TODAY           11                         5      6       14
  MONTH TO DATE  193                       208    -15      371
  SINCE SEP 1    193                       208    -15      371
  SINCE JAN 1   1806                      1574    232     2116
..................................................................


WIND (MPH)
  RESULTANT WIND SPEED   2   RESULTANT WIND DIRECTION  NE (30)
  HIGHEST WIND SPEED    13   HIGHEST WIND DIRECTION     N (350)
  HIGHEST GUST SPEED    17   HIGHEST GUST DIRECTION     N (360)
  AVERAGE WIND SPEED     3.2


SKY COVER
  AVERAGE SKY COVER 0.1


WEATHER CONDITIONS
 THE FOLLOWING WEATHER WAS RECORDED TODAY.
  NO SIGNIFICANT WEATHER WAS OBSERVED.


RELATIVE HUMIDITY (PERCENT)
 HIGHEST   100          1200 AM
 LOWEST     43           300 PM
 AVERAGE    72

..........................................................


THE ROME  CLIMATE NORMALS FOR TOMORROW
                         NORMAL    RECORD    YEAR
 MAXIMUM TEMPERATURE (F)   80        MM        MM
 MINIMUM TEMPERATURE (F)   56        MM        MM


SUNRISE AND SUNSET
SEPTEMBER 26 2017.....SUNRISE   732 AM EDT   SUNSET   731 PM EDT
SEPTEMBER 27 2017.....SUNRISE   732 AM EDT   SUNSET   730 PM EDT


-  INDICATES NEGATIVE NUMBERS.
R  INDICATES RECORD WAS SET OR TIED.
MM INDICATES DATA IS MISSING.
T  INDICATES TRACE AMOUNT.




$$
