000
CDUS42 KFFC 240819
CLIRMG


CLIMATE REPORT
NATIONAL WEATHER SERVICE PEACHTREE CITY GA
419 AM EDT SUN JUL 24 2016


...................................

...THE ROME  CLIMATE SUMMARY FOR JULY 23 2016...

CLIMATE NORMAL PERIOD 1981 TO 2010
CLIMATE RECORD PERIOD 9999 TO 9999


WEATHER ITEM   OBSERVED TIME   RECORD YEAR NORMAL DEPARTURE LAST
                VALUE   (LST)  VALUE       VALUE  FROM      YEAR
                                                  NORMAL
..................................................................
TEMPERATURE (F)
 YESTERDAY
  MAXIMUM         95   1257 PM  MM      MM  90      5       86
  MINIMUM         74   1159 PM  MM      MM  69      5       72
  AVERAGE         85                        80      5       79

PRECIPITATION (IN)
  YESTERDAY        0.07         MM      MM   0.12  -0.05     0.01
  MONTH TO DATE    0.98                      3.48  -2.50     2.30
  SINCE JUN 1      3.26                      7.58  -4.32     5.10
  SINCE JAN 1     20.38                     30.45 -10.07    24.74

DEGREE DAYS
 COOLING
  YESTERDAY       20                        15      5       14
  MONTH TO DATE  402                       331     71      348
  SINCE JUN 1    841                       661    180      766
  SINCE JAN 1   1066                       829    237     1023
..................................................................


WIND (MPH)
  RESULTANT WIND SPEED   1   RESULTANT WIND DIRECTION   W (270)
  HIGHEST WIND SPEED    22   HIGHEST WIND DIRECTION     S (200)
  HIGHEST GUST SPEED    31   HIGHEST GUST DIRECTION     S (190)
  AVERAGE WIND SPEED     3.5


SKY COVER
  AVERAGE SKY COVER 0.2


WEATHER CONDITIONS
 THE FOLLOWING WEATHER WAS RECORDED YESTERDAY.
  THUNDERSTORM
  RAIN
  LIGHT RAIN
  FOG


RELATIVE HUMIDITY (PERCENT)
 HIGHEST    94           200 AM
 LOWEST     46           100 PM
 AVERAGE    70

..........................................................


THE ROME  CLIMATE NORMALS FOR TODAY
                         NORMAL    RECORD    YEAR
 MAXIMUM TEMPERATURE (F)   90        MM        MM
 MINIMUM TEMPERATURE (F)   69        MM        MM


SUNRISE AND SUNSET
JULY 24 2016..........SUNRISE   646 AM EDT   SUNSET   848 PM EDT
JULY 25 2016..........SUNRISE   647 AM EDT   SUNSET   847 PM EDT


-  INDICATES NEGATIVE NUMBERS.
R  INDICATES RECORD WAS SET OR TIED.
MM INDICATES DATA IS MISSING.
T  INDICATES TRACE AMOUNT.




$$
