000
CDUS42 KFFC 250818
CLIRMG


CLIMATE REPORT
NATIONAL WEATHER SERVICE PEACHTREE CITY GA
417 AM EDT SAT OCT 25 2014


...................................

...THE ROME  CLIMATE SUMMARY FOR OCTOBER 24 2014...

CLIMATE NORMAL PERIOD 1981 TO 2010
CLIMATE RECORD PERIOD 9999 TO 9999


WEATHER ITEM   OBSERVED TIME   RECORD YEAR NORMAL DEPARTURE LAST
                VALUE   (LST)  VALUE       VALUE  FROM      YEAR
                                                  NORMAL
..................................................................
TEMPERATURE (F)
 YESTERDAY
  MAXIMUM         74    352 PM  MM      MM  71      3       64
  MINIMUM         45   1159 PM  MM      MM  46     -1       34
  AVERAGE         60                        58      2       49

PRECIPITATION (IN)
  YESTERDAY        0.00         MM      MM   0.11  -0.11     0.00
  MONTH TO DATE    3.37                      3.02   0.35     1.49
  SINCE SEP 1      5.19                      6.43  -1.24     3.80
  SINCE JAN 1     38.35                     41.85  -3.50    31.87

SNOWFALL (IN)
  YESTERDAY        0.0          MM      MM  MM     MM       MM
  MONTH TO DATE    0.0                      MM     MM        0.0
  SINCE SEP 1      0.0                      MM     MM        0.0
  SINCE JUL 1      0.0                      MM     MM        0.0
  SNOW DEPTH      MM

DEGREE DAYS
 HEATING
  YESTERDAY        5                         7     -2       16
  MONTH TO DATE   87                       102    -15       70
  SINCE SEP 1     87                       116    -29       71
  SINCE JUL 1     87                       116    -29       71

 COOLING
  YESTERDAY        0                         1     -1        0
  MONTH TO DATE   78                        40     38       50
  SINCE SEP 1    383                       264    119      288
  SINCE JAN 1   1749                      1630    119     1571
..................................................................


WIND (MPH)
  RESULTANT WIND SPEED   2   RESULTANT WIND DIRECTION   N (360)
  HIGHEST WIND SPEED    12   HIGHEST WIND DIRECTION     N (340)
  HIGHEST GUST SPEED    16   HIGHEST GUST DIRECTION    NW (330)
  AVERAGE WIND SPEED     3.5


SKY COVER
  AVERAGE SKY COVER 0.0


WEATHER CONDITIONS
 THE FOLLOWING WEATHER WAS RECORDED YESTERDAY.
  NO SIGNIFICANT WEATHER WAS OBSERVED.


RELATIVE HUMIDITY (PERCENT)
 HIGHEST    86           200 AM
 LOWEST     29           300 PM
 AVERAGE    58

..........................................................


THE ROME  CLIMATE NORMALS FOR TODAY
                         NORMAL    RECORD    YEAR
 MAXIMUM TEMPERATURE (F)   71        MM        MM
 MINIMUM TEMPERATURE (F)   45        MM        MM


SUNRISE AND SUNSET
OCTOBER 25 2014.......SUNRISE   754 AM EDT   SUNSET   655 PM EDT
OCTOBER 26 2014.......SUNRISE   755 AM EDT   SUNSET   653 PM EDT


-  INDICATES NEGATIVE NUMBERS.
R  INDICATES RECORD WAS SET OR TIED.
MM INDICATES DATA IS MISSING.
T  INDICATES TRACE AMOUNT.




$$
