000
CDUS42 KFFC 240023
CLIRMG


CLIMATE REPORT
NATIONAL WEATHER SERVICE PEACHTREE CITY GA
823 PM EDT THU MAR 23 2017


...................................

...THE ROME  CLIMATE SUMMARY FOR MARCH 23 2017...
VALID AS OF 0800 PM LOCAL TIME.

CLIMATE NORMAL PERIOD 1981 TO 2010
CLIMATE RECORD PERIOD 9999 TO 9999


WEATHER ITEM   OBSERVED TIME   RECORD YEAR NORMAL DEPARTURE LAST
                VALUE   (LST)  VALUE       VALUE  FROM      YEAR
                                                  NORMAL
..................................................................
TEMPERATURE (F)
 TODAY
  MAXIMUM         68    442 PM  MM      MM  67      1       72
  MINIMUM         40    418 AM  MM      MM  41     -1       40
  AVERAGE         54                        54      0       56

PRECIPITATION (IN)
  TODAY            0.00         MM      MM   0.15  -0.15     0.00
  MONTH TO DATE    2.89                      3.80  -0.91     1.83
  SINCE MAR 1      2.89                      3.80  -0.91     1.83

SNOWFALL (IN)
  TODAY            0.0          MM      MM  MM     MM       MM
  MONTH TO DATE    0.0                      MM     MM        0.0
  SINCE MAR 1      0.0                      MM     MM        0.0
  SINCE JUL 1      T                        MM     MM         T

DEGREE DAYS
 HEATING
  TODAY           11                        11      0        9
  MONTH TO DATE  312                       325    -13      211
  SINCE MAR 1    312                       325    -13      211
  SINCE JUL 1   2021                      2947   -926     2269

 COOLING
  TODAY            0                         0      0        0
  MONTH TO DATE    7                         0      7       12
  SINCE MAR 1      7                         0      7       12
  SINCE JAN 1      7                         0      7       12
..................................................................


WIND (MPH)
  RESULTANT WIND SPEED   7   RESULTANT WIND DIRECTION  SE (120)
  HIGHEST WIND SPEED    16   HIGHEST WIND DIRECTION    SE (140)
  HIGHEST GUST SPEED    24   HIGHEST GUST DIRECTION    SE (140)
  AVERAGE WIND SPEED     7.2


SKY COVER
  AVERAGE SKY COVER 0.3


WEATHER CONDITIONS
 THE FOLLOWING WEATHER WAS RECORDED TODAY.
  NO SIGNIFICANT WEATHER WAS OBSERVED.


RELATIVE HUMIDITY (PERCENT)
 HIGHEST    79           500 AM
 LOWEST     34           200 PM
 AVERAGE    57

..........................................................


THE ROME  CLIMATE NORMALS FOR TOMORROW
                         NORMAL    RECORD    YEAR
 MAXIMUM TEMPERATURE (F)   67        MM        MM
 MINIMUM TEMPERATURE (F)   42        MM        MM


SUNRISE AND SUNSET
MARCH 23 2017.........SUNRISE   740 AM EDT   SUNSET   755 PM EDT
MARCH 24 2017.........SUNRISE   738 AM EDT   SUNSET   756 PM EDT


-  INDICATES NEGATIVE NUMBERS.
R  INDICATES RECORD WAS SET OR TIED.
MM INDICATES DATA IS MISSING.
T  INDICATES TRACE AMOUNT.




$$
