000
CDUS41 KRNK 300632
CLIRNK


CLIMATE REPORT
NATIONAL WEATHER SERVICE BLACKSBURG VA
229 AM EDT SUN AUG 30 2015


...................................

...THE BLACKSBURG VA CLIMATE SUMMARY FOR AUGUST 29 2015...

CLIMATE NORMAL PERIOD 1981 TO 2010
CLIMATE RECORD PERIOD 1952 TO 2015


WEATHER ITEM   OBSERVED RECORD YEAR NORMAL DEPARTURE LAST
                VALUE   VALUE       VALUE  FROM      YEAR
                                           NORMAL
...........................................................
TEMPERATURE (F)
 YESTERDAY
  MAXIMUM         80     94    1953  81     -1       80
  MINIMUM         59     36    1986  57      2       61
  AVERAGE         70                 69      1       71

PRECIPITATION (IN)
  YESTERDAY        0.00   0.95 1988   0.10  -0.10     0.00
  MONTH TO DATE    4.08               3.38   0.70     5.95
  SINCE JUN 1     11.82              11.64   0.18    10.94
  SINCE JAN 1     27.35              28.98  -1.63    25.77

SNOWFALL (IN)
  YESTERDAY        0.0                                0.0
  MONTH TO DATE    0.0                                0.0
  SINCE JUN 1      T                                   T
  SINCE JUL 1      T                                  0.0
  SNOW DEPTH       0

DEGREE DAYS
 HEATING
  YESTERDAY        0                  1     -1        0
  MONTH TO DATE    1                  4     -3        3
  SINCE JUN 1     12                 48    -36       14
  SINCE JUL 1      1                 10     -9       11

 COOLING
  YESTERDAY        5                  4      1        6
  MONTH TO DATE  180                161     19      106
  SINCE JUN 1    638                476    162      452
  SINCE JAN 1    714                505    209      510
...........................................................


WIND (MPH)
  HIGHEST WIND SPEED     6   HIGHEST WIND DIRECTION     S (160)
  HIGHEST GUST SPEED    MM   HIGHEST GUST DIRECTION    MM
  AVERAGE WIND SPEED     0.9


SKY COVER
  AVERAGE SKY COVER 0.5


WEATHER CONDITIONS
 THE FOLLOWING WEATHER WAS RECORDED YESTERDAY.
  FOG


RELATIVE HUMIDITY (PERCENT)
 HIGHEST   100           400 AM
 LOWEST     56           100 PM
 AVERAGE    78

..........................................................


THE BLACKSBURG VA CLIMATE NORMALS FOR TODAY
                         NORMAL    RECORD    YEAR
 MAXIMUM TEMPERATURE (F)   80        94      1953
 MINIMUM TEMPERATURE (F)   57        38      1986


SUNRISE AND SUNSET
AUGUST 30 2015........SUNRISE   650 AM EDT   SUNSET   754 PM EDT
AUGUST 31 2015........SUNRISE   651 AM EDT   SUNSET   752 PM EDT


-  INDICATES NEGATIVE NUMBERS.
R  INDICATES RECORD WAS SET OR TIED.
MM INDICATES DATA IS MISSING.
T  INDICATES TRACE AMOUNT.

$$

RAB
