000
CDUS41 KRNK 212216
CLIRNK


CLIMATE REPORT
NATIONAL WEATHER SERVICE BLACKSBURG VA
510 PM EST SUN DEC 21 2014


...................................

...THE BLACKSBURG VA CLIMATE SUMMARY FOR DECEMBER 21 2014...
VALID TODAY AS OF 0500 PM LOCAL TIME.

CLIMATE NORMAL PERIOD 1981 TO 2010
CLIMATE RECORD PERIOD 1952 TO 2014


WEATHER ITEM   OBSERVED TIME   RECORD YEAR NORMAL DEPARTURE LAST
                VALUE   (LST)  VALUE       VALUE  FROM      YEAR
                                                  NORMAL
..................................................................
TEMPERATURE (F)
 TODAY
  MAXIMUM         44    300 PM  66    1978  42      2       65
  MINIMUM         34        MM   3    1996  23     11       35
  AVERAGE         39                        32      7       50

PRECIPITATION (IN)
  TODAY            T             0.68 1973   0.08  -0.08      T
  MONTH TO DATE    1.34                      2.03  -0.69     2.10
  SINCE DEC 1      1.34                      2.03  -0.69     2.10
  SINCE JAN 1     37.99                     39.97  -1.98    48.44

SNOWFALL (IN)
  TODAY            0.0
  MONTH TO DATE    0.1
  SINCE DEC 1      0.1
  SINCE JUL 1      2.5
  SNOW DEPTH       0

DEGREE DAYS
 HEATING
  TODAY           26                        33     -7       15
  MONTH TO DATE  562                       635    -73      566
  SINCE DEC 1    562                       635    -73      566
  SINCE JUL 1   1755                      1815    -60     1801

 COOLING
  TODAY            0                         0      0        0
  MONTH TO DATE    0                         0      0        0
  SINCE DEC 1      0                         0      0        0
  SINCE JAN 1    609                       573     36      568
..................................................................


WIND (MPH)
  HIGHEST WIND SPEED     5   HIGHEST WIND DIRECTION     E (110)
  HIGHEST GUST SPEED    MM   HIGHEST GUST DIRECTION    MM
  AVERAGE WIND SPEED     0.7


SKY COVER
  POSSIBLE SUNSHINE  MM
  AVERAGE SKY COVER 1.0


WEATHER CONDITIONS
 THE FOLLOWING WEATHER WAS RECORDED TODAY.
  LIGHT RAIN


RELATIVE HUMIDITY (PERCENT)
 HIGHEST    92          1200 AM
 LOWEST     60           200 PM
 AVERAGE    76

..........................................................


THE BLACKSBURG VA CLIMATE NORMALS FOR TOMORROW
                         NORMAL    RECORD    YEAR
 MAXIMUM TEMPERATURE (F)   42        64      2013
                                             1956
 MINIMUM TEMPERATURE (F)   23        -8      1985


SUNRISE AND SUNSET
DECEMBER 21 2014......SUNRISE   732 AM EST   SUNSET   508 PM EST
DECEMBER 22 2014......SUNRISE   732 AM EST   SUNSET   508 PM EST


-  INDICATES NEGATIVE NUMBERS.
R  INDICATES RECORD WAS SET OR TIED.
MM INDICATES DATA IS MISSING.
T  INDICATES TRACE AMOUNT.

$$
