000
CDUS41 KRNK 021041
CLIRNK


CLIMATE REPORT
NATIONAL WEATHER SERVICE BLACKSBURG VA
539 AM EST MON MAR 2 2015


...................................

...THE BLACKSBURG VA CLIMATE SUMMARY FOR MARCH 1 2015...

CLIMATE NORMAL PERIOD 1981 TO 2010
CLIMATE RECORD PERIOD 1952 TO 2015


WEATHER ITEM   OBSERVED TIME   RECORD YEAR NORMAL DEPARTURE LAST
                VALUE   (LST)  VALUE       VALUE  FROM      YEAR
                                                  NORMAL
..................................................................
TEMPERATURE (F)
 YESTERDAY
  MAXIMUM         46        MM  72    1976  49     -3       52
  MINIMUM         24        MM  10    2002  26     -2       17
  AVERAGE         35                        37     -2       35

PRECIPITATION (IN)
  YESTERDAY        T             1.07 1987   0.09  -0.09     0.00
  MONTH TO DATE    T                         0.09  -0.09     0.00
  SINCE MAR 1      T                         0.09  -0.09     0.00
  SINCE JAN 1      3.42                      5.98  -2.56     5.63

SNOWFALL (IN)
  YESTERDAY        0.0
  MONTH TO DATE    0.0
  SINCE MAR 1      0.0
  SINCE JUL 1     23.4
  SNOW DEPTH       6

DEGREE DAYS
 HEATING
  YESTERDAY       30                        28      2       30
  MONTH TO DATE   30                        28      2       30
  SINCE MAR 1     30                        28      2       30
  SINCE JUL 1   4156                      4076     80     4211

 COOLING
  YESTERDAY        0                         0      0        0
  MONTH TO DATE    0                         0      0        0
  SINCE MAR 1      0                         0      0        0
  SINCE JAN 1      0                         0      0        0
..................................................................


WIND (MPH)
  HIGHEST WIND SPEED     7   HIGHEST WIND DIRECTION     W (250)
  HIGHEST GUST SPEED    MM   HIGHEST GUST DIRECTION    MM
  AVERAGE WIND SPEED     2.6


SKY COVER
  POSSIBLE SUNSHINE  MM
  AVERAGE SKY COVER 1.0


WEATHER CONDITIONS
 THE FOLLOWING WEATHER WAS RECORDED YESTERDAY.
  LIGHT RAIN


RELATIVE HUMIDITY (PERCENT)
 HIGHEST    89          1100 PM
 LOWEST     50           700 AM
 AVERAGE    70

..........................................................


THE BLACKSBURG VA CLIMATE NORMALS FOR TODAY
                         NORMAL    RECORD    YEAR
 MAXIMUM TEMPERATURE (F)   49        72      1976
 MINIMUM TEMPERATURE (F)   26         7      1980


SUNRISE AND SUNSET
MARCH  2 2015.........SUNRISE   652 AM EST   SUNSET   616 PM EST
MARCH  3 2015.........SUNRISE   650 AM EST   SUNSET   617 PM EST


-  INDICATES NEGATIVE NUMBERS.
R  INDICATES RECORD WAS SET OR TIED.
MM INDICATES DATA IS MISSING.
T  INDICATES TRACE AMOUNT.




$$
