000
CDUS41 KRNK 280915
CLIRNK


CLIMATE REPORT
NATIONAL WEATHER SERVICE BLACKSBURG VA
512 AM EDT MON JUL 28 2014


...................................

...THE BLACKSBURG VA CLIMATE SUMMARY FOR JULY 27 2014...

CLIMATE NORMAL PERIOD 1981 TO 2010
CLIMATE RECORD PERIOD 1952 TO 2014


WEATHER ITEM   OBSERVED TIME   RECORD YEAR NORMAL DEPARTURE LAST
                VALUE   (LST)  VALUE       VALUE  FROM      YEAR
                                                  NORMAL
..................................................................
TEMPERATURE (F)
 YESTERDAY
  MAXIMUM         79    600 PM  94    1993  82     -3       71
  MINIMUM         68    700 AM  49    1962  60      8       63
  AVERAGE         74                        71      3       67

PRECIPITATION (IN)
  YESTERDAY        0.20          1.56 2001   0.13   0.07     1.43
  MONTH TO DATE    1.92                      3.71  -1.79     7.37
  SINCE JUN 1      4.99                      7.71  -2.72    15.31
  SINCE JAN 1     19.82                     25.05  -5.23    37.18

SNOWFALL (IN)
  YESTERDAY        0.0
  MONTH TO DATE    0.0
  SINCE JUN 1      T
  SINCE JUL 1      0.0
  SNOW DEPTH       0

DEGREE DAYS
 HEATING
  YESTERDAY        0                         0      0        0
  MONTH TO DATE    6                         0      6        0
  SINCE JUN 1      9                        38    -29        7
  SINCE JUL 1      6                         0      6        0

 COOLING
  YESTERDAY        9                         6      3        2
  MONTH TO DATE  176                       168      8      207
  SINCE JUN 1    342                       287     55      323
  SINCE JAN 1    400                       316     84      354
..................................................................


WIND (MPH)
  HIGHEST WIND SPEED     8   HIGHEST WIND DIRECTION     W (250)
  HIGHEST GUST SPEED    18   HIGHEST GUST DIRECTION    SW (230)
  AVERAGE WIND SPEED     3.0


SKY COVER
  POSSIBLE SUNSHINE  MM
  AVERAGE SKY COVER 0.3


WEATHER CONDITIONS
 THE FOLLOWING WEATHER WAS RECORDED YESTERDAY.
  THUNDERSTORM
  RAIN
  LIGHT RAIN


RELATIVE HUMIDITY (PERCENT)
 HIGHEST   100           400 AM
 LOWEST     74           400 PM
 AVERAGE    87

..........................................................


THE BLACKSBURG VA CLIMATE NORMALS FOR TODAY
                         NORMAL    RECORD    YEAR
 MAXIMUM TEMPERATURE (F)   82        95      1966
 MINIMUM TEMPERATURE (F)   60        45      1962


SUNRISE AND SUNSET
JULY 28 2014..........SUNRISE   623 AM EDT   SUNSET   833 PM EDT
JULY 29 2014..........SUNRISE   624 AM EDT   SUNSET   832 PM EDT


-  INDICATES NEGATIVE NUMBERS.
R  INDICATES RECORD WAS SET OR TIED.
MM INDICATES DATA IS MISSING.
T  INDICATES TRACE AMOUNT.




$$
