000
CDUS41 KRNK 252106
CLIRNK


CLIMATE REPORT
NATIONAL WEATHER SERVICE BLACKSBURG VA
505 PM EDT SAT MAR 25 2017


...................................

...THE BLACKSBURG VA CLIMATE SUMMARY FOR MARCH 25 2017...
VALID TODAY AS OF 0500 PM LOCAL TIME.

CLIMATE NORMAL PERIOD 1981 TO 2010
CLIMATE RECORD PERIOD 1952 TO 2017


WEATHER ITEM   OBSERVED RECORD YEAR NORMAL DEPARTURE LAST
                VALUE   VALUE       VALUE  FROM      YEAR
                                           NORMAL
...........................................................
TEMPERATURE (F)
 TODAY
  MAXIMUM         70     79    2007  56     14       63
  MINIMUM         44     14    1960  32     12       39
  AVERAGE         57                 44     13       51

PRECIPITATION (IN)
  TODAY            0.00   0.82 1993   0.13  -0.13     0.13
  MONTH TO DATE    1.84               2.86  -1.02     2.38
  SINCE MAR 1      1.84               2.86  -1.02     2.38
  SINCE JAN 1      7.62               8.75  -1.13     9.52

SNOWFALL (IN)
  TODAY            0.0                                0.0
  MONTH TO DATE    1.0                                1.0
  SINCE MAR 1      1.0                                1.0
  SINCE JUL 1      7.6                               25.0
  SNOW DEPTH       0

DEGREE DAYS
 HEATING
  TODAY            8                 21    -13       14
  MONTH TO DATE  618                609      9      395
  SINCE MAR 1    618                609      9      395
  SINCE JUL 1   3710               4657   -947     3830

 COOLING
  TODAY            0                  0      0        0
  MONTH TO DATE    0                  0      0        0
  SINCE MAR 1      0                  0      0        0
  SINCE JAN 1      0                  0      0        0
...........................................................


WIND (MPH)
  HIGHEST WIND SPEED     9   HIGHEST WIND DIRECTION     S (170)
  HIGHEST GUST SPEED    MM   HIGHEST GUST DIRECTION    MM
  AVERAGE WIND SPEED     2.5


SKY COVER
  AVERAGE SKY COVER 0.1


WEATHER CONDITIONS
 THE FOLLOWING WEATHER WAS RECORDED TODAY.
  NO SIGNIFICANT WEATHER WAS OBSERVED.


RELATIVE HUMIDITY (PERCENT)
 HIGHEST    93           500 AM
 LOWEST     45           200 PM
 AVERAGE    69

..........................................................


THE BLACKSBURG VA CLIMATE NORMALS FOR TOMORROW
                         NORMAL    RECORD    YEAR
 MAXIMUM TEMPERATURE (F)   57        79      1954
 MINIMUM TEMPERATURE (F)   32        18      1983


SUNRISE AND SUNSET
MARCH 25 2017.........SUNRISE   717 AM EDT   SUNSET   738 PM EDT
MARCH 26 2017.........SUNRISE   716 AM EDT   SUNSET   739 PM EDT


-  INDICATES NEGATIVE NUMBERS.
R  INDICATES RECORD WAS SET OR TIED.
MM INDICATES DATA IS MISSING.
T  INDICATES TRACE AMOUNT.


$$

PW
