000
CDUS41 KRNK 282113
CLIRNK


CLIMATE REPORT
NATIONAL WEATHER SERVICE BLACKSBURG VA
509 PM EDT THU AUG 28 2014


...................................

...THE BLACKSBURG VA CLIMATE SUMMARY FOR AUGUST 28 2014...
VALID TODAY AS OF 0500 PM LOCAL TIME.

CLIMATE NORMAL PERIOD 1981 TO 2010
CLIMATE RECORD PERIOD 1952 TO 2014


WEATHER ITEM   OBSERVED TIME   RECORD YEAR NORMAL DEPARTURE LAST
                VALUE   (LST)  VALUE       VALUE  FROM      YEAR
                                                  NORMAL
..................................................................
TEMPERATURE (F)
 TODAY
  MAXIMUM         85    300 PM  93    1953  81      4       81
  MINIMUM         64    600 AM  38    1968  57      7       65
  AVERAGE         75                        69      6       73

PRECIPITATION (IN)
  TODAY            0.00          1.96 2000   0.11  -0.11      T
  MONTH TO DATE    5.95                      3.28   2.67     1.68
  SINCE JUN 1     10.94                     11.54  -0.60    17.40
  SINCE JAN 1     25.77                     28.88  -3.11    39.27

SNOWFALL (IN)
  TODAY            0.0
  MONTH TO DATE    0.0
  SINCE JUN 1      T
  SINCE JUL 1      0.0
  SNOW DEPTH       0

DEGREE DAYS
 HEATING
  TODAY            0                         1     -1        0
  MONTH TO DATE    3                         3      0       21
  SINCE JUN 1     14                        47    -33       30
  SINCE JUL 1     11                         9      2       23

 COOLING
  TODAY           10                         5      5        8
  MONTH TO DATE  100                       157    -57      122
  SINCE JUN 1    446                       472    -26      450
  SINCE JAN 1    504                       501      3      481
..................................................................


WIND (MPH)
  HIGHEST WIND SPEED     9   HIGHEST WIND DIRECTION     N (340)
  HIGHEST GUST SPEED    MM   HIGHEST GUST DIRECTION    MM
  AVERAGE WIND SPEED     3.3


SKY COVER
  POSSIBLE SUNSHINE  MM
  AVERAGE SKY COVER 0.2


WEATHER CONDITIONS
 THE FOLLOWING WEATHER WAS RECORDED TODAY.
  NO SIGNIFICANT WEATHER WAS OBSERVED.


RELATIVE HUMIDITY (PERCENT)
 HIGHEST   100           400 AM
 LOWEST     61           300 PM
 AVERAGE    81

..........................................................


THE BLACKSBURG VA CLIMATE NORMALS FOR TOMORROW
                         NORMAL    RECORD    YEAR
 MAXIMUM TEMPERATURE (F)   81        94      1953
 MINIMUM TEMPERATURE (F)   57        36      1986


SUNRISE AND SUNSET
AUGUST 28 2014........SUNRISE   649 AM EDT   SUNSET   756 PM EDT
AUGUST 29 2014........SUNRISE   650 AM EDT   SUNSET   755 PM EDT


-  INDICATES NEGATIVE NUMBERS.
R  INDICATES RECORD WAS SET OR TIED.
MM INDICATES DATA IS MISSING.
T  INDICATES TRACE AMOUNT.

REMARKS:
TRACE OF SNOW IS FROM HAIL ON JUNE 17.


$$
