000
CDUS41 KRNK 312125
CLIRNK


CLIMATE REPORT
NATIONAL WEATHER SERVICE BLACKSBURG VA
523 PM EDT FRI OCT 31 2014


...................................

...THE BLACKSBURG VA CLIMATE SUMMARY FOR OCTOBER 31 2014...
VALID TODAY AS OF 0500 PM LOCAL TIME.

CLIMATE NORMAL PERIOD 1981 TO 2010
CLIMATE RECORD PERIOD 1952 TO 2014


WEATHER ITEM   OBSERVED TIME   RECORD YEAR NORMAL DEPARTURE LAST
                VALUE   (LST)  VALUE       VALUE  FROM      YEAR
                                                  NORMAL
..................................................................
TEMPERATURE (F)
 TODAY
  MAXIMUM         51    100 PM  77    2003  62    -11       64
  MINIMUM         32    500 AM  20    1975  35     -3       52
  AVERAGE         42                        48     -6       58

PRECIPITATION (IN)
  TODAY            T             0.70 1970   0.09  -0.09     0.01
  MONTH TO DATE    4.07                      2.78   1.29     2.65
  SINCE SEP 1      7.87                      5.88   1.99     3.78
  SINCE JAN 1     33.64                     35.07  -1.43    43.33

SNOWFALL (IN)
  TODAY            0.0
  MONTH TO DATE    0.0
  SINCE SEP 1      0.0
  SINCE JUL 1      0.0
  SNOW DEPTH       0

DEGREE DAYS
 HEATING
  TODAY           23                        17      6        7
  MONTH TO DATE  333                       397    -64      339
  SINCE SEP 1    399                       509   -110      449
  SINCE JUL 1    410                       527   -117      472

 COOLING
  TODAY            0                         0      0        0
  MONTH TO DATE    2                         4     -2        7
  SINCE SEP 1     79                        61     18       62
  SINCE JAN 1    609                       573     36      568
..................................................................


WIND (MPH)
  HIGHEST WIND SPEED     7   HIGHEST WIND DIRECTION     W (290)
  HIGHEST GUST SPEED    MM   HIGHEST GUST DIRECTION    MM
  AVERAGE WIND SPEED     0.3


SKY COVER
  POSSIBLE SUNSHINE  MM
  AVERAGE SKY COVER 0.8


WEATHER CONDITIONS
 THE FOLLOWING WEATHER WAS RECORDED TODAY.
  LIGHT RAIN
  FOG


RELATIVE HUMIDITY (PERCENT)
 HIGHEST   100           200 AM
 LOWEST     63           100 PM
 AVERAGE    82

..........................................................


THE BLACKSBURG VA CLIMATE NORMALS FOR TOMORROW
                         NORMAL    RECORD    YEAR
 MAXIMUM TEMPERATURE (F)   61        82      2004
 MINIMUM TEMPERATURE (F)   35        24      1975


SUNRISE AND SUNSET
OCTOBER 31 2014.......SUNRISE   745 AM EDT   SUNSET   625 PM EDT
NOVEMBER  1 2014......SUNRISE   746 AM EDT   SUNSET   624 PM EDT


-  INDICATES NEGATIVE NUMBERS.
R  INDICATES RECORD WAS SET OR TIED.
MM INDICATES DATA IS MISSING.
T  INDICATES TRACE AMOUNT.



$$
