000
CDUS41 KRNK 250909
CLIRNK


CLIMATE REPORT
NATIONAL WEATHER SERVICE BLACKSBURG VA
507 AM EDT MON MAY 25 2015


...................................

...THE BLACKSBURG VA CLIMATE SUMMARY FOR MAY 24 2015...

CLIMATE NORMAL PERIOD 1981 TO 2010
CLIMATE RECORD PERIOD 1952 TO 2015


WEATHER ITEM   OBSERVED TIME   RECORD YEAR NORMAL DEPARTURE LAST
                VALUE   (LST)  VALUE       VALUE  FROM      YEAR
                                                  NORMAL
..................................................................
TEMPERATURE (F)
 YESTERDAY
  MAXIMUM         77        MM  84    1994  73      4       75
  MINIMUM         46        MM  31    1967  50     -4       44
  AVERAGE         62                        62      0       60

PRECIPITATION (IN)
  YESTERDAY        0.00          1.53 1998   0.16  -0.16     0.00
  MONTH TO DATE    1.86                      3.23  -1.37     2.43
  SINCE MAR 1     11.73                     10.35   1.38     8.95
  SINCE JAN 1     15.15                     16.24  -1.09    14.58

SNOWFALL (IN)
  YESTERDAY        0.0                                       0.0
  MONTH TO DATE    0.0                                       0.0
  SINCE MAR 1      4.4                                       7.3
  SINCE JUL 1     27.8                                      34.4
  SNOW DEPTH       0

DEGREE DAYS
 HEATING
  YESTERDAY        3                         5     -2        5
  MONTH TO DATE   78                       175    -97      107
  SINCE MAR 1   1083                      1332   -249     1259
  SINCE JUL 1   5209                      5380   -171     5440

 COOLING
  YESTERDAY        0                         1     -1        0
  MONTH TO DATE   46                        13     33       32
  SINCE MAR 1     46                        16     30       32
  SINCE JAN 1     46                        16     30       32
..................................................................


WIND (MPH)
  HIGHEST WIND SPEED     9   HIGHEST WIND DIRECTION     S (200)
  HIGHEST GUST SPEED    16   HIGHEST GUST DIRECTION     S (190)
  AVERAGE WIND SPEED     2.5


SKY COVER
  AVERAGE SKY COVER 0.0


WEATHER CONDITIONS
 THE FOLLOWING WEATHER WAS RECORDED YESTERDAY.
  NO SIGNIFICANT WEATHER WAS OBSERVED.


RELATIVE HUMIDITY (PERCENT)
 HIGHEST   100           500 AM
 LOWEST     37           200 PM
 AVERAGE    69

..........................................................


THE BLACKSBURG VA CLIMATE NORMALS FOR TODAY
                         NORMAL    RECORD    YEAR
 MAXIMUM TEMPERATURE (F)   74        89      1953
 MINIMUM TEMPERATURE (F)   50        34      1967


SUNRISE AND SUNSET
MAY 25 2015...........SUNRISE   606 AM EDT   SUNSET   831 PM EDT
MAY 26 2015...........SUNRISE   606 AM EDT   SUNSET   832 PM EDT


-  INDICATES NEGATIVE NUMBERS.
R  INDICATES RECORD WAS SET OR TIED.
MM INDICATES DATA IS MISSING.
T  INDICATES TRACE AMOUNT.




$$
