000
CDUS41 KRNK 220705
CLIRNK


CLIMATE REPORT
NATIONAL WEATHER SERVICE BLACKSBURG VA
304 AM EDT FRI SEP 22 2017


...................................

...THE BLACKSBURG VA CLIMATE SUMMARY FOR SEPTEMBER 21 2017...

CLIMATE NORMAL PERIOD 1981 TO 2010
CLIMATE RECORD PERIOD 1952 TO 2017


WEATHER ITEM   OBSERVED RECORD YEAR NORMAL DEPARTURE LAST
                VALUE   VALUE       VALUE  FROM      YEAR
                                           NORMAL
...........................................................
TEMPERATURE (F)
 YESTERDAY
  MAXIMUM         83     88    1978  73     10       80
  MINIMUM         57     30    1962  49      8       57
  AVERAGE         70                 61      9       69

PRECIPITATION (IN)
  YESTERDAY        0.00   1.16 1958   0.10  -0.10     0.00
  MONTH TO DATE    1.45               2.19  -0.74     0.98
  SINCE SEP 1      1.45               2.19  -0.74     0.98
  SINCE JAN 1     31.41              31.38   0.03    29.65

SNOWFALL (IN)
  YESTERDAY        0.0                                0.0
  MONTH TO DATE    0.0                                0.0
  SINCE SEP 1      0.0                                0.0
  SINCE JUL 1      0.0                                0.0
  SNOW DEPTH       0

DEGREE DAYS
 HEATING
  YESTERDAY        0                  5     -5        0
  MONTH TO DATE   61                 52      9        0
  SINCE SEP 1     61                 52      9        0
  SINCE JUL 1     70                 70      0        0

 COOLING
  YESTERDAY        5                  1      4        4
  MONTH TO DATE   27                 50    -23      106
  SINCE SEP 1     27                 50    -23      106
  SINCE JAN 1    563                562      1      883
...........................................................


WIND (MPH)
  HIGHEST WIND SPEED     9   HIGHEST WIND DIRECTION    SE (120)
  HIGHEST GUST SPEED    MM   HIGHEST GUST DIRECTION    MM
  AVERAGE WIND SPEED     1.3


SKY COVER
  AVERAGE SKY COVER 0.5


WEATHER CONDITIONS
 THE FOLLOWING WEATHER WAS RECORDED YESTERDAY.
  FOG


RELATIVE HUMIDITY (PERCENT)
 HIGHEST   100          1200 AM
 LOWEST     51           200 PM
 AVERAGE    76

..........................................................


THE BLACKSBURG VA CLIMATE NORMALS FOR TODAY
                         NORMAL    RECORD    YEAR
 MAXIMUM TEMPERATURE (F)   73        88      2010
                                             1978
 MINIMUM TEMPERATURE (F)   49        33      1983


SUNRISE AND SUNSET
SEPTEMBER 22 2017.....SUNRISE   710 AM EDT   SUNSET   718 PM EDT
SEPTEMBER 23 2017.....SUNRISE   711 AM EDT   SUNSET   717 PM EDT


-  INDICATES NEGATIVE NUMBERS.
R  INDICATES RECORD WAS SET OR TIED.
MM INDICATES DATA IS MISSING.
T  INDICATES TRACE AMOUNT.


REMARKS:
DUE TO MISSING TEMPERATURES ON SEPTEMBER 8-10...ALL TEMPERATURE AND
DEGREE DAY INFORMATION WILL BE CALCULATED WITHOUT DATA FROM THESE
DATES.

$$
