000
CDUS46 KSGX 150016
CLIRNM


CLIMATE REPORT
NATIONAL WEATHER SERVICE SAN DIEGO, CA
516 PM PDT SUN SEP 14 2014


...................................

...THE RAMONA AIRPORT CA CLIMATE SUMMARY FOR SEPTEMBER 14 2014...
VALID TODAY AS OF 0500 PM LOCAL TIME.

CLIMATE NORMAL PERIOD 1981 TO 2010
CLIMATE RECORD PERIOD 1974 TO 2014


WEATHER ITEM   OBSERVED TIME   RECORD YEAR NORMAL DEPARTURE LAST
                VALUE   (LST)  VALUE       VALUE  FROM      YEAR
                                                  NORMAL
..................................................................
TEMPERATURE (F)
 TODAY
  MAXIMUM        102R  1159 AM 101    2012  88     14       97
                                      1979
  MINIMUM         66    222 AM  44    1994  54     12       54
  AVERAGE         84                        71     13       76

PRECIPITATION (IN)
  TODAY            0.00          0.01 1978   0.01  -0.01     0.00
  MONTH TO DATE    0.00                      0.15  -0.15     0.00
  SINCE JUL 1      0.41                      0.43  -0.02     0.09
  SINCE JAN 1      5.50                     11.76  -6.26     4.59

SNOWFALL (IN)
  TODAY            0.0
  MONTH TO DATE    0.0
  SINCE JAN 1      0.0
  SINCE JUL 1      0.0
  SNOW DEPTH       0

DEGREE DAYS
 HEATING
  TODAY            0                         0      0        0
  MONTH TO DATE    0                         0      0        0
  SINCE SEP 1      0                         0      0        0
  SINCE JUL 1      0                         3     -3        1

 COOLING
  TODAY           19                         6     13       11
  MONTH TO DATE  167                       105     62      177
  SINCE SEP 1    167                       105     62      177
  SINCE JAN 1    906                       718    188      841
..................................................................


WIND (MPH)
  RESULTANT WIND SPEED   4   RESULTANT WIND DIRECTION   W (260)
  HIGHEST WIND SPEED    18   HIGHEST WIND DIRECTION     W (270)
  HIGHEST GUST SPEED    21   HIGHEST GUST DIRECTION     W (270)
  AVERAGE WIND SPEED     6.6


SKY COVER
  POSSIBLE SUNSHINE  MM
  AVERAGE SKY COVER 0.0


WEATHER CONDITIONS
 THE FOLLOWING WEATHER WAS RECORDED TODAY.
  NO SIGNIFICANT WEATHER WAS OBSERVED.


RELATIVE HUMIDITY (PERCENT)
 HIGHEST    55           100 AM
 LOWEST     21           900 AM
 AVERAGE    38

..........................................................


THE RAMONA AIRPORT CA CLIMATE NORMALS FOR TOMORROW
                         NORMAL    RECORD    YEAR
 MAXIMUM TEMPERATURE (F)   87       101      2012
 MINIMUM TEMPERATURE (F)   54        43      1974


SUNRISE AND SUNSET
SEPTEMBER 14 2014.....SUNRISE   631 AM PDT   SUNSET   655 PM PDT
SEPTEMBER 15 2014.....SUNRISE   631 AM PDT   SUNSET   654 PM PDT


-  INDICATES NEGATIVE NUMBERS.
R  INDICATES RECORD WAS SET OR TIED.
MM INDICATES DATA IS MISSING.
T  INDICATES TRACE AMOUNT.




$$
