000
CDUS46 KSGX 242319
CLIRNM


CLIMATE REPORT
NATIONAL WEATHER SERVICE SAN DIEGO, CA
418 PM PDT FRI OCT 24 2014


...................................

...THE RAMONA AIRPORT CA CLIMATE SUMMARY FOR OCTOBER 24 2014...
VALID TODAY AS OF 0400 PM LOCAL TIME.

CLIMATE NORMAL PERIOD 1981 TO 2010
CLIMATE RECORD PERIOD 1974 TO 2014


WEATHER ITEM   OBSERVED TIME   RECORD YEAR NORMAL DEPARTURE LAST
                VALUE   (LST)  VALUE       VALUE  FROM      YEAR
                                                  NORMAL
..................................................................
TEMPERATURE (F)
 TODAY
  MAXIMUM         92   1153 AM  96    2007  78     14       68
  MINIMUM         49    619 AM  36    1996  46      3       47
  AVERAGE         71                        62      9       58

PRECIPITATION (IN)
  TODAY            0.00          0.08 1980   0.03  -0.03     0.00
  MONTH TO DATE    T                         0.50  -0.50     1.11
  SINCE JUL 1      0.41                      1.07  -0.66     1.20
  SINCE JAN 1      5.50                     12.40  -6.90     5.70

SNOWFALL (IN)
  TODAY            0.0
  MONTH TO DATE    0.0
  SINCE JAN 1      0.0
  SINCE JUL 1      0.0
  SNOW DEPTH      MM

DEGREE DAYS
 HEATING
  TODAY            0                         4     -4        7
  MONTH TO DATE    6                        66    -60       94
  SINCE SEP 1      6                        81    -75      108
  SINCE JUL 1      6                        84    -78      109

 COOLING
  TODAY            6                         1      5        0
  MONTH TO DATE   81                        44     37        9
  SINCE SEP 1    376                       224    152      228
  SINCE JAN 1   1115                       837    278      892
..................................................................


WIND (MPH)
  RESULTANT WIND SPEED   3   RESULTANT WIND DIRECTION   W (270)
  HIGHEST WIND SPEED    17   HIGHEST WIND DIRECTION     W (270)
  HIGHEST GUST SPEED    25   HIGHEST GUST DIRECTION     W (250)
  AVERAGE WIND SPEED     3.7


SKY COVER
  POSSIBLE SUNSHINE  MM
  AVERAGE SKY COVER 0.0


WEATHER CONDITIONS
 THE FOLLOWING WEATHER WAS RECORDED TODAY.
  NO SIGNIFICANT WEATHER WAS OBSERVED.


RELATIVE HUMIDITY (PERCENT)
 HIGHEST    66           500 AM
 LOWEST     14          1100 AM
 AVERAGE    40

..........................................................


THE RAMONA AIRPORT CA CLIMATE NORMALS FOR TOMORROW
                         NORMAL    RECORD    YEAR
 MAXIMUM TEMPERATURE (F)   77        95      2003
 MINIMUM TEMPERATURE (F)   46        33      1975


SUNRISE AND SUNSET
OCTOBER 24 2014.......SUNRISE   659 AM PDT   SUNSET   604 PM PDT
OCTOBER 25 2014.......SUNRISE   700 AM PDT   SUNSET   603 PM PDT


-  INDICATES NEGATIVE NUMBERS.
R  INDICATES RECORD WAS SET OR TIED.
MM INDICATES DATA IS MISSING.
T  INDICATES TRACE AMOUNT.




$$
