000
CDUS46 KSGX 261132
CLIRNM


CLIMATE REPORT
NATIONAL WEATHER SERVICE SAN DIEGO, CA
431 AM PDT WED JUL 26 2017


...................................

...THE RAMONA AIRPORT CA CLIMATE SUMMARY FOR JULY 25 2017...

CLIMATE NORMAL PERIOD 1981 TO 2010
CLIMATE RECORD PERIOD 1974 TO 2017


WEATHER ITEM   OBSERVED TIME   RECORD YEAR NORMAL DEPARTURE LAST
                VALUE   (LST)  VALUE       VALUE  FROM      YEAR
                                                  NORMAL
..................................................................
TEMPERATURE (F)
 YESTERDAY
  MAXIMUM         84    256 PM 101    1977  89     -5       87
  MINIMUM         64    326 AM  43    1999  57      7       66
  AVERAGE         74                        73      1       77

PRECIPITATION (IN)
  YESTERDAY        0.00          0.15 2014   0.01  -0.01     0.00
  MONTH TO DATE    0.01                      0.10  -0.09     0.00
  SINCE OCT 1     22.74                     15.57   7.17    13.19
  SINCE JAN 1     15.72                     11.43   4.29     9.66

DEGREE DAYS
 HEATING
  YESTERDAY        0                         0      0        0
  MONTH TO DATE    0                         0      0        0
  SINCE JUN 1     13                        27    -14        4
  SINCE JUL 1      0                         0      0        0

 COOLING
  YESTERDAY        9                         8      1       12
  MONTH TO DATE  298                       173    125      209
  SINCE JUN 1    472                       259    213      403
  SINCE JAN 1    522                       286    236      415
..................................................................


WIND (MPH)
  RESULTANT WIND SPEED   5   RESULTANT WIND DIRECTION   W (290)
  HIGHEST WIND SPEED    15   HIGHEST WIND DIRECTION     W (270)
  HIGHEST GUST SPEED    19   HIGHEST GUST DIRECTION     W (280)
  AVERAGE WIND SPEED     6.2


SKY COVER
  POSSIBLE SUNSHINE  MM
  AVERAGE SKY COVER 0.1


WEATHER CONDITIONS
 THE FOLLOWING WEATHER WAS RECORDED YESTERDAY.
  NO SIGNIFICANT WEATHER WAS OBSERVED.


RELATIVE HUMIDITY (PERCENT)
 HIGHEST   100           500 AM
 LOWEST     55          1200 PM
 AVERAGE    78

..........................................................


THE RAMONA AIRPORT CA CLIMATE NORMALS FOR TODAY
                         NORMAL    RECORD    YEAR
 MAXIMUM TEMPERATURE (F)   89       102      1977
 MINIMUM TEMPERATURE (F)   57        41      1987


SUNRISE AND SUNSET
JULY 26 2017..........SUNRISE   557 AM PDT   SUNSET   751 PM PDT
JULY 27 2017..........SUNRISE   558 AM PDT   SUNSET   750 PM PDT


-  INDICATES NEGATIVE NUMBERS.
R  INDICATES RECORD WAS SET OR TIED.
MM INDICATES DATA IS MISSING.
T  INDICATES TRACE AMOUNT.




$$
