000
CDUS46 KSGX 300021
CLIRNM


CLIMATE REPORT
NATIONAL WEATHER SERVICE SAN DIEGO, CA
521 PM PDT MON MAY 29 2017


...................................

...THE RAMONA AIRPORT CA CLIMATE SUMMARY FOR MAY 29 2017...
VALID TODAY AS OF 0500 PM LOCAL TIME.

CLIMATE NORMAL PERIOD 1981 TO 2010
CLIMATE RECORD PERIOD 1974 TO 2017


WEATHER ITEM   OBSERVED TIME   RECORD YEAR NORMAL DEPARTURE LAST
                VALUE   (LST)  VALUE       VALUE  FROM      YEAR
                                                  NORMAL
..................................................................
TEMPERATURE (F)
 TODAY
  MAXIMUM         78    152 PM 102    1984  78      0       66
  MINIMUM         54    631 AM  41    2010  49      5       55
                                      2006
  AVERAGE         66                        64      2       61

PRECIPITATION (IN)
  TODAY            0.00          0.18 1988   0.00   0.00     0.00
  MONTH TO DATE    1.14                      0.30   0.84     0.25
  SINCE OCT 1     22.72                     15.35   7.37    13.19
  SINCE JAN 1     15.70                     11.21   4.49     9.66

DEGREE DAYS
 HEATING
  TODAY            0                         3     -3        4
  MONTH TO DATE  100                       128    -28      139
  SINCE MAR 1    474                       779   -305      649
  SINCE JUL 1   1909                      2520   -611     2152

 COOLING
  TODAY            1                         1      0        0
  MONTH TO DATE   37                        17     20        6
  SINCE MAR 1     49                        21     28        7
  SINCE JAN 1     49                        22     27       12
..................................................................


WIND (MPH)
  RESULTANT WIND SPEED   3   RESULTANT WIND DIRECTION   W (280)
  HIGHEST WIND SPEED    12   HIGHEST WIND DIRECTION     W (270)
  HIGHEST GUST SPEED    16   HIGHEST GUST DIRECTION    NW (310)
  AVERAGE WIND SPEED     4.3


SKY COVER
  POSSIBLE SUNSHINE  MM
  AVERAGE SKY COVER 0.6


WEATHER CONDITIONS
 THE FOLLOWING WEATHER WAS RECORDED TODAY.
  FOG
  FOG W/VISIBILITY <= 1/4 MILE
  HAZE


RELATIVE HUMIDITY (PERCENT)
 HIGHEST   100          1200 AM
 LOWEST     54           200 PM
 AVERAGE    77

..........................................................


THE RAMONA AIRPORT CA CLIMATE NORMALS FOR TOMORROW
                         NORMAL    RECORD    YEAR
 MAXIMUM TEMPERATURE (F)   78       107      1984
 MINIMUM TEMPERATURE (F)   49        35      2011


SUNRISE AND SUNSET
MAY 29 2017...........SUNRISE   541 AM PDT   SUNSET   750 PM PDT
MAY 30 2017...........SUNRISE   540 AM PDT   SUNSET   750 PM PDT


-  INDICATES NEGATIVE NUMBERS.
R  INDICATES RECORD WAS SET OR TIED.
MM INDICATES DATA IS MISSING.
T  INDICATES TRACE AMOUNT.




$$
