000
CDUS45 KREV 200042
CLIRNO


CLIMATE REPORT
NATIONAL WEATHER SERVICE RENO NV
541 PM PDT THU OCT 19 2017


...................................

...THE RENO-TAHOE INTL AIRPORT NV CLIMATE SUMMARY FOR OCTOBER 19 2017...
VALID TODAY AS OF 0500 PM LOCAL TIME.

CLIMATE NORMAL PERIOD 1981 TO 2010
CLIMATE RECORD PERIOD 1888 TO 2017


WEATHER ITEM   OBSERVED TIME   RECORD YEAR NORMAL DEPARTURE LAST
                VALUE   (LST)  VALUE       VALUE  FROM      YEAR
                                                  NORMAL
..................................................................
TEMPERATURE (F)
 TODAY
  MAXIMUM         73    225 PM  85    1921  68      5       60
  MINIMUM         37    617 AM  19    1966  38     -1       34
  AVERAGE         55                        53      2       47

PRECIPITATION (IN)
  TODAY            0.00          0.70 2004   0.02  -0.02     0.00
  MONTH TO DATE    T                         0.31  -0.31     1.74
  SINCE OCT 1      T                         0.31  -0.31     1.74
  SINCE JAN 1     12.16                      5.35   6.81     6.99

SNOWFALL (IN)
  TODAY            0.0           0.2  1920   0.0    0.0      0.0
  MONTH TO DATE    0.0                       0.1   -0.1       T
  SINCE SEP 1      T                         0.2   -0.2       T
  SINCE JUL 1      T                         0.2   -0.2       T
  SNOW DEPTH       0

DEGREE DAYS
 HEATING
  TODAY           10                        12     -2       18
  MONTH TO DATE  226                       171     55      181
  SINCE SEP 1    344                       251     93      224
  SINCE JUL 1    344                       261     83      224

 COOLING
  TODAY            0                         0      0        0
  MONTH TO DATE    0                         4     -4        0
  SINCE SEP 1    151                        92     59       95
  SINCE JAN 1   1401                       838    563     1088
..................................................................


WIND (MPH)
  RESULTANT WIND SPEED   4   RESULTANT WIND DIRECTION   S (180)
  HIGHEST WIND SPEED    26   HIGHEST WIND DIRECTION     S (190)
  HIGHEST GUST SPEED    31   HIGHEST GUST DIRECTION     S (180)
  AVERAGE WIND SPEED     4.6



WEATHER CONDITIONS
 THE FOLLOWING WEATHER WAS RECORDED TODAY.
  NO SIGNIFICANT WEATHER WAS OBSERVED.


RELATIVE HUMIDITY (PERCENT)
 HIGHEST    59           500 AM
 LOWEST     16          1000 AM
 AVERAGE    38

..........................................................


THE RENO-TAHOE INTL AIRPORT NV CLIMATE NORMALS FOR TOMORROW
                         NORMAL    RECORD    YEAR
 MAXIMUM TEMPERATURE (F)   67        85      2003
 MINIMUM TEMPERATURE (F)   38        18      1996


SUNRISE AND SUNSET
OCTOBER 19 2017.......SUNRISE   714 AM PDT   SUNSET   614 PM PDT
OCTOBER 20 2017.......SUNRISE   715 AM PDT   SUNSET   612 PM PDT


-  INDICATES NEGATIVE NUMBERS.
R  INDICATES RECORD WAS SET OR TIED.
MM INDICATES DATA IS MISSING.
T  INDICATES TRACE AMOUNT.




$$
