000
CDUS45 KREV 310839
CLIRNO


CLIMATE REPORT
NATIONAL WEATHER SERVICE RENO NV
1239 AM PST SAT JAN 31 2015


...................................

...THE RENO TAHOE AIRPORT NV CLIMATE SUMMARY FOR JANUARY 30 2015...

CLIMATE NORMAL PERIOD 1981 TO 2010
CLIMATE RECORD PERIOD 1888 TO 2015


WEATHER ITEM   OBSERVED TIME   RECORD YEAR NORMAL DEPARTURE LAST
                VALUE   (LST)  VALUE       VALUE  FROM      YEAR
                                                  NORMAL
..................................................................
TEMPERATURE (F)
 YESTERDAY
  MAXIMUM         54    329 PM  65    2003  47      7       43
  MINIMUM         36   1159 PM  -5    1949  27      9       33
  AVERAGE         45                        37      8       38

PRECIPITATION (IN)
  YESTERDAY        0.00          0.71 1968   0.03  -0.03     0.17
  MONTH TO DATE    0.06                      1.00  -0.94     0.37
  SINCE OCT 1      1.48                      3.36  -1.88     1.33
  SINCE JAN 1      0.06                      1.00  -0.94     0.37

SNOWFALL (IN)
  YESTERDAY        0.0          10.9  1968   0.1   -0.1      0.1
  MONTH TO DATE    0.0                       5.5   -5.5      0.2
  SINCE DEC 1      2.2                      10.4   -8.2      4.5
  SINCE JUL 1      2.2                      13.9  -11.7      4.9
  SNOW DEPTH       0

DEGREE DAYS
 HEATING
  YESTERDAY       20                        28     -8       27
  MONTH TO DATE  732                       884   -152      756
  SINCE DEC 1   1498                      1805   -307     1872
  SINCE JUL 1   2323                      2908   -585     2990

 COOLING
  YESTERDAY        0                         0      0        0
  MONTH TO DATE    0                         0      0        0
  SINCE DEC 1      0                         0      0        0
  SINCE JAN 1      0                         0      0        0
..................................................................


WIND (MPH)
  RESULTANT WIND SPEED   4   RESULTANT WIND DIRECTION   N (10)
  HIGHEST WIND SPEED    17   HIGHEST WIND DIRECTION     N (20)
  HIGHEST GUST SPEED    21   HIGHEST GUST DIRECTION     N (20)
  AVERAGE WIND SPEED     4.7



WEATHER CONDITIONS
 THE FOLLOWING WEATHER WAS RECORDED YESTERDAY.
  NO SIGNIFICANT WEATHER WAS OBSERVED.


RELATIVE HUMIDITY (PERCENT)
 HIGHEST    79           700 AM
 LOWEST     38           400 PM
 AVERAGE    59

..........................................................


THE RENO TAHOE AIRPORT NV CLIMATE NORMALS FOR TODAY
                         NORMAL    RECORD    YEAR
 MAXIMUM TEMPERATURE (F)   48        71      2003
 MINIMUM TEMPERATURE (F)   27       -13      1916


SUNRISE AND SUNSET
JANUARY 31 2015.......SUNRISE   708 AM PST   SUNSET   518 PM PST
FEBRUARY  1 2015......SUNRISE   707 AM PST   SUNSET   519 PM PST


-  INDICATES NEGATIVE NUMBERS.
R  INDICATES RECORD WAS SET OR TIED.
MM INDICATES DATA IS MISSING.
T  INDICATES TRACE AMOUNT.




$$
