000
CDUS45 KREV 290847
CLIRNO


CLIMATE REPORT
NATIONAL WEATHER SERVICE RENO NV
147 AM PDT FRI AUG 29 2014


...................................

...THE RENO TAHOE AIRPORT NV CLIMATE SUMMARY FOR AUGUST 28 2014...

CLIMATE NORMAL PERIOD 1981 TO 2010
CLIMATE RECORD PERIOD 1888 TO 2014


WEATHER ITEM   OBSERVED TIME   RECORD YEAR NORMAL DEPARTURE LAST
                VALUE   (LST)  VALUE       VALUE  FROM      YEAR
                                                  NORMAL
..................................................................
TEMPERATURE (F)
 YESTERDAY
  MAXIMUM         95    305 PM  99    2001  88      7       89
  MINIMUM         60    614 AM  28    1962  53      7       58
  AVERAGE         78                        71      7       74

PRECIPITATION (IN)
  YESTERDAY        0.00          0.40 1929   0.00   0.00     0.00
  MONTH TO DATE    1.08                      0.21   0.87     1.08
  SINCE OCT 1      4.24                      7.03  -2.79     6.08
  SINCE JAN 1      3.28                      4.67  -1.39     3.04

SNOWFALL (IN)
  YESTERDAY        0.0           0.0    MM   0.0    0.0      0.0
  MONTH TO DATE    0.0                       0.0    0.0       T
  SINCE JUN 1      0.0                       T      0.0       T
  SINCE JUL 1      0.0                       0.0    0.0       T
  SNOW DEPTH       0

DEGREE DAYS
 HEATING
  YESTERDAY        0                         0      0        0
  MONTH TO DATE    4                         0      4        0
  SINCE JUN 1     14                        61    -47       16
  SINCE JUL 1      4                         5     -1        0

 COOLING
  YESTERDAY       13                         6      7        9
  MONTH TO DATE  258                       241     17      263
  SINCE JUN 1    960                       691    269      966
  SINCE JAN 1   1007                       728    279     1002
..................................................................


WIND (MPH)
  RESULTANT WIND SPEED   1   RESULTANT WIND DIRECTION   N (340)
  HIGHEST WIND SPEED    21   HIGHEST WIND DIRECTION     N (340)
  HIGHEST GUST SPEED    34   HIGHEST GUST DIRECTION     W (280)
  AVERAGE WIND SPEED     4.8



WEATHER CONDITIONS
 THE FOLLOWING WEATHER WAS RECORDED YESTERDAY.
  NO SIGNIFICANT WEATHER WAS OBSERVED.


RELATIVE HUMIDITY (PERCENT)
 HIGHEST    52           300 AM
 LOWEST     13           300 PM
 AVERAGE    33

..........................................................


THE RENO TAHOE AIRPORT NV CLIMATE NORMALS FOR TODAY
                         NORMAL    RECORD    YEAR
 MAXIMUM TEMPERATURE (F)   88       100      2008
                                             1998
                                             1915
 MINIMUM TEMPERATURE (F)   53        24      1962


SUNRISE AND SUNSET
AUGUST 29 2014........SUNRISE   625 AM PDT   SUNSET   735 PM PDT
AUGUST 30 2014........SUNRISE   626 AM PDT   SUNSET   733 PM PDT


-  INDICATES NEGATIVE NUMBERS.
R  INDICATES RECORD WAS SET OR TIED.
MM INDICATES DATA IS MISSING.
T  INDICATES TRACE AMOUNT.




$$
