000
CDUS45 KREV 300041
CLIRNO


CLIMATE REPORT
NATIONAL WEATHER SERVICE RENO NV
541 PM PDT WED JUL 29 2015


...................................

...THE RENO TAHOE AIRPORT NV CLIMATE SUMMARY FOR JULY 29 2015...
VALID TODAY AS OF 0500 PM LOCAL TIME.

CLIMATE NORMAL PERIOD 1981 TO 2010
CLIMATE RECORD PERIOD 1888 TO 2015


WEATHER ITEM   OBSERVED TIME   RECORD YEAR NORMAL DEPARTURE LAST
                VALUE   (LST)  VALUE       VALUE  FROM      YEAR
                                                  NORMAL
..................................................................
TEMPERATURE (F)
 TODAY
  MAXIMUM         95    325 PM 103    1943  94      1       94
  MINIMUM         58    529 AM  39    1948  59     -1       71
                                      1896
  AVERAGE         77                        76      1       83

PRECIPITATION (IN)
  TODAY            0.00          0.51 2005   0.01  -0.01     0.00
  MONTH TO DATE    0.51                      0.17   0.34     0.20
  SINCE OCT 1      5.72                      6.81  -1.09     3.16
  SINCE JAN 1      4.30                      4.45  -0.15     2.20

SNOWFALL (IN)
  TODAY            0.0           0.0    MM   0.0    0.0      0.0
  MONTH TO DATE    0.0                       0.0    0.0      0.0
  SINCE JUN 1      0.0                       T      0.0      0.0
  SINCE JUL 1      0.0                       0.0    0.0      0.0
  SNOW DEPTH       0

DEGREE DAYS
 HEATING
  TODAY            0                         0      0        0
  MONTH TO DATE    1                         0      1        0
  SINCE JUN 1      8                        56    -48       10
  SINCE JUL 1      1                         0      1        0

 COOLING
  TODAY           12                        11      1       18
  MONTH TO DATE  292                       292      0      464
  SINCE JUN 1    577                       428    149      676
  SINCE JAN 1    611                       465    146      723
..................................................................


WIND (MPH)
  RESULTANT WIND SPEED   1   RESULTANT WIND DIRECTION   E (70)
  HIGHEST WIND SPEED    13   HIGHEST WIND DIRECTION     E (70)
  HIGHEST GUST SPEED    16   HIGHEST GUST DIRECTION    NE (50)
  AVERAGE WIND SPEED     4.0



WEATHER CONDITIONS
 THE FOLLOWING WEATHER WAS RECORDED TODAY.
  NO SIGNIFICANT WEATHER WAS OBSERVED.


RELATIVE HUMIDITY (PERCENT)
 HIGHEST    33           500 AM
 LOWEST      8          1200 PM
 AVERAGE    21

..........................................................


THE RENO TAHOE AIRPORT NV CLIMATE NORMALS FOR TOMORROW
                         NORMAL    RECORD    YEAR
 MAXIMUM TEMPERATURE (F)   93       104      2003
 MINIMUM TEMPERATURE (F)   58        36      1942


SUNRISE AND SUNSET
JULY 29 2015..........SUNRISE   556 AM PDT   SUNSET   815 PM PDT
JULY 30 2015..........SUNRISE   557 AM PDT   SUNSET   814 PM PDT


-  INDICATES NEGATIVE NUMBERS.
R  INDICATES RECORD WAS SET OR TIED.
MM INDICATES DATA IS MISSING.
T  INDICATES TRACE AMOUNT.




$$
