000
CDUS45 KREV 120839
CLIRNO


CLIMATE REPORT
NATIONAL WEATHER SERVICE RENO NV
1239 AM PST TUE DEC 12 2017


...................................

...THE RENO-TAHOE INTL AIRPORT NV CLIMATE SUMMARY FOR DECEMBER 11 2017...

CLIMATE NORMAL PERIOD 1981 TO 2010
CLIMATE RECORD PERIOD 1888 TO 2017


WEATHER ITEM   OBSERVED TIME   RECORD YEAR NORMAL DEPARTURE LAST
                VALUE   (LST)  VALUE       VALUE  FROM      YEAR
                                                  NORMAL
..................................................................
TEMPERATURE (F)
 YESTERDAY
  MAXIMUM         46    332 PM  64    2012  46      0       56
  MINIMUM         17    740 AM -15    1972  25     -8       28
  AVERAGE         32                        36     -4       42

PRECIPITATION (IN)
  YESTERDAY        0.00          0.69 1937   0.02  -0.02     0.00
  MONTH TO DATE    0.06                      0.33  -0.27     0.39
  SINCE OCT 1      1.52                      1.66  -0.14     2.97
  SINCE JAN 1     13.68                      6.70   6.98     8.22

SNOWFALL (IN)
  YESTERDAY        0.0           5.5  1906   0.1   -0.1      0.0
  MONTH TO DATE    0.3                       1.2   -0.9      0.8
  SINCE DEC 1      0.3                       1.2   -0.9      0.8
  SINCE JUL 1      0.3                       4.7   -4.4      1.4
  SNOW DEPTH       0

DEGREE DAYS
 HEATING
  YESTERDAY       33                        29      4       23
  MONTH TO DATE  329                       313     16      282
  SINCE DEC 1    329                       313     16      282
  SINCE JUL 1   1269                      1416   -147     1160

 COOLING
  YESTERDAY        0                         0      0        0
  MONTH TO DATE    0                         0      0        0
  SINCE DEC 1      0                         0      0        0
  SINCE JAN 1   1401                       839    562     1088
..................................................................


WIND (MPH)
  RESULTANT WIND SPEED   0   RESULTANT WIND DIRECTION  SW (240)
  HIGHEST WIND SPEED     7   HIGHEST WIND DIRECTION     W (290)
  HIGHEST GUST SPEED    12   HIGHEST GUST DIRECTION     W (280)
  AVERAGE WIND SPEED     1.2



WEATHER CONDITIONS
 THE FOLLOWING WEATHER WAS RECORDED YESTERDAY.
  NO SIGNIFICANT WEATHER WAS OBSERVED.


RELATIVE HUMIDITY (PERCENT)
 HIGHEST    84           700 AM
 LOWEST     33           200 PM
 AVERAGE    59

..........................................................


THE RENO-TAHOE INTL AIRPORT NV CLIMATE NORMALS FOR TODAY
                         NORMAL    RECORD    YEAR
 MAXIMUM TEMPERATURE (F)   46        69      1921
 MINIMUM TEMPERATURE (F)   25        -5      1932


SUNRISE AND SUNSET
DECEMBER 12 2017......SUNRISE   710 AM PST   SUNSET   436 PM PST
DECEMBER 13 2017......SUNRISE   711 AM PST   SUNSET   436 PM PST


-  INDICATES NEGATIVE NUMBERS.
R  INDICATES RECORD WAS SET OR TIED.
MM INDICATES DATA IS MISSING.
T  INDICATES TRACE AMOUNT.




$$
