762
CDUS45 KREV 250836
CLIRNO


CLIMATE REPORT
NATIONAL WEATHER SERVICE RENO NV
135 AM PDT MON JUL 25 2016


...................................

...THE RENO TAHOE AIRPORT NV CLIMATE SUMMARY FOR JULY 24 2016...

CLIMATE NORMAL PERIOD 1981 TO 2010
CLIMATE RECORD PERIOD 1888 TO 2016


WEATHER ITEM   OBSERVED TIME   RECORD YEAR NORMAL DEPARTURE LAST
                VALUE   (LST)  VALUE       VALUE  FROM      YEAR
                                                  NORMAL
..................................................................
TEMPERATURE (F)
 YESTERDAY
  MAXIMUM         97    443 PM 102    2010  94      3       88
                                      1928
  MINIMUM         58    515 AM  38    1947  59     -1       60
  AVERAGE         78                        76      2       74

PRECIPITATION (IN)
  YESTERDAY        0.00          0.23 1944   0.01  -0.01     0.00
  MONTH TO DATE    0.00                      0.13  -0.13     0.51
  SINCE OCT 1      9.16                      6.77   2.39     5.72
  SINCE JAN 1      5.21                      4.41   0.80     4.30

SNOWFALL (IN)
  YESTERDAY        0.0           0.0    MM   0.0    0.0      0.0
  MONTH TO DATE    0.0                       0.0    0.0      0.0
  SINCE JUN 1      0.0                       T      0.0      0.0
  SINCE JUL 1      0.0                       0.0    0.0      0.0
  SNOW DEPTH       0

DEGREE DAYS
 HEATING
  YESTERDAY        0                         0      0        0
  MONTH TO DATE    0                         0      0        1
  SINCE JUN 1     15                        56    -41        8
  SINCE JUL 1      0                         0      0        1

 COOLING
  YESTERDAY       13                        11      2        9
  MONTH TO DATE  240                       237      3      251
  SINCE JUN 1    504                       373    131      536
  SINCE JAN 1    532                       410    122      570
..................................................................


WIND (MPH)
  RESULTANT WIND SPEED   2   RESULTANT WIND DIRECTION   W (290)
  HIGHEST WIND SPEED    23   HIGHEST WIND DIRECTION    NW (300)
  HIGHEST GUST SPEED    28   HIGHEST GUST DIRECTION    NW (300)
  AVERAGE WIND SPEED     5.1



WEATHER CONDITIONS
 THE FOLLOWING WEATHER WAS RECORDED YESTERDAY.
  NO SIGNIFICANT WEATHER WAS OBSERVED.


RELATIVE HUMIDITY (PERCENT)
 HIGHEST    36           500 AM
 LOWEST      6           100 PM
 AVERAGE    21

..........................................................


THE RENO TAHOE AIRPORT NV CLIMATE NORMALS FOR TODAY
                         NORMAL    RECORD    YEAR
 MAXIMUM TEMPERATURE (F)   94       104      1980
 MINIMUM TEMPERATURE (F)   59        38      1947


SUNRISE AND SUNSET
JULY 25 2016..........SUNRISE   553 AM PDT   SUNSET   818 PM PDT
JULY 26 2016..........SUNRISE   554 AM PDT   SUNSET   817 PM PDT


-  INDICATES NEGATIVE NUMBERS.
R  INDICATES RECORD WAS SET OR TIED.
MM INDICATES DATA IS MISSING.
T  INDICATES TRACE AMOUNT.




$$
