401
CDUS45 KREV 080851
CLIRNO


CLIMATE REPORT
NATIONAL WEATHER SERVICE RENO NV
1249 AM PST THU DEC 8 2016


...................................

...THE RENO TAHOE AIRPORT NV CLIMATE SUMMARY FOR DECEMBER 7 2016...

CLIMATE NORMAL PERIOD 1981 TO 2010
CLIMATE RECORD PERIOD 1888 TO 2016


WEATHER ITEM   OBSERVED TIME   RECORD YEAR NORMAL DEPARTURE LAST
                VALUE   (LST)  VALUE       VALUE  FROM      YEAR
                                                  NORMAL
..................................................................
TEMPERATURE (F)
 YESTERDAY
  MAXIMUM         38    237 PM  65    1940  47     -9       62
  MINIMUM         22    513 AM   4    1956  26     -4       39
  AVERAGE         30                        36     -6       51

PRECIPITATION (IN)
  YESTERDAY        0.04          0.83 2007   0.03   0.01     0.00
  MONTH TO DATE    0.04                      0.21  -0.17      T
  SINCE OCT 1      2.62                      1.54   1.08     3.20
  SINCE JAN 1      7.87                      6.58   1.29     7.77

SNOWFALL (IN)
  YESTERDAY        0.8           7.5  1922   0.1    0.7      0.0
  MONTH TO DATE    0.8                       0.8    0.0      0.0
  SINCE DEC 1      0.8                       0.8    0.0      0.0
  SINCE JUL 1      1.4                       4.3   -2.9      5.1
  SNOW DEPTH       0

DEGREE DAYS
 HEATING
  YESTERDAY       35                        29      6       14
  MONTH TO DATE  203                       197      6      165
  SINCE DEC 1    203                       197      6      165
  SINCE JUL 1   1081                      1300   -219     1158

 COOLING
  YESTERDAY        0                         0      0        0
  MONTH TO DATE    0                         0      0        0
  SINCE DEC 1      0                         0      0        0
  SINCE JAN 1   1088                       839    249     1194
..................................................................


WIND (MPH)
  RESULTANT WIND SPEED   3   RESULTANT WIND DIRECTION   E (110)
  HIGHEST WIND SPEED    13   HIGHEST WIND DIRECTION    SE (120)
  HIGHEST GUST SPEED    17   HIGHEST GUST DIRECTION    NE (60)
  AVERAGE WIND SPEED     4.7



WEATHER CONDITIONS
 THE FOLLOWING WEATHER WAS RECORDED YESTERDAY.
  LIGHT SNOW
  FOG


RELATIVE HUMIDITY (PERCENT)
 HIGHEST    85           900 PM
 LOWEST     40           200 PM
 AVERAGE    63

..........................................................


THE RENO TAHOE AIRPORT NV CLIMATE NORMALS FOR TODAY
                         NORMAL    RECORD    YEAR
 MAXIMUM TEMPERATURE (F)   47        66      1989
                                             1915
 MINIMUM TEMPERATURE (F)   26       -12      1972


SUNRISE AND SUNSET
DECEMBER  8 2016......SUNRISE   707 AM PST   SUNSET   435 PM PST
DECEMBER  9 2016......SUNRISE   708 AM PST   SUNSET   435 PM PST


-  INDICATES NEGATIVE NUMBERS.
R  INDICATES RECORD WAS SET OR TIED.
MM INDICATES DATA IS MISSING.
T  INDICATES TRACE AMOUNT.




$$
