000
CDUS45 KREV 230844
CLIRNO


CLIMATE REPORT
NATIONAL WEATHER SERVICE RENO NV
1243 AM PST THU FEB 23 2017


...................................

...THE RENO TAHOE AIRPORT NV CLIMATE SUMMARY FOR FEBRUARY 22 2017...

CLIMATE NORMAL PERIOD 1981 TO 2010
CLIMATE RECORD PERIOD 1888 TO 2017


WEATHER ITEM   OBSERVED TIME   RECORD YEAR NORMAL DEPARTURE LAST
                VALUE   (LST)  VALUE       VALUE  FROM      YEAR
                                                  NORMAL
..................................................................
TEMPERATURE (F)
 YESTERDAY
  MAXIMUM         43    125 PM  73    2002  53    -10       59
  MINIMUM         26    838 AM -12    1897  30     -4       31
  AVERAGE         35                        42     -7       45

PRECIPITATION (IN)
  YESTERDAY        0.05          0.67 1904   0.04   0.01     0.00
  MONTH TO DATE    3.38                      0.78   2.60     0.42
  SINCE OCT 1     12.74                      4.17   8.57     6.07
  SINCE JAN 1      8.95                      1.81   7.14     2.12

SNOWFALL (IN)
  YESTERDAY        0.6           3.3  1944   0.2    0.4      0.0
  MONTH TO DATE    3.7                       3.9   -0.2      1.2
  SINCE DEC 1     23.4                      14.4    9.0     19.0
  SINCE JUL 1     24.0                      17.9    6.1     24.1
  SNOW DEPTH       4

DEGREE DAYS
 HEATING
  YESTERDAY       30                        23      7       20
  MONTH TO DATE  464                       565   -101      504
  SINCE DEC 1   2304                      2399    -95     2239
  SINCE JUL 1   3182                      3502   -320     3232

 COOLING
  YESTERDAY        0                         0      0        0
  MONTH TO DATE    0                         0      0        0
  SINCE DEC 1      0                         0      0        0
  SINCE JAN 1      0                         0      0        0
..................................................................


WIND (MPH)
  RESULTANT WIND SPEED   6   RESULTANT WIND DIRECTION  NW (300)
  HIGHEST WIND SPEED    17   HIGHEST WIND DIRECTION    NW (300)
  HIGHEST GUST SPEED    22   HIGHEST GUST DIRECTION     W (290)
  AVERAGE WIND SPEED     7.8



WEATHER CONDITIONS
 THE FOLLOWING WEATHER WAS RECORDED YESTERDAY.
  LIGHT SNOW
  FOG


RELATIVE HUMIDITY (PERCENT)
 HIGHEST   100          1200 AM
 LOWEST     29           100 PM
 AVERAGE    65

..........................................................


THE RENO TAHOE AIRPORT NV CLIMATE NORMALS FOR TODAY
                         NORMAL    RECORD    YEAR
 MAXIMUM TEMPERATURE (F)   53        71      1995
 MINIMUM TEMPERATURE (F)   30       -11      1897


SUNRISE AND SUNSET
FEBRUARY 23 2017......SUNRISE   640 AM PST   SUNSET   545 PM PST
FEBRUARY 24 2017......SUNRISE   639 AM PST   SUNSET   546 PM PST


-  INDICATES NEGATIVE NUMBERS.
R  INDICATES RECORD WAS SET OR TIED.
MM INDICATES DATA IS MISSING.
T  INDICATES TRACE AMOUNT.




$$
