000
CDUS45 KREV 220843
CLIRNO


CLIMATE REPORT
NATIONAL WEATHER SERVICE RENO NV
1243 AM PST THU FEB 22 2018


...................................

...THE RENO-TAHOE INTL AIRPORT NV CLIMATE SUMMARY FOR FEBRUARY 21 2018...

CLIMATE NORMAL PERIOD 1981 TO 2010
CLIMATE RECORD PERIOD 1888 TO 2018


WEATHER ITEM   OBSERVED TIME   RECORD YEAR NORMAL DEPARTURE LAST
                VALUE   (LST)  VALUE       VALUE  FROM      YEAR
                                                  NORMAL
..................................................................
TEMPERATURE (F)
 YESTERDAY
  MAXIMUM         41    356 PM  74    1965  53    -12       45
  MINIMUM         21    724 AM   0    1897  30     -9       32
  AVERAGE         31                        41    -10       39

PRECIPITATION (IN)
  YESTERDAY        0.00          1.12 2017   0.04  -0.04     1.12
  MONTH TO DATE    0.13                      0.74  -0.61     3.33
  SINCE OCT 1      2.37                      4.13  -1.76    12.69
  SINCE JAN 1      0.80                      1.77  -0.97     8.90

SNOWFALL (IN)
  YESTERDAY        0.0          10.9  2010   0.2   -0.2      3.1
  MONTH TO DATE    1.5                       3.7   -2.2      3.1
  SINCE DEC 1      2.5                      14.2  -11.7     22.8
  SINCE JUL 1      2.5                      17.7  -15.2     23.4
  SNOW DEPTH       0

DEGREE DAYS
 HEATING
  YESTERDAY       34                        24     10       26
  MONTH TO DATE  514                       542    -28      434
  SINCE DEC 1   2086                      2376   -290     2274
  SINCE JUL 1   3026                      3479   -453     3152

 COOLING
  YESTERDAY        0                         0      0        0
  MONTH TO DATE    0                         0      0        0
  SINCE DEC 1      0                         0      0        0
  SINCE JAN 1      0                         0      0        0
..................................................................


WIND (MPH)
  RESULTANT WIND SPEED   0   RESULTANT WIND DIRECTION  NW (320)
  HIGHEST WIND SPEED    10   HIGHEST WIND DIRECTION    NE (50)
  HIGHEST GUST SPEED    16   HIGHEST GUST DIRECTION    NW (300)
  AVERAGE WIND SPEED     3.5



WEATHER CONDITIONS
 THE FOLLOWING WEATHER WAS RECORDED YESTERDAY.
  NO SIGNIFICANT WEATHER WAS OBSERVED.


RELATIVE HUMIDITY (PERCENT)
 HIGHEST    62           600 AM
 LOWEST     23           200 PM
 AVERAGE    43

..........................................................


THE RENO-TAHOE INTL AIRPORT NV CLIMATE NORMALS FOR TODAY
                         NORMAL    RECORD    YEAR
 MAXIMUM TEMPERATURE (F)   53        73      2002
 MINIMUM TEMPERATURE (F)   30       -12      1897


SUNRISE AND SUNSET
FEBRUARY 22 2018......SUNRISE   642 AM PST   SUNSET   544 PM PST
FEBRUARY 23 2018......SUNRISE   640 AM PST   SUNSET   545 PM PST


-  INDICATES NEGATIVE NUMBERS.
R  INDICATES RECORD WAS SET OR TIED.
MM INDICATES DATA IS MISSING.
T  INDICATES TRACE AMOUNT.




$$
