000
CDUS45 KREV 260855
CLIRNO


CLIMATE REPORT
NATIONAL WEATHER SERVICE RENO NV
155 AM PDT MON JUN 26 2017


...................................

...THE RENO-TAHOE INTL AIRPORT NV CLIMATE SUMMARY FOR JUNE 25 2017...

CLIMATE NORMAL PERIOD 1981 TO 2010
CLIMATE RECORD PERIOD 1888 TO 2017


WEATHER ITEM   OBSERVED TIME   RECORD YEAR NORMAL DEPARTURE LAST
                VALUE   (LST)  VALUE       VALUE  FROM      YEAR
                                                  NORMAL
..................................................................
TEMPERATURE (F)
 YESTERDAY
  MAXIMUM        100    156 PM 102    2006  87     13       92
  MINIMUM         69    524 AM  31    1943  54     15       55
  AVERAGE         85                        70     15       74

PRECIPITATION (IN)
  YESTERDAY        0.00          0.60 1932   0.02  -0.02     0.00
  MONTH TO DATE    0.12                      0.46  -0.34      T
  SINCE OCT 1     15.06                      6.59   8.47     9.16
  SINCE JAN 1     11.27                      4.23   7.04     5.21

SNOWFALL (IN)
  YESTERDAY        0.0           0.0    MM   0.0    0.0      0.0
  MONTH TO DATE    0.0                       0.0    0.0      0.0
  SINCE JUN 1      0.0                       0.0    0.0      0.0
  SINCE JUL 1     27.0                      21.8    5.2     31.1
  SNOW DEPTH       0

DEGREE DAYS
 HEATING
  YESTERDAY        0                         1     -1        0
  MONTH TO DATE   45                        53     -8       15
  SINCE JUN 1     45                        53     -8       15
  SINCE JUL 1   4446                      4921   -475     4332

 COOLING
  YESTERDAY       20                         6     14        9
  MONTH TO DATE  219                       102    117      180
  SINCE JUN 1    219                       102    117      180
  SINCE JAN 1    273                       139    134      208
..................................................................


WIND (MPH)
  RESULTANT WIND SPEED   5   RESULTANT WIND DIRECTION   W (270)
  HIGHEST WIND SPEED    23   HIGHEST WIND DIRECTION    NW (300)
  HIGHEST GUST SPEED    30   HIGHEST GUST DIRECTION     W (280)
  AVERAGE WIND SPEED     7.0



WEATHER CONDITIONS
 THE FOLLOWING WEATHER WAS RECORDED YESTERDAY.
  NO SIGNIFICANT WEATHER WAS OBSERVED.


RELATIVE HUMIDITY (PERCENT)
 HIGHEST    53           500 AM
 LOWEST     10           200 PM
 AVERAGE    32

..........................................................


THE RENO-TAHOE INTL AIRPORT NV CLIMATE NORMALS FOR TODAY
                         NORMAL    RECORD    YEAR
 MAXIMUM TEMPERATURE (F)   87       100      2015
                                             1968
 MINIMUM TEMPERATURE (F)   54        29      1974


SUNRISE AND SUNSET
JUNE 26 2017..........SUNRISE   534 AM PDT   SUNSET   830 PM PDT
JUNE 27 2017..........SUNRISE   534 AM PDT   SUNSET   830 PM PDT


-  INDICATES NEGATIVE NUMBERS.
R  INDICATES RECORD WAS SET OR TIED.
MM INDICATES DATA IS MISSING.
T  INDICATES TRACE AMOUNT.




$$
