000
CDUS41 KRNK 070822
CLIROA


CLIMATE REPORT
NATIONAL WEATHER SERVICE BLACKSBURG VA
321 AM EST WED DEC 7 2016


...................................

...THE ROANOKE VA CLIMATE SUMMARY FOR DECEMBER 6 2016...

CLIMATE NORMAL PERIOD 1981 TO 2010
CLIMATE RECORD PERIOD 1912 TO 2016


WEATHER ITEM   OBSERVED TIME   RECORD YEAR NORMAL DEPARTURE LAST
                VALUE   (LST)  VALUE       VALUE  FROM      YEAR
                                                  NORMAL
..................................................................
TEMPERATURE (F)
 YESTERDAY
  MAXIMUM         47    206 AM  80    1998  50     -3       54
  MINIMUM         39   1148 PM  15    1984  32      7       26
  AVERAGE         43                        41      2       40

PRECIPITATION (IN)
  YESTERDAY        1.61          2.26 1930   0.10   1.51     0.00
  MONTH TO DATE    1.87                      0.63   1.24     1.55
  SINCE DEC 1      1.87                      0.63   1.24     1.55
  SINCE JAN 1     45.89                     38.94   6.95    51.56

SNOWFALL (IN)
  YESTERDAY        0.0                                       0.0
  MONTH TO DATE    0.0                                       0.0
  SINCE DEC 1      0.0                                       0.0
  SINCE JUL 1      0.0                                       0.0
  SNOW DEPTH       0

DEGREE DAYS
 HEATING
  YESTERDAY       22                        24     -2       25
  MONTH TO DATE  125                       139    -14      133
  SINCE DEC 1    125                       139    -14      133
  SINCE JUL 1    653                       943   -290      775

 COOLING
  YESTERDAY        0                         0      0        0
  MONTH TO DATE    0                         0      0        0
  SINCE DEC 1      0                         0      0        0
  SINCE JAN 1   1563                      1208    355     1413
..................................................................


WIND (MPH)
  HIGHEST WIND SPEED    14   HIGHEST WIND DIRECTION     E (100)
  HIGHEST GUST SPEED    17   HIGHEST GUST DIRECTION     E (90)
  AVERAGE WIND SPEED     6.5


SKY COVER
  AVERAGE SKY COVER 0.9


WEATHER CONDITIONS
 THE FOLLOWING WEATHER WAS RECORDED YESTERDAY.
  HEAVY RAIN
  RAIN
  LIGHT RAIN
  FOG


RELATIVE HUMIDITY (PERCENT)
 HIGHEST    96           800 AM
 LOWEST     86           200 AM
 AVERAGE    91

..........................................................


THE ROANOKE VA CLIMATE NORMALS FOR TODAY
                         NORMAL    RECORD    YEAR
 MAXIMUM TEMPERATURE (F)   50        77      1998
 MINIMUM TEMPERATURE (F)   32        12      1977


SUNRISE AND SUNSET
DECEMBER  7 2016......SUNRISE   721 AM EST   SUNSET   502 PM EST
DECEMBER  8 2016......SUNRISE   722 AM EST   SUNSET   502 PM EST


-  INDICATES NEGATIVE NUMBERS.
R  INDICATES RECORD WAS SET OR TIED.
MM INDICATES DATA IS MISSING.
T  INDICATES TRACE AMOUNT.




$$
