000
CDUS41 KRNK 280638
CLIROA


CLIMATE REPORT
NATIONAL WEATHER SERVICE BLACKSBURG VA
236 AM EDT THU MAY 28 2015


...................................

...THE ROANOKE VA CLIMATE SUMMARY FOR MAY 27 2015...

CLIMATE NORMAL PERIOD 1981 TO 2010
CLIMATE RECORD PERIOD 1912 TO 2015


WEATHER ITEM   OBSERVED TIME   RECORD YEAR NORMAL DEPARTURE LAST
                VALUE   (LST)  VALUE       VALUE  FROM      YEAR
                                                  NORMAL
..................................................................
TEMPERATURE (F)
 YESTERDAY
  MAXIMUM         87    128 PM  95    1941  78      9       87
                                      1937
  MINIMUM         65    539 AM  34    1925  57      8       67
  AVERAGE         76                        68      8       77

PRECIPITATION (IN)
  YESTERDAY        T             2.92 1960   0.15  -0.15     0.00
  MONTH TO DATE    1.09                      3.47  -2.38     2.21
  SINCE MAR 1     10.40                     10.30   0.10     9.15
  SINCE JAN 1     14.32                     16.11  -1.79    15.43

SNOWFALL (IN)
  YESTERDAY        0.0                                       0.0
  MONTH TO DATE    0.0                                       0.0
  SINCE MAR 1      1.9                                       5.6
  SINCE JUL 1     21.7                                      28.0
  SNOW DEPTH       0

DEGREE DAYS
 HEATING
  YESTERDAY        0                         2     -2        0
  MONTH TO DATE   35                        95    -60       54
  SINCE MAR 1    815                       922   -107      964
  SINCE JUL 1   4244                      4127    117     4366

 COOLING
  YESTERDAY       11                         4      7       12
  MONTH TO DATE  123                        69     54      107
  SINCE MAR 1    129                        98     31      119
  SINCE JAN 1    129                        98     31      119
..................................................................


WIND (MPH)
  HIGHEST WIND SPEED    15   HIGHEST WIND DIRECTION     S (160)
  HIGHEST GUST SPEED    20   HIGHEST GUST DIRECTION     S (180)
  AVERAGE WIND SPEED     6.2


SKY COVER
  AVERAGE SKY COVER 0.4


WEATHER CONDITIONS
 THE FOLLOWING WEATHER WAS RECORDED YESTERDAY.
  LIGHT RAIN


RELATIVE HUMIDITY (PERCENT)
 HIGHEST    93           400 AM
 LOWEST     40           100 PM
 AVERAGE    67

..........................................................


THE ROANOKE VA CLIMATE NORMALS FOR TODAY
                         NORMAL    RECORD    YEAR
 MAXIMUM TEMPERATURE (F)   79        98      1941
 MINIMUM TEMPERATURE (F)   57        39      1994


SUNRISE AND SUNSET
MAY 28 2015...........SUNRISE   603 AM EDT   SUNSET   832 PM EDT
MAY 29 2015...........SUNRISE   602 AM EDT   SUNSET   833 PM EDT


-  INDICATES NEGATIVE NUMBERS.
R  INDICATES RECORD WAS SET OR TIED.
MM INDICATES DATA IS MISSING.
T  INDICATES TRACE AMOUNT.




$$
