000
CDUS41 KRNK 012218
CLIROA


CLIMATE REPORT
NATIONAL WEATHER SERVICE BLACKSBURG VA
515 PM EST SUN FEB 1 2015


...................................

...THE ROANOKE VA CLIMATE SUMMARY FOR FEBRUARY 1 2015...
VALID TODAY AS OF 0500 PM LOCAL TIME.

CLIMATE NORMAL PERIOD 1981 TO 2010
CLIMATE RECORD PERIOD 1912 TO 2015


WEATHER ITEM   OBSERVED TIME   RECORD YEAR NORMAL DEPARTURE LAST
                VALUE   (LST)  VALUE       VALUE  FROM      YEAR
                                                  NORMAL
..................................................................
TEMPERATURE (F)
 TODAY
  MAXIMUM         50    358 PM  74    1989  47      3       57
  MINIMUM         34    756 AM   5    1965  28      6       24
  AVERAGE         42                        37      5       41

PRECIPITATION (IN)
  TODAY            0.00          1.13 1950   0.10  -0.10     0.00
  MONTH TO DATE    0.00                      0.10  -0.10     0.00
  SINCE DEC 1      3.85                      5.96  -2.11     6.19
  SINCE JAN 1      1.31                      3.02  -1.71     1.81

SNOWFALL (IN)
  TODAY            0.0
  MONTH TO DATE    0.0
  SINCE DEC 1      0.2
  SINCE JUL 1      0.7
  SNOW DEPTH       0

DEGREE DAYS
 HEATING
  TODAY           23                        28     -5       24
  MONTH TO DATE   23                        28     -5       24
  SINCE DEC 1   1617                      1716    -99     1790
  SINCE JUL 1   2495                      2520    -25     2662

 COOLING
  TODAY            0                         0      0        0
  MONTH TO DATE    0                         0      0        0
  SINCE DEC 1      0                         0      0        0
  SINCE JAN 1      0                         0      0        0
..................................................................


WIND (MPH)
  HIGHEST WIND SPEED    15   HIGHEST WIND DIRECTION    SE (130)
  HIGHEST GUST SPEED    19   HIGHEST GUST DIRECTION     E (100)
  AVERAGE WIND SPEED     5.6


SKY COVER
  POSSIBLE SUNSHINE  MM
  AVERAGE SKY COVER 0.9


WEATHER CONDITIONS
 THE FOLLOWING WEATHER WAS RECORDED TODAY.
  NO SIGNIFICANT WEATHER WAS OBSERVED.


RELATIVE HUMIDITY (PERCENT)
 HIGHEST    51           800 AM
 LOWEST     21          1200 PM
 AVERAGE    36

..........................................................


THE ROANOKE VA CLIMATE NORMALS FOR TOMORROW
                         NORMAL    RECORD    YEAR
 MAXIMUM TEMPERATURE (F)   47        76      1989
 MINIMUM TEMPERATURE (F)   28         9      1976
                                             1971
                                             1917


SUNRISE AND SUNSET
FEBRUARY  1 2015......SUNRISE   723 AM EST   SUNSET   544 PM EST
FEBRUARY  2 2015......SUNRISE   722 AM EST   SUNSET   545 PM EST


-  INDICATES NEGATIVE NUMBERS.
R  INDICATES RECORD WAS SET OR TIED.
MM INDICATES DATA IS MISSING.
T  INDICATES TRACE AMOUNT.


$$


PW
