000
CDUS41 KRNK 260927
CLIROA


CLIMATE REPORT
NATIONAL WEATHER SERVICE BLACKSBURG VA
524 AM EDT FRI MAY 26 2017


...................................

...THE ROANOKE VA CLIMATE SUMMARY FOR MAY 25 2017...

CLIMATE NORMAL PERIOD 1981 TO 2010
CLIMATE RECORD PERIOD 1912 TO 2017


WEATHER ITEM   OBSERVED TIME   RECORD YEAR NORMAL DEPARTURE LAST
                VALUE   (LST)  VALUE       VALUE  FROM      YEAR
                                                  NORMAL
..................................................................
TEMPERATURE (F)
 YESTERDAY
  MAXIMUM         70   1201 PM  94    1953  78     -8       86
  MINIMUM         57    518 AM  38    1967  56      1       53
  AVERAGE         64                        67     -3       70

PRECIPITATION (IN)
  YESTERDAY        0.11          1.06 1965   0.14  -0.03     0.00
  MONTH TO DATE    8.11                      3.17   4.94     5.66
  SINCE MAR 1     16.35                     10.00   6.35     9.04
  SINCE JAN 1     20.99                     15.81   5.18    17.27

SNOWFALL (IN)
  YESTERDAY        0.0                                       0.0
  MONTH TO DATE    T                                         0.0
  SINCE MAR 1      0.1                                       1.0
  SINCE JUL 1      4.6                                      23.0
  SNOW DEPTH       0

DEGREE DAYS
 HEATING
  YESTERDAY        1                         2     -1        0
  MONTH TO DATE   88                        91     -3       92
  SINCE MAR 1    745                       918   -173      671
  SINCE JUL 1   3209                      4123   -914     3505

 COOLING
  YESTERDAY        0                         4     -4        5
  MONTH TO DATE   70                        61      9       27
  SINCE MAR 1    140                        90     50       76
  SINCE JAN 1    140                        90     50       76
..................................................................


WIND (MPH)
  HIGHEST WIND SPEED    20   HIGHEST WIND DIRECTION     W (260)
  HIGHEST GUST SPEED    27   HIGHEST GUST DIRECTION    SW (240)
  AVERAGE WIND SPEED     8.3


SKY COVER
  AVERAGE SKY COVER 0.9


WEATHER CONDITIONS
 THE FOLLOWING WEATHER WAS RECORDED YESTERDAY.
  LIGHT RAIN
  FOG


RELATIVE HUMIDITY (PERCENT)
 HIGHEST   100          1200 AM
 LOWEST     51          1200 PM
 AVERAGE    76

..........................................................


THE ROANOKE VA CLIMATE NORMALS FOR TODAY
                         NORMAL    RECORD    YEAR
 MAXIMUM TEMPERATURE (F)   78        94      1933
 MINIMUM TEMPERATURE (F)   56        40      1988
                                             1930


SUNRISE AND SUNSET
MAY 26 2017...........SUNRISE   603 AM EDT   SUNSET   831 PM EDT
MAY 27 2017...........SUNRISE   603 AM EDT   SUNSET   832 PM EDT


-  INDICATES NEGATIVE NUMBERS.
R  INDICATES RECORD WAS SET OR TIED.
MM INDICATES DATA IS MISSING.
T  INDICATES TRACE AMOUNT.

$$

RAB
