000
CDUS41 KRNK 250936
CLIROA


CLIMATE REPORT
NATIONAL WEATHER SERVICE BLACKSBURG VA
431 AM EST SUN FEB 25 2018


...................................

...THE ROANOKE VA CLIMATE SUMMARY FOR FEBRUARY 24 2018...

CLIMATE NORMAL PERIOD 1981 TO 2010
CLIMATE RECORD PERIOD 1912 TO 2018


WEATHER ITEM   OBSERVED TIME   RECORD YEAR NORMAL DEPARTURE LAST
                VALUE   (LST)  VALUE       VALUE  FROM      YEAR
                                                  NORMAL
..................................................................
TEMPERATURE (F)
 YESTERDAY
  MAXIMUM         72    458 PM  80    1985  52     20       76
  MINIMUM         45    223 AM   7    1967  31     14       46
  AVERAGE         59                        42     17       61

PRECIPITATION (IN)
  YESTERDAY        0.01          1.71 1979   0.11  -0.10     0.00
  MONTH TO DATE    3.91                      2.50   1.41     0.40
  SINCE DEC 1      6.41                      8.36  -1.95     7.29
  SINCE JAN 1      6.05                      5.42   0.63     4.50

SNOWFALL (IN)
  YESTERDAY        0.0                                       0.0
  MONTH TO DATE    1.5                                        T
  SINCE DEC 1      5.1                                       4.5
  SINCE JUL 1      5.1                                       4.5
  SNOW DEPTH       0

DEGREE DAYS
 HEATING
  YESTERDAY        6                        24    -18        4
  MONTH TO DATE  457                       621   -164      388
  SINCE DEC 1   2204                      2309   -105     1864
  SINCE JUL 1   2939                      3113   -174     2392

 COOLING
  YESTERDAY        0                         0      0        0
  MONTH TO DATE    4                         0      4        0
  SINCE DEC 1      4                         0      4        0
  SINCE JAN 1      4                         0      4        0
..................................................................


WIND (MPH)
  HIGHEST WIND SPEED    13   HIGHEST WIND DIRECTION    SE (120)
  HIGHEST GUST SPEED    15   HIGHEST GUST DIRECTION    SE (120)
  AVERAGE WIND SPEED     2.1


SKY COVER
  AVERAGE SKY COVER 0.6


WEATHER CONDITIONS
 THE FOLLOWING WEATHER WAS RECORDED YESTERDAY.
  LIGHT RAIN


RELATIVE HUMIDITY (PERCENT)
 HIGHEST   100           700 AM
 LOWEST     61           400 PM
 AVERAGE    81

..........................................................


THE ROANOKE VA CLIMATE NORMALS FOR TODAY
                         NORMAL    RECORD    YEAR
 MAXIMUM TEMPERATURE (F)   52        82      1930
 MINIMUM TEMPERATURE (F)   32         4      1967


SUNRISE AND SUNSET
FEBRUARY 25 2018......SUNRISE   656 AM EST   SUNSET   610 PM EST
FEBRUARY 26 2018......SUNRISE   655 AM EST   SUNSET   611 PM EST


-  INDICATES NEGATIVE NUMBERS.
R  INDICATES RECORD WAS SET OR TIED.
MM INDICATES DATA IS MISSING.
T  INDICATES TRACE AMOUNT.




$$
