000
CDUS41 KBUF 241020
CLIROC


CLIMATE REPORT
NATIONAL WEATHER SERVICE BUFFALO NY
620 AM EDT SUN SEP 24 2017


...................................

...THE ROCHESTER NY CLIMATE SUMMARY FOR SEPTEMBER 23 2017...

CLIMATE NORMAL PERIOD 1981 TO 2010
CLIMATE RECORD PERIOD 1871 TO 2017


WEATHER ITEM   OBSERVED TIME   RECORD YEAR NORMAL DEPARTURE LAST
                VALUE   (LST)  VALUE       VALUE  FROM      YEAR
                                                  NORMAL
..................................................................
TEMPERATURE (F)
 YESTERDAY
  MAXIMUM         88    348 PM  90    1936  69     19       72
  MINIMUM         56    610 AM  33    1947  49      7       59
  AVERAGE         72                        59     13       66

PRECIPITATION (IN)
  YESTERDAY        0.00          1.34 2000   0.12  -0.12     0.03
  MONTH TO DATE    0.96                      2.61  -1.65     1.94
  SINCE SEP 1      0.96                      2.61  -1.65     1.94
  SINCE JAN 1     31.97                     25.21   6.76    19.59

SNOWFALL (IN)
  YESTERDAY        0.0           T    1950   0.0    0.0      0.0
  MONTH TO DATE    0.0                       0.0    0.0      0.0
  SINCE SEP 1      0.0                       0.0    0.0      0.0
  SINCE JUL 1      0.0                       0.0    0.0      0.0
  SNOW DEPTH       0

DEGREE DAYS
 HEATING
  YESTERDAY        0                         7     -7        0
  MONTH TO DATE   59                        90    -31       10
  SINCE SEP 1     59                        90    -31       10
  SINCE JUL 1     86                       124    -38       10

 COOLING
  YESTERDAY        7                         1      6        1
  MONTH TO DATE   66                        45     21      112
  SINCE SEP 1     66                        45     21      112
  SINCE JAN 1    582                       529     53      963
..................................................................


WIND (MPH)
  HIGHEST WIND SPEED    12   HIGHEST WIND DIRECTION    NW (310)
  HIGHEST GUST SPEED    15   HIGHEST GUST DIRECTION    NW (310)
  AVERAGE WIND SPEED     5.8


SKY COVER
  AVERAGE SKY COVER 0.1


WEATHER CONDITIONS
 THE FOLLOWING WEATHER WAS RECORDED YESTERDAY.
  NO SIGNIFICANT WEATHER WAS OBSERVED.


RELATIVE HUMIDITY (PERCENT)
 HIGHEST   100           200 AM
 LOWEST     32          1200 PM
 AVERAGE    66

..........................................................


THE ROCHESTER NY CLIMATE NORMALS FOR TODAY
                         NORMAL    RECORD    YEAR
 MAXIMUM TEMPERATURE (F)   68        90      1970
 MINIMUM TEMPERATURE (F)   49        30      1963


SUNRISE AND SUNSET
SEPTEMBER 24 2017.....SUNRISE   700 AM EDT   SUNSET   704 PM EDT
SEPTEMBER 25 2017.....SUNRISE   702 AM EDT   SUNSET   702 PM EDT


-  INDICATES NEGATIVE NUMBERS.
R  INDICATES RECORD WAS SET OR TIED.
MM INDICATES DATA IS MISSING.
T  INDICATES TRACE AMOUNT.




$$
