000
CDUS45 KABQ 270838
CLIROW


CLIMATE REPORT
NATIONAL WEATHER SERVICE ALBUQUERQUE NM
238 AM MDT MON JUL 27 2015


...................................

...THE ROSWELL NM CLIMATE SUMMARY FOR JULY 26 2015...

CLIMATE NORMAL PERIOD 1981 TO 2010
CLIMATE RECORD PERIOD 1893 TO 2015


WEATHER ITEM   OBSERVED TIME   RECORD YEAR NORMAL DEPARTURE
                VALUE   (LST)  VALUE       VALUE  FROM
                                                  NORMAL
...............................................................
TEMPERATURE (F)
 YESTERDAY
  MAXIMUM        103    325 PM 109    1995  93     10
  MINIMUM         70    534 AM  54    1894  67      3
  AVERAGE         87                        80      7

PRECIPITATION (IN)
  YESTERDAY        0.00          1.52 1962   0.06  -0.06
  MONTH TO DATE    0.74                      1.77  -1.03
  SINCE JUN 1      3.64                      3.50   0.14
  SINCE JAN 1     11.33                      6.67   4.66

SNOWFALL (IN)
  YESTERDAY        0.0
  MONTH TO DATE    0.0
  SINCE JUN 1      0.0
  SINCE JUL 1      0.0

DEGREE DAYS
 HEATING
  YESTERDAY        0                         0      0
  MONTH TO DATE    0                         0      0
  SINCE JUN 1      0                         1     -1
  SINCE JUL 1      0                         0      0

 COOLING
  YESTERDAY       22                        15      7
  MONTH TO DATE  449                       402     47
  SINCE JUN 1    857                       799     58
  SINCE JAN 1    964                      1024    -60
...............................................................


WIND (MPH)
  HIGHEST WIND SPEED    17   HIGHEST WIND DIRECTION    SE (140)
  HIGHEST GUST SPEED    25   HIGHEST GUST DIRECTION    SE (150)
  AVERAGE WIND SPEED     7.8


SKY COVER
  AVERAGE SKY COVER 0.0


WEATHER CONDITIONS
 THE FOLLOWING WEATHER WAS RECORDED YESTERDAY.
  NO SIGNIFICANT WEATHER WAS OBSERVED.


RELATIVE HUMIDITY (PERCENT)
 HIGHEST    66           300 AM
 LOWEST     16           500 PM
 AVERAGE    41

..........................................................


THE ROSWELL NM CLIMATE NORMALS FOR TODAY
                         NORMAL    RECORD    YEAR
 MAXIMUM TEMPERATURE (F)   93       111      1995
 MINIMUM TEMPERATURE (F)   67        53      1894


SUNRISE AND SUNSET
JULY 27 2015..........SUNRISE   607 AM MDT   SUNSET   802 PM MDT
JULY 28 2015..........SUNRISE   608 AM MDT   SUNSET   801 PM MDT


-  INDICATES NEGATIVE NUMBERS.
R  INDICATES RECORD WAS SET OR TIED.
MM INDICATES DATA IS MISSING.
T  INDICATES TRACE AMOUNT.




$$
