000
CDUS45 KABQ 300830
CLIROW


CLIMATE REPORT
NATIONAL WEATHER SERVICE ALBUQUERQUE NM
228 AM MDT FRI SEP 30 2016


...................................

...THE ROSWELL NM CLIMATE SUMMARY FOR SEPTEMBER 29 2016...

CLIMATE NORMAL PERIOD 1981 TO 2010
CLIMATE RECORD PERIOD 1893 TO 2016


WEATHER ITEM   OBSERVED TIME   RECORD YEAR NORMAL DEPARTURE
                VALUE   (LST)  VALUE       VALUE  FROM
                                                  NORMAL
...............................................................
TEMPERATURE (F)
 YESTERDAY
  MAXIMUM         82    107 PM  97    1994  81      1
  MINIMUM         53    555 AM  34    1908  53      0
  AVERAGE         68                        67      1

PRECIPITATION (IN)
  YESTERDAY        0.00          1.74 1932   0.05  -0.05
  MONTH TO DATE    1.21                      1.49  -0.28
  SINCE SEP 1      1.21                      1.49  -0.28
  SINCE JAN 1      9.17                     10.42  -1.25

SNOWFALL (IN)
  YESTERDAY        0.0
  MONTH TO DATE    0.0
  SINCE SEP 1      0.0
  SINCE JUL 1      0.0

DEGREE DAYS
 HEATING
  YESTERDAY        0                         1     -1
  MONTH TO DATE    1                        12    -11
  SINCE SEP 1      1                        12    -11
  SINCE JUL 1      1                        12    -11

 COOLING
  YESTERDAY        3                         4     -1
  MONTH TO DATE  231                       224      7
  SINCE SEP 1    231                       224      7
  SINCE JAN 1   1986                      1748    238
...............................................................


WIND (MPH)
  HIGHEST WIND SPEED    14   HIGHEST WIND DIRECTION     S (180)
  HIGHEST GUST SPEED    19   HIGHEST GUST DIRECTION    SE (150)
  AVERAGE WIND SPEED     6.0


SKY COVER
  AVERAGE SKY COVER 0.0


WEATHER CONDITIONS
 THE FOLLOWING WEATHER WAS RECORDED YESTERDAY.
  NO SIGNIFICANT WEATHER WAS OBSERVED.


RELATIVE HUMIDITY (PERCENT)
 HIGHEST    77           600 AM
 LOWEST     26           100 PM
 AVERAGE    52

..........................................................


THE ROSWELL NM CLIMATE NORMALS FOR TODAY
                         NORMAL    RECORD    YEAR
 MAXIMUM TEMPERATURE (F)   81        99      1977
 MINIMUM TEMPERATURE (F)   53        37      1908


SUNRISE AND SUNSET
SEPTEMBER 30 2016.....SUNRISE   652 AM MDT   SUNSET   643 PM MDT
OCTOBER  1 2016.......SUNRISE   653 AM MDT   SUNSET   642 PM MDT


-  INDICATES NEGATIVE NUMBERS.
R  INDICATES RECORD WAS SET OR TIED.
MM INDICATES DATA IS MISSING.
T  INDICATES TRACE AMOUNT.

$$
