000
CDUS45 KABQ 290834
CLIROW


CLIMATE REPORT
NATIONAL WEATHER SERVICE ALBUQUERQUE NM
233 AM MDT FRI JUL 29 2016


...................................

...THE ROSWELL NM CLIMATE SUMMARY FOR JULY 28 2016...

CLIMATE NORMAL PERIOD 1981 TO 2010
CLIMATE RECORD PERIOD 1893 TO 2016


WEATHER ITEM   OBSERVED TIME   RECORD YEAR NORMAL DEPARTURE
                VALUE   (LST)  VALUE       VALUE  FROM
                                                  NORMAL
...............................................................
TEMPERATURE (F)
 YESTERDAY
  MAXIMUM         98    429 PM 106    1995  93      5
  MINIMUM         69    529 AM  56    2005  67      2
  AVERAGE         84                        80      4

PRECIPITATION (IN)
  YESTERDAY        0.00          2.22 2014   0.06  -0.06
  MONTH TO DATE    0.45                      1.90  -1.45
  SINCE JUN 1      0.98                      3.63  -2.65
  SINCE JAN 1      2.91                      6.80  -3.89

SNOWFALL (IN)
  YESTERDAY        0.0
  MONTH TO DATE    0.0
  SINCE JUN 1      0.0
  SINCE JUL 1      0.0

DEGREE DAYS
 HEATING
  YESTERDAY        0                         0      0
  MONTH TO DATE    0                         0      0
  SINCE JUN 1      0                         1     -1
  SINCE JUL 1      0                         0      0

 COOLING
  YESTERDAY       19                        15      4
  MONTH TO DATE  618                       432    186
  SINCE JUN 1   1096                       829    267
  SINCE JAN 1   1274                      1054    220
...............................................................


WIND (MPH)
  HIGHEST WIND SPEED    14   HIGHEST WIND DIRECTION     S (160)
  HIGHEST GUST SPEED    20   HIGHEST GUST DIRECTION    NE (30)
  AVERAGE WIND SPEED     6.6


SKY COVER
  AVERAGE SKY COVER 0.0


WEATHER CONDITIONS
 THE FOLLOWING WEATHER WAS RECORDED YESTERDAY.
  NO SIGNIFICANT WEATHER WAS OBSERVED.


RELATIVE HUMIDITY (PERCENT)
 HIGHEST    70           400 AM
 LOWEST     21           600 PM
 AVERAGE    46

..........................................................


THE ROSWELL NM CLIMATE NORMALS FOR TODAY
                         NORMAL    RECORD    YEAR
 MAXIMUM TEMPERATURE (F)   93       106      1995
 MINIMUM TEMPERATURE (F)   67        52      1947


SUNRISE AND SUNSET
JULY 29 2016..........SUNRISE   609 AM MDT   SUNSET   759 PM MDT
JULY 30 2016..........SUNRISE   610 AM MDT   SUNSET   759 PM MDT


-  INDICATES NEGATIVE NUMBERS.
R  INDICATES RECORD WAS SET OR TIED.
MM INDICATES DATA IS MISSING.
T  INDICATES TRACE AMOUNT.




$$
