000
CDUS45 KABQ 060835
CLIROW


CLIMATE REPORT
NATIONAL WEATHER SERVICE ALBUQUERQUE NM
134 AM MST TUE DEC 6 2016


...................................

...THE ROSWELL NM CLIMATE SUMMARY FOR DECEMBER 5 2016...

CLIMATE NORMAL PERIOD 1981 TO 2010
CLIMATE RECORD PERIOD 1893 TO 2016


WEATHER ITEM   OBSERVED TIME   RECORD YEAR NORMAL DEPARTURE
                VALUE   (LST)  VALUE       VALUE  FROM
                                                  NORMAL
...............................................................
TEMPERATURE (F)
 YESTERDAY
  MAXIMUM         63    405 PM  77    1987  57      6
  MINIMUM         22    715 AM   8    1992  28     -6
  AVERAGE         43                        42      1

PRECIPITATION (IN)
  YESTERDAY        0.00          0.63 1969   0.02  -0.02
  MONTH TO DATE    0.18                      0.10   0.08
  SINCE DEC 1      0.18                      0.10   0.08
  SINCE JAN 1     10.52                     12.37  -1.85

SNOWFALL (IN)
  YESTERDAY        0.0
  MONTH TO DATE    T
  SINCE DEC 1      T
  SINCE JUL 1      T

DEGREE DAYS
 HEATING
  YESTERDAY       22                        23     -1
  MONTH TO DATE  126                       112     14
  SINCE DEC 1    126                       112     14
  SINCE JUL 1    512                       758   -246

 COOLING
  YESTERDAY        0                         0      0
  MONTH TO DATE    0                         0      0
  SINCE DEC 1      0                         0      0
  SINCE JAN 1   2066                      1789    277
...............................................................


WIND (MPH)
  HIGHEST WIND SPEED    16   HIGHEST WIND DIRECTION    NW (310)
  HIGHEST GUST SPEED    21   HIGHEST GUST DIRECTION    NW (300)
  AVERAGE WIND SPEED     5.9


SKY COVER
  AVERAGE SKY COVER 0.0


WEATHER CONDITIONS
 THE FOLLOWING WEATHER WAS RECORDED YESTERDAY.
  FOG
  FOG W/VISIBILITY <= 1/4 MILE


RELATIVE HUMIDITY (PERCENT)
 HIGHEST    92           200 AM
 LOWEST     36           400 PM
 AVERAGE    64

..........................................................


THE ROSWELL NM CLIMATE NORMALS FOR TODAY
                         NORMAL    RECORD    YEAR
 MAXIMUM TEMPERATURE (F)   56        78      1966
 MINIMUM TEMPERATURE (F)   27         4      2011


SUNRISE AND SUNSET
DECEMBER  6 2016......SUNRISE   648 AM MST   SUNSET   450 PM MST
DECEMBER  7 2016......SUNRISE   649 AM MST   SUNSET   451 PM MST


-  INDICATES NEGATIVE NUMBERS.
R  INDICATES RECORD WAS SET OR TIED.
MM INDICATES DATA IS MISSING.
T  INDICATES TRACE AMOUNT.




$$
