000
CDUS45 KABQ 190828
CLIROW


CLIMATE REPORT
NATIONAL WEATHER SERVICE ALBUQUERQUE NM
228 AM MDT SAT APR 19 2014


...................................

...THE ROSWELL NM CLIMATE SUMMARY FOR APRIL 18 2014...

CLIMATE NORMAL PERIOD 1981 TO 2010
CLIMATE RECORD PERIOD 1893 TO 2014


WEATHER ITEM   OBSERVED TIME   RECORD YEAR NORMAL DEPARTURE
                VALUE   (LST)  VALUE       VALUE  FROM
                                                  NORMAL
...............................................................
TEMPERATURE (F)
 YESTERDAY
  MAXIMUM         74    306 PM  95    2000  78     -4
  MINIMUM         46   1242 AM  25    1896  45      1
  AVERAGE         60                        61     -1

PRECIPITATION (IN)
  YESTERDAY        0.00          0.50 1906   0.03  -0.03
  MONTH TO DATE    T                         0.31  -0.31
  SINCE MAR 1      0.28                      0.82  -0.54
  SINCE JAN 1      0.30                      1.62  -1.32

SNOWFALL (IN)
  YESTERDAY        0.0
  MONTH TO DATE    T
  SINCE MAR 1      T
  SINCE JUL 1      5.0

DEGREE DAYS
 HEATING
  YESTERDAY        5                         5      0
  MONTH TO DATE  118                       121     -3
  SINCE MAR 1    499                       508     -9
  SINCE JUL 1   3202                      3215    -13

 COOLING
  YESTERDAY        0                         1     -1
  MONTH TO DATE   13                        13      0
  SINCE MAR 1     14                        16     -2
  SINCE JAN 1     14                        16     -2
...............................................................


WIND (MPH)
  HIGHEST WIND SPEED    23   HIGHEST WIND DIRECTION     S (170)
  HIGHEST GUST SPEED    34   HIGHEST GUST DIRECTION     S (180)
  AVERAGE WIND SPEED    12.7


SKY COVER
  AVERAGE SKY COVER 0.4


WEATHER CONDITIONS
 THE FOLLOWING WEATHER WAS RECORDED YESTERDAY.
  FOG
  HAZE


RELATIVE HUMIDITY (PERCENT)
 HIGHEST    86           700 AM
 LOWEST     35           500 PM
 AVERAGE    61

..........................................................


THE ROSWELL NM CLIMATE NORMALS FOR TODAY
                         NORMAL    RECORD    YEAR
 MAXIMUM TEMPERATURE (F)   78        93      1961
                                             1960
 MINIMUM TEMPERATURE (F)   46        29      1920


SUNRISE AND SUNSET
APRIL 19 2014.........SUNRISE   623 AM MDT   SUNSET   732 PM MDT
APRIL 20 2014.........SUNRISE   622 AM MDT   SUNSET   733 PM MDT


-  INDICATES NEGATIVE NUMBERS.
R  INDICATES RECORD WAS SET OR TIED.
MM INDICATES DATA IS MISSING.
T  INDICATES TRACE AMOUNT.




$$
