000
CDUS45 KABQ 200903
CLIROW


CLIMATE REPORT
NATIONAL WEATHER SERVICE ALBUQUERQUE NM
302 AM MDT SUN AUG 20 2017


...................................

...THE ROSWELL NM CLIMATE SUMMARY FOR AUGUST 19 2017...

CLIMATE NORMAL PERIOD 1981 TO 2010
CLIMATE RECORD PERIOD 1893 TO 2017


WEATHER ITEM   OBSERVED TIME   RECORD YEAR NORMAL DEPARTURE
                VALUE   (LST)  VALUE       VALUE  FROM
                                                  NORMAL
...............................................................
TEMPERATURE (F)
 YESTERDAY
  MAXIMUM         95    318 PM 104    1994  92      3
  MINIMUM         65    545 AM  54    1968  66     -1
  AVERAGE         80                        79      1

PRECIPITATION (IN)
  YESTERDAY        0.00          1.07 1916   0.07  -0.07
  MONTH TO DATE    0.83                      1.24  -0.41
  SINCE JUN 1      3.07                      5.03  -1.96
  SINCE JAN 1      6.63                      8.20  -1.57

SNOWFALL (IN)
  YESTERDAY        0.0
  MONTH TO DATE    0.0
  SINCE JUN 1      0.0
  SINCE JUL 1      0.0

DEGREE DAYS
 HEATING
  YESTERDAY        0                         0      0
  MONTH TO DATE    0                         0      0
  SINCE JUN 1      0                         1     -1
  SINCE JUL 1      0                         0      0

 COOLING
  YESTERDAY       15                        14      1
  MONTH TO DATE  290                       274     16
  SINCE JUN 1   1358                      1147    211
  SINCE JAN 1   1639                      1372    267
...............................................................


WIND (MPH)
  HIGHEST WIND SPEED    24   HIGHEST WIND DIRECTION     S (160)
  HIGHEST GUST SPEED    30   HIGHEST GUST DIRECTION    SE (150)
  AVERAGE WIND SPEED     6.9


SKY COVER
  AVERAGE SKY COVER 0.0


WEATHER CONDITIONS
 THE FOLLOWING WEATHER WAS RECORDED YESTERDAY.
  NO SIGNIFICANT WEATHER WAS OBSERVED.


RELATIVE HUMIDITY (PERCENT)
 HIGHEST    93           500 AM
 LOWEST     23           300 PM
 AVERAGE    58

..........................................................


THE ROSWELL NM CLIMATE NORMALS FOR TODAY
                         NORMAL    RECORD    YEAR
 MAXIMUM TEMPERATURE (F)   92       107      2007
 MINIMUM TEMPERATURE (F)   66        54      1897


SUNRISE AND SUNSET
AUGUST 20 2017........SUNRISE   624 AM MDT   SUNSET   738 PM MDT
AUGUST 21 2017........SUNRISE   625 AM MDT   SUNSET   737 PM MDT


-  INDICATES NEGATIVE NUMBERS.
R  INDICATES RECORD WAS SET OR TIED.
MM INDICATES DATA IS MISSING.
T  INDICATES TRACE AMOUNT.




$$
