000
CDUS45 KABQ 260829
CLIROW


CLIMATE REPORT
NATIONAL WEATHER SERVICE ALBUQUERQUE NM
228 AM MDT MON JUN 26 2017


...................................

...THE ROSWELL NM CLIMATE SUMMARY FOR JUNE 25 2017...

CLIMATE NORMAL PERIOD 1981 TO 2010
CLIMATE RECORD PERIOD 1893 TO 2017


WEATHER ITEM   OBSERVED TIME   RECORD YEAR NORMAL DEPARTURE
                VALUE   (LST)  VALUE       VALUE  FROM
                                                  NORMAL
...............................................................
TEMPERATURE (F)
 YESTERDAY
  MAXIMUM         92    245 PM 110    1994  95     -3
                                      1990
  MINIMUM         65   1140 PM  53    1894  65      0
  AVERAGE         79                        80     -1

PRECIPITATION (IN)
  YESTERDAY        0.10          1.09 1986   0.07   0.03
  MONTH TO DATE    0.55                      1.34  -0.79
  SINCE JUN 1      0.55                      1.34  -0.79
  SINCE JAN 1      4.11                      4.51  -0.40

SNOWFALL (IN)
  YESTERDAY        0.0
  MONTH TO DATE    0.0
  SINCE JUN 1      0.0
  SINCE JUL 1      2.5

DEGREE DAYS
 HEATING
  YESTERDAY        0                         0      0
  MONTH TO DATE    0                         0      0
  SINCE JUN 1      0                         0      0
  SINCE JUL 1   2442                      3287   -845

 COOLING
  YESTERDAY       14                        15     -1
  MONTH TO DATE  420                       321     99
  SINCE JUN 1    420                       321     99
  SINCE JAN 1    701                       546    155
...............................................................


WIND (MPH)
  HIGHEST WIND SPEED    37   HIGHEST WIND DIRECTION    NW (300)
  HIGHEST GUST SPEED    45   HIGHEST GUST DIRECTION    NW (300)
  AVERAGE WIND SPEED    13.3


SKY COVER
  AVERAGE SKY COVER 0.5


WEATHER CONDITIONS
 THE FOLLOWING WEATHER WAS RECORDED YESTERDAY.
  THUNDERSTORM
  HEAVY RAIN
  RAIN
  LIGHT RAIN


RELATIVE HUMIDITY (PERCENT)
 HIGHEST    78           400 AM
 LOWEST     32           400 PM
 AVERAGE    55

..........................................................


THE ROSWELL NM CLIMATE NORMALS FOR TODAY
                         NORMAL    RECORD    YEAR
 MAXIMUM TEMPERATURE (F)   95       111      1994
 MINIMUM TEMPERATURE (F)   66        54      1964


SUNRISE AND SUNSET
JUNE 26 2017..........SUNRISE   551 AM MDT   SUNSET   811 PM MDT
JUNE 27 2017..........SUNRISE   551 AM MDT   SUNSET   812 PM MDT


-  INDICATES NEGATIVE NUMBERS.
R  INDICATES RECORD WAS SET OR TIED.
MM INDICATES DATA IS MISSING.
T  INDICATES TRACE AMOUNT.




$$
