000
CDUS45 KABQ 250834
CLIROW


CLIMATE REPORT
NATIONAL WEATHER SERVICE ALBUQUERQUE NM
231 AM MDT SAT OCT 25 2014


...................................

...THE ROSWELL NM CLIMATE SUMMARY FOR OCTOBER 24 2014...

CLIMATE NORMAL PERIOD 1981 TO 2010
CLIMATE RECORD PERIOD 1893 TO 2014


WEATHER ITEM   OBSERVED TIME   RECORD YEAR NORMAL DEPARTURE
                VALUE   (LST)  VALUE       VALUE  FROM
                                                  NORMAL
...............................................................
TEMPERATURE (F)
 YESTERDAY
  MAXIMUM         83    326 PM  91    2012  73     10
  MINIMUM         48    423 AM  23    1906  43      5
  AVERAGE         66                        58      8

PRECIPITATION (IN)
  YESTERDAY        0.00          1.65 1914   0.04  -0.04
  MONTH TO DATE    0.50                      1.00  -0.50
  SINCE SEP 1      5.24                      2.53   2.71
  SINCE JAN 1     17.48                     11.46   6.02

SNOWFALL (IN)
  YESTERDAY        0.0
  MONTH TO DATE    0.0
  SINCE SEP 1      0.0
  SINCE JUL 1      0.0

DEGREE DAYS
 HEATING
  YESTERDAY        0                         7     -7
  MONTH TO DATE   46                        99    -53
  SINCE SEP 1     64                       115    -51
  SINCE JUL 1     64                       115    -51

 COOLING
  YESTERDAY        1                         0      1
  MONTH TO DATE   31                        35     -4
  SINCE SEP 1    236                       262    -26
  SINCE JAN 1   1921                      1786    135
...............................................................


WIND (MPH)
  HIGHEST WIND SPEED    13   HIGHEST WIND DIRECTION     S (160)
  HIGHEST GUST SPEED    17   HIGHEST GUST DIRECTION     S (170)
  AVERAGE WIND SPEED     5.3


SKY COVER
  AVERAGE SKY COVER 0.0


WEATHER CONDITIONS
 THE FOLLOWING WEATHER WAS RECORDED YESTERDAY.
  NO SIGNIFICANT WEATHER WAS OBSERVED.


RELATIVE HUMIDITY (PERCENT)
 HIGHEST    93           100 AM
 LOWEST     28           200 PM
 AVERAGE    61

..........................................................


THE ROSWELL NM CLIMATE NORMALS FOR TODAY
                         NORMAL    RECORD    YEAR
 MAXIMUM TEMPERATURE (F)   73        94      1959
 MINIMUM TEMPERATURE (F)   43        26      1906


SUNRISE AND SUNSET
OCTOBER 25 2014.......SUNRISE   711 AM MDT   SUNSET   613 PM MDT
OCTOBER 26 2014.......SUNRISE   711 AM MDT   SUNSET   612 PM MDT


-  INDICATES NEGATIVE NUMBERS.
R  INDICATES RECORD WAS SET OR TIED.
MM INDICATES DATA IS MISSING.
T  INDICATES TRACE AMOUNT.

$$
