787
CDUS43 KARX 270703
CLIRST


CLIMATE REPORT
NATIONAL WEATHER SERVICE LA CROSSE WI
202 AM CDT WED JUL 27 2016


...................................

...THE ROCHESTER MN CLIMATE SUMMARY FOR JULY 26 2016...

CLIMATE NORMAL PERIOD 1981 TO 2010
CLIMATE RECORD PERIOD 1886 TO 2016


WEATHER ITEM   OBSERVED TIME   RECORD YEAR NORMAL DEPARTURE LAST
                VALUE   (LST)  VALUE       VALUE  FROM      YEAR
                                                  NORMAL
..................................................................
TEMPERATURE (F)
 YESTERDAY
  MAXIMUM         86    341 PM  99    1955  81      5       81
  MINIMUM         63    520 AM  43    1911  61      2       66
  AVERAGE         75                        71      4       74

PRECIPITATION (IN)
  YESTERDAY        0.00          5.24 1949   0.14  -0.14     0.16
  MONTH TO DATE    5.41                      3.85   1.56     3.27
  SINCE JUN 1     10.65                      8.53   2.12     7.73
  SINCE JAN 1     22.34                     18.97   3.37    20.34

SNOWFALL (IN)
  YESTERDAY        0.0           0.0  2012   0.0    0.0      0.0
  MONTH TO DATE    0.0                       0.0    0.0      0.0
  SINCE JUL 1      0.0                       0.0    0.0      0.0
  SNOW DEPTH       0

DEGREE DAYS
 HEATING
  YESTERDAY        0                         0      0        0
  MONTH TO DATE    4                         0      4       17
  SINCE JUL 1      4                         0      4       17

 COOLING
  YESTERDAY       10                         6      4        9
  MONTH TO DATE  182                       179      3      130
  SINCE JAN 1    371                       343     28      243
..................................................................


WIND (MPH)
  HIGHEST WIND SPEED     9   HIGHEST WIND DIRECTION    SW (210)
  HIGHEST GUST SPEED    13   HIGHEST GUST DIRECTION     W (250)
  AVERAGE WIND SPEED     5.8


SKY COVER
  POSSIBLE SUNSHINE  MM
  AVERAGE SKY COVER 0.0


WEATHER CONDITIONS
 THE FOLLOWING WEATHER WAS RECORDED YESTERDAY.
  NO SIGNIFICANT WEATHER WAS OBSERVED.


RELATIVE HUMIDITY (PERCENT)
 HIGHEST   100           400 AM
 LOWEST     59           200 PM
 AVERAGE    80

..........................................................


THE ROCHESTER MN CLIMATE NORMALS FOR TODAY
                         NORMAL    RECORD    YEAR
 MAXIMUM TEMPERATURE (F)   81       100      1931
 MINIMUM TEMPERATURE (F)   61        47      1920


SUNRISE AND SUNSET
JULY 27 2016..........SUNRISE   554 AM CDT   SUNSET   839 PM CDT
JULY 28 2016..........SUNRISE   555 AM CDT   SUNSET   838 PM CDT


-  INDICATES NEGATIVE NUMBERS.
R  INDICATES RECORD WAS SET OR TIED.
MM INDICATES DATA IS MISSING.
T  INDICATES TRACE AMOUNT.




$$
