000
CDUS43 KARX 100641
CLIRST


CLIMATE REPORT
NATIONAL WEATHER SERVICE LA CROSSE WI
1240 AM CST WED FEB 10 2016


...................................

...THE ROCHESTER MN CLIMATE SUMMARY FOR FEBRUARY 9 2016...

CLIMATE NORMAL PERIOD 1981 TO 2010
CLIMATE RECORD PERIOD 1886 TO 2016


WEATHER ITEM   OBSERVED TIME   RECORD YEAR NORMAL DEPARTURE LAST
                VALUE   (LST)  VALUE       VALUE  FROM      YEAR
                                                  NORMAL
..................................................................
TEMPERATURE (F)
 YESTERDAY
  MAXIMUM         13    437 PM  49    1966  26    -13       28
                                      1954
  MINIMUM          2   1159 PM -31    1888  10     -8       13
  AVERAGE          8                        18    -10       21

PRECIPITATION (IN)
  YESTERDAY        T             0.65 1909   0.03  -0.03     0.00
  MONTH TO DATE    0.56                      0.24   0.32     0.35
  SINCE DEC 1      4.52                      2.33   2.19     2.08
  SINCE JAN 1      1.31                      1.10   0.21     1.06

SNOWFALL (IN)
  YESTERDAY        T             6.5  1909   0.3   -0.3      0.0
  MONTH TO DATE    9.5                       3.0    6.5      6.3
  SINCE JUL 1     30.9                      34.4   -3.5     33.7
  SNOW DEPTH      11

DEGREE DAYS
 HEATING
  YESTERDAY       57                        47     10       44
  MONTH TO DATE  413                       428    -15      471
  SINCE JUL 1   4390                      5036   -646     5172

 COOLING
  YESTERDAY        0                         0      0        0
  MONTH TO DATE    0                         0      0        0
  SINCE JAN 1      0                         0      0        0
..................................................................


WIND (MPH)
  HIGHEST WIND SPEED    29   HIGHEST WIND DIRECTION     N (340)
  HIGHEST GUST SPEED    34   HIGHEST GUST DIRECTION     N (350)
  AVERAGE WIND SPEED    18.6


SKY COVER
  POSSIBLE SUNSHINE  MM
  AVERAGE SKY COVER 0.4


WEATHER CONDITIONS
 THE FOLLOWING WEATHER WAS RECORDED YESTERDAY.
  LIGHT SNOW
  HAZE
  BLOWING SNOW


RELATIVE HUMIDITY (PERCENT)
 HIGHEST    83          1200 AM
 LOWEST     58           500 PM
 AVERAGE    71

..........................................................


THE ROCHESTER MN CLIMATE NORMALS FOR TODAY
                         NORMAL    RECORD    YEAR
 MAXIMUM TEMPERATURE (F)   27        48      1977
 MINIMUM TEMPERATURE (F)   11       -29      1888


SUNRISE AND SUNSET
FEBRUARY 10 2016......SUNRISE   717 AM CST   SUNSET   532 PM CST
FEBRUARY 11 2016......SUNRISE   715 AM CST   SUNSET   534 PM CST


-  INDICATES NEGATIVE NUMBERS.
R  INDICATES RECORD WAS SET OR TIED.
MM INDICATES DATA IS MISSING.
T  INDICATES TRACE AMOUNT.




$$
