000
CDUS43 KARX 230651
CLIRST


CLIMATE REPORT
NATIONAL WEATHER SERVICE LA CROSSE WI
151 AM CDT FRI JUN 23 2017


...................................

...THE ROCHESTER MN CLIMATE SUMMARY FOR JUNE 22 2017...

CLIMATE NORMAL PERIOD 1981 TO 2010
CLIMATE RECORD PERIOD 1886 TO 2017


WEATHER ITEM   OBSERVED TIME   RECORD YEAR NORMAL DEPARTURE LAST
                VALUE   (LST)  VALUE       VALUE  FROM      YEAR
                                                  NORMAL
..................................................................
TEMPERATURE (F)
 YESTERDAY
  MAXIMUM         73    749 AM  94    1911  80     -7       79
                                      1910
  MINIMUM         64   1159 PM  41    1918  59      5       64
  AVERAGE         69                        70     -1       72

PRECIPITATION (IN)
  YESTERDAY        0.76          1.93 2013   0.16   0.60     0.95
  MONTH TO DATE    2.79                      3.44  -0.65     4.82
  SINCE JUN 1      2.79                      3.44  -0.65     4.82
  SINCE JAN 1     17.06                     13.88   3.18    16.51

SNOWFALL (IN)
  YESTERDAY        0.0           0.0  2012   0.0    0.0      0.0
  MONTH TO DATE    0.0                       0.0    0.0      0.0
  SINCE JUL 1     52.7                      51.9    0.8     47.9
  SNOW DEPTH       0

DEGREE DAYS
 HEATING
  YESTERDAY        0                         1     -1        0
  MONTH TO DATE    5                        48    -43       15
  SINCE JUL 1   6873                      7718   -845     6790

 COOLING
  YESTERDAY        4                         5     -1        7
  MONTH TO DATE  138                        80     58      110
  SINCE JAN 1    158                       114     44      158
..................................................................


WIND (MPH)
  HIGHEST WIND SPEED    36   HIGHEST WIND DIRECTION     W (250)
  HIGHEST GUST SPEED    45   HIGHEST GUST DIRECTION     W (250)
  AVERAGE WIND SPEED     9.2


SKY COVER
  POSSIBLE SUNSHINE  MM
  AVERAGE SKY COVER 0.7


WEATHER CONDITIONS
 THE FOLLOWING WEATHER WAS RECORDED YESTERDAY.
  THUNDERSTORM
  HEAVY RAIN
  LIGHT RAIN
  FOG


RELATIVE HUMIDITY (PERCENT)
 HIGHEST   100           900 PM
 LOWEST     73           700 AM
 AVERAGE    87

..........................................................


THE ROCHESTER MN CLIMATE NORMALS FOR TODAY
                         NORMAL    RECORD    YEAR
 MAXIMUM TEMPERATURE (F)   80       100      1934
 MINIMUM TEMPERATURE (F)   60        38      1972


SUNRISE AND SUNSET
JUNE 23 2017..........SUNRISE   528 AM CDT   SUNSET   856 PM CDT
JUNE 24 2017..........SUNRISE   528 AM CDT   SUNSET   857 PM CDT


-  INDICATES NEGATIVE NUMBERS.
R  INDICATES RECORD WAS SET OR TIED.
MM INDICATES DATA IS MISSING.
T  INDICATES TRACE AMOUNT.




$$
