000
CDUS43 KARX 310657
CLIRST


CLIMATE REPORT
NATIONAL WEATHER SERVICE LA CROSSE WI
156 AM CDT SUN AUG 31 2014


...................................

...THE ROCHESTER MN CLIMATE SUMMARY FOR AUGUST 30 2014...

CLIMATE NORMAL PERIOD 1981 TO 2010
CLIMATE RECORD PERIOD 1886 TO 2014


WEATHER ITEM   OBSERVED TIME   RECORD YEAR NORMAL DEPARTURE LAST
                VALUE   (LST)  VALUE       VALUE  FROM      YEAR
                                                  NORMAL
..................................................................
TEMPERATURE (F)
 YESTERDAY
  MAXIMUM         78    243 PM  96    1941  77      1       84
  MINIMUM         62   1125 PM  32    1915  57      5       67
  AVERAGE         70                        67      3       76

PRECIPITATION (IN)
  YESTERDAY        0.05          2.12 1962   0.14  -0.09     0.00
  MONTH TO DATE    5.03                      4.38   0.65     1.80
  SINCE JUN 1     13.76                     13.61   0.15    10.80
  SINCE JAN 1     25.09                     24.05   1.04    34.70

SNOWFALL (IN)
  YESTERDAY        0.0           0.0  2012   0.0    0.0      0.0
  MONTH TO DATE    0.0                       0.0    0.0      0.0
  SINCE JUL 1      0.0                       0.0    0.0      0.0
  SNOW DEPTH       0

DEGREE DAYS
 HEATING
  YESTERDAY        0                         2     -2        0
  MONTH TO DATE    3                        28    -25       11
  SINCE JUL 1     25                        39    -14       34

 COOLING
  YESTERDAY        5                         4      1       11
  MONTH TO DATE  171                       152     19      163
  SINCE JAN 1    451                       523    -72      548
..................................................................


WIND (MPH)
  HIGHEST WIND SPEED    14   HIGHEST WIND DIRECTION    NW (300)
  HIGHEST GUST SPEED    23   HIGHEST GUST DIRECTION    NW (330)
  AVERAGE WIND SPEED     7.2


SKY COVER
  POSSIBLE SUNSHINE  MM
  AVERAGE SKY COVER 0.6


WEATHER CONDITIONS
 THE FOLLOWING WEATHER WAS RECORDED YESTERDAY.
  LIGHT RAIN
  FOG


RELATIVE HUMIDITY (PERCENT)
 HIGHEST    93           100 AM
 LOWEST     64           300 PM
 AVERAGE    79

..........................................................


THE ROCHESTER MN CLIMATE NORMALS FOR TODAY
                         NORMAL    RECORD    YEAR
 MAXIMUM TEMPERATURE (F)   77        93      1960
                                             1953
 MINIMUM TEMPERATURE (F)   57        38      1967
                                             1886


SUNRISE AND SUNSET
AUGUST 31 2014........SUNRISE   632 AM CDT   SUNSET   747 PM CDT
SEPTEMBER  1 2014.....SUNRISE   633 AM CDT   SUNSET   746 PM CDT


-  INDICATES NEGATIVE NUMBERS.
R  INDICATES RECORD WAS SET OR TIED.
MM INDICATES DATA IS MISSING.
T  INDICATES TRACE AMOUNT.




$$
