000
CDUS45 KCYS 270328
CLIRWL


CLIMATE REPORT
NATIONAL WEATHER SERVICE CHEYENNE WY
928 PM MDT THU MAR 26 2015


...................................

...THE RAWLINS WY AIRPORT CLIMATE SUMMARY FOR MARCH 26 2015...
VALID TODAY AS OF 0900 PM LOCAL TIME.

CLIMATE NORMAL PERIOD 1981 TO 2010
CLIMATE RECORD PERIOD 1951 TO 2015


WEATHER ITEM   OBSERVED TIME   RECORD YEAR NORMAL DEPARTURE LAST
                VALUE   (LST)  VALUE       VALUE  FROM      YEAR
                                                  NORMAL
..................................................................
TEMPERATURE (F)
 TODAY
  MAXIMUM         57    339 PM  65    2012  47     10       58
  MINIMUM         27    550 AM -10    1955  23      4       31
  AVERAGE         42                        35      7       45

PRECIPITATION (IN)
  TODAY            0.00          0.73 2009   0.02  -0.02     0.02
  MONTH TO DATE    0.49                      0.54  -0.05     0.47
  SINCE JAN 1      0.89                      1.32  -0.43     0.93

DEGREE DAYS
 HEATING
  TODAY           23                        30     -7       20
  MONTH TO DATE  746                       868   -122      805
  SINCE MAR 1    746                       868   -122      805
  SINCE JUL 1   5977                      6825   -848     6569

 COOLING
  TODAY            0                         0      0        0
  MONTH TO DATE    0                         0      0        0
  SINCE MAR 1      0                         0      0        0
  SINCE JAN 1      0                         0      0        0
..................................................................


WIND (MPH)
  HIGHEST WIND SPEED    26   HIGHEST WIND DIRECTION     W (260)
  HIGHEST GUST SPEED    40   HIGHEST GUST DIRECTION     W (260)
  AVERAGE WIND SPEED    18.1


SKY COVER
  AVERAGE SKY COVER 0.1


WEATHER CONDITIONS
 THE FOLLOWING WEATHER WAS RECORDED TODAY.
  NO SIGNIFICANT WEATHER WAS OBSERVED.


RELATIVE HUMIDITY (PERCENT)
 HIGHEST    63          1200 AM
 LOWEST     27           200 PM
 AVERAGE    45

..........................................................


THE RAWLINS WY AIRPORT CLIMATE NORMALS FOR TOMORROW
                         NORMAL    RECORD    YEAR
 MAXIMUM TEMPERATURE (F)   47        66      2007
 MINIMUM TEMPERATURE (F)   23       -10      2009


SUNRISE AND SUNSET
MARCH 26 2015.........SUNRISE   702 AM MDT   SUNSET   727 PM MDT
MARCH 27 2015.........SUNRISE   700 AM MDT   SUNSET   729 PM MDT


-  INDICATES NEGATIVE NUMBERS.
R  INDICATES RECORD WAS SET OR TIED.
MM INDICATES DATA IS MISSING.
T  INDICATES TRACE AMOUNT.




$$
