000
CDUS45 KCYS 020729
CLIRWL


CLIMATE REPORT
NATIONAL WEATHER SERVICE CHEYENNE WY
129 AM MDT MON MAY 2 2016


...................................

...THE RAWLINS WY AIRPORT CLIMATE SUMMARY FOR MAY 1 2016...

CLIMATE NORMAL PERIOD 1981 TO 2010
CLIMATE RECORD PERIOD 1951 TO 2016


WEATHER ITEM   OBSERVED TIME   RECORD YEAR NORMAL DEPARTURE LAST
                VALUE   (LST)  VALUE       VALUE  FROM      YEAR
                                                  NORMAL
..................................................................
TEMPERATURE (F)
 YESTERDAY
  MAXIMUM         45    249 PM  76    1981  59    -14       68
  MINIMUM         27    923 PM  15    1967  31     -4       39
  AVERAGE         36                        45     -9       54

PRECIPITATION (IN)
  YESTERDAY        0.00          0.20 1988   0.04  -0.04     0.00
  MONTH TO DATE    0.00                      0.04  -0.04     0.00
  SINCE JAN 1      3.67                      2.55   1.12     1.90

DEGREE DAYS
 HEATING
  YESTERDAY       29                        20      9       11
  MONTH TO DATE   29                        20      9       11
  SINCE MAR 1   1658                      1782   -124     1528
  SINCE JUL 1   7130                      7739   -609     6759

 COOLING
  YESTERDAY        0                         0      0        0
  MONTH TO DATE    0                         0      0        0
  SINCE MAR 1      0                         0      0        0
  SINCE JAN 1      0                         0      0        0
..................................................................


WIND (MPH)
  HIGHEST WIND SPEED    26   HIGHEST WIND DIRECTION    NE (50)
  HIGHEST GUST SPEED    33   HIGHEST GUST DIRECTION    NE (40)
  AVERAGE WIND SPEED    15.3


SKY COVER
  AVERAGE SKY COVER 0.3


WEATHER CONDITIONS
 THE FOLLOWING WEATHER WAS RECORDED YESTERDAY.
  NO SIGNIFICANT WEATHER WAS OBSERVED.


RELATIVE HUMIDITY (PERCENT)
 HIGHEST    92           100 AM
 LOWEST     45           100 PM
 AVERAGE    69

..........................................................


THE RAWLINS WY AIRPORT CLIMATE NORMALS FOR TODAY
                         NORMAL    RECORD    YEAR
 MAXIMUM TEMPERATURE (F)   59        76      1986
 MINIMUM TEMPERATURE (F)   31        10      2013


SUNRISE AND SUNSET
MAY  2 2016...........SUNRISE   603 AM MDT   SUNSET   809 PM MDT
MAY  3 2016...........SUNRISE   602 AM MDT   SUNSET   810 PM MDT


-  INDICATES NEGATIVE NUMBERS.
R  INDICATES RECORD WAS SET OR TIED.
MM INDICATES DATA IS MISSING.
T  INDICATES TRACE AMOUNT.




$$
