000
CDUS45 KCYS 020728
CLIRWL


CLIMATE REPORT
NATIONAL WEATHER SERVICE CHEYENNE WY
128 AM MDT SUN AUG 2 2015


...................................

...THE RAWLINS WY AIRPORT CLIMATE SUMMARY FOR AUGUST 1 2015...

CLIMATE NORMAL PERIOD 1981 TO 2010
CLIMATE RECORD PERIOD 1951 TO 2015


WEATHER ITEM   OBSERVED TIME   RECORD YEAR NORMAL DEPARTURE LAST
                VALUE   (LST)  VALUE       VALUE  FROM      YEAR
                                                  NORMAL
..................................................................
TEMPERATURE (F)
 YESTERDAY
  MAXIMUM         90    440 PM  96    2000  84      6       83
  MINIMUM         45    438 AM  41    2009  51     -6       45
                                      1995
  AVERAGE         68                        68      0       64

PRECIPITATION (IN)
  YESTERDAY        0.00          0.24 2011   0.03  -0.03     0.00
                                      1984
  MONTH TO DATE    0.00                      0.03  -0.03     0.00
  SINCE JAN 1      7.78                      5.82   1.96     3.31

DEGREE DAYS
 HEATING
  YESTERDAY        0                         1     -1        1
  MONTH TO DATE    0                         1     -1        1
  SINCE JUN 1    103                       226   -123      199
  SINCE JUL 1     37                        36      1       27

 COOLING
  YESTERDAY        3                         3      0        0
  MONTH TO DATE    3                         3      0        0
  SINCE JUN 1    125                       120      5      175
  SINCE JAN 1    125                       120      5      177
..................................................................


WIND (MPH)
  HIGHEST WIND SPEED    16   HIGHEST WIND DIRECTION     W (260)
  HIGHEST GUST SPEED    21   HIGHEST GUST DIRECTION    SW (210)
  AVERAGE WIND SPEED     5.4


SKY COVER
  AVERAGE SKY COVER 0.0


WEATHER CONDITIONS
 THE FOLLOWING WEATHER WAS RECORDED YESTERDAY.
  NO SIGNIFICANT WEATHER WAS OBSERVED.


RELATIVE HUMIDITY (PERCENT)
 HIGHEST    66           400 AM
 LOWEST      9           100 PM
 AVERAGE    38

..........................................................


THE RAWLINS WY AIRPORT CLIMATE NORMALS FOR TODAY
                         NORMAL    RECORD    YEAR
 MAXIMUM TEMPERATURE (F)   84        98      2000
 MINIMUM TEMPERATURE (F)   51        42      1975


SUNRISE AND SUNSET
AUGUST  2 2015........SUNRISE   604 AM MDT   SUNSET   826 PM MDT
AUGUST  3 2015........SUNRISE   605 AM MDT   SUNSET   825 PM MDT


-  INDICATES NEGATIVE NUMBERS.
R  INDICATES RECORD WAS SET OR TIED.
MM INDICATES DATA IS MISSING.
T  INDICATES TRACE AMOUNT.




$$
